[INFO] fetching crate macrokit 0.1.1...
[INFO] testing macrokit-0.1.1 against 1.99.0-beta.8+cargoflags=--release for beta-release-1.100-2
[INFO] extracting crate macrokit 0.1.1 into /workspace/builds/worker-0-tc1/source
[INFO] started tweaking crates.io crate macrokit 0.1.1
[INFO] removed 0 missing examples
[INFO] removed 0 missing tests
[INFO] finished tweaking crates.io crate macrokit 0.1.1
[INFO] tweaked toml for crates.io crate macrokit 0.1.1 written to /workspace/builds/worker-0-tc1/source/Cargo.toml
[INFO] validating manifest of crates.io crate macrokit 0.1.1 on toolchain 1.99.0-beta.8
[INFO] running `Command { std: CARGO_HOME="/workspace/cargo-home" RUSTUP_HOME="/workspace/rustup-home" "/workspace/cargo-home/bin/cargo" "+1.99.0-beta.8" "metadata" "--manifest-path" "Cargo.toml" "--no-deps", kill_on_drop: false }`
[INFO] crate crates.io crate macrokit 0.1.1 already has a lockfile, it will not be regenerated
[INFO] running `Command { std: CARGO_HOME="/workspace/cargo-home" RUSTUP_HOME="/workspace/rustup-home" "/workspace/cargo-home/bin/cargo" "+1.99.0-beta.8" "fetch" "--manifest-path" "Cargo.toml", kill_on_drop: false }`
[INFO] [stderr]  Downloading crates ...
[INFO] [stderr]   Downloaded trybuild v1.0.118
[INFO] [stderr]   Downloaded target-triple v1.0.1
[INFO] running `Command { std: "docker" "create" "-v" "/var/lib/crater-agent-workspace/builds/worker-0-tc1/source:/opt/rustwide/workdir:ro,Z" "-v" "/var/lib/crater-agent-workspace/builds/worker-0-tc1/target:/opt/rustwide/target:rw,Z" "-v" "/var/lib/crater-agent-workspace/cargo-home:/opt/rustwide/cargo-home:ro,Z" "-v" "/var/lib/crater-agent-workspace/rustup-home:/opt/rustwide/rustup-home:ro,Z" "-m" "1610612736" "--network" "none" "ghcr.io/rust-lang/crates-build-env/linux@sha256:77db811e55d90add9212f6832c23229e3de5f1c1f9905e8cb07319ea15df73ac" "sleep" "infinity", kill_on_drop: false }`
[INFO] [stdout] 921474d17ebcb318c9e405cc9aa5ac66b911928e3e8b5af607c3c8822666d1d4
[INFO] running `Command { std: "docker" "start" "921474d17ebcb318c9e405cc9aa5ac66b911928e3e8b5af607c3c8822666d1d4", kill_on_drop: false }`
[INFO] running `Command { std: "docker" "inspect" "921474d17ebcb318c9e405cc9aa5ac66b911928e3e8b5af607c3c8822666d1d4", kill_on_drop: false }`
[INFO] running `Command { std: "docker" "exec" "-e" "SOURCE_DIR=/opt/rustwide/workdir" "-e" "CARGO_HOME=/opt/rustwide/cargo-home" "-e" "RUSTUP_HOME=/opt/rustwide/rustup-home" "-e" "CARGO_TARGET_DIR=/opt/rustwide/target" "-w" "/opt/rustwide/workdir" "--user" "0:0" "921474d17ebcb318c9e405cc9aa5ac66b911928e3e8b5af607c3c8822666d1d4" "/opt/rustwide/cargo-home/bin/cargo" "+1.99.0-beta.8" "metadata" "--no-deps" "--format-version=1", kill_on_drop: false }`
[INFO] running `Command { std: "docker" "inspect" "921474d17ebcb318c9e405cc9aa5ac66b911928e3e8b5af607c3c8822666d1d4", kill_on_drop: false }`
[INFO] running `Command { std: "docker" "exec" "-e" "SOURCE_DIR=/opt/rustwide/workdir" "-e" "CARGO_HOME=/opt/rustwide/cargo-home" "-e" "RUSTUP_HOME=/opt/rustwide/rustup-home" "-e" "CARGO_TARGET_DIR=/opt/rustwide/target" "-e" "CARGO_INCREMENTAL=0" "-e" "RUST_BACKTRACE=full" "-e" "RUSTFLAGS=--cap-lints=warn" "-e" "RUSTDOCFLAGS=--cap-lints=warn" "-w" "/opt/rustwide/workdir" "--user" "0:0" "921474d17ebcb318c9e405cc9aa5ac66b911928e3e8b5af607c3c8822666d1d4" "/opt/rustwide/cargo-home/bin/cargo" "+1.99.0-beta.8" "build" "--frozen" "--message-format=json" "--release", kill_on_drop: false }`
[INFO] [stderr]    Compiling proc-macro2 v1.0.101
[INFO] [stderr]    Compiling unicode-ident v1.0.18
[INFO] [stderr]    Compiling quote v1.0.47
[INFO] [stderr]    Compiling syn v3.0.2
[INFO] [stderr]    Compiling macrokit v0.1.1 (/opt/rustwide/workdir)
[INFO] [stderr]     Finished `release` profile [optimized] target(s) in 7.10s
[INFO] running `Command { std: "docker" "inspect" "921474d17ebcb318c9e405cc9aa5ac66b911928e3e8b5af607c3c8822666d1d4", kill_on_drop: false }`
[INFO] running `Command { std: "docker" "exec" "-e" "SOURCE_DIR=/opt/rustwide/workdir" "-e" "CARGO_HOME=/opt/rustwide/cargo-home" "-e" "RUSTUP_HOME=/opt/rustwide/rustup-home" "-e" "CARGO_TARGET_DIR=/opt/rustwide/target" "-e" "CARGO_INCREMENTAL=0" "-e" "RUST_BACKTRACE=full" "-e" "RUSTFLAGS=--cap-lints=warn" "-e" "RUSTDOCFLAGS=--cap-lints=warn" "-w" "/opt/rustwide/workdir" "--user" "0:0" "921474d17ebcb318c9e405cc9aa5ac66b911928e3e8b5af607c3c8822666d1d4" "/opt/rustwide/cargo-home/bin/cargo" "+1.99.0-beta.8" "test" "--frozen" "--no-run" "--message-format=json" "--release", kill_on_drop: false }`
[INFO] [stderr]    Compiling serde_core v1.0.229
[INFO] [stderr]    Compiling serde v1.0.229
[INFO] [stderr]    Compiling target-triple v1.0.1
[INFO] [stderr]    Compiling serde_json v1.0.143
[INFO] [stderr]    Compiling proc-macro2 v1.0.101
[INFO] [stderr]    Compiling unicode-ident v1.0.18
[INFO] [stderr]    Compiling winnow v1.0.4
[INFO] [stderr]    Compiling itoa v1.0.15
[INFO] [stderr]    Compiling toml_writer v1.1.2+spec-1.1.0
[INFO] [stderr]    Compiling ryu v1.0.20
[INFO] [stderr]    Compiling memchr v2.7.5
[INFO] [stderr]    Compiling quote v1.0.47
[INFO] [stderr]    Compiling serde_derive v1.0.229
[INFO] [stderr]    Compiling macrokit v0.1.1 (/opt/rustwide/workdir)
[INFO] [stderr]    Compiling glob v0.3.3
[INFO] [stderr]    Compiling termcolor v1.4.1
[INFO] [stderr]    Compiling toml_parser v1.1.2+spec-1.1.0
[INFO] [stderr]    Compiling syn v3.0.2
[INFO] [stderr]    Compiling toml_datetime v1.1.1+spec-1.1.0
[INFO] [stderr]    Compiling serde_spanned v1.1.1
[INFO] [stderr]    Compiling toml v1.1.3+spec-1.1.0
[INFO] [stderr]    Compiling trybuild v1.0.118
[INFO] [stderr]     Finished `release` profile [optimized] target(s) in 47.49s
[INFO] running `Command { std: "docker" "inspect" "921474d17ebcb318c9e405cc9aa5ac66b911928e3e8b5af607c3c8822666d1d4", kill_on_drop: false }`
[INFO] running `Command { std: "docker" "exec" "-e" "SOURCE_DIR=/opt/rustwide/workdir" "-e" "CARGO_HOME=/opt/rustwide/cargo-home" "-e" "RUSTUP_HOME=/opt/rustwide/rustup-home" "-e" "CARGO_TARGET_DIR=/opt/rustwide/target" "-e" "CARGO_INCREMENTAL=0" "-e" "RUST_BACKTRACE=full" "-e" "RUSTFLAGS=--cap-lints=warn" "-e" "RUSTDOCFLAGS=--cap-lints=warn" "-w" "/opt/rustwide/workdir" "--user" "0:0" "921474d17ebcb318c9e405cc9aa5ac66b911928e3e8b5af607c3c8822666d1d4" "/opt/rustwide/cargo-home/bin/cargo" "+1.99.0-beta.8" "test" "--frozen" "--release", kill_on_drop: false }`
[INFO] [stderr]     Finished `release` profile [optimized] target(s) in 0.05s
[INFO] [stderr]      Running unittests src/lib.rs (/opt/rustwide/target/release/deps/macrokit-163df94db99e8999)
[INFO] [stderr]      Running tests/from_repr.rs (/opt/rustwide/target/release/deps/from_repr-724314a948e0072b)
[INFO] [stdout] 
[INFO] [stdout] running 0 tests
[INFO] [stdout] 
[INFO] [stdout] test result: ok. 0 passed; 0 failed; 0 ignored; 0 measured; 0 filtered out; finished in 0.00s
[INFO] [stdout] 
[INFO] [stdout] 
[INFO] [stdout] running 3 tests
[INFO] [stdout] test test_from_repr_with_unknown ... ok
[INFO] [stdout] test test_from_repr_as_option ... ok
[INFO] [stderr]    Compiling proc-macro2 v1.0.101
[INFO] [stderr]    Compiling quote v1.0.47
[INFO] [stderr]    Compiling unicode-ident v1.0.18
[INFO] [stderr]     Checking syn v3.0.2
[INFO] [stderr]    Compiling macrokit v0.1.1 (/opt/rustwide/workdir)
[INFO] [stderr]     Checking macrokit-tests v0.0.0 (/opt/rustwide/target/tests/trybuild/macrokit)
[INFO] [stderr]     Finished `dev` profile [unoptimized + debuginfo] target(s) in 7.17s
[INFO] [stderr] 
[INFO] [stderr] 
[INFO] [stderr] test tests/ui/missing_unknown.rs ... mismatch
[INFO] [stderr] 
[INFO] [stderr] EXPECTED:
[INFO] [stderr] ┈┈┈┈┈┈┈┈┈┈┈┈┈┈┈┈┈┈┈┈┈┈┈┈┈┈┈┈┈┈┈┈┈┈┈┈┈┈┈┈┈┈┈┈┈┈┈┈┈┈┈┈┈┈┈┈┈┈┈┈
[INFO] [stderr] error[E0599]: no variant or associated item named `Unknown` found for enum `Status` in the current scope
[INFO] [stderr]  --> tests/ui/missing_unknown.rs:3:28
[INFO] [stderr]   |
[INFO] [stderr] 3 | #[derive(Debug, PartialEq, FromReprWithUnknown)]
[INFO] [stderr]   |                            ^^^^^^^^^^^^^^^^^^^ variant or associated item not found in `Status`
[INFO] [stderr] 4 | #[repr(u8)]
[INFO] [stderr] 5 | pub enum Status {
[INFO] [stderr]   | --------------- variant or associated item `Unknown` not found for this enum
[INFO] [stderr]   |
[INFO] [stderr]   = note: this error originates in the derive macro `FromReprWithUnknown` (in Nightly builds, run with -Z macro-backtrace for more info)
[INFO] [stderr] ┈┈┈┈┈┈┈┈┈┈┈┈┈┈┈┈┈┈┈┈┈┈┈┈┈┈┈┈┈┈┈┈┈┈┈┈┈┈┈┈┈┈┈┈┈┈┈┈┈┈┈┈┈┈┈┈┈┈┈┈
[INFO] [stderr] 
[INFO] [stderr] ACTUAL OUTPUT:
[INFO] [stderr] ┈┈┈┈┈┈┈┈┈┈┈┈┈┈┈┈┈┈┈┈┈┈┈┈┈┈┈┈┈┈┈┈┈┈┈┈┈┈┈┈┈┈┈┈┈┈┈┈┈┈┈┈┈┈┈┈┈┈┈┈
[INFO] [stderr] error[E0599]: no variant, associated function, or constant named `Unknown` found for enum `Status` in the current scope
[INFO] [stderr]  --> tests/ui/missing_unknown.rs:3:28
[INFO] [stderr]   |
[INFO] [stderr] 3 | #[derive(Debug, PartialEq, FromReprWithUnknown)]
[INFO] [stderr]   |                            ^^^^^^^^^^^^^^^^^^^ variant, associated function, or constant not found in `Status`
[INFO] [stderr] 4 | #[repr(u8)]
[INFO] [stderr] 5 | pub enum Status {
[INFO] [stderr]   | --------------- variant, associated function, or constant `Unknown` not found for this enum
[INFO] [stderr]   |
[INFO] [stderr]   = note: this error originates in the derive macro `FromReprWithUnknown` (in Nightly builds, run with -Z macro-backtrace for more info)
[INFO] [stderr] ┈┈┈┈┈┈┈┈┈┈┈┈┈┈┈┈┈┈┈┈┈┈┈┈┈┈┈┈┈┈┈┈┈┈┈┈┈┈┈┈┈┈┈┈┈┈┈┈┈┈┈┈┈┈┈┈┈┈┈┈
[INFO] [stderr] note: If the actual output is the correct output you can bless it by rerunning
[INFO] [stderr]       your test with the environment variable TRYBUILD=overwrite
[INFO] [stderr] 
[INFO] [stderr] 
[INFO] [stderr] 
[INFO] [stdout] test ui ... FAILED
[INFO] [stderr] error: test failed, to rerun pass `--test from_repr`
[INFO] [stdout] 
[INFO] [stdout] failures:
[INFO] [stdout] 
[INFO] [stdout] ---- ui stdout ----
[INFO] [stdout] 
[INFO] [stdout] thread 'ui' (832) panicked at /opt/rustwide/cargo-home/registry/src/index.crates.io-1949cf8c6b5b557f/trybuild-1.0.118/src/run.rs:102:13:
[INFO] [stdout] 1 of 1 tests failed
[INFO] [stdout] stack backtrace:
[INFO] [stdout]    0:     0x60dee55fe635 - <unknown>
[INFO] [stdout]    1:     0x60dee55d857a - <unknown>
[INFO] [stdout]    2:     0x60dee55fdccb - <unknown>
[INFO] [stdout]    3:     0x60dee55fd7af - <unknown>
[INFO] [stdout]    4:     0x60dee55fd3da - <unknown>
[INFO] [stdout]    5:     0x60dee55fcf12 - <unknown>
[INFO] [stdout]    6:     0x60dee5623da1 - <unknown>
[INFO] [stdout]    7:     0x60dee5623d59 - <unknown>
[INFO] [stdout]    8:     0x60dee562426c - <unknown>
[INFO] [stdout]    9:     0x60dee55d840b - <unknown>
[INFO] [stdout]   10:     0x60dee569a6db - <unknown>
[INFO] [stdout]   11:     0x60dee55d645a - <unknown>
[INFO] [stdout]   12:     0x60dee55d6639 - <unknown>
[INFO] [stdout]   13:     0x60dee564062b - <unknown>
[INFO] [stdout]   14:     0x60dee563c7a1 - <unknown>
[INFO] [stdout]   15:     0x60dee563bf8c - <unknown>
[INFO] [stdout]   16:     0x60dee56582cc - <unknown>
[INFO] [stdout]   17:     0x60dee56258d2 - <unknown>
[INFO] [stdout]   18:     0x7adbc7271dfa - <unknown>
[INFO] [stdout]   19:     0x7adbc73053d4 - clone
[INFO] [stdout]   20:                0x0 - <unknown>
[INFO] [stdout] 
[INFO] [stdout] 
[INFO] [stdout] failures:
[INFO] [stdout]     ui
[INFO] [stdout] 
[INFO] [stdout] test result: FAILED. 2 passed; 1 failed; 0 ignored; 0 measured; 0 filtered out; finished in 10.35s
[INFO] [stdout] 
[INFO] running `Command { std: "docker" "inspect" "921474d17ebcb318c9e405cc9aa5ac66b911928e3e8b5af607c3c8822666d1d4", kill_on_drop: false }`
[INFO] running `Command { std: "docker" "rm" "-f" "921474d17ebcb318c9e405cc9aa5ac66b911928e3e8b5af607c3c8822666d1d4", kill_on_drop: false }`
[INFO] [stdout] 921474d17ebcb318c9e405cc9aa5ac66b911928e3e8b5af607c3c8822666d1d4
