[INFO] fetching crate machine_uuids 0.2.0...
[INFO] testing machine_uuids-0.2.0 against 1.100.0-beta.1+cargoflags=--release for beta-release-1.100-2
[INFO] extracting crate machine_uuids 0.2.0 into /workspace/builds/worker-1-tc2/source
[INFO] started tweaking crates.io crate machine_uuids 0.2.0
[INFO] finished tweaking crates.io crate machine_uuids 0.2.0
[INFO] tweaked toml for crates.io crate machine_uuids 0.2.0 written to /workspace/builds/worker-1-tc2/source/Cargo.toml
[INFO] validating manifest of crates.io crate machine_uuids 0.2.0 on toolchain 1.100.0-beta.1
[INFO] running `Command { std: CARGO_HOME="/workspace/cargo-home" RUSTUP_HOME="/workspace/rustup-home" "/workspace/cargo-home/bin/cargo" "+1.100.0-beta.1" "metadata" "--manifest-path" "Cargo.toml" "--no-deps", kill_on_drop: false }`
[INFO] crate crates.io crate machine_uuids 0.2.0 already has a lockfile, it will not be regenerated
[INFO] running `Command { std: CARGO_HOME="/workspace/cargo-home" RUSTUP_HOME="/workspace/rustup-home" "/workspace/cargo-home/bin/cargo" "+1.100.0-beta.1" "fetch" "--manifest-path" "Cargo.toml", kill_on_drop: false }`
[INFO] running `Command { std: "docker" "create" "-v" "/var/lib/crater-agent-workspace/builds/worker-1-tc2/source:/opt/rustwide/workdir:ro,Z" "-v" "/var/lib/crater-agent-workspace/builds/worker-1-tc2/target:/opt/rustwide/target:rw,Z" "-v" "/var/lib/crater-agent-workspace/cargo-home:/opt/rustwide/cargo-home:ro,Z" "-v" "/var/lib/crater-agent-workspace/rustup-home:/opt/rustwide/rustup-home:ro,Z" "-m" "1610612736" "--network" "none" "ghcr.io/rust-lang/crates-build-env/linux@sha256:77db811e55d90add9212f6832c23229e3de5f1c1f9905e8cb07319ea15df73ac" "sleep" "infinity", kill_on_drop: false }`
[INFO] [stdout] 0cf44bf5afb0c05ed032dda8b3e70dc37536c5221980b9215b2553414729cd70
[INFO] running `Command { std: "docker" "start" "0cf44bf5afb0c05ed032dda8b3e70dc37536c5221980b9215b2553414729cd70", kill_on_drop: false }`
[INFO] running `Command { std: "docker" "inspect" "0cf44bf5afb0c05ed032dda8b3e70dc37536c5221980b9215b2553414729cd70", kill_on_drop: false }`
[INFO] running `Command { std: "docker" "exec" "-e" "SOURCE_DIR=/opt/rustwide/workdir" "-e" "CARGO_HOME=/opt/rustwide/cargo-home" "-e" "RUSTUP_HOME=/opt/rustwide/rustup-home" "-e" "CARGO_TARGET_DIR=/opt/rustwide/target" "-w" "/opt/rustwide/workdir" "--user" "0:0" "0cf44bf5afb0c05ed032dda8b3e70dc37536c5221980b9215b2553414729cd70" "/opt/rustwide/cargo-home/bin/cargo" "+1.100.0-beta.1" "metadata" "--no-deps" "--format-version=1", kill_on_drop: false }`
[INFO] running `Command { std: "docker" "inspect" "0cf44bf5afb0c05ed032dda8b3e70dc37536c5221980b9215b2553414729cd70", kill_on_drop: false }`
[INFO] running `Command { std: "docker" "exec" "-e" "SOURCE_DIR=/opt/rustwide/workdir" "-e" "CARGO_HOME=/opt/rustwide/cargo-home" "-e" "RUSTUP_HOME=/opt/rustwide/rustup-home" "-e" "CARGO_TARGET_DIR=/opt/rustwide/target" "-e" "CARGO_INCREMENTAL=0" "-e" "RUST_BACKTRACE=full" "-e" "RUSTFLAGS=--cap-lints=warn" "-e" "RUSTDOCFLAGS=--cap-lints=warn" "-w" "/opt/rustwide/workdir" "--user" "0:0" "0cf44bf5afb0c05ed032dda8b3e70dc37536c5221980b9215b2553414729cd70" "/opt/rustwide/cargo-home/bin/cargo" "+1.100.0-beta.1" "build" "--frozen" "--message-format=json" "--release", kill_on_drop: false }`
[INFO] [stderr]    Compiling memchr v2.7.2
[INFO] [stderr]    Compiling regex-syntax v0.8.3
[INFO] [stderr]    Compiling aho-corasick v1.1.3
[INFO] [stderr]    Compiling regex-automata v0.4.6
[INFO] [stderr]    Compiling regex v1.10.4
[INFO] [stderr]    Compiling machine_uuids v0.2.0 (/opt/rustwide/workdir)
[INFO] [stderr] warning: unused dependency `regex`
[INFO] [stderr]  --> Cargo.toml:1:15
[INFO] [stderr]   |
[INFO] [stderr] 1 | [dependencies.regex]
[INFO] [stderr]   |               ^^^^^^
[INFO] [stderr]   |
[INFO] [stderr]   = note: `cargo::unused_dependencies` is set to `warn` by default
[INFO] [stderr] help: consider removing the dependency on `regex`
[INFO] [stderr] warning: `machine_uuids` (manifest) generated 1 warning
[INFO] [stderr]     Finished `release` profile [optimized] target(s) in 10.94s
[INFO] running `Command { std: "docker" "inspect" "0cf44bf5afb0c05ed032dda8b3e70dc37536c5221980b9215b2553414729cd70", kill_on_drop: false }`
[INFO] running `Command { std: "docker" "exec" "-e" "SOURCE_DIR=/opt/rustwide/workdir" "-e" "CARGO_HOME=/opt/rustwide/cargo-home" "-e" "RUSTUP_HOME=/opt/rustwide/rustup-home" "-e" "CARGO_TARGET_DIR=/opt/rustwide/target" "-e" "CARGO_INCREMENTAL=0" "-e" "RUST_BACKTRACE=full" "-e" "RUSTFLAGS=--cap-lints=warn" "-e" "RUSTDOCFLAGS=--cap-lints=warn" "-w" "/opt/rustwide/workdir" "--user" "0:0" "0cf44bf5afb0c05ed032dda8b3e70dc37536c5221980b9215b2553414729cd70" "/opt/rustwide/cargo-home/bin/cargo" "+1.100.0-beta.1" "test" "--frozen" "--no-run" "--message-format=json" "--release", kill_on_drop: false }`
[INFO] [stderr]    Compiling machine_uuids v0.2.0 (/opt/rustwide/workdir)
[INFO] [stderr]     Finished `release` profile [optimized] target(s) in 0.32s
[INFO] running `Command { std: "docker" "inspect" "0cf44bf5afb0c05ed032dda8b3e70dc37536c5221980b9215b2553414729cd70", kill_on_drop: false }`
[INFO] running `Command { std: "docker" "exec" "-e" "SOURCE_DIR=/opt/rustwide/workdir" "-e" "CARGO_HOME=/opt/rustwide/cargo-home" "-e" "RUSTUP_HOME=/opt/rustwide/rustup-home" "-e" "CARGO_TARGET_DIR=/opt/rustwide/target" "-e" "CARGO_INCREMENTAL=0" "-e" "RUST_BACKTRACE=full" "-e" "RUSTFLAGS=--cap-lints=warn" "-e" "RUSTDOCFLAGS=--cap-lints=warn" "-w" "/opt/rustwide/workdir" "--user" "0:0" "0cf44bf5afb0c05ed032dda8b3e70dc37536c5221980b9215b2553414729cd70" "/opt/rustwide/cargo-home/bin/cargo" "+1.100.0-beta.1" "test" "--frozen" "--release", kill_on_drop: false }`
[INFO] [stderr]     Finished `release` profile [optimized] target(s) in 0.01s
[INFO] [stderr]      Running unittests src/lib.rs (/opt/rustwide/target/release/build/machine_uuids/56376d348d6b12b0/out/machine_uuids-56376d348d6b12b0)
[INFO] [stdout] 
[INFO] [stdout] running 1 test
[INFO] [stdout] test machineid::tests::test_if_gets_uuid ... ok
[INFO] [stdout] 
[INFO] [stdout] test result: ok. 1 passed; 0 failed; 0 ignored; 0 measured; 0 filtered out; finished in 0.02s
[INFO] [stdout] 
[INFO] [stderr]      Running unittests src/main.rs (/opt/rustwide/target/release/build/machine_uuids/c3a2fe704a6f5080/out/machine_uuids-c3a2fe704a6f5080)
[INFO] [stdout] 
[INFO] [stdout] running 1 test
[INFO] [stdout] test machineid::tests::test_if_gets_uuid ... ok
[INFO] [stdout] 
[INFO] [stdout] test result: ok. 1 passed; 0 failed; 0 ignored; 0 measured; 0 filtered out; finished in 0.00s
[INFO] [stdout] 
[INFO] [stderr]    Doc-tests machine_uuids
[INFO] [stdout] 
[INFO] [stdout] running 5 tests
[INFO] [stdout] test src/machineid.rs - machineid::machineid::get (line 41) ... FAILED
[INFO] [stdout] test src/machineid.rs - machineid::machineid::get_via_linux_shell (line 116) ... FAILED
[INFO] [stdout] test src/machineid.rs - machineid::machineid::transform_windows_output (line 132) ... ok
[INFO] [stdout] test src/machineid.rs - machineid::machineid::get_via_windows_shell (line 77) ... ok
[INFO] [stdout] test src/machineid.rs - machineid::machineid::get_via_macos_shell (line 94) ... ok
[INFO] [stdout] 
[INFO] [stdout] failures:
[INFO] [stdout] 
[INFO] [stdout] ---- src/machineid.rs - machineid::machineid::get (line 41) stdout ----
[INFO] [stdout] warning: unexpected `cfg` condition name: `linux`
[INFO] [stdout]   --> src/machineid.rs:50:11
[INFO] [stdout]    |
[INFO] [stdout] 50 | #[cfg(any(linux))]
[INFO] [stdout]    |           ^^^^^ help: found config with similar value: `target_os = "linux"`
[INFO] [stdout]    |
[INFO] [stdout]    = help: expected names are: `docsrs`, `feature`, and `test` and 34 more
[INFO] [stdout]    = help: consider using a Cargo feature instead
[INFO] [stdout]    = help: or consider adding in `Cargo.toml` the `check-cfg` lint config for the lint:
[INFO] [stdout]             [lints.rust]
[INFO] [stdout]             unexpected_cfgs = { level = "warn", check-cfg = ['cfg(linux)'] }
[INFO] [stdout]    = help: or consider adding `println!("cargo::rustc-check-cfg=cfg(linux)");` to the top of the `build.rs`
[INFO] [stdout]    = note: see <https://doc.rust-lang.org/nightly/rustc/check-cfg/cargo-specifics.html> for more information about checking conditional configuration
[INFO] [stdout]    = note: `#[warn(unexpected_cfgs)]` on by default
[INFO] [stdout] 
[INFO] [stdout] warning: unexpected `cfg` condition name: `macos`
[INFO] [stdout]   --> src/machineid.rs:54:11
[INFO] [stdout]    |
[INFO] [stdout] 54 | #[cfg(any(macos))]
[INFO] [stdout]    |           ^^^^^ help: found config with similar value: `target_os = "macos"`
[INFO] [stdout]    |
[INFO] [stdout]    = help: consider using a Cargo feature instead
[INFO] [stdout]    = help: or consider adding in `Cargo.toml` the `check-cfg` lint config for the lint:
[INFO] [stdout]             [lints.rust]
[INFO] [stdout]             unexpected_cfgs = { level = "warn", check-cfg = ['cfg(macos)'] }
[INFO] [stdout]    = help: or consider adding `println!("cargo::rustc-check-cfg=cfg(macos)");` to the top of the `build.rs`
[INFO] [stdout]    = note: see <https://doc.rust-lang.org/nightly/rustc/check-cfg/cargo-specifics.html> for more information about checking conditional configuration
[INFO] [stdout] 
[INFO] [stdout] error[E0433]: cannot find module or crate `machine_uuid` in this scope
[INFO] [stdout]   --> src/machineid.rs:42:12
[INFO] [stdout]    |
[INFO] [stdout] 42 | let uuid = machine_uuid::get();
[INFO] [stdout]    |            ^^^^^^^^^^^^ use of unresolved module or unlinked crate `machine_uuid`
[INFO] [stdout]    |
[INFO] [stdout] help: there is a crate or module with a similar name
[INFO] [stdout]    |
[INFO] [stdout] 42 | let uuid = machine_uuids::get();
[INFO] [stdout]    |                        +
[INFO] [stdout] 
[INFO] [stdout] error: aborting due to 1 previous error; 2 warnings emitted
[INFO] [stdout] 
[INFO] [stdout] For more information about this error, try `rustc --explain E0433`.
[INFO] [stdout] Couldn't compile the test.
[INFO] [stdout] ---- src/machineid.rs - machineid::machineid::get_via_linux_shell (line 116) stdout ----
[INFO] [stdout] error[E0433]: cannot find module or crate `machine_uuid` in this scope
[INFO] [stdout]    --> src/machineid.rs:118:22
[INFO] [stdout]     |
[INFO] [stdout] 118 | let uuid_untrimmed = machine_uuid::get_via_linux_shell();
[INFO] [stdout]     |                      ^^^^^^^^^^^^ use of unresolved module or unlinked crate `machine_uuid`
[INFO] [stdout]     |
[INFO] [stdout] help: there is a crate or module with a similar name
[INFO] [stdout]     |
[INFO] [stdout] 118 | let uuid_untrimmed = machine_uuids::get_via_linux_shell();
[INFO] [stdout]     |                                  +
[INFO] [stdout] 
[INFO] [stdout] error: aborting due to 1 previous error
[INFO] [stdout] 
[INFO] [stdout] For more information about this error, try `rustc --explain E0433`.
[INFO] [stdout] Couldn't compile the test.
[INFO] [stdout] 
[INFO] [stdout] failures:
[INFO] [stdout]     src/machineid.rs - machineid::machineid::get (line 41)
[INFO] [stdout]     src/machineid.rs - machineid::machineid::get_via_linux_shell (line 116)
[INFO] [stdout] 
[INFO] [stdout] test result: FAILED. 3 passed; 2 failed; 0 ignored; 0 measured; 0 filtered out; finished in 0.10s
[INFO] [stdout] 
[INFO] [stderr] error: doctest failed, to rerun pass `--doc`
[INFO] running `Command { std: "docker" "inspect" "0cf44bf5afb0c05ed032dda8b3e70dc37536c5221980b9215b2553414729cd70", kill_on_drop: false }`
[INFO] running `Command { std: "docker" "rm" "-f" "0cf44bf5afb0c05ed032dda8b3e70dc37536c5221980b9215b2553414729cd70", kill_on_drop: false }`
[INFO] [stdout] 0cf44bf5afb0c05ed032dda8b3e70dc37536c5221980b9215b2553414729cd70
