[INFO] fetching crate m4-rs-core 0.1.16...
[INFO] testing m4-rs-core-0.1.16 against 1.100.0-beta.1+cargoflags=--release for beta-release-1.100-2
[INFO] extracting crate m4-rs-core 0.1.16 into /workspace/builds/worker-0-tc2/source
[INFO] started tweaking crates.io crate m4-rs-core 0.1.16
[INFO] removed 0 missing tests
[INFO] finished tweaking crates.io crate m4-rs-core 0.1.16
[INFO] tweaked toml for crates.io crate m4-rs-core 0.1.16 written to /workspace/builds/worker-0-tc2/source/Cargo.toml
[INFO] validating manifest of crates.io crate m4-rs-core 0.1.16 on toolchain 1.100.0-beta.1
[INFO] running `Command { std: CARGO_HOME="/workspace/cargo-home" RUSTUP_HOME="/workspace/rustup-home" "/workspace/cargo-home/bin/cargo" "+1.100.0-beta.1" "metadata" "--manifest-path" "Cargo.toml" "--no-deps", kill_on_drop: false }`
[INFO] crate crates.io crate m4-rs-core 0.1.16 already has a lockfile, it will not be regenerated
[INFO] running `Command { std: CARGO_HOME="/workspace/cargo-home" RUSTUP_HOME="/workspace/rustup-home" "/workspace/cargo-home/bin/cargo" "+1.100.0-beta.1" "fetch" "--manifest-path" "Cargo.toml", kill_on_drop: false }`
[INFO] running `Command { std: "docker" "create" "-v" "/var/lib/crater-agent-workspace/builds/worker-0-tc2/source:/opt/rustwide/workdir:ro,Z" "-v" "/var/lib/crater-agent-workspace/builds/worker-0-tc2/target:/opt/rustwide/target:rw,Z" "-v" "/var/lib/crater-agent-workspace/cargo-home:/opt/rustwide/cargo-home:ro,Z" "-v" "/var/lib/crater-agent-workspace/rustup-home:/opt/rustwide/rustup-home:ro,Z" "-m" "1610612736" "--network" "none" "ghcr.io/rust-lang/crates-build-env/linux@sha256:77db811e55d90add9212f6832c23229e3de5f1c1f9905e8cb07319ea15df73ac" "sleep" "infinity", kill_on_drop: false }`
[INFO] [stdout] 363fe9dd292abb67c8813fe54f736b4ee1226518c04442ff628f348956c2ea70
[INFO] running `Command { std: "docker" "start" "363fe9dd292abb67c8813fe54f736b4ee1226518c04442ff628f348956c2ea70", kill_on_drop: false }`
[INFO] running `Command { std: "docker" "inspect" "363fe9dd292abb67c8813fe54f736b4ee1226518c04442ff628f348956c2ea70", kill_on_drop: false }`
[INFO] running `Command { std: "docker" "exec" "-e" "SOURCE_DIR=/opt/rustwide/workdir" "-e" "CARGO_HOME=/opt/rustwide/cargo-home" "-e" "RUSTUP_HOME=/opt/rustwide/rustup-home" "-e" "CARGO_TARGET_DIR=/opt/rustwide/target" "-w" "/opt/rustwide/workdir" "--user" "0:0" "363fe9dd292abb67c8813fe54f736b4ee1226518c04442ff628f348956c2ea70" "/opt/rustwide/cargo-home/bin/cargo" "+1.100.0-beta.1" "metadata" "--no-deps" "--format-version=1", kill_on_drop: false }`
[INFO] running `Command { std: "docker" "inspect" "363fe9dd292abb67c8813fe54f736b4ee1226518c04442ff628f348956c2ea70", kill_on_drop: false }`
[INFO] running `Command { std: "docker" "exec" "-e" "SOURCE_DIR=/opt/rustwide/workdir" "-e" "CARGO_HOME=/opt/rustwide/cargo-home" "-e" "RUSTUP_HOME=/opt/rustwide/rustup-home" "-e" "CARGO_TARGET_DIR=/opt/rustwide/target" "-e" "CARGO_INCREMENTAL=0" "-e" "RUST_BACKTRACE=full" "-e" "RUSTFLAGS=--cap-lints=warn" "-e" "RUSTDOCFLAGS=--cap-lints=warn" "-w" "/opt/rustwide/workdir" "--user" "0:0" "363fe9dd292abb67c8813fe54f736b4ee1226518c04442ff628f348956c2ea70" "/opt/rustwide/cargo-home/bin/cargo" "+1.100.0-beta.1" "build" "--frozen" "--message-format=json" "--release", kill_on_drop: false }`
[INFO] [stderr]    Compiling memchr v2.8.2
[INFO] [stderr]    Compiling regex-syntax v0.8.11
[INFO] [stderr]    Compiling aho-corasick v1.1.4
[INFO] [stderr]    Compiling regex-automata v0.4.14
[INFO] [stderr]    Compiling regex v1.12.4
[INFO] [stderr]    Compiling m4-rs-core v0.1.16 (/opt/rustwide/workdir)
[INFO] [stderr]     Finished `release` profile [optimized] target(s) in 21.83s
[INFO] running `Command { std: "docker" "inspect" "363fe9dd292abb67c8813fe54f736b4ee1226518c04442ff628f348956c2ea70", kill_on_drop: false }`
[INFO] running `Command { std: "docker" "exec" "-e" "SOURCE_DIR=/opt/rustwide/workdir" "-e" "CARGO_HOME=/opt/rustwide/cargo-home" "-e" "RUSTUP_HOME=/opt/rustwide/rustup-home" "-e" "CARGO_TARGET_DIR=/opt/rustwide/target" "-e" "CARGO_INCREMENTAL=0" "-e" "RUST_BACKTRACE=full" "-e" "RUSTFLAGS=--cap-lints=warn" "-e" "RUSTDOCFLAGS=--cap-lints=warn" "-w" "/opt/rustwide/workdir" "--user" "0:0" "363fe9dd292abb67c8813fe54f736b4ee1226518c04442ff628f348956c2ea70" "/opt/rustwide/cargo-home/bin/cargo" "+1.100.0-beta.1" "test" "--frozen" "--no-run" "--message-format=json" "--release", kill_on_drop: false }`
[INFO] [stderr]    Compiling m4-rs-core v0.1.16 (/opt/rustwide/workdir)
[INFO] [stderr]     Finished `release` profile [optimized] target(s) in 6.73s
[INFO] running `Command { std: "docker" "inspect" "363fe9dd292abb67c8813fe54f736b4ee1226518c04442ff628f348956c2ea70", kill_on_drop: false }`
[INFO] running `Command { std: "docker" "exec" "-e" "SOURCE_DIR=/opt/rustwide/workdir" "-e" "CARGO_HOME=/opt/rustwide/cargo-home" "-e" "RUSTUP_HOME=/opt/rustwide/rustup-home" "-e" "CARGO_TARGET_DIR=/opt/rustwide/target" "-e" "CARGO_INCREMENTAL=0" "-e" "RUST_BACKTRACE=full" "-e" "RUSTFLAGS=--cap-lints=warn" "-e" "RUSTDOCFLAGS=--cap-lints=warn" "-w" "/opt/rustwide/workdir" "--user" "0:0" "363fe9dd292abb67c8813fe54f736b4ee1226518c04442ff628f348956c2ea70" "/opt/rustwide/cargo-home/bin/cargo" "+1.100.0-beta.1" "test" "--frozen" "--release", kill_on_drop: false }`
[INFO] [stderr]     Finished `release` profile [optimized] target(s) in 0.02s
[INFO] [stderr]      Running unittests src/lib.rs (/opt/rustwide/target/release/build/m4-rs-core/8a4de272aadfd960/out/m4_rs_core-8a4de272aadfd960)
[INFO] [stdout] 
[INFO] [stdout] running 96 tests
[INFO] [stdout] test eval::tests::test_hex ... ok
[INFO] [stdout] test args::tests::test_collect_simple_args ... ok
[INFO] [stdout] test eval::tests::test_power ... ok
[INFO] [stdout] test args::tests::test_collect_nested_parens ... ok
[INFO] [stdout] test eval::tests::test_radix_output ... ok
[INFO] [stdout] test eval::tests::test_negative ... ok
[INFO] [stdout] test eval::tests::test_division_by_zero ... ok
[INFO] [stdout] test eval::tests::test_simple_arithmetic ... ok
[INFO] [stdout] test comment::tests::test_no_comment_when_disabled ... ok
[INFO] [stdout] test eval::tests::test_octal ... ok
[INFO] [stdout] test eval::tests::test_bitwise ... ok
[INFO] [stdout] test eval::tests::test_logical ... ok
[INFO] [stdout] test expansion::tests::test_dnl_eats_unbalanced_quote_open_line ... ok
[INFO] [stdout] test eval::tests::test_ternary ... ok
[INFO] [stdout] test expansion::tests::test_ac_defun_pattern ... ok
[INFO] [stdout] test expansion::tests::test_bare_args_builtin_emit_literally ... ok
[INFO] [stdout] test expansion::tests::test_dnl_suppresses_macro_on_same_line ... ok
[INFO] [stdout] test expansion::tests::test_dollar_hash ... ok
[INFO] [stdout] test expansion::tests::test_dollar_zero ... ok
[INFO] [stdout] test expansion::tests::test_hostile_deep_nesting ... ok
[INFO] [stdout] test expansion::tests::test_hostile_divnum_with_args ... ok
[INFO] [stdout] test args::tests::test_args_get ... ok
[INFO] [stdout] test expansion::tests::test_arg_substitution ... ok
[INFO] [stdout] test expansion::tests::test_copy_through ... ok
[INFO] [stdout] test expansion::tests::test_hostile_binary_bytes ... ok
[INFO] [stdout] test expansion::tests::test_hostile_excess_close_paren ... ok
[INFO] [stdout] test comment::tests::test_comment_to_eof ... ok
[INFO] [stdout] test expansion::tests::test_hostile_self_recursion ... ok
[INFO] [stdout] test expansion::tests::test_hostile_dnl_at_eof ... ok
[INFO] [stdout] test comment::tests::test_consume_comment_basic ... ok
[INFO] [stdout] test expansion::tests::test_hostile_dollar_n_out_of_range ... ok
[INFO] [stdout] test expansion::tests::test_hostile_empty_input ... ok
[INFO] [stdout] test expansion::tests::test_hostile_unclosed_paren ... ok
[INFO] [stdout] test expansion::tests::test_hostile_long_definition ... ok
[INFO] [stdout] test expansion::tests::test_hostile_mutual_recursion ... ok
[INFO] [stdout] test eval::tests::test_comparison ... ok
[INFO] [stdout] test expansion::tests::test_define_and_expand_basic ... ok
[INFO] [stdout] test expansion::tests::test_nested_macro_body_include_preserved ... ok
[INFO] [stdout] test expansion::tests::test_quoted_interior_newline_preserved ... ok
[INFO] [stdout] test expansion::tests::test_hostile_empty_quote_delimiters ... ok
[INFO] [stdout] test expansion::tests::test_recursive_counter_macro ... ok
[INFO] [stdout] test expansion::tests::test_hostile_eval_bogus ... ok
[INFO] [stdout] test expansion::tests::test_hostile_large_diversion ... ok
[INFO] [stdout] test expansion::tests::test_hostile_unclosed_quote ... ok
[INFO] [stdout] test expansion::tests::test_hostile_undefined_names ... ok
[INFO] [stdout] test expansion::tests::test_multiline_arg_strips_leading_newline ... ok
[INFO] [stdout] test format::tests::test_character ... ok
[INFO] [stdout] test format::tests::test_basic_decimal ... ok
[INFO] [stdout] test expansion::tests::test_nested_define_forwarding ... ok
[INFO] [stdout] test format::tests::test_octal ... ok
[INFO] [stdout] test format::tests::test_percent ... ok
[INFO] [stdout] test format::tests::test_zero_pad ... ok
[INFO] [stdout] test frozen::tests::test_save_and_load_diversions ... ok
[INFO] [stdout] test format::tests::test_hex ... ok
[INFO] [stdout] test format::tests::test_multiple_args ... ok
[INFO] [stdout] test format::tests::test_precision ... ok
[INFO] [stdout] test frozen::tests::test_save_and_load_pushdef_stack ... ok
[INFO] [stdout] test frozen::tests::test_save_and_load_quote_config ... ok
[INFO] [stdout] test input::tests::test_input_stack ... ok
[INFO] [stdout] test input::tests::test_string_input ... ok
[INFO] [stdout] test lexer::tests::test_default_quotes ... ok
[INFO] [stdout] test frozen::tests::test_empty_macro_body ... ok
[INFO] [stdout] test lexer::tests::test_mixed_text_and_name ... ok
[INFO] [stdout] test lexer::tests::test_multi_byte_delimiter_quotes ... ok
[INFO] [stdout] test lexer::tests::test_name_not_starting_with_digit ... ok
[INFO] [stdout] test lexer::tests::test_nested_quotes ... ok
[INFO] [stdout] test lexer::tests::test_paren_after_quote ... ok
[INFO] [stdout] test lexer::tests::test_plain_text ... ok
[INFO] [stdout] test macro_table::tests::test_define_and_lookup ... ok
[INFO] [stdout] test macro_table::tests::test_pushdef_popdef ... ok
[INFO] [stdout] test macro_table::tests::test_undefine ... ok
[INFO] [stdout] test quote::tests::test_change_quote ... ok
[INFO] [stdout] test quote::tests::test_default_config ... ok
[INFO] [stdout] test frozen::tests::test_save_and_load_basic ... ok
[INFO] [stdout] test quote::tests::test_disable_comments ... ok
[INFO] [stdout] test lexer::tests::test_empty_input ... ok
[INFO] [stdout] test lexer::tests::test_punctuation_tokens ... ok
[INFO] [stdout] test macro_table::tests::test_builtin_registration ... ok
[INFO] [stdout] test lexer::tests::test_name_recognition ... ok
[INFO] [stdout] test stack::tests::test_default_stack_size ... ok
[INFO] [stdout] test stack::tests::test_recursion_limit_default ... ok
[INFO] [stdout] test stack::tests::test_set_recursion_limit ... ok
[INFO] [stdout] test quote::tests::test_disable_quoting ... ok
[INFO] [stdout] test token::tests::test_name_token ... ok
[INFO] [stdout] test token::tests::test_token_basics ... ok
[INFO] [stdout] test format::tests::test_string ... ok
[INFO] [stdout] test format::tests::test_width ... ok
[INFO] [stdout] test frozen::tests::test_save_and_load_comment_delimiters ... ok
[INFO] [stdout] test frozen::tests::test_version_mismatch_error ... ok
[INFO] [stdout] test frozen::tests::test_save_and_load_special_characters ... ok
[INFO] [stdout] test stack::tests::test_stack_probe_succeeds ... ok
[INFO] [stdout] test args::tests::test_collect_empty_args ... ok
[INFO] [stderr]      Running tests/autoconf_seed.rs (/opt/rustwide/target/release/build/m4-rs-core/e55dfdae73d888ff/out/autoconf_seed-e55dfdae73d888ff)
[INFO] [stdout] test eval::tests::test_precedence ... ok
[INFO] [stdout] test frozen::tests::test_escape_roundtrip ... ok
[INFO] [stdout] test frozen::tests::test_multiple_diversions_roundtrip ... ok
[INFO] [stdout] test lexer::tests::test_comment_consumed ... ok
[INFO] [stdout] 
[INFO] [stdout] test result: ok. 96 passed; 0 failed; 0 ignored; 0 measured; 0 filtered out; finished in 0.12s
[INFO] [stdout] 
[INFO] [stdout] 
[INFO] [stdout] running 10 tests
[INFO] [stdout] test test_autoconf_06_diversions ... FAILED
[INFO] [stdout] test test_autoconf_04_arithmetic ... FAILED
[INFO] [stdout] test test_autoconf_05_quote_nesting ... FAILED
[INFO] [stdout] test test_autoconf_01_basic_macros ... FAILED
[INFO] [stdout] test test_autoconf_07_text_manipulation ... FAILED
[INFO] [stdout] test test_autoconf_03_forloop ... FAILED
[INFO] [stdout] test test_autoconf_02_conditionals ... FAILED
[INFO] [stdout] test test_autoconf_10_ac_init ... FAILED
[INFO] [stdout] test test_autoconf_08_include ... FAILED
[INFO] [stdout] test test_autoconf_09_shell_cmds ... FAILED
[INFO] [stdout] 
[INFO] [stdout] failures:
[INFO] [stdout] 
[INFO] [stdout] ---- test_autoconf_06_diversions stdout ----
[INFO] [stdout] 
[INFO] [stdout] thread 'test_autoconf_06_diversions' (538) panicked at tests/autoconf_seed.rs:19:49:
[INFO] [stdout] cannot read fixture: ../../fixtures/autoconf/06-diversions.m4
[INFO] [stdout] stack backtrace:
[INFO] [stdout]    0:     0x5c67d4513071 - <<std[617be2ca0a6fd877]::sys::backtrace::BacktraceLock>::print::DisplayBacktrace as core[a373ad73a504971]::fmt::Display>::fmt
[INFO] [stdout]    1:     0x5c67d452963a - core[a373ad73a504971]::fmt::write
[INFO] [stdout]    2:     0x5c67d45172ac - <alloc[2e1b2a31b91974c5]::vec::Vec<u8> as core[a373ad73a504971]::io::write::Write>::write_fmt
[INFO] [stderr] error: test failed, to rerun pass `--test autoconf_seed`
[INFO] [stdout]    3:     0x5c67d44eec56 - std[617be2ca0a6fd877]::panicking::default_hook::{closure#0}
[INFO] [stdout]    4:     0x5c67d450b219 - std[617be2ca0a6fd877]::panicking::default_hook
[INFO] [stdout]    5:     0x5c67d43bc660 - test[aada8e7e76ba119b]::test_main_inner::{closure#0}
[INFO] [stdout]    6:     0x5c67d450b3d2 - std[617be2ca0a6fd877]::panicking::panic_with_hook
[INFO] [stdout]    7:     0x5c67d44eed02 - std[617be2ca0a6fd877]::panicking::panic_handler::{closure#0}
[INFO] [stdout]    8:     0x5c67d44e7889 - std[617be2ca0a6fd877]::sys::backtrace::__rust_end_short_backtrace::<std[617be2ca0a6fd877]::panicking::panic_handler::{closure#0}, !>
[INFO] [stdout]    9:     0x5c67d44ef90d - __rustc[ea4f61d10b84890b]::rust_begin_unwind
[INFO] [stdout]   10:     0x5c67d4529e1c - core[a373ad73a504971]::panicking::panic_fmt
[INFO] [stdout]   11:     0x5c67d43add7e - autoconf_seed[c73288a66438d389]::process_fixture::{closure#0}
[INFO] [stdout]   12:     0x5c67d43ae1a1 - autoconf_seed[c73288a66438d389]::process_fixture
[INFO] [stdout]   13:     0x5c67d43af2ca - <autoconf_seed[c73288a66438d389]::test_autoconf_06_diversions::{closure#0} as core[a373ad73a504971]::ops::function::FnOnce<()>>::call_once
[INFO] [stdout]   14:     0x5c67d43afaab - test[aada8e7e76ba119b]::__rust_begin_short_backtrace::<core[a373ad73a504971]::result::Result<(), alloc[2e1b2a31b91974c5]::string::String>, fn() -> core[a373ad73a504971]::result::Result<(), alloc[2e1b2a31b91974c5]::string::String>>
[INFO] [stdout]   15:     0x5c67d43bcc85 - test[aada8e7e76ba119b]::run_test::{closure#0}
[INFO] [stdout]   16:     0x5c67d43b6574 - std[617be2ca0a6fd877]::sys::backtrace::__rust_begin_short_backtrace::<test[aada8e7e76ba119b]::run_test::{closure#1}, ()>
[INFO] [stdout]   17:     0x5c67d43bfd12 - <std[617be2ca0a6fd877]::thread::lifecycle::spawn_unchecked<test[aada8e7e76ba119b]::run_test::{closure#1}, ()>::{closure#1} as core[a373ad73a504971]::ops::function::FnOnce<()>>::call_once::{shim:vtable#0}
[INFO] [stdout]   18:     0x5c67d45123df - <std[617be2ca0a6fd877]::sys::thread::unix::Thread>::new::thread_start
[INFO] [stdout]   19:     0x78a7776b2dfa - <unknown>
[INFO] [stdout]   20:     0x78a7777463d4 - clone
[INFO] [stdout]   21:                0x0 - <unknown>
[INFO] [stdout] 
[INFO] [stdout] ---- test_autoconf_04_arithmetic stdout ----
[INFO] [stdout] 
[INFO] [stdout] thread 'test_autoconf_04_arithmetic' (536) panicked at tests/autoconf_seed.rs:19:49:
[INFO] [stdout] cannot read fixture: ../../fixtures/autoconf/04-arithmetic.m4
[INFO] [stdout] stack backtrace:
[INFO] [stdout]    0:     0x5c67d4513071 - <<std[617be2ca0a6fd877]::sys::backtrace::BacktraceLock>::print::DisplayBacktrace as core[a373ad73a504971]::fmt::Display>::fmt
[INFO] [stdout]    1:     0x5c67d452963a - core[a373ad73a504971]::fmt::write
[INFO] [stdout]    2:     0x5c67d45172ac - <alloc[2e1b2a31b91974c5]::vec::Vec<u8> as core[a373ad73a504971]::io::write::Write>::write_fmt
[INFO] [stdout]    3:     0x5c67d44eec56 - std[617be2ca0a6fd877]::panicking::default_hook::{closure#0}
[INFO] [stdout]    4:     0x5c67d450b219 - std[617be2ca0a6fd877]::panicking::default_hook
[INFO] [stdout]    5:     0x5c67d43bc660 - test[aada8e7e76ba119b]::test_main_inner::{closure#0}
[INFO] [stdout]    6:     0x5c67d450b3d2 - std[617be2ca0a6fd877]::panicking::panic_with_hook
[INFO] [stdout]    7:     0x5c67d44eed02 - std[617be2ca0a6fd877]::panicking::panic_handler::{closure#0}
[INFO] [stdout]    8:     0x5c67d44e7889 - std[617be2ca0a6fd877]::sys::backtrace::__rust_end_short_backtrace::<std[617be2ca0a6fd877]::panicking::panic_handler::{closure#0}, !>
[INFO] [stdout]    9:     0x5c67d44ef90d - __rustc[ea4f61d10b84890b]::rust_begin_unwind
[INFO] [stdout]   10:     0x5c67d4529e1c - core[a373ad73a504971]::panicking::panic_fmt
[INFO] [stdout]   11:     0x5c67d43add7e - autoconf_seed[c73288a66438d389]::process_fixture::{closure#0}
[INFO] [stdout]   12:     0x5c67d43ae1a1 - autoconf_seed[c73288a66438d389]::process_fixture
[INFO] [stdout]   13:     0x5c67d43af0d6 - <autoconf_seed[c73288a66438d389]::test_autoconf_04_arithmetic::{closure#0} as core[a373ad73a504971]::ops::function::FnOnce<()>>::call_once
[INFO] [stdout]   14:     0x5c67d43afaab - test[aada8e7e76ba119b]::__rust_begin_short_backtrace::<core[a373ad73a504971]::result::Result<(), alloc[2e1b2a31b91974c5]::string::String>, fn() -> core[a373ad73a504971]::result::Result<(), alloc[2e1b2a31b91974c5]::string::String>>
[INFO] [stdout]   15:     0x5c67d43bcc85 - test[aada8e7e76ba119b]::run_test::{closure#0}
[INFO] [stdout]   16:     0x5c67d43b6574 - std[617be2ca0a6fd877]::sys::backtrace::__rust_begin_short_backtrace::<test[aada8e7e76ba119b]::run_test::{closure#1}, ()>
[INFO] [stdout]   17:     0x5c67d43bfd12 - <std[617be2ca0a6fd877]::thread::lifecycle::spawn_unchecked<test[aada8e7e76ba119b]::run_test::{closure#1}, ()>::{closure#1} as core[a373ad73a504971]::ops::function::FnOnce<()>>::call_once::{shim:vtable#0}
[INFO] [stdout]   18:     0x5c67d45123df - <std[617be2ca0a6fd877]::sys::thread::unix::Thread>::new::thread_start
[INFO] [stdout]   19:     0x78a7776b2dfa - <unknown>
[INFO] [stdout]   20:     0x78a7777463d4 - clone
[INFO] [stdout]   21:                0x0 - <unknown>
[INFO] [stdout] 
[INFO] [stdout] ---- test_autoconf_05_quote_nesting stdout ----
[INFO] [stdout] 
[INFO] [stdout] thread 'test_autoconf_05_quote_nesting' (537) panicked at tests/autoconf_seed.rs:19:49:
[INFO] [stdout] cannot read fixture: ../../fixtures/autoconf/05-quote-nesting.m4
[INFO] [stdout] stack backtrace:
[INFO] [stdout]    0:     0x5c67d4513071 - <<std[617be2ca0a6fd877]::sys::backtrace::BacktraceLock>::print::DisplayBacktrace as core[a373ad73a504971]::fmt::Display>::fmt
[INFO] [stdout]    1:     0x5c67d452963a - core[a373ad73a504971]::fmt::write
[INFO] [stdout]    2:     0x5c67d45172ac - <alloc[2e1b2a31b91974c5]::vec::Vec<u8> as core[a373ad73a504971]::io::write::Write>::write_fmt
[INFO] [stdout]    3:     0x5c67d44eec56 - std[617be2ca0a6fd877]::panicking::default_hook::{closure#0}
[INFO] [stdout]    4:     0x5c67d450b219 - std[617be2ca0a6fd877]::panicking::default_hook
[INFO] [stdout]    5:     0x5c67d43bc660 - test[aada8e7e76ba119b]::test_main_inner::{closure#0}
[INFO] [stdout]    6:     0x5c67d450b3d2 - std[617be2ca0a6fd877]::panicking::panic_with_hook
[INFO] [stdout]    7:     0x5c67d44eed02 - std[617be2ca0a6fd877]::panicking::panic_handler::{closure#0}
[INFO] [stdout]    8:     0x5c67d44e7889 - std[617be2ca0a6fd877]::sys::backtrace::__rust_end_short_backtrace::<std[617be2ca0a6fd877]::panicking::panic_handler::{closure#0}, !>
[INFO] [stdout]    9:     0x5c67d44ef90d - __rustc[ea4f61d10b84890b]::rust_begin_unwind
[INFO] [stdout]   10:     0x5c67d4529e1c - core[a373ad73a504971]::panicking::panic_fmt
[INFO] [stdout]   11:     0x5c67d43add7e - autoconf_seed[c73288a66438d389]::process_fixture::{closure#0}
[INFO] [stdout]   12:     0x5c67d43ae1a1 - autoconf_seed[c73288a66438d389]::process_fixture
[INFO] [stdout]   13:     0x5c67d43af7f6 - <autoconf_seed[c73288a66438d389]::test_autoconf_05_quote_nesting::{closure#0} as core[a373ad73a504971]::ops::function::FnOnce<()>>::call_once
[INFO] [stdout]   14:     0x5c67d43afaab - test[aada8e7e76ba119b]::__rust_begin_short_backtrace::<core[a373ad73a504971]::result::Result<(), alloc[2e1b2a31b91974c5]::string::String>, fn() -> core[a373ad73a504971]::result::Result<(), alloc[2e1b2a31b91974c5]::string::String>>
[INFO] [stdout]   15:     0x5c67d43bcc85 - test[aada8e7e76ba119b]::run_test::{closure#0}
[INFO] [stdout]   16:     0x5c67d43b6574 - std[617be2ca0a6fd877]::sys::backtrace::__rust_begin_short_backtrace::<test[aada8e7e76ba119b]::run_test::{closure#1}, ()>
[INFO] [stdout]   17:     0x5c67d43bfd12 - <std[617be2ca0a6fd877]::thread::lifecycle::spawn_unchecked<test[aada8e7e76ba119b]::run_test::{closure#1}, ()>::{closure#1} as core[a373ad73a504971]::ops::function::FnOnce<()>>::call_once::{shim:vtable#0}
[INFO] [stdout]   18:     0x5c67d45123df - <std[617be2ca0a6fd877]::sys::thread::unix::Thread>::new::thread_start
[INFO] [stdout]   19:     0x78a7776b2dfa - <unknown>
[INFO] [stdout]   20:     0x78a7777463d4 - clone
[INFO] [stdout]   21:                0x0 - <unknown>
[INFO] [stdout] 
[INFO] [stdout] ---- test_autoconf_01_basic_macros stdout ----
[INFO] [stdout] 
[INFO] [stdout] thread 'test_autoconf_01_basic_macros' (533) panicked at tests/autoconf_seed.rs:19:49:
[INFO] [stdout] cannot read fixture: ../../fixtures/autoconf/01-basic-macros.m4
[INFO] [stdout] stack backtrace:
[INFO] [stdout]    0:     0x5c67d4513071 - <<std[617be2ca0a6fd877]::sys::backtrace::BacktraceLock>::print::DisplayBacktrace as core[a373ad73a504971]::fmt::Display>::fmt
[INFO] [stdout]    1:     0x5c67d452963a - core[a373ad73a504971]::fmt::write
[INFO] [stdout]    2:     0x5c67d45172ac - <alloc[2e1b2a31b91974c5]::vec::Vec<u8> as core[a373ad73a504971]::io::write::Write>::write_fmt
[INFO] [stdout]    3:     0x5c67d44eec56 - std[617be2ca0a6fd877]::panicking::default_hook::{closure#0}
[INFO] [stdout]    4:     0x5c67d450b219 - std[617be2ca0a6fd877]::panicking::default_hook
[INFO] [stdout]    5:     0x5c67d43bc660 - test[aada8e7e76ba119b]::test_main_inner::{closure#0}
[INFO] [stdout]    6:     0x5c67d450b3d2 - std[617be2ca0a6fd877]::panicking::panic_with_hook
[INFO] [stdout]    7:     0x5c67d44eed02 - std[617be2ca0a6fd877]::panicking::panic_handler::{closure#0}
[INFO] [stdout]    8:     0x5c67d44e7889 - std[617be2ca0a6fd877]::sys::backtrace::__rust_end_short_backtrace::<std[617be2ca0a6fd877]::panicking::panic_handler::{closure#0}, !>
[INFO] [stdout]    9:     0x5c67d44ef90d - __rustc[ea4f61d10b84890b]::rust_begin_unwind
[INFO] [stdout]   10:     0x5c67d4529e1c - core[a373ad73a504971]::panicking::panic_fmt
[INFO] [stdout]   11:     0x5c67d43add7e - autoconf_seed[c73288a66438d389]::process_fixture::{closure#0}
[INFO] [stdout]   12:     0x5c67d43ae1a1 - autoconf_seed[c73288a66438d389]::process_fixture
[INFO] [stdout]   13:     0x5c67d43af556 - <autoconf_seed[c73288a66438d389]::test_autoconf_01_basic_macros::{closure#0} as core[a373ad73a504971]::ops::function::FnOnce<()>>::call_once
[INFO] [stdout]   14:     0x5c67d43afaab - test[aada8e7e76ba119b]::__rust_begin_short_backtrace::<core[a373ad73a504971]::result::Result<(), alloc[2e1b2a31b91974c5]::string::String>, fn() -> core[a373ad73a504971]::result::Result<(), alloc[2e1b2a31b91974c5]::string::String>>
[INFO] [stdout]   15:     0x5c67d43bcc85 - test[aada8e7e76ba119b]::run_test::{closure#0}
[INFO] [stdout]   16:     0x5c67d43b6574 - std[617be2ca0a6fd877]::sys::backtrace::__rust_begin_short_backtrace::<test[aada8e7e76ba119b]::run_test::{closure#1}, ()>
[INFO] [stdout]   17:     0x5c67d43bfd12 - <std[617be2ca0a6fd877]::thread::lifecycle::spawn_unchecked<test[aada8e7e76ba119b]::run_test::{closure#1}, ()>::{closure#1} as core[a373ad73a504971]::ops::function::FnOnce<()>>::call_once::{shim:vtable#0}
[INFO] [stdout]   18:     0x5c67d45123df - <std[617be2ca0a6fd877]::sys::thread::unix::Thread>::new::thread_start
[INFO] [stdout]   19:     0x78a7776b2dfa - <unknown>
[INFO] [stdout]   20:     0x78a7777463d4 - clone
[INFO] [stdout]   21:                0x0 - <unknown>
[INFO] [stdout] 
[INFO] [stdout] ---- test_autoconf_07_text_manipulation stdout ----
[INFO] [stdout] 
[INFO] [stdout] thread 'test_autoconf_07_text_manipulation' (539) panicked at tests/autoconf_seed.rs:19:49:
[INFO] [stdout] cannot read fixture: ../../fixtures/autoconf/07-text-manipulation.m4
[INFO] [stdout] stack backtrace:
[INFO] [stdout]    0:     0x5c67d4513071 - <<std[617be2ca0a6fd877]::sys::backtrace::BacktraceLock>::print::DisplayBacktrace as core[a373ad73a504971]::fmt::Display>::fmt
[INFO] [stdout]    1:     0x5c67d452963a - core[a373ad73a504971]::fmt::write
[INFO] [stdout]    2:     0x5c67d45172ac - <alloc[2e1b2a31b91974c5]::vec::Vec<u8> as core[a373ad73a504971]::io::write::Write>::write_fmt
[INFO] [stdout]    3:     0x5c67d44eec56 - std[617be2ca0a6fd877]::panicking::default_hook::{closure#0}
[INFO] [stdout]    4:     0x5c67d450b219 - std[617be2ca0a6fd877]::panicking::default_hook
[INFO] [stdout]    5:     0x5c67d43bc660 - test[aada8e7e76ba119b]::test_main_inner::{closure#0}
[INFO] [stdout]    6:     0x5c67d450b3d2 - std[617be2ca0a6fd877]::panicking::panic_with_hook
[INFO] [stdout]    7:     0x5c67d44eed02 - std[617be2ca0a6fd877]::panicking::panic_handler::{closure#0}
[INFO] [stdout]    8:     0x5c67d44e7889 - std[617be2ca0a6fd877]::sys::backtrace::__rust_end_short_backtrace::<std[617be2ca0a6fd877]::panicking::panic_handler::{closure#0}, !>
[INFO] [stdout]    9:     0x5c67d44ef90d - __rustc[ea4f61d10b84890b]::rust_begin_unwind
[INFO] [stdout]   10:     0x5c67d4529e1c - core[a373ad73a504971]::panicking::panic_fmt
[INFO] [stdout]   11:     0x5c67d43add7e - autoconf_seed[c73288a66438d389]::process_fixture::{closure#0}
[INFO] [stdout]   12:     0x5c67d43ae1a1 - autoconf_seed[c73288a66438d389]::process_fixture
[INFO] [stdout]   13:     0x5c67d43af936 - <autoconf_seed[c73288a66438d389]::test_autoconf_07_text_manipulation::{closure#0} as core[a373ad73a504971]::ops::function::FnOnce<()>>::call_once
[INFO] [stdout]   14:     0x5c67d43afaab - test[aada8e7e76ba119b]::__rust_begin_short_backtrace::<core[a373ad73a504971]::result::Result<(), alloc[2e1b2a31b91974c5]::string::String>, fn() -> core[a373ad73a504971]::result::Result<(), alloc[2e1b2a31b91974c5]::string::String>>
[INFO] [stdout]   15:     0x5c67d43bcc85 - test[aada8e7e76ba119b]::run_test::{closure#0}
[INFO] [stdout]   16:     0x5c67d43b6574 - std[617be2ca0a6fd877]::sys::backtrace::__rust_begin_short_backtrace::<test[aada8e7e76ba119b]::run_test::{closure#1}, ()>
[INFO] [stdout]   17:     0x5c67d43bfd12 - <std[617be2ca0a6fd877]::thread::lifecycle::spawn_unchecked<test[aada8e7e76ba119b]::run_test::{closure#1}, ()>::{closure#1} as core[a373ad73a504971]::ops::function::FnOnce<()>>::call_once::{shim:vtable#0}
[INFO] [stdout]   18:     0x5c67d45123df - <std[617be2ca0a6fd877]::sys::thread::unix::Thread>::new::thread_start
[INFO] [stdout]   19:     0x78a7776b2dfa - <unknown>
[INFO] [stdout]   20:     0x78a7777463d4 - clone
[INFO] [stdout]   21:                0x0 - <unknown>
[INFO] [stdout] 
[INFO] [stdout] ---- test_autoconf_03_forloop stdout ----
[INFO] [stdout] 
[INFO] [stdout] thread 'test_autoconf_03_forloop' (535) panicked at tests/autoconf_seed.rs:19:49:
[INFO] [stdout] cannot read fixture: ../../fixtures/autoconf/03-forloop.m4
[INFO] [stdout] stack backtrace:
[INFO] [stdout]    0:     0x5c67d4513071 - <<std[617be2ca0a6fd877]::sys::backtrace::BacktraceLock>::print::DisplayBacktrace as core[a373ad73a504971]::fmt::Display>::fmt
[INFO] [stdout]    1:     0x5c67d452963a - core[a373ad73a504971]::fmt::write
[INFO] [stdout]    2:     0x5c67d45172ac - <alloc[2e1b2a31b91974c5]::vec::Vec<u8> as core[a373ad73a504971]::io::write::Write>::write_fmt
[INFO] [stdout]    3:     0x5c67d44eec56 - std[617be2ca0a6fd877]::panicking::default_hook::{closure#0}
[INFO] [stdout]    4:     0x5c67d450b219 - std[617be2ca0a6fd877]::panicking::default_hook
[INFO] [stdout]    5:     0x5c67d43bc660 - test[aada8e7e76ba119b]::test_main_inner::{closure#0}
[INFO] [stdout]    6:     0x5c67d450b3d2 - std[617be2ca0a6fd877]::panicking::panic_with_hook
[INFO] [stdout]    7:     0x5c67d44eed02 - std[617be2ca0a6fd877]::panicking::panic_handler::{closure#0}
[INFO] [stdout]    8:     0x5c67d44e7889 - std[617be2ca0a6fd877]::sys::backtrace::__rust_end_short_backtrace::<std[617be2ca0a6fd877]::panicking::panic_handler::{closure#0}, !>
[INFO] [stdout]    9:     0x5c67d44ef90d - __rustc[ea4f61d10b84890b]::rust_begin_unwind
[INFO] [stdout]   10:     0x5c67d4529e1c - core[a373ad73a504971]::panicking::panic_fmt
[INFO] [stdout]   11:     0x5c67d43add7e - autoconf_seed[c73288a66438d389]::process_fixture::{closure#0}
[INFO] [stdout]   12:     0x5c67d43ae1a1 - autoconf_seed[c73288a66438d389]::process_fixture
[INFO] [stdout]   13:     0x5c67d43aec56 - <autoconf_seed[c73288a66438d389]::test_autoconf_03_forloop::{closure#0} as core[a373ad73a504971]::ops::function::FnOnce<()>>::call_once
[INFO] [stdout]   14:     0x5c67d43afaab - test[aada8e7e76ba119b]::__rust_begin_short_backtrace::<core[a373ad73a504971]::result::Result<(), alloc[2e1b2a31b91974c5]::string::String>, fn() -> core[a373ad73a504971]::result::Result<(), alloc[2e1b2a31b91974c5]::string::String>>
[INFO] [stdout]   15:     0x5c67d43bcc85 - test[aada8e7e76ba119b]::run_test::{closure#0}
[INFO] [stdout]   16:     0x5c67d43b6574 - std[617be2ca0a6fd877]::sys::backtrace::__rust_begin_short_backtrace::<test[aada8e7e76ba119b]::run_test::{closure#1}, ()>
[INFO] [stdout]   17:     0x5c67d43bfd12 - <std[617be2ca0a6fd877]::thread::lifecycle::spawn_unchecked<test[aada8e7e76ba119b]::run_test::{closure#1}, ()>::{closure#1} as core[a373ad73a504971]::ops::function::FnOnce<()>>::call_once::{shim:vtable#0}
[INFO] [stdout]   18:     0x5c67d45123df - <std[617be2ca0a6fd877]::sys::thread::unix::Thread>::new::thread_start
[INFO] [stdout]   19:     0x78a7776b2dfa - <unknown>
[INFO] [stdout]   20:     0x78a7777463d4 - clone
[INFO] [stdout]   21:                0x0 - <unknown>
[INFO] [stdout] 
[INFO] [stdout] ---- test_autoconf_02_conditionals stdout ----
[INFO] [stdout] 
[INFO] [stdout] thread 'test_autoconf_02_conditionals' (534) panicked at tests/autoconf_seed.rs:19:49:
[INFO] [stdout] cannot read fixture: ../../fixtures/autoconf/02-conditionals.m4
[INFO] [stdout] stack backtrace:
[INFO] [stdout]    0:     0x5c67d4513071 - <<std[617be2ca0a6fd877]::sys::backtrace::BacktraceLock>::print::DisplayBacktrace as core[a373ad73a504971]::fmt::Display>::fmt
[INFO] [stdout]    1:     0x5c67d452963a - core[a373ad73a504971]::fmt::write
[INFO] [stdout]    2:     0x5c67d45172ac - <alloc[2e1b2a31b91974c5]::vec::Vec<u8> as core[a373ad73a504971]::io::write::Write>::write_fmt
[INFO] [stdout]    3:     0x5c67d44eec56 - std[617be2ca0a6fd877]::panicking::default_hook::{closure#0}
[INFO] [stdout]    4:     0x5c67d450b219 - std[617be2ca0a6fd877]::panicking::default_hook
[INFO] [stdout]    5:     0x5c67d43bc660 - test[aada8e7e76ba119b]::test_main_inner::{closure#0}
[INFO] [stdout]    6:     0x5c67d450b3d2 - std[617be2ca0a6fd877]::panicking::panic_with_hook
[INFO] [stdout]    7:     0x5c67d44eed02 - std[617be2ca0a6fd877]::panicking::panic_handler::{closure#0}
[INFO] [stdout]    8:     0x5c67d44e7889 - std[617be2ca0a6fd877]::sys::backtrace::__rust_end_short_backtrace::<std[617be2ca0a6fd877]::panicking::panic_handler::{closure#0}, !>
[INFO] [stdout]    9:     0x5c67d44ef90d - __rustc[ea4f61d10b84890b]::rust_begin_unwind
[INFO] [stdout]   10:     0x5c67d4529e1c - core[a373ad73a504971]::panicking::panic_fmt
[INFO] [stdout]   11:     0x5c67d43add7e - autoconf_seed[c73288a66438d389]::process_fixture::{closure#0}
[INFO] [stdout]   12:     0x5c67d43ae1a1 - autoconf_seed[c73288a66438d389]::process_fixture
[INFO] [stdout]   13:     0x5c67d43af696 - <autoconf_seed[c73288a66438d389]::test_autoconf_02_conditionals::{closure#0} as core[a373ad73a504971]::ops::function::FnOnce<()>>::call_once
[INFO] [stdout]   14:     0x5c67d43afaab - test[aada8e7e76ba119b]::__rust_begin_short_backtrace::<core[a373ad73a504971]::result::Result<(), alloc[2e1b2a31b91974c5]::string::String>, fn() -> core[a373ad73a504971]::result::Result<(), alloc[2e1b2a31b91974c5]::string::String>>
[INFO] [stdout]   15:     0x5c67d43bcc85 - test[aada8e7e76ba119b]::run_test::{closure#0}
[INFO] [stdout]   16:     0x5c67d43b6574 - std[617be2ca0a6fd877]::sys::backtrace::__rust_begin_short_backtrace::<test[aada8e7e76ba119b]::run_test::{closure#1}, ()>
[INFO] [stdout]   17:     0x5c67d43bfd12 - <std[617be2ca0a6fd877]::thread::lifecycle::spawn_unchecked<test[aada8e7e76ba119b]::run_test::{closure#1}, ()>::{closure#1} as core[a373ad73a504971]::ops::function::FnOnce<()>>::call_once::{shim:vtable#0}
[INFO] [stdout]   18:     0x5c67d45123df - <std[617be2ca0a6fd877]::sys::thread::unix::Thread>::new::thread_start
[INFO] [stdout]   19:     0x78a7776b2dfa - <unknown>
[INFO] [stdout]   20:     0x78a7777463d4 - clone
[INFO] [stdout]   21:                0x0 - <unknown>
[INFO] [stdout] 
[INFO] [stdout] ---- test_autoconf_10_ac_init stdout ----
[INFO] [stdout] 
[INFO] [stdout] thread 'test_autoconf_10_ac_init' (542) panicked at tests/autoconf_seed.rs:19:49:
[INFO] [stdout] cannot read fixture: ../../fixtures/autoconf/10-ac-init.m4
[INFO] [stdout] stack backtrace:
[INFO] [stdout]    0:     0x5c67d4513071 - <<std[617be2ca0a6fd877]::sys::backtrace::BacktraceLock>::print::DisplayBacktrace as core[a373ad73a504971]::fmt::Display>::fmt
[INFO] [stdout]    1:     0x5c67d452963a - core[a373ad73a504971]::fmt::write
[INFO] [stdout]    2:     0x5c67d45172ac - <alloc[2e1b2a31b91974c5]::vec::Vec<u8> as core[a373ad73a504971]::io::write::Write>::write_fmt
[INFO] [stdout]    3:     0x5c67d44eec56 - std[617be2ca0a6fd877]::panicking::default_hook::{closure#0}
[INFO] [stdout]    4:     0x5c67d450b219 - std[617be2ca0a6fd877]::panicking::default_hook
[INFO] [stdout]    5:     0x5c67d43bc660 - test[aada8e7e76ba119b]::test_main_inner::{closure#0}
[INFO] [stdout]    6:     0x5c67d450b3d2 - std[617be2ca0a6fd877]::panicking::panic_with_hook
[INFO] [stdout]    7:     0x5c67d44eed02 - std[617be2ca0a6fd877]::panicking::panic_handler::{closure#0}
[INFO] [stdout]    8:     0x5c67d44e7889 - std[617be2ca0a6fd877]::sys::backtrace::__rust_end_short_backtrace::<std[617be2ca0a6fd877]::panicking::panic_handler::{closure#0}, !>
[INFO] [stdout]    9:     0x5c67d44ef90d - __rustc[ea4f61d10b84890b]::rust_begin_unwind
[INFO] [stdout]   10:     0x5c67d4529e1c - core[a373ad73a504971]::panicking::panic_fmt
[INFO] [stdout]   11:     0x5c67d43add7e - autoconf_seed[c73288a66438d389]::process_fixture::{closure#0}
[INFO] [stdout]   12:     0x5c67d43ae1a1 - autoconf_seed[c73288a66438d389]::process_fixture
[INFO] [stdout]   13:     0x5c67d43aef96 - <autoconf_seed[c73288a66438d389]::test_autoconf_10_ac_init::{closure#0} as core[a373ad73a504971]::ops::function::FnOnce<()>>::call_once
[INFO] [stdout]   14:     0x5c67d43afaab - test[aada8e7e76ba119b]::__rust_begin_short_backtrace::<core[a373ad73a504971]::result::Result<(), alloc[2e1b2a31b91974c5]::string::String>, fn() -> core[a373ad73a504971]::result::Result<(), alloc[2e1b2a31b91974c5]::string::String>>
[INFO] [stdout]   15:     0x5c67d43bcc85 - test[aada8e7e76ba119b]::run_test::{closure#0}
[INFO] [stdout]   16:     0x5c67d43b6574 - std[617be2ca0a6fd877]::sys::backtrace::__rust_begin_short_backtrace::<test[aada8e7e76ba119b]::run_test::{closure#1}, ()>
[INFO] [stdout]   17:     0x5c67d43bfd12 - <std[617be2ca0a6fd877]::thread::lifecycle::spawn_unchecked<test[aada8e7e76ba119b]::run_test::{closure#1}, ()>::{closure#1} as core[a373ad73a504971]::ops::function::FnOnce<()>>::call_once::{shim:vtable#0}
[INFO] [stdout]   18:     0x5c67d45123df - <std[617be2ca0a6fd877]::sys::thread::unix::Thread>::new::thread_start
[INFO] [stdout]   19:     0x78a7776b2dfa - <unknown>
[INFO] [stdout]   20:     0x78a7777463d4 - clone
[INFO] [stdout]   21:                0x0 - <unknown>
[INFO] [stdout] 
[INFO] [stdout] ---- test_autoconf_08_include stdout ----
[INFO] [stdout] 
[INFO] [stdout] thread 'test_autoconf_08_include' (540) panicked at tests/autoconf_seed.rs:19:49:
[INFO] [stdout] cannot read fixture: ../../fixtures/autoconf/08-include.m4
[INFO] [stdout] stack backtrace:
[INFO] [stdout]    0:     0x5c67d4513071 - <<std[617be2ca0a6fd877]::sys::backtrace::BacktraceLock>::print::DisplayBacktrace as core[a373ad73a504971]::fmt::Display>::fmt
[INFO] [stdout]    1:     0x5c67d452963a - core[a373ad73a504971]::fmt::write
[INFO] [stdout]    2:     0x5c67d45172ac - <alloc[2e1b2a31b91974c5]::vec::Vec<u8> as core[a373ad73a504971]::io::write::Write>::write_fmt
[INFO] [stdout]    3:     0x5c67d44eec56 - std[617be2ca0a6fd877]::panicking::default_hook::{closure#0}
[INFO] [stdout]    4:     0x5c67d450b219 - std[617be2ca0a6fd877]::panicking::default_hook
[INFO] [stdout]    5:     0x5c67d43bc660 - test[aada8e7e76ba119b]::test_main_inner::{closure#0}
[INFO] [stdout]    6:     0x5c67d450b3d2 - std[617be2ca0a6fd877]::panicking::panic_with_hook
[INFO] [stdout]    7:     0x5c67d44eed02 - std[617be2ca0a6fd877]::panicking::panic_handler::{closure#0}
[INFO] [stdout]    8:     0x5c67d44e7889 - std[617be2ca0a6fd877]::sys::backtrace::__rust_end_short_backtrace::<std[617be2ca0a6fd877]::panicking::panic_handler::{closure#0}, !>
[INFO] [stdout]    9:     0x5c67d44ef90d - __rustc[ea4f61d10b84890b]::rust_begin_unwind
[INFO] [stdout]   10:     0x5c67d4529e1c - core[a373ad73a504971]::panicking::panic_fmt
[INFO] [stdout]   11:     0x5c67d43add7e - autoconf_seed[c73288a66438d389]::process_fixture::{closure#0}
[INFO] [stdout]   12:     0x5c67d43ae1a1 - autoconf_seed[c73288a66438d389]::process_fixture
[INFO] [stdout]   13:     0x5c67d43aee16 - <autoconf_seed[c73288a66438d389]::test_autoconf_08_include::{closure#0} as core[a373ad73a504971]::ops::function::FnOnce<()>>::call_once
[INFO] [stdout]   14:     0x5c67d43afaab - test[aada8e7e76ba119b]::__rust_begin_short_backtrace::<core[a373ad73a504971]::result::Result<(), alloc[2e1b2a31b91974c5]::string::String>, fn() -> core[a373ad73a504971]::result::Result<(), alloc[2e1b2a31b91974c5]::string::String>>
[INFO] [stdout]   15:     0x5c67d43bcc85 - test[aada8e7e76ba119b]::run_test::{closure#0}
[INFO] [stdout]   16:     0x5c67d43b6574 - std[617be2ca0a6fd877]::sys::backtrace::__rust_begin_short_backtrace::<test[aada8e7e76ba119b]::run_test::{closure#1}, ()>
[INFO] [stdout]   17:     0x5c67d43bfd12 - <std[617be2ca0a6fd877]::thread::lifecycle::spawn_unchecked<test[aada8e7e76ba119b]::run_test::{closure#1}, ()>::{closure#1} as core[a373ad73a504971]::ops::function::FnOnce<()>>::call_once::{shim:vtable#0}
[INFO] [stdout]   18:     0x5c67d45123df - <std[617be2ca0a6fd877]::sys::thread::unix::Thread>::new::thread_start
[INFO] [stdout]   19:     0x78a7776b2dfa - <unknown>
[INFO] [stdout]   20:     0x78a7777463d4 - clone
[INFO] [stdout]   21:                0x0 - <unknown>
[INFO] [stdout] 
[INFO] [stdout] ---- test_autoconf_09_shell_cmds stdout ----
[INFO] [stdout] 
[INFO] [stdout] thread 'test_autoconf_09_shell_cmds' (541) panicked at tests/autoconf_seed.rs:19:49:
[INFO] [stdout] cannot read fixture: ../../fixtures/autoconf/09-shell-cmds.m4
[INFO] [stdout] stack backtrace:
[INFO] [stdout]    0:     0x5c67d4513071 - <<std[617be2ca0a6fd877]::sys::backtrace::BacktraceLock>::print::DisplayBacktrace as core[a373ad73a504971]::fmt::Display>::fmt
[INFO] [stdout]    1:     0x5c67d452963a - core[a373ad73a504971]::fmt::write
[INFO] [stdout]    2:     0x5c67d45172ac - <alloc[2e1b2a31b91974c5]::vec::Vec<u8> as core[a373ad73a504971]::io::write::Write>::write_fmt
[INFO] [stdout]    3:     0x5c67d44eec56 - std[617be2ca0a6fd877]::panicking::default_hook::{closure#0}
[INFO] [stdout]    4:     0x5c67d450b219 - std[617be2ca0a6fd877]::panicking::default_hook
[INFO] [stdout]    5:     0x5c67d43bc660 - test[aada8e7e76ba119b]::test_main_inner::{closure#0}
[INFO] [stdout]    6:     0x5c67d450b3d2 - std[617be2ca0a6fd877]::panicking::panic_with_hook
[INFO] [stdout]    7:     0x5c67d44eed02 - std[617be2ca0a6fd877]::panicking::panic_handler::{closure#0}
[INFO] [stdout]    8:     0x5c67d44e7889 - std[617be2ca0a6fd877]::sys::backtrace::__rust_end_short_backtrace::<std[617be2ca0a6fd877]::panicking::panic_handler::{closure#0}, !>
[INFO] [stdout]    9:     0x5c67d44ef90d - __rustc[ea4f61d10b84890b]::rust_begin_unwind
[INFO] [stdout]   10:     0x5c67d4529e1c - core[a373ad73a504971]::panicking::panic_fmt
[INFO] [stdout]   11:     0x5c67d43add7e - autoconf_seed[c73288a66438d389]::process_fixture::{closure#0}
[INFO] [stdout]   12:     0x5c67d43ae1a1 - autoconf_seed[c73288a66438d389]::process_fixture
[INFO] [stdout]   13:     0x5c67d43af4be - <autoconf_seed[c73288a66438d389]::test_autoconf_09_shell_cmds::{closure#0} as core[a373ad73a504971]::ops::function::FnOnce<()>>::call_once
[INFO] [stdout]   14:     0x5c67d43afaab - test[aada8e7e76ba119b]::__rust_begin_short_backtrace::<core[a373ad73a504971]::result::Result<(), alloc[2e1b2a31b91974c5]::string::String>, fn() -> core[a373ad73a504971]::result::Result<(), alloc[2e1b2a31b91974c5]::string::String>>
[INFO] [stdout]   15:     0x5c67d43bcc85 - test[aada8e7e76ba119b]::run_test::{closure#0}
[INFO] [stdout]   16:     0x5c67d43b6574 - std[617be2ca0a6fd877]::sys::backtrace::__rust_begin_short_backtrace::<test[aada8e7e76ba119b]::run_test::{closure#1}, ()>
[INFO] [stdout]   17:     0x5c67d43bfd12 - <std[617be2ca0a6fd877]::thread::lifecycle::spawn_unchecked<test[aada8e7e76ba119b]::run_test::{closure#1}, ()>::{closure#1} as core[a373ad73a504971]::ops::function::FnOnce<()>>::call_once::{shim:vtable#0}
[INFO] [stdout]   18:     0x5c67d45123df - <std[617be2ca0a6fd877]::sys::thread::unix::Thread>::new::thread_start
[INFO] [stdout]   19:     0x78a7776b2dfa - <unknown>
[INFO] [stdout]   20:     0x78a7777463d4 - clone
[INFO] [stdout]   21:                0x0 - <unknown>
[INFO] [stdout] 
[INFO] [stdout] 
[INFO] [stdout] failures:
[INFO] [stdout]     test_autoconf_01_basic_macros
[INFO] [stdout]     test_autoconf_02_conditionals
[INFO] [stdout]     test_autoconf_03_forloop
[INFO] [stdout]     test_autoconf_04_arithmetic
[INFO] [stdout]     test_autoconf_05_quote_nesting
[INFO] [stdout]     test_autoconf_06_diversions
[INFO] [stdout]     test_autoconf_07_text_manipulation
[INFO] [stdout]     test_autoconf_08_include
[INFO] [stdout]     test_autoconf_09_shell_cmds
[INFO] [stdout]     test_autoconf_10_ac_init
[INFO] [stdout] 
[INFO] [stdout] test result: FAILED. 0 passed; 10 failed; 0 ignored; 0 measured; 0 filtered out; finished in 0.01s
[INFO] [stdout] 
[INFO] running `Command { std: "docker" "inspect" "363fe9dd292abb67c8813fe54f736b4ee1226518c04442ff628f348956c2ea70", kill_on_drop: false }`
[INFO] running `Command { std: "docker" "rm" "-f" "363fe9dd292abb67c8813fe54f736b4ee1226518c04442ff628f348956c2ea70", kill_on_drop: false }`
[INFO] [stdout] 363fe9dd292abb67c8813fe54f736b4ee1226518c04442ff628f348956c2ea70
