[INFO] fetching crate m1nd-ingest 1.6.5...
[INFO] testing m1nd-ingest-1.6.5 against 1.100.0-beta.1+cargoflags=--release for beta-release-1.100-2
[INFO] extracting crate m1nd-ingest 1.6.5 into /workspace/builds/worker-1-tc2/source
[INFO] started tweaking crates.io crate m1nd-ingest 1.6.5
[INFO] removed 0 missing tests
[INFO] finished tweaking crates.io crate m1nd-ingest 1.6.5
[INFO] tweaked toml for crates.io crate m1nd-ingest 1.6.5 written to /workspace/builds/worker-1-tc2/source/Cargo.toml
[INFO] validating manifest of crates.io crate m1nd-ingest 1.6.5 on toolchain 1.100.0-beta.1
[INFO] running `Command { std: CARGO_HOME="/workspace/cargo-home" RUSTUP_HOME="/workspace/rustup-home" "/workspace/cargo-home/bin/cargo" "+1.100.0-beta.1" "metadata" "--manifest-path" "Cargo.toml" "--no-deps", kill_on_drop: false }`
[INFO] crate crates.io crate m1nd-ingest 1.6.5 already has a lockfile, it will not be regenerated
[INFO] running `Command { std: CARGO_HOME="/workspace/cargo-home" RUSTUP_HOME="/workspace/rustup-home" "/workspace/cargo-home/bin/cargo" "+1.100.0-beta.1" "fetch" "--manifest-path" "Cargo.toml", kill_on_drop: false }`
[INFO] running `Command { std: "docker" "create" "-v" "/var/lib/crater-agent-workspace/builds/worker-1-tc2/source:/opt/rustwide/workdir:ro,Z" "-v" "/var/lib/crater-agent-workspace/builds/worker-1-tc2/target:/opt/rustwide/target:rw,Z" "-v" "/var/lib/crater-agent-workspace/cargo-home:/opt/rustwide/cargo-home:ro,Z" "-v" "/var/lib/crater-agent-workspace/rustup-home:/opt/rustwide/rustup-home:ro,Z" "-m" "1610612736" "--network" "none" "ghcr.io/rust-lang/crates-build-env/linux@sha256:77db811e55d90add9212f6832c23229e3de5f1c1f9905e8cb07319ea15df73ac" "sleep" "infinity", kill_on_drop: false }`
[INFO] [stdout] a4d8c78866cf904b5c867d72689f2bfe471be0ceb1c426adf5d43ce29a71f08f
[INFO] running `Command { std: "docker" "start" "a4d8c78866cf904b5c867d72689f2bfe471be0ceb1c426adf5d43ce29a71f08f", kill_on_drop: false }`
[INFO] running `Command { std: "docker" "inspect" "a4d8c78866cf904b5c867d72689f2bfe471be0ceb1c426adf5d43ce29a71f08f", kill_on_drop: false }`
[INFO] running `Command { std: "docker" "exec" "-e" "SOURCE_DIR=/opt/rustwide/workdir" "-e" "CARGO_HOME=/opt/rustwide/cargo-home" "-e" "RUSTUP_HOME=/opt/rustwide/rustup-home" "-e" "CARGO_TARGET_DIR=/opt/rustwide/target" "-w" "/opt/rustwide/workdir" "--user" "0:0" "a4d8c78866cf904b5c867d72689f2bfe471be0ceb1c426adf5d43ce29a71f08f" "/opt/rustwide/cargo-home/bin/cargo" "+1.100.0-beta.1" "metadata" "--no-deps" "--format-version=1", kill_on_drop: false }`
[INFO] running `Command { std: "docker" "inspect" "a4d8c78866cf904b5c867d72689f2bfe471be0ceb1c426adf5d43ce29a71f08f", kill_on_drop: false }`
[INFO] running `Command { std: "docker" "exec" "-e" "SOURCE_DIR=/opt/rustwide/workdir" "-e" "CARGO_HOME=/opt/rustwide/cargo-home" "-e" "RUSTUP_HOME=/opt/rustwide/rustup-home" "-e" "CARGO_TARGET_DIR=/opt/rustwide/target" "-e" "CARGO_INCREMENTAL=0" "-e" "RUST_BACKTRACE=full" "-e" "RUSTFLAGS=--cap-lints=warn" "-e" "RUSTDOCFLAGS=--cap-lints=warn" "-w" "/opt/rustwide/workdir" "--user" "0:0" "a4d8c78866cf904b5c867d72689f2bfe471be0ceb1c426adf5d43ce29a71f08f" "/opt/rustwide/cargo-home/bin/cargo" "+1.100.0-beta.1" "build" "--frozen" "--message-format=json" "--release", kill_on_drop: false }`
[INFO] [stderr]    Compiling tree-sitter-language v0.1.7
[INFO] [stderr]    Compiling serde_core v1.0.229
[INFO] [stderr]    Compiling cc v1.2.56
[INFO] [stderr]    Compiling memchr v2.8.0
[INFO] [stderr]    Compiling crossbeam-utils v0.8.21
[INFO] [stderr]    Compiling crossbeam-epoch v0.9.20
[INFO] [stderr]    Compiling litemap v0.8.1
[INFO] [stderr]    Compiling syn v2.0.117
[INFO] [stderr]    Compiling syn v3.0.3
[INFO] [stderr]    Compiling writeable v0.6.2
[INFO] [stderr]    Compiling icu_normalizer_data v2.1.1
[INFO] [stderr]    Compiling typenum v1.20.1
[INFO] [stderr]    Compiling icu_properties_data v2.1.2
[INFO] [stderr]    Compiling aho-corasick v1.1.4
[INFO] [stderr]    Compiling libc v0.2.189
[INFO] [stderr]    Compiling serde_json v1.0.151
[INFO] [stderr]    Compiling hashbrown v0.16.1
[INFO] [stderr]    Compiling hybrid-array v0.4.13
[INFO] [stderr]    Compiling crossbeam-deque v0.8.6
[INFO] [stderr]    Compiling indexmap v2.13.0
[INFO] [stderr]    Compiling regex-automata v0.4.16
[INFO] [stderr]    Compiling rayon-core v1.13.0
[INFO] [stderr]    Compiling itoa v1.0.17
[INFO] [stderr]    Compiling thiserror v2.0.19
[INFO] [stderr]    Compiling crypto-common v0.2.2
[INFO] [stderr]    Compiling synstructure v0.13.2
[INFO] [stderr]    Compiling serde_derive v1.0.229
[INFO] [stderr]    Compiling thiserror-impl v2.0.19
[INFO] [stderr]    Compiling block-buffer v0.12.1
[INFO] [stderr]    Compiling zerofrom-derive v0.1.6
[INFO] [stderr]    Compiling yoke-derive v0.8.1
[INFO] [stderr]    Compiling zerovec-derive v0.11.2
[INFO] [stderr]    Compiling zerofrom v0.1.6
[INFO] [stderr]    Compiling displaydoc v0.2.5
[INFO] [stderr]    Compiling yoke v0.8.1
[INFO] [stderr]    Compiling camino v1.2.2
[INFO] [stderr]    Compiling zerotrie v0.2.3
[INFO] [stderr]    Compiling const-oid v0.10.2
[INFO] [stderr]    Compiling zerovec v0.11.5
[INFO] [stderr]    Compiling digest v0.11.3
[INFO] [stderr]    Compiling tree-sitter-zig v1.1.2
[INFO] [stderr]    Compiling tree-sitter-haskell v0.23.1
[INFO] [stderr]    Compiling tree-sitter-bash v0.25.1
[INFO] [stderr]    Compiling tree-sitter-c v0.24.2
[INFO] [stderr]    Compiling tree-sitter v0.26.11
[INFO] [stderr]    Compiling tree-sitter-c-sharp v0.23.5
[INFO] [stderr]    Compiling tinystr v0.8.2
[INFO] [stderr]    Compiling potential_utf v0.1.4
[INFO] [stderr]    Compiling tree-sitter-cpp v0.23.4
[INFO] [stderr]    Compiling tree-sitter-elixir v0.3.5
[INFO] [stderr]    Compiling icu_collections v2.1.1
[INFO] [stderr]    Compiling tree-sitter-css v0.25.0
[INFO] [stderr]    Compiling icu_locale_core v2.1.1
[INFO] [stderr]    Compiling tree-sitter-html v0.23.2
[INFO] [stderr]    Compiling tree-sitter-dart v0.1.0
[INFO] [stderr]    Compiling tree-sitter-javascript v0.25.0
[INFO] [stderr]    Compiling serde v1.0.229
[INFO] [stderr]    Compiling tree-sitter-lua v0.5.0
[INFO] [stderr]    Compiling tree-sitter-json v0.24.8
[INFO] [stderr]    Compiling tree-sitter-ocaml v0.24.2
[INFO] [stderr]    Compiling tree-sitter-kotlin-ng v1.1.0
[INFO] [stderr]    Compiling tree-sitter-php v0.24.2
[INFO] [stderr]    Compiling tree-sitter-r v1.3.0
[INFO] [stderr]    Compiling tree-sitter-ruby v0.23.1
[INFO] [stderr]    Compiling tree-sitter-rust v0.24.2
[INFO] [stderr]    Compiling tree-sitter-scala v0.26.0
[INFO] [stderr]    Compiling tree-sitter-sequel v0.3.11
[INFO] [stderr]    Compiling tree-sitter-swift v0.7.3
[INFO] [stderr]    Compiling tree-sitter-toml-ng v0.7.0
[INFO] [stderr]    Compiling smallvec v1.15.2
[INFO] [stderr]    Compiling tree-sitter-yaml v0.7.2
[INFO] [stderr]    Compiling bstr v1.12.3
[INFO] [stderr]    Compiling log v0.4.29
[INFO] [stderr]    Compiling icu_provider v2.1.1
[INFO] [stderr]    Compiling parking_lot_core v0.9.12
[INFO] [stderr]    Compiling either v1.15.0
[INFO] [stderr]    Compiling icu_properties v2.1.2
[INFO] [stderr]    Compiling icu_normalizer v2.1.1
[INFO] [stderr]    Compiling percent-encoding v2.3.2
[INFO] [stderr]    Compiling cpufeatures v0.3.0
[INFO] [stderr]    Compiling unty v0.0.4
[INFO] [stderr]    Compiling bincode v2.0.1
[INFO] [stderr]    Compiling globset v0.4.18
[INFO] [stderr]    Compiling form_urlencoded v1.2.2
[INFO] [stderr]    Compiling sha2 v0.11.0
[INFO] [stderr]    Compiling rayon v1.12.0
[INFO] [stderr]    Compiling idna_adapter v1.2.1
[INFO] [stderr]    Compiling parking_lot v0.12.5
[INFO] [stderr]    Compiling idna v1.1.0
[INFO] [stderr]    Compiling regex v1.13.1
[INFO] [stderr]    Compiling semver v1.0.27
[INFO] [stderr]    Compiling cargo-platform v0.3.2
[INFO] [stderr]    Compiling static_assertions v1.1.0
[INFO] [stderr]    Compiling streaming-iterator v0.1.9
[INFO] [stderr]    Compiling m1nd-core v1.6.5
[INFO] [stderr]    Compiling cargo_metadata v0.23.1
[INFO] [stderr]    Compiling url v2.5.8
[INFO] [stderr]    Compiling ignore v0.4.31
[INFO] [stderr]    Compiling quick-xml v0.41.0
[INFO] [stderr]    Compiling m1nd-ingest v1.6.5 (/opt/rustwide/workdir)
[INFO] [stderr]     Finished `release` profile [optimized] target(s) in 4m 53s
[INFO] running `Command { std: "docker" "inspect" "a4d8c78866cf904b5c867d72689f2bfe471be0ceb1c426adf5d43ce29a71f08f", kill_on_drop: false }`
[INFO] running `Command { std: "docker" "exec" "-e" "SOURCE_DIR=/opt/rustwide/workdir" "-e" "CARGO_HOME=/opt/rustwide/cargo-home" "-e" "RUSTUP_HOME=/opt/rustwide/rustup-home" "-e" "CARGO_TARGET_DIR=/opt/rustwide/target" "-e" "CARGO_INCREMENTAL=0" "-e" "RUST_BACKTRACE=full" "-e" "RUSTFLAGS=--cap-lints=warn" "-e" "RUSTDOCFLAGS=--cap-lints=warn" "-w" "/opt/rustwide/workdir" "--user" "0:0" "a4d8c78866cf904b5c867d72689f2bfe471be0ceb1c426adf5d43ce29a71f08f" "/opt/rustwide/cargo-home/bin/cargo" "+1.100.0-beta.1" "test" "--frozen" "--no-run" "--message-format=json" "--release", kill_on_drop: false }`
[INFO] [stderr]    Compiling m1nd-ingest v1.6.5 (/opt/rustwide/workdir)
[INFO] [stderr]     Finished `release` profile [optimized] target(s) in 1m 07s
[INFO] running `Command { std: "docker" "inspect" "a4d8c78866cf904b5c867d72689f2bfe471be0ceb1c426adf5d43ce29a71f08f", kill_on_drop: false }`
[INFO] running `Command { std: "docker" "exec" "-e" "SOURCE_DIR=/opt/rustwide/workdir" "-e" "CARGO_HOME=/opt/rustwide/cargo-home" "-e" "RUSTUP_HOME=/opt/rustwide/rustup-home" "-e" "CARGO_TARGET_DIR=/opt/rustwide/target" "-e" "CARGO_INCREMENTAL=0" "-e" "RUST_BACKTRACE=full" "-e" "RUSTFLAGS=--cap-lints=warn" "-e" "RUSTDOCFLAGS=--cap-lints=warn" "-w" "/opt/rustwide/workdir" "--user" "0:0" "a4d8c78866cf904b5c867d72689f2bfe471be0ceb1c426adf5d43ce29a71f08f" "/opt/rustwide/cargo-home/bin/cargo" "+1.100.0-beta.1" "test" "--frozen" "--release", kill_on_drop: false }`
[INFO] [stderr]     Finished `release` profile [optimized] target(s) in 0.30s
[INFO] [stderr]      Running unittests src/lib.rs (/opt/rustwide/target/release/build/m1nd-ingest/deeb6441a2c161e1/out/m1nd_ingest-deeb6441a2c161e1)
[INFO] [stdout] 
[INFO] [stdout] running 314 tests
[INFO] [stdout] test bibtex_adapter::tests::parses_basic_bibtex ... ok
[INFO] [stdout] test bibtex_adapter::tests::ingest_creates_graph ... ok
[INFO] [stdout] test cargo_workspace::tests::cargo_node_identity_lookup_rejects_orphan_and_multiple_slots ... ok
[INFO] [stdout] test cross_domain::tests::author_bridge_across_domains ... ok
[INFO] [stdout] test cross_domain::tests::resolves_shared_doi ... ok
[INFO] [stdout] test cross_domain::tests::citation_chain_no_self_loop ... ok
[INFO] [stdout] test cargo_workspace::tests::relative_cargo_paths_preserve_exact_identity ... ok
[INFO] [stdout] test cross_domain::tests::same_orcid_bridges ... ok
[INFO] [stdout] test cross_domain::tests::cross_cites_resolved ... ok
[INFO] [stdout] test cross_domain::tests::citation_chain_transitive ... ok
[INFO] [stdout] test cross_domain::tests::multi_domain_merge ... ok
[INFO] [stdout] test cross_domain::tests::no_false_bridges_same_domain ... ok
[INFO] [stdout] test cross_domain::tests::citation_chain_with_references_relation ... ok
[INFO] [stdout] test cross_domain::tests::shared_keyword_article_format ... ok
[INFO] [stdout] test cross_domain::tests::same_orcid_same_domain_no_bridge ... ok
[INFO] [stdout] test cross_domain::tests::shared_keyword_same_domain_no_bridge ... ok
[INFO] [stdout] test cross_file::tests::c_relative_path_include_resolves ... ok
[INFO] [stdout] test cross_file::tests::c_bare_basename_include_resolves_to_subdir_header ... ok
[INFO] [stdout] test cross_file::tests::cross_file_edge_adds_to_graph ... ok
[INFO] [stdout] test cross_file::tests::c_cross_file_quoted_include_resolves_to_file_node ... ok
[INFO] [stdout] test cross_file::tests::c_system_include_stays_unresolved ... ok
[INFO] [stdout] test cross_domain::tests::shared_keyword_across_domains ... ok
[INFO] [stdout] test cross_file::tests::java_package_index_suffix_match_disambiguates ... ok
[INFO] [stdout] test cross_file::tests::kotlin_cross_file_import_resolves_to_file_node ... ok
[INFO] [stdout] test cross_file::tests::cross_file_edge_fails_for_missing_node ... ok
[INFO] [stdout] test cross_file::tests::java_package_index_resolves_fqcn ... ok
[INFO] [stdout] test cross_file::tests::edge_weights_vary_by_relation ... ok
[INFO] [stdout] test cross_file::tests::java_package_index_resolves_wildcard ... ok
[INFO] [stdout] test cross_file::tests::java_package_index_returns_empty_for_external_dep ... ok
[INFO] [stdout] test cross_file::tests::java_cross_file_import_resolves_to_file_node ... ok
[INFO] [stdout] test cross_file::tests::missing_cross_file_source_is_accounted_and_fatal_before_mutation ... ok
[INFO] [stdout] test cross_file::tests::module_index_handles_init_py ... ok
[INFO] [stdout] test cross_file::tests::module_index_resolves_dotted_path ... ok
[INFO] [stdout] test cross_file::tests::kotlin_external_import_stays_unresolved ... ok
[INFO] [stdout] test cross_file::tests::kotlin_package_index_suffix_match_disambiguates ... ok
[INFO] [stdout] test cross_file::tests::kotlin_wildcard_import_resolves_to_all_package_files ... ok
[INFO] [stdout] test cross_file::tests::module_index_resolves_bare_name_flat_layout ... ok
[INFO] [stdout] test cross_file::tests::module_index_resolves_dotted_name_import ... ok
[INFO] [stdout] test cross_file::tests::module_index_returns_none_for_stdlib ... ok
[INFO] [stdout] test cross_file::tests::module_index_root_level_files ... ok
[INFO] [stdout] test cross_file::tests::php_aliased_import_resolves_original_path ... ok
[INFO] [stdout] test cross_file::tests::ruby_require_relative_parent_dir_resolves ... ok
[INFO] [stdout] test cross_file::tests::php_cross_file_import_resolves_to_file_node ... ok
[INFO] [stdout] test cross_file::tests::ruby_cross_file_require_relative_resolves ... ok
[INFO] [stdout] test cross_file::tests::php_namespace_index_suffix_match_disambiguates ... ok
[INFO] [stdout] test cross_file::tests::ruby_require_explicit_relative_resolves ... ok
[INFO] [stdout] test cross_file::tests::rust_expand_use_paths_handles_braces ... ok
[INFO] [stdout] test cross_file::tests::rust_expand_use_paths_handles_glob ... ok
[INFO] [stdout] test cross_file::tests::rust_cross_file_mod_decl_resolves_to_file_node ... ok
[INFO] [stdout] test cross_file::tests::rust_mod_decl_resolves_to_mod_rs_form ... ok
[INFO] [stdout] test cross_file::tests::non_utf8_cross_file_source_is_accounted_and_fatal_before_mutation ... ok
[INFO] [stdout] test cross_file::tests::rust_expand_use_paths_handles_self ... ok
[INFO] [stdout] test cross_file::tests::php_external_vendor_namespace_stays_unresolved ... ok
[INFO] [stdout] test cross_file::tests::rust_external_crate_stays_unresolved ... ok
[INFO] [stdout] test cross_file::tests::rust_mod_decl_resolves_to_sibling_rs ... ok
[INFO] [stdout] test cross_file::tests::ruby_bare_require_stays_unresolved ... ok
[INFO] [stdout] test cross_file::tests::rust_module_index_builds_path_map ... ok
[INFO] [stdout] test cross_file::tests::scala_external_import_stays_unresolved ... ok
[INFO] [stdout] test cross_file::tests::rust_super_resolves_to_parent_module ... ok
[INFO] [stdout] test cross_file::tests::scala_wildcard_import_resolves_to_all_package_files ... ok
[INFO] [stdout] test cross_file::tests::rust_use_crate_path_resolves_to_file ... ok
[INFO] [stdout] test crossref_adapter::tests::adapter_ingests_single_file ... ok
[INFO] [stdout] test cross_file::tests::scala_package_index_suffix_match_disambiguates ... ok
[INFO] [stdout] test crossref_adapter::tests::build_graph_creates_correct_topology ... ok
[INFO] [stdout] test cross_file::tests::test_edge_naming_convention ... ok
[INFO] [stdout] test crossref_adapter::tests::adapter_ingests_directory ... ok
[INFO] [stdout] test document_router::tests::detects_bibtex ... ok
[INFO] [stdout] test crossref_adapter::tests::namespace_prefix_applied ... ok
[INFO] [stdout] test cross_file::tests::scala_cross_file_import_resolves_to_file_node ... ok
[INFO] [stdout] test crossref_adapter::tests::parse_crossref_envelope ... ok
[INFO] [stdout] test crossref_adapter::tests::parse_raw_work_object ... ok
[INFO] [stdout] test crossref_adapter::tests::rejects_invalid_json ... ok
[INFO] [stdout] test document_router::tests::detects_patent_xml ... ok
[INFO] [stdout] test document_router::tests::detects_pubmed_xml ... ok
[INFO] [stdout] test document_router::tests::detects_universal_markdown_without_l1ght ... ok
[INFO] [stdout] test document_router::tests::directory_detection ... ok
[INFO] [stdout] test document_router::tests::detects_crossref_json ... ok
[INFO] [stdout] test extract::generic::tests::generic_same_name_fns_in_one_file_get_distinct_ids ... ok
[INFO] [stdout] test document_router::tests::unknown_xml_is_code ... ok
[INFO] [stdout] test extract::excerpt_tests::compute_excerpts_slices_signature_and_body_and_skips_files ... ok
[INFO] [stdout] test extract::go::tests::go_extractor_does_not_emit_calls_for_for_keyword ... ok
[INFO] [stdout] test extract::go::tests::go_extractor_does_not_emit_calls_for_if_keyword ... ok
[INFO] [stdout] test extract::go::tests::go_extractor_deduplicates_calls_edges ... ok
[INFO] [stdout] test extract::go::tests::go_extractor_does_not_emit_calls_on_definition_line ... ok
[INFO] [stdout] test extract::go::tests::go_extractor_emits_calls_for_bare_function_call ... ok
[INFO] [stdout] test extract::go::tests::go_extractor_does_not_emit_calls_for_switch ... ok
[INFO] [stdout] test extract::go::tests::go_extractor_emits_calls_for_qualified_call ... ok
[INFO] [stdout] test extract::go::tests::go_extractor_emits_func_node ... ok
[INFO] [stdout] test cross_file::tests::successful_cross_file_corpus_counters_are_exact ... ok
[INFO] [stdout] test extract::go::tests::go_extractor_does_not_emit_calls_for_make_builtin ... ok
[INFO] [stdout] test extract::go::tests::go_extractor_emits_calls_from_non_definition_lines ... ok
[INFO] [stdout] test extract::go::tests::go_same_name_methods_in_one_file_get_distinct_ids ... ok
[INFO] [stdout] test extract::go::tests::go_extractor_emits_struct_node ... ok
[INFO] [stdout] test extract::go::tests::go_extractor_emits_import ... ok
[INFO] [stdout] test extract::go::tests::go_extractor_sample_edges_for_reporting ... ok
[INFO] [stdout] test extract::java::tests::java_emits_calls_for_qualified_method_call ... ok
[INFO] [stdout] test extract::java::tests::java_extractor_emits_import ... ok
[INFO] [stdout] test extract::java::tests::java_deduplicates_calls_edges ... ok
[INFO] [stdout] test extract::java::tests::java_does_not_emit_calls_on_definition_line ... ok
[INFO] [stdout] test extract::java::tests::java_emits_calls_for_static_class_call ... ok
[INFO] [stdout] test extract::java::tests::java_emits_calls_edges_and_guards_keywords ... ok
[INFO] [stdout] test extract::java::tests::java_extractor_emits_class_node ... ok
[INFO] [stdout] test extract::preprocessing_tests::rust_lifetimes_do_not_hide_scope_braces_but_char_literals_do ... ok
[INFO] [stdout] test extract::preprocessing_tests::rust_raw_strings_hide_embedded_source_across_lines ... ok
[INFO] [stdout] test extract::java::tests::java_extractor_emits_method_node ... ok
[INFO] [stdout] test extract::java::tests::java_same_name_methods_in_one_file_get_distinct_ids ... ok
[INFO] [stdout] test extract::java::tests::java_extractor_emits_wildcard_import ... ok
[INFO] [stdout] test extract::java::tests::java_sample_edges_for_reporting ... ok
[INFO] [stdout] test extract::python::tests::python_same_name_methods_in_one_file_get_distinct_ids ... ok
[INFO] [stdout] test extract::rust_lang::tests::rust_in_file_cfg_test_module_fns_are_tagged_test ... ok
[INFO] [stdout] test extract::rust_lang::tests::rust_free_function_call_emits_function_sourced_calls_edge ... ok
[INFO] [stdout] test extract::rust_lang::tests::enum_scope_ends_after_lifetime_bearing_struct_variants ... ok
[INFO] [stdout] test extract::rust_lang::tests::rust_lowercase_receiver_method_call_emits_function_sourced_calls_edge ... ok
[INFO] [stdout] test extract::rust_lang::tests::mutually_exclusive_cfg_symbols_receive_distinct_stable_ids ... ok
[INFO] [stdout] test extract::rust_lang::tests::rust_free_call_attributed_to_nearest_enclosing_function ... ok
[INFO] [stdout] test extract::rust_lang::tests::rust_mod_declarations_emit_candidate_module_file_edges ... ok
[INFO] [stdout] test extract::rust_lang::tests::rust_free_call_skips_keywords_and_macros ... ok
[INFO] [stdout] test extract::rust_lang::tests::rust_method_call_skips_noise_and_keeps_type_assoc_calls ... ok
[INFO] [stdout] test extract::tree_sitter_ext::tests::ast_dump_cpp_calls ... ignored
[INFO] [stdout] test extract::tree_sitter_ext::tests::ast_dump_php_calls ... ignored
[INFO] [stdout] test extract::tree_sitter_ext::tests::ast_dump_ruby_calls ... ignored
[INFO] [stdout] test extract::tree_sitter_ext::tests::ast_dump_scala_calls ... ignored
[INFO] [stdout] test extract::tree_sitter_ext::tests::ast_dump_swift_calls ... ignored
[INFO] [stdout] test extract::tree_sitter_ext::tests::ast_dump_swift_navigation_detail ... ignored
[INFO] [stdout] test extract::tree_sitter_ext::tests::bash_extracts_function ... ok
[INFO] [stdout] test extract::tree_sitter_ext::tests::bash_imports_only_source_commands_not_arbitrary_quoted_commands ... ok
[INFO] [stdout] test extract::rust_lang::tests::rust_semantic_enrichment_extracts_visibility_and_cfg_tags ... ok
[INFO] [stdout] test extract::tree_sitter_ext::tests::c_calls_simple_function ... ok
[INFO] [stdout] test extract::tree_sitter_ext::tests::c_extracts_enum ... ok
[INFO] [stdout] test extract::tree_sitter_ext::tests::c_extracts_function_and_struct ... ok
[INFO] [stdout] test extract::tree_sitter_ext::tests::c_extracts_include ... ok
[INFO] [stdout] test extract::tree_sitter_ext::tests::c_no_calls_from_definitions ... ok
[INFO] [stdout] test extract::tree_sitter_ext::tests::containment_edges_have_correct_parent ... ok
[INFO] [stdout] test extract::rust_lang::tests::rust_path_qualified_free_call_emits_function_sourced_calls_edge ... ok
[INFO] [stdout] test extract::tree_sitter_ext::tests::c_calls_struct_member ... ok
[INFO] [stdout] test extract::tree_sitter_ext::tests::cpp_calls_simple_function ... ok
[INFO] [stdout] test extract::tree_sitter_ext::tests::cpp_extracts_class_and_namespace ... ok
[INFO] [stdout] test extract::tree_sitter_ext::tests::cpp_no_calls_from_class_definition ... ok
[INFO] [stdout] test extract::tree_sitter_ext::tests::csharp_no_calls_from_class_definition ... ok
[INFO] [stdout] test extract::tree_sitter_ext::tests::file_node_always_present ... ok
[INFO] [stdout] test extract::tree_sitter_ext::tests::html_inline_script_with_whitespace_string_literals_emits_no_blank_refs ... ok
[INFO] [stdout] test extract::tree_sitter_ext::tests::csharp_calls_bare_and_qualified ... ok
[INFO] [stdout] test extract::tree_sitter_ext::tests::kotlin_chained_calls_skipped_safely ... ok
[INFO] [stdout] test extract::tree_sitter_ext::tests::kotlin_no_calls_from_function_declaration ... ok
[INFO] [stdout] test extract::tree_sitter_ext::tests::lua_extracts_function ... ok
[INFO] [stdout] test extract::tree_sitter_ext::tests::non_piloted_languages_emit_no_calls_edges ... ok
[INFO] [stdout] test extract::tree_sitter_ext::tests::php_calls_function_and_member ... ok
[INFO] [stdout] test extract::tree_sitter_ext::tests::php_extracts_class_and_function ... ok
[INFO] [stdout] test extract::tree_sitter_ext::tests::csharp_extracts_class_and_method ... ok
[INFO] [stdout] test extract::tree_sitter_ext::tests::kotlin_calls_simple_function ... ok
[INFO] [stdout] test extract::tree_sitter_ext::tests::php_no_calls_from_class_definition ... ok
[INFO] [stdout] test extract::tree_sitter_ext::tests::ruby_calls_emit_edges ... ok
[INFO] [stdout] test extract::tree_sitter_ext::tests::ruby_extracts_class_and_method ... ok
[INFO] [stdout] test extract::rust_lang::tests::rust_symbols_include_module_and_fq_tags ... ok
[INFO] [stdout] test extract::tree_sitter_ext::tests::ruby_no_calls_from_def ... ok
[INFO] [stdout] test extract::tree_sitter_ext::tests::scala_calls_simple_function ... ok
[INFO] [stdout] test extract::rust_lang::tests::rust_semantic_enrichment_tracks_nested_modules_and_impl_context ... ok
[INFO] [stdout] test extract::tree_sitter_ext::tests::scala_no_calls_from_function_definition ... ok
[INFO] [stdout] test extract::rust_lang::tests::rust_test_attribute_fn_outside_cfg_module_is_tagged ... ok
[INFO] [stdout] test extract::tree_sitter_ext::tests::swift_calls_bare_and_navigation ... ok
[INFO] [stdout] test extract::tree_sitter_ext::tests::ruby_extracts_module ... ok
[INFO] [stdout] test extract::tree_sitter_ext::tests::swift_calls_deep_chain ... ok
[INFO] [stdout] test extract::rust_lang::tests::rust_use_aliases_are_normalized ... ok
[INFO] [stdout] test extract::rust_lang::tests::rust_typed_method_call_emits_qualifier_carrying_calls_edge ... ok
[INFO] [stdout] test extract::tree_sitter_ext::tests::swift_extracts_class_and_protocol ... ok
[INFO] [stdout] test extract::tree_sitter_ext::tests::swift_extracts_struct_and_func ... ok
[INFO] [stdout] test extract::tree_sitter_ext::tests::tier2::haskell_extracts_imports ... ok
[INFO] [stdout] test extract::tree_sitter_ext::tests::tier2::haskell_file_node_first ... ok
[INFO] [stdout] test extract::tree_sitter_ext::tests::swift_no_calls_from_struct_definition ... ok
[INFO] [stdout] test extract::tree_sitter_ext::tests::tier2::dart_file_node_first ... ok
[INFO] [stdout] test extract::tree_sitter_ext::tests::tier2::generic_fallback_still_works ... ok
[INFO] [stdout] test extract::tree_sitter_ext::tests::tier2::haskell_extracts_data_type ... ok
[INFO] [stdout] test extract::tree_sitter_ext::tests::tier2::ocaml_extracts_type_definition ... ok
[INFO] [stdout] test extract::tree_sitter_ext::tests::tier2::ocaml_extracts_open ... ok
[INFO] [stdout] test extract::tree_sitter_ext::tests::tier2::ocaml_extracts_let_bindings ... ok
[INFO] [stdout] test extract::tree_sitter_ext::tests::tier2::ocaml_file_node_first ... ok
[INFO] [stdout] test extract::tree_sitter_ext::tests::tier2::tier2_file_node_always_present ... ok
[INFO] [stdout] test extract::tree_sitter_ext::tests::tier2::toml_extracts_tables ... ok
[INFO] [stdout] test extract::tree_sitter_ext::tests::tier2::haskell_extracts_functions ... ok
[INFO] [stdout] test extract::tree_sitter_ext::tests::tier2::yaml_file_node_present ... ok
[INFO] [stdout] test extract::tree_sitter_ext::tests::tier2::zig_extracts_functions ... ok
[INFO] [stdout] test extract::tree_sitter_ext::tests::tier2::zig_extracts_import ... ok
[INFO] [stdout] test extract::tree_sitter_ext::tests::tier2::dart_extracts_class_and_methods ... ok
[INFO] [stdout] test extract::tree_sitter_ext::tests::tier2::toml_repeated_array_tables_receive_distinct_ids ... ok
[INFO] [stdout] test extract::tree_sitter_ext::tests::tier2::zig_file_node_first ... ok
[INFO] [stdout] test extract::tree_sitter_ext::tests::tier2::sql_extracts_create_table ... ok
[INFO] [stdout] test extract::tree_sitter_ext::tests::tier2::toml_file_node_first ... ok
[INFO] [stdout] test extract::tree_sitter_ext::tests::tier2::sql_file_node_first ... ok
[INFO] [stdout] test extract::typescript::tests::ts_function_call_emits_function_sourced_calls_edge ... ok
[INFO] [stdout] test extract::typescript::tests::ts_calls_attributed_to_nearest_enclosing_function ... ok
[INFO] [stdout] test extract::typescript::tests::ts_control_flow_not_treated_as_enclosing_function ... ok
[INFO] [stdout] test extract::typescript::tests::ts_same_name_methods_in_one_file_get_distinct_ids ... ok
[INFO] [stdout] test jats_adapter::tests::parses_pubmed_article ... ok
[INFO] [stdout] test jats_adapter::tests::resolves_general_entity_refs_in_captured_text ... ok
[INFO] [stdout] test json_adapter::tests::test_json_adapter_basic ... ok
[INFO] [stdout] test json_adapter::tests::test_json_adapter_custom_types ... ok
[INFO] [stdout] test json_adapter::tests::test_json_adapter_empty ... ok
[INFO] [stdout] test l1ght_adapter::confidence_tests::parses_created_and_source_agent_frontmatter ... ok
[INFO] [stdout] test l1ght_adapter::confidence_tests::parses_numeric_confidence ... ok
[INFO] [stdout] test extract::typescript::tests::ts_class_method_sources_calls_from_enclosing_method ... ok
[INFO] [stdout] test jats_adapter::tests::ingest_creates_graph ... ok
[INFO] [stdout] test l1ght_adapter::confidence_tests::absent_provenance_frontmatter_is_none ... ok
[INFO] [stdout] test l1ght_adapter::confidence_tests::prose_body_folds_into_section_excerpt ... ok
[INFO] [stdout] test l1ght_adapter::confidence_tests::unknown_confidence_is_neutral ... ok
[INFO] [stdout] test merge::tests::merge_graphs_preserves_base_and_overlay_nodes ... ok
[INFO] [stdout] test extract::typescript::tests::ts_arrow_function_sources_calls_from_enclosing_arrow ... ok
[INFO] [stdout] test merge::tests::merge_graphs_preserves_parallel_edges_without_breeding_them ... ok
[INFO] [stdout] test merge::tests::merge_graphs_skips_invalid_external_ids_and_edges ... ok
[INFO] [stdout] test l1ght_adapter::confidence_tests::parses_word_confidence ... ok
[INFO] [stdout] test memory_adapter::tests::memory_adapter_extracts_headings_lists_and_tables ... ok
[INFO] [stdout] test extract::typescript::tests::ts_top_level_call_falls_back_to_file_source ... ok
[INFO] [stdout] test extract::tree_sitter_ext::tests::tier2::regex_extractors_unchanged_by_tier2 ... ok
[INFO] [stdout] test patent_adapter::tests::ingest_sample_creates_graph ... ok
[INFO] [stdout] test patent_adapter::tests::kind_codes_map_correctly ... ok
[INFO] [stdout] test patent_adapter::tests::parses_single_patent ... ok
[INFO] [stdout] test patent_adapter::tests::resolves_general_entity_refs_in_captured_text ... ok
[INFO] [stdout] test patent_adapter::tests::splits_concatenated_xml ... ok
[INFO] [stdout] test path_policy::tests::detects_noise_directories_anywhere_in_path ... ok
[INFO] [stdout] test path_policy::tests::detects_runtime_artifacts_and_editor_temp_files ... ok
[INFO] [stdout] test resolve::tests::bare_call_still_resolves_by_proximity ... ok
[INFO] [stdout] test resolve::tests::calls_edge_binds_same_directory_not_cross_crate ... ok
[INFO] [stdout] test resolve::tests::candidate_with_multiple_external_identities_is_fatal ... ok
[INFO] [stdout] test resolve::tests::candidate_without_external_identity_is_fatal ... ok
[INFO] [stdout] test resolve::tests::decisive_by_proximity_does_not_tag_ambiguous ... ok
[INFO] [stdout] test resolve::tests::decisive_by_qualifier_does_not_tag_ambiguous ... ok
[INFO] [stdout] test resolve::tests::duplicate_resolution_inputs_are_rejected_not_collapsed ... ok
[INFO] [stdout] test resolve::tests::every_resolution_input_has_one_decision_and_exact_counts ... ok
[INFO] [stdout] test resolve::tests::genuine_tie_tags_source_and_counts_ambiguous ... ok
[INFO] [stdout] test resolve::tests::one_ambiguous_edge_does_not_taint_a_clean_sibling_edge ... ok
[INFO] [stdout] test resolve::tests::orphan_and_duplicate_resolution_hints_are_rejected ... ok
[INFO] [stdout] test resolve::tests::proximity_prefers_same_directory_over_cross_crate ... ok
[INFO] [stdout] test resolve::tests::proximity_same_file_dominates_same_directory ... ok
[INFO] [stdout] test resolve::tests::qualified_call_binds_impl_owner_over_proximity_and_order ... ok
[INFO] [stdout] test ownership::tests::multiply_identified_node_and_its_edges_are_rejected ... ok
[INFO] [stdout] test ownership::tests::orphan_node_slot_is_explicit_and_cannot_verify_complete ... ok
[INFO] [stdout] test ownership::tests::malformed_csr_parallel_arrays_fail_without_projection_panic ... ok
[INFO] [stdout] test ownership::tests::shared_node_and_edge_claims_survive_removing_one_owner ... ok
[INFO] [stdout] test ownership::tests::bidirectional_reverse_live_weight_is_checkpoint_visible_but_projection_stable ... ok
[INFO] [stdout] test ownership::tests::resealed_receipt_cannot_forge_producer_or_cross_file_accounting ... ok
[INFO] [stdout] test resolve::tests::reverse_identity_index_rejects_missing_alias_and_out_of_range_slots ... ok
[INFO] [stdout] test resolve::tests::unresolved_ref_tags_source_and_counts_unresolved ... ok
[INFO] [stdout] test resolve::tests::reverse_identity_map_is_traversed_at_most_once_per_resolution_call ... ok
[INFO] [stdout] test tests::cancellable_full_root_ingest_pre_cancel_is_typed_and_fs_independent ... ok
[INFO] [stdout] test rfc_adapter::tests::resolves_general_entity_refs_in_captured_text ... ok
[INFO] [stdout] test rfc_adapter::tests::ingest_real_rfc ... ok
[INFO] [stdout] test rfc_adapter::tests::parses_rfc_xml ... ok
[INFO] [stdout] test rfc_adapter::tests::ingest_creates_graph ... ok
[INFO] [stdout] test ownership::tests::receipt_rejects_pending_edges_and_same_topology_content_mutations ... ok
[INFO] [stdout] test tests::cancellable_full_root_ingest_mid_extraction_returns_no_partial_bundle ... ok
[INFO] [stdout] test tests::cancellable_full_root_reduction_never_returns_partial_output ... ok
[INFO] [stdout] test tests::discovery_control_identity_rejects_literal_backslash_collision_fixture ... ok
[INFO] [stdout] test tests::contextual_exact_file_requires_full_reindex_for_multi_source_closure ... ok
[INFO] [stdout] test tests::complete_bundle_revalidation_refuses_discovery_control_drift ... ok
[INFO] [stdout] test tests::complete_bundle_revalidation_refuses_source_set_drift ... ok
[INFO] [stdout] test tests::an_unreadable_subdirectory_does_not_abort_the_ingest ... ok
[INFO] [stdout] test tests::external_id_validation_rejects_empty_file_ids ... ok
[INFO] [stdout] test tests::file_external_id_builder_rejects_empty_and_dot_paths ... ok
[INFO] [stdout] test tests::filesystem_collision_fixtures_are_rejected_instead_of_normalized ... ok
[INFO] [stdout] test tests::cargo_dependency_node_records_all_producing_manifests ... ok
[INFO] [stdout] test tests::go_emits_calls_edges_and_guards_keywords ... ok
[INFO] [stdout] test tests::exact_file_refuses_newly_discovered_source_after_single_source_baseline ... ok
[INFO] [stdout] test tests::go_cross_file_import_resolves_to_file_node ... ok
[INFO] [stdout] test tests::exact_file_api_validates_base_then_requires_governed_full_root_reindex ... ok
[INFO] [stdout] test tests::cancellable_full_root_success_matches_legacy_bundle ... ok
[INFO] [stdout] test tests::ingest_resolves_rust_pub_use_edges_before_finalize ... ok
[INFO] [stdout] test tests::ingest_links_rust_mod_declarations_to_module_files ... ok
[INFO] [stdout] test tests::ingest_populates_node_provenance_for_code_symbols ... ok
[INFO] [stdout] test tests::l1ght_epistemic_markers_produce_structured_edges ... ok
[INFO] [stdout] test tests::contextual_exact_file_refuses_incoming_other_source_dependency_closure ... ok
[INFO] [stdout] test tests::ingest_resolves_rust_impl_method_ownership_edges ... ok
[INFO] [stdout] test tests::source_path_identity_never_collapses_distinct_unix_names ... ok
[INFO] [stdout] test tests::full_root_ingest_is_deterministic_across_parallelism ... ok
[INFO] [stdout] test tests::managed_root_identity_preserves_literal_backslash ... ok
[INFO] [stdout] test tests::zero_timeout_cannot_emit_false_complete_empty_bundle ... ok
[INFO] [stdout] test universal_adapter::tests::available_provider_returning_empty_is_typed_failed_not_placeholder ... ok
[INFO] [stdout] test universal_adapter::tests::canonicalize_extracts_simple_tables ... ok
[INFO] [stdout] test universal_adapter::tests::canonicalizes_markdown_without_l1ght ... ok
[INFO] [stdout] test universal_adapter::tests::claim_support_edges_require_local_citation_evidence ... ok
[INFO] [stdout] test tests::ingest_resolves_rust_ref_edges_before_finalize ... ok
[INFO] [stdout] test universal_adapter::tests::empty_candidate_set_is_explicit_empty ... ok
[INFO] [stdout] test universal_adapter::tests::graphify_documents_creates_sections_entities_and_refs ... ok
[INFO] [stdout] test universal_adapter::tests::graphify_documents_emits_code_table_and_subsection_edges ... ok
[INFO] [stdout] test universal_adapter::tests::grobid_endpoint_policy_allows_loopback_and_explicit_https_only ... ok
[INFO] [stdout] test universal_adapter::tests::grobid_endpoint_policy_refuses_secret_bearing_or_ambiguous_urls ... ok
[INFO] [stdout] test universal_adapter::tests::missing_ingest_root_is_an_error_not_empty ... ok
[INFO] [stdout] test universal_adapter::tests::mixed_batch_returns_degraded_with_parsed_documents_and_diagnostics ... ok
[INFO] [stdout] test universal_adapter::tests::mixed_success_and_provider_failure_is_degraded_not_ingested ... ok
[INFO] [stdout] test universal_adapter::tests::pdf_and_office_without_providers_are_typed_noncommittable_unsupported ... ok
[INFO] [stdout] test universal_adapter::tests::per_file_read_error_is_failed_without_discarding_other_documents ... ok
[INFO] [stdout] test universal_adapter::tests::positive_provider_fixture_is_committable_and_persists_typed_outcome ... ok
[INFO] [stdout] test universal_adapter::tests::provider_failure_fixtures_are_failed_noncommittable_and_never_create_graph_nodes ... ok
[INFO] [stdout] test universal_adapter::tests::provider_failure_uses_honest_html_fallback_provenance ... ok
[INFO] [stdout] test tests::ingest_succeeds_with_neutral_defaults_in_non_git_dir ... ok
[INFO] [stdout] test universal_adapter::tests::diagnostics_are_bounded_and_report_omissions ... ok
[INFO] [stdout] test universal_adapter::tests::symlinks_cannot_expand_the_ingest_boundary ... ok
[INFO] [stdout] test walker::tests::binary_reader_error_is_fatal ... ok
[INFO] [stdout] test tests::typescript_emits_calls_and_cross_file_imports ... ok
[INFO] [stdout] test walker::tests::directory_walk_binary_probe_error_is_fatal ... ok
[INFO] [stdout] test walker::tests::directory_walk_metadata_error_is_fatal ... ok
[INFO] [stdout] test tests::ingest_adds_rust_workspace_and_crate_nodes ... ok
[INFO] [stdout] test walker::tests::non_git_root_is_explicitly_unversioned ... ok
[INFO] [stdout] test walker::tests::single_file_binary_probe_error_is_fatal ... ok
[INFO] [stdout] test walker::tests::single_file_metadata_error_is_fatal ... ok
[INFO] [stdout] test walker::tests::broken_git_discovery_is_fatal_not_neutral ... ok
[INFO] [stdout] test walker::tests::unreadable_scan_root_is_fatal ... FAILED
[INFO] [stdout] test universal_adapter::tests::provider_process_result_distinguishes_positive_empty_crash_timeout_corrupt_and_encrypted ... ok
[INFO] [stdout] test walker::tests::walk_single_file_uses_filename_as_relative_path ... ok
[INFO] [stdout] test walker::tests::unborn_git_repository_is_git_not_neutral ... ok
[INFO] [stdout] test tests::ownership_receipt_persists_unresolved_and_ambiguous_resolution_decisions ... ok
[INFO] [stdout] test walker::tests::walk_respects_gitignore ... ok
[INFO] [stdout] test walker::tests::git_context_binds_exact_repository_head_and_history_producer ... ok
[INFO] [stdout] test universal_adapter::tests::content_hash_tracks_original_source_bytes_for_html_documents ... ok
[INFO] [stdout] test tests::ingest_populates_change_frequency_from_git_history ... ok
[INFO] [stdout] test universal_adapter::tests::provider_probe_is_stable ... ok
[INFO] [stdout] 
[INFO] [stdout] failures:
[INFO] [stdout] 
[INFO] [stdout] ---- walker::tests::unreadable_scan_root_is_fatal stdout ----
[INFO] [stdout] 
[INFO] [stdout] thread 'walker::tests::unreadable_scan_root_is_fatal' (3259) panicked at src/walker.rs:862:32:
[INFO] [stdout] an unreadable scan root must be a hard error: WalkResult { files: [], commit_groups: [], vcs: VcsContextV1 { schema: "m1nd-vcs-context-v1", kind: "unversioned", git_version: None, repository_root: None, git_dir: None, head_oid: None, history_output_digest: None } }
[INFO] [stdout] stack backtrace:
[INFO] [stdout]    0:     0x5fc20414d461 - <<std[617be2ca0a6fd877]::sys::backtrace::BacktraceLock>::print::DisplayBacktrace as core[a373ad73a504971]::fmt::Display>::fmt
[INFO] [stdout]    1:     0x5fc20416585a - core[a373ad73a504971]::fmt::write
[INFO] [stdout]    2:     0x5fc204151bac - <alloc[2e1b2a31b91974c5]::vec::Vec<u8> as core[a373ad73a504971]::io::write::Write>::write_fmt
[INFO] [stdout]    3:     0x5fc2041259f6 - std[617be2ca0a6fd877]::panicking::default_hook::{closure#0}
[INFO] [stdout]    4:     0x5fc2041441d9 - std[617be2ca0a6fd877]::panicking::default_hook
[INFO] [stdout]    5:     0x5fc203f6b8a0 - test[aada8e7e76ba119b]::test_main_inner::{closure#0}
[INFO] [stdout]    6:     0x5fc204144502 - std[617be2ca0a6fd877]::panicking::panic_with_hook
[INFO] [stdout]    7:     0x5fc204125aa2 - std[617be2ca0a6fd877]::panicking::panic_handler::{closure#0}
[INFO] [stdout]    8:     0x5fc20411e409 - std[617be2ca0a6fd877]::sys::backtrace::__rust_end_short_backtrace::<std[617be2ca0a6fd877]::panicking::panic_handler::{closure#0}, !>
[INFO] [stdout]    9:     0x5fc20412685d - __rustc[ea4f61d10b84890b]::rust_begin_unwind
[INFO] [stdout]   10:     0x5fc20416603c - core[a373ad73a504971]::panicking::panic_fmt
[INFO] [stdout]   11:     0x5fc204165e12 - core[a373ad73a504971]::result::unwrap_failed
[INFO] [stdout]   12:     0x5fc203d3570f - <m1nd_ingest[5c9715b47929cd75]::walker::tests::unreadable_scan_root_is_fatal::{closure#0} as core[a373ad73a504971]::ops::function::FnOnce<()>>::call_once
[INFO] [stdout]   13:     0x5fc203f5eceb - test[aada8e7e76ba119b]::__rust_begin_short_backtrace::<core[a373ad73a504971]::result::Result<(), alloc[2e1b2a31b91974c5]::string::String>, fn() -> core[a373ad73a504971]::result::Result<(), alloc[2e1b2a31b91974c5]::string::String>>
[INFO] [stdout]   14:     0x5fc203f6bec5 - test[aada8e7e76ba119b]::run_test::{closure#0}
[INFO] [stdout]   15:     0x5fc203f657b4 - std[617be2ca0a6fd877]::sys::backtrace::__rust_begin_short_backtrace::<test[aada8e7e76ba119b]::run_test::{closure#1}, ()>
[INFO] [stdout]   16:     0x5fc203f6ef52 - <std[617be2ca0a6fd877]::thread::lifecycle::spawn_unchecked<test[aada8e7e76ba119b]::run_test::{closure#1}, ()>::{closure#1} as core[a373ad73a504971]::ops::function::FnOnce<()>>::call_once::{shim:vtable#0}
[INFO] [stdout]   17:     0x5fc20414c45f - <std[617be2ca0a6fd877]::sys::thread::unix::Thread>::new::thread_start
[INFO] [stdout]   18:     0x787e813c1dfa - <unknown>
[INFO] [stdout]   19:     0x787e814553d4 - clone
[INFO] [stdout]   20:                0x0 - <unknown>
[INFO] [stdout] 
[INFO] [stdout] 
[INFO] [stdout] failures:
[INFO] [stdout]     walker::tests::unreadable_scan_root_is_fatal
[INFO] [stdout] 
[INFO] [stdout] test result: FAILED. 307 passed; 1 failed; 6 ignored; 0 measured; 0 filtered out; finished in 2.04s
[INFO] [stdout] 
[INFO] [stderr] error: test failed, to rerun pass `--lib`
[INFO] running `Command { std: "docker" "inspect" "a4d8c78866cf904b5c867d72689f2bfe471be0ceb1c426adf5d43ce29a71f08f", kill_on_drop: false }`
[INFO] running `Command { std: "docker" "rm" "-f" "a4d8c78866cf904b5c867d72689f2bfe471be0ceb1c426adf5d43ce29a71f08f", kill_on_drop: false }`
[INFO] [stdout] a4d8c78866cf904b5c867d72689f2bfe471be0ceb1c426adf5d43ce29a71f08f
