[INFO] fetching crate lzma_tarball 0.1.1...
[INFO] testing lzma_tarball-0.1.1 against 1.100.0-beta.1+cargoflags=--release for beta-release-1.100-2
[INFO] extracting crate lzma_tarball 0.1.1 into /workspace/builds/worker-4-tc2/source
[INFO] started tweaking crates.io crate lzma_tarball 0.1.1
[INFO] removed 0 missing examples
[INFO] removed 0 missing tests
[INFO] finished tweaking crates.io crate lzma_tarball 0.1.1
[INFO] tweaked toml for crates.io crate lzma_tarball 0.1.1 written to /workspace/builds/worker-4-tc2/source/Cargo.toml
[INFO] validating manifest of crates.io crate lzma_tarball 0.1.1 on toolchain 1.100.0-beta.1
[INFO] running `Command { std: CARGO_HOME="/workspace/cargo-home" RUSTUP_HOME="/workspace/rustup-home" "/workspace/cargo-home/bin/cargo" "+1.100.0-beta.1" "metadata" "--manifest-path" "Cargo.toml" "--no-deps", kill_on_drop: false }`
[INFO] crate crates.io crate lzma_tarball 0.1.1 already has a lockfile, it will not be regenerated
[INFO] running `Command { std: CARGO_HOME="/workspace/cargo-home" RUSTUP_HOME="/workspace/rustup-home" "/workspace/cargo-home/bin/cargo" "+1.100.0-beta.1" "fetch" "--manifest-path" "Cargo.toml", kill_on_drop: false }`
[INFO] running `Command { std: "docker" "create" "-v" "/var/lib/crater-agent-workspace/builds/worker-4-tc2/source:/opt/rustwide/workdir:ro,Z" "-v" "/var/lib/crater-agent-workspace/builds/worker-4-tc2/target:/opt/rustwide/target:rw,Z" "-v" "/var/lib/crater-agent-workspace/cargo-home:/opt/rustwide/cargo-home:ro,Z" "-v" "/var/lib/crater-agent-workspace/rustup-home:/opt/rustwide/rustup-home:ro,Z" "-m" "1610612736" "--network" "none" "ghcr.io/rust-lang/crates-build-env/linux@sha256:77db811e55d90add9212f6832c23229e3de5f1c1f9905e8cb07319ea15df73ac" "sleep" "infinity", kill_on_drop: false }`
[INFO] [stdout] 2801ce3bf6d17fecf7f35fb46b9e2020b9c764890b162142a4523f6c543d3f31
[INFO] running `Command { std: "docker" "start" "2801ce3bf6d17fecf7f35fb46b9e2020b9c764890b162142a4523f6c543d3f31", kill_on_drop: false }`
[INFO] running `Command { std: "docker" "inspect" "2801ce3bf6d17fecf7f35fb46b9e2020b9c764890b162142a4523f6c543d3f31", kill_on_drop: false }`
[INFO] running `Command { std: "docker" "exec" "-e" "SOURCE_DIR=/opt/rustwide/workdir" "-e" "CARGO_HOME=/opt/rustwide/cargo-home" "-e" "RUSTUP_HOME=/opt/rustwide/rustup-home" "-e" "CARGO_TARGET_DIR=/opt/rustwide/target" "-w" "/opt/rustwide/workdir" "--user" "0:0" "2801ce3bf6d17fecf7f35fb46b9e2020b9c764890b162142a4523f6c543d3f31" "/opt/rustwide/cargo-home/bin/cargo" "+1.100.0-beta.1" "metadata" "--no-deps" "--format-version=1", kill_on_drop: false }`
[INFO] running `Command { std: "docker" "inspect" "2801ce3bf6d17fecf7f35fb46b9e2020b9c764890b162142a4523f6c543d3f31", kill_on_drop: false }`
[INFO] running `Command { std: "docker" "exec" "-e" "SOURCE_DIR=/opt/rustwide/workdir" "-e" "CARGO_HOME=/opt/rustwide/cargo-home" "-e" "RUSTUP_HOME=/opt/rustwide/rustup-home" "-e" "CARGO_TARGET_DIR=/opt/rustwide/target" "-e" "CARGO_INCREMENTAL=0" "-e" "RUST_BACKTRACE=full" "-e" "RUSTFLAGS=--cap-lints=warn" "-e" "RUSTDOCFLAGS=--cap-lints=warn" "-w" "/opt/rustwide/workdir" "--user" "0:0" "2801ce3bf6d17fecf7f35fb46b9e2020b9c764890b162142a4523f6c543d3f31" "/opt/rustwide/cargo-home/bin/cargo" "+1.100.0-beta.1" "build" "--frozen" "--message-format=json" "--release", kill_on_drop: false }`
[INFO] [stderr]    Compiling libc v0.2.162
[INFO] [stderr]    Compiling rustix v0.38.40
[INFO] [stderr]    Compiling linux-raw-sys v0.4.14
[INFO] [stderr]    Compiling log v0.4.22
[INFO] [stderr]    Compiling anyhow v1.0.95
[INFO] [stderr]    Compiling cc v1.2.0
[INFO] [stderr]    Compiling num-traits v0.2.19
[INFO] [stderr]    Compiling iovec v0.1.4
[INFO] [stderr]    Compiling filetime v0.2.25
[INFO] [stderr]    Compiling chrono v0.4.38
[INFO] [stderr]    Compiling bytes v0.4.12
[INFO] [stderr]    Compiling lzma-sys v0.1.20
[INFO] [stderr]    Compiling tokio-io v0.1.13
[INFO] [stderr]    Compiling xz2 v0.1.7
[INFO] [stderr]    Compiling xattr v1.3.1
[INFO] [stderr]    Compiling tar v0.4.43
[INFO] [stderr]    Compiling lzma_tarball v0.1.1 (/opt/rustwide/workdir)
[INFO] [stdout] warning: unused variable: `s`
[INFO] [stdout]    --> src/reader.rs:133:19
[INFO] [stdout]     |
[INFO] [stdout] 133 |                         if let Some(ref s) = path_str {
[INFO] [stdout]     |                                     ^^^^^ help: if this is intentional, prefix it with an underscore: `_s`
[INFO] [stdout]     |
[INFO] [stdout]     = note: `#[warn(unused_variables)]` (part of `#[warn(unused)]`) on by default
[INFO] [stdout] 
[INFO] [stdout] 
[INFO] [stderr]     Finished `release` profile [optimized] target(s) in 10.86s
[INFO] running `Command { std: "docker" "inspect" "2801ce3bf6d17fecf7f35fb46b9e2020b9c764890b162142a4523f6c543d3f31", kill_on_drop: false }`
[INFO] running `Command { std: "docker" "exec" "-e" "SOURCE_DIR=/opt/rustwide/workdir" "-e" "CARGO_HOME=/opt/rustwide/cargo-home" "-e" "RUSTUP_HOME=/opt/rustwide/rustup-home" "-e" "CARGO_TARGET_DIR=/opt/rustwide/target" "-e" "CARGO_INCREMENTAL=0" "-e" "RUST_BACKTRACE=full" "-e" "RUSTFLAGS=--cap-lints=warn" "-e" "RUSTDOCFLAGS=--cap-lints=warn" "-w" "/opt/rustwide/workdir" "--user" "0:0" "2801ce3bf6d17fecf7f35fb46b9e2020b9c764890b162142a4523f6c543d3f31" "/opt/rustwide/cargo-home/bin/cargo" "+1.100.0-beta.1" "test" "--frozen" "--no-run" "--message-format=json" "--release", kill_on_drop: false }`
[INFO] [stdout] warning: unused variable: `s`
[INFO] [stdout]    --> src/reader.rs:133:19
[INFO] [stdout]     |
[INFO] [stdout] 133 |                         if let Some(ref s) = path_str {
[INFO] [stdout]     |                                     ^^^^^ help: if this is intentional, prefix it with an underscore: `_s`
[INFO] [stdout]     |
[INFO] [stdout]     = note: `#[warn(unused_variables)]` (part of `#[warn(unused)]`) on by default
[INFO] [stdout] 
[INFO] [stdout] 
[INFO] [stderr]    Compiling lzma_tarball v0.1.1 (/opt/rustwide/workdir)
[INFO] [stdout] warning: unused variable: `s`
[INFO] [stdout]    --> src/reader.rs:133:19
[INFO] [stdout]     |
[INFO] [stdout] 133 |                         if let Some(ref s) = path_str {
[INFO] [stdout]     |                                     ^^^^^ help: if this is intentional, prefix it with an underscore: `_s`
[INFO] [stdout]     |
[INFO] [stdout]     = note: `#[warn(unused_variables)]` (part of `#[warn(unused)]`) on by default
[INFO] [stdout] 
[INFO] [stdout] 
[INFO] [stderr]     Finished `release` profile [optimized] target(s) in 1.30s
[INFO] running `Command { std: "docker" "inspect" "2801ce3bf6d17fecf7f35fb46b9e2020b9c764890b162142a4523f6c543d3f31", kill_on_drop: false }`
[INFO] running `Command { std: "docker" "exec" "-e" "SOURCE_DIR=/opt/rustwide/workdir" "-e" "CARGO_HOME=/opt/rustwide/cargo-home" "-e" "RUSTUP_HOME=/opt/rustwide/rustup-home" "-e" "CARGO_TARGET_DIR=/opt/rustwide/target" "-e" "CARGO_INCREMENTAL=0" "-e" "RUST_BACKTRACE=full" "-e" "RUSTFLAGS=--cap-lints=warn" "-e" "RUSTDOCFLAGS=--cap-lints=warn" "-w" "/opt/rustwide/workdir" "--user" "0:0" "2801ce3bf6d17fecf7f35fb46b9e2020b9c764890b162142a4523f6c543d3f31" "/opt/rustwide/cargo-home/bin/cargo" "+1.100.0-beta.1" "test" "--frozen" "--release", kill_on_drop: false }`
[INFO] [stderr] warning: unused variable: `s`
[INFO] [stderr]    --> src/reader.rs:133:19
[INFO] [stderr]     |
[INFO] [stderr] 133 |                         if let Some(ref s) = path_str {
[INFO] [stderr]     |                                     ^^^^^ help: if this is intentional, prefix it with an underscore: `_s`
[INFO] [stderr]     |
[INFO] [stderr]     = note: `#[warn(unused_variables)]` (part of `#[warn(unused)]`) on by default
[INFO] [stderr] 
[INFO] [stderr] warning: `lzma_tarball` (lib) generated 1 warning (run `cargo fix --lib -p lzma_tarball` to apply 1 suggestion)
[INFO] [stderr] warning: `lzma_tarball` (lib test) generated 1 warning (1 duplicate)
[INFO] [stderr]     Finished `release` profile [optimized] target(s) in 0.07s
[INFO] [stderr]      Running unittests src/lib.rs (/opt/rustwide/target/release/build/lzma_tarball/1288ac653313854f/out/lzma_tarball-1288ac653313854f)
[INFO] [stderr]      Running tests/reader.rs (/opt/rustwide/target/release/build/lzma_tarball/9298ebb4efcba8ed/out/reader-9298ebb4efcba8ed)
[INFO] [stdout] 
[INFO] [stdout] running 0 tests
[INFO] [stdout] 
[INFO] [stdout] test result: ok. 0 passed; 0 failed; 0 ignored; 0 measured; 0 filtered out; finished in 0.00s
[INFO] [stdout] 
[INFO] [stdout] 
[INFO] [stdout] running 2 tests
[INFO] [stdout] test tests::test_extract_to_directory ... FAILED
[INFO] [stdout] test tests::test_read_entries ... FAILED
[INFO] [stdout] 
[INFO] [stdout] failures:
[INFO] [stdout] 
[INFO] [stdout] ---- tests::test_extract_to_directory stdout ----
[INFO] [stdout] 
[INFO] [stdout] thread 'tests::test_extract_to_directory' (658) panicked at tests/reader.rs:15:56:
[INFO] [stdout] called `Result::unwrap()` on an `Err` value: Read-only file system (os error 30)
[INFO] [stdout] 
[INFO] [stdout] Stack backtrace:
[INFO] [stdout]    0: <anyhow::Error as core::convert::From<core::io::error::Error>>::from
[INFO] [stdout]    1: reader::tests::setup_testing_environment
[INFO] [stdout]    2: <reader::tests::test_extract_to_directory::{closure#0} as core::ops::function::FnOnce<()>>::call_once
[INFO] [stdout]    3: test::__rust_begin_short_backtrace::<core::result::Result<(), alloc::string::String>, fn() -> core::result::Result<(), alloc::string::String>>
[INFO] [stdout]    4: test::run_test::{closure#0}
[INFO] [stdout]    5: std::sys::backtrace::__rust_begin_short_backtrace::<test::run_test::{closure#1}, ()>
[INFO] [stdout]    6: <std::thread::lifecycle::spawn_unchecked<test::run_test::{closure#1}, ()>::{closure#1} as core::ops::function::FnOnce<()>>::call_once::{shim:vtable#0}
[INFO] [stdout]    7: <std::sys::thread::unix::Thread>::new::thread_start
[INFO] [stdout]    8: <unknown>
[INFO] [stdout]    9: clone
[INFO] [stdout] stack backtrace:
[INFO] [stdout]    0:     0x61e04c37e6b1 - <<std[617be2ca0a6fd877]::sys::backtrace::BacktraceLock>::print::DisplayBacktrace as core[a373ad73a504971]::fmt::Display>::fmt
[INFO] [stdout]    1:     0x61e04c392f7a - core[a373ad73a504971]::fmt::write
[INFO] [stdout]    2:     0x61e04c382f5c - <alloc[2e1b2a31b91974c5]::vec::Vec<u8> as core[a373ad73a504971]::io::write::Write>::write_fmt
[INFO] [stdout]    3:     0x61e04c358876 - std[617be2ca0a6fd877]::panicking::default_hook::{closure#0}
[INFO] [stdout]    4:     0x61e04c3761c9 - std[617be2ca0a6fd877]::panicking::default_hook
[INFO] [stdout]    5:     0x61e04c2f7910 - test[aada8e7e76ba119b]::test_main_inner::{closure#0}
[INFO] [stdout]    6:     0x61e04c376382 - std[617be2ca0a6fd877]::panicking::panic_with_hook
[INFO] [stdout]    7:     0x61e04c358922 - std[617be2ca0a6fd877]::panicking::panic_handler::{closure#0}
[INFO] [stdout]    8:     0x61e04c350c99 - std[617be2ca0a6fd877]::sys::backtrace::__rust_end_short_backtrace::<std[617be2ca0a6fd877]::panicking::panic_handler::{closure#0}, !>
[INFO] [stdout]    9:     0x61e04c3598dd - __rustc[ea4f61d10b84890b]::rust_begin_unwind
[INFO] [stdout]   10:     0x61e04c3936ac - core[a373ad73a504971]::panicking::panic_fmt
[INFO] [stdout]   11:     0x61e04c393482 - core[a373ad73a504971]::result::unwrap_failed
[INFO] [stdout]   12:     0x61e04c2eaafb - <reader[fa90e0a242840ad1]::tests::test_extract_to_directory::{closure#0} as core[a373ad73a504971]::ops::function::FnOnce<()>>::call_once
[INFO] [stdout]   13:     0x61e04c2ead5b - test[aada8e7e76ba119b]::__rust_begin_short_backtrace::<core[a373ad73a504971]::result::Result<(), alloc[2e1b2a31b91974c5]::string::String>, fn() -> core[a373ad73a504971]::result::Result<(), alloc[2e1b2a31b91974c5]::string::String>>
[INFO] [stdout]   14:     0x61e04c2f7f35 - test[aada8e7e76ba119b]::run_test::{closure#0}
[INFO] [stdout]   15:     0x61e04c2f1824 - std[617be2ca0a6fd877]::sys::backtrace::__rust_begin_short_backtrace::<test[aada8e7e76ba119b]::run_test::{closure#1}, ()>
[INFO] [stdout]   16:     0x61e04c2fafc2 - <std[617be2ca0a6fd877]::thread::lifecycle::spawn_unchecked<test[aada8e7e76ba119b]::run_test::{closure#1}, ()>::{closure#1} as core[a373ad73a504971]::ops::function::FnOnce<()>>::call_once::{shim:vtable#0}
[INFO] [stdout]   17:     0x61e04c37dbaf - <std[617be2ca0a6fd877]::sys::thread::unix::Thread>::new::thread_start
[INFO] [stdout]   18:     0x71ff80fbadfa - <unknown>
[INFO] [stdout]   19:     0x71ff8104e3d4 - clone
[INFO] [stdout]   20:                0x0 - <unknown>
[INFO] [stdout] 
[INFO] [stdout] ---- tests::test_read_entries stdout ----
[INFO] [stdout] 
[INFO] [stdout] thread 'tests::test_read_entries' (659) panicked at tests/reader.rs:30:56:
[INFO] [stdout] called `Result::unwrap()` on an `Err` value: Read-only file system (os error 30)
[INFO] [stdout] 
[INFO] [stdout] Stack backtrace:
[INFO] [stdout]    0: <anyhow::Error as core::convert::From<core::io::error::Error>>::from
[INFO] [stdout]    1: reader::tests::setup_testing_environment
[INFO] [stdout]    2: <reader::tests::test_read_entries::{closure#0} as core::ops::function::FnOnce<()>>::call_once
[INFO] [stdout]    3: test::__rust_begin_short_backtrace::<core::result::Result<(), alloc::string::String>, fn() -> core::result::Result<(), alloc::string::String>>
[INFO] [stdout]    4: test::run_test::{closure#0}
[INFO] [stdout]    5: std::sys::backtrace::__rust_begin_short_backtrace::<test::run_test::{closure#1}, ()>
[INFO] [stdout]    6: <std::thread::lifecycle::spawn_unchecked<test::run_test::{closure#1}, ()>::{closure#1} as core::ops::function::FnOnce<()>>::call_once::{shim:vtable#0}
[INFO] [stdout]    7: <std::sys::thread::unix::Thread>::new::thread_start
[INFO] [stdout]    8: <unknown>
[INFO] [stdout]    9: clone
[INFO] [stdout] stack backtrace:
[INFO] [stdout]    0:     0x61e04c37e6b1 - <<std[617be2ca0a6fd877]::sys::backtrace::BacktraceLock>::print::DisplayBacktrace as core[a373ad73a504971]::fmt::Display>::fmt
[INFO] [stdout]    1:     0x61e04c392f7a - core[a373ad73a504971]::fmt::write
[INFO] [stdout]    2:     0x61e04c382f5c - <alloc[2e1b2a31b91974c5]::vec::Vec<u8> as core[a373ad73a504971]::io::write::Write>::write_fmt
[INFO] [stdout]    3:     0x61e04c358876 - std[617be2ca0a6fd877]::panicking::default_hook::{closure#0}
[INFO] [stdout]    4:     0x61e04c3761c9 - std[617be2ca0a6fd877]::panicking::default_hook
[INFO] [stdout]    5:     0x61e04c2f7910 - test[aada8e7e76ba119b]::test_main_inner::{closure#0}
[INFO] [stdout]    6:     0x61e04c376382 - std[617be2ca0a6fd877]::panicking::panic_with_hook
[INFO] [stdout]    7:     0x61e04c358922 - std[617be2ca0a6fd877]::panicking::panic_handler::{closure#0}
[INFO] [stdout]    8:     0x61e04c350c99 - std[617be2ca0a6fd877]::sys::backtrace::__rust_end_short_backtrace::<std[617be2ca0a6fd877]::panicking::panic_handler::{closure#0}, !>
[INFO] [stdout]    9:     0x61e04c3598dd - __rustc[ea4f61d10b84890b]::rust_begin_unwind
[INFO] [stdout]   10:     0x61e04c3936ac - core[a373ad73a504971]::panicking::panic_fmt
[INFO] [stdout]   11:     0x61e04c393482 - core[a373ad73a504971]::result::unwrap_failed
[INFO] [stdout]   12:     0x61e04c2ea6db - <reader[fa90e0a242840ad1]::tests::test_read_entries::{closure#0} as core[a373ad73a504971]::ops::function::FnOnce<()>>::call_once
[INFO] [stdout]   13:     0x61e04c2ead5b - test[aada8e7e76ba119b]::__rust_begin_short_backtrace::<core[a373ad73a504971]::result::Result<(), alloc[2e1b2a31b91974c5]::string::String>, fn() -> core[a373ad73a504971]::result::Result<(), alloc[2e1b2a31b91974c5]::string::String>>
[INFO] [stdout]   14:     0x61e04c2f7f35 - test[aada8e7e76ba119b]::run_test::{closure#0}
[INFO] [stdout]   15:     0x61e04c2f1824 - std[617be2ca0a6fd877]::sys::backtrace::__rust_begin_short_backtrace::<test[aada8e7e76ba119b]::run_test::{closure#1}, ()>
[INFO] [stdout]   16:     0x61e04c2fafc2 - <std[617be2ca0a6fd877]::thread::lifecycle::spawn_unchecked<test[aada8e7e76ba119b]::run_test::{closure#1}, ()>::{closure#1} as core[a373ad73a504971]::ops::function::FnOnce<()>>::call_once::{shim:vtable#0}
[INFO] [stdout]   17:     0x61e04c37dbaf - <std[617be2ca0a6fd877]::sys::thread::unix::Thread>::new::thread_start
[INFO] [stdout]   18:     0x71ff80fbadfa - <unknown>
[INFO] [stdout]   19:     0x71ff8104e3d4 - clone
[INFO] [stdout]   20:                0x0 - <unknown>
[INFO] [stdout] 
[INFO] [stdout] 
[INFO] [stdout] failures:
[INFO] [stdout]     tests::test_extract_to_directory
[INFO] [stdout]     tests::test_read_entries
[INFO] [stdout] 
[INFO] [stdout] test result: FAILED. 0 passed; 2 failed; 0 ignored; 0 measured; 0 filtered out; finished in 0.01s
[INFO] [stdout] 
[INFO] [stderr] error: test failed, to rerun pass `--test reader`
[INFO] running `Command { std: "docker" "inspect" "2801ce3bf6d17fecf7f35fb46b9e2020b9c764890b162142a4523f6c543d3f31", kill_on_drop: false }`
[INFO] running `Command { std: "docker" "rm" "-f" "2801ce3bf6d17fecf7f35fb46b9e2020b9c764890b162142a4523f6c543d3f31", kill_on_drop: false }`
[INFO] [stdout] 2801ce3bf6d17fecf7f35fb46b9e2020b9c764890b162142a4523f6c543d3f31
