[INFO] fetching crate lzf_headers 0.1.1...
[INFO] testing lzf_headers-0.1.1 against 1.100.0-beta.1+cargoflags=--release for beta-release-1.100-2
[INFO] extracting crate lzf_headers 0.1.1 into /workspace/builds/worker-7-tc2/source
[INFO] started tweaking crates.io crate lzf_headers 0.1.1
[INFO] finished tweaking crates.io crate lzf_headers 0.1.1
[INFO] tweaked toml for crates.io crate lzf_headers 0.1.1 written to /workspace/builds/worker-7-tc2/source/Cargo.toml
[INFO] validating manifest of crates.io crate lzf_headers 0.1.1 on toolchain 1.100.0-beta.1
[INFO] running `Command { std: CARGO_HOME="/workspace/cargo-home" RUSTUP_HOME="/workspace/rustup-home" "/workspace/cargo-home/bin/cargo" "+1.100.0-beta.1" "metadata" "--manifest-path" "Cargo.toml" "--no-deps", kill_on_drop: false }`
[INFO] running `Command { std: CARGO_HOME="/workspace/cargo-home" RUSTUP_HOME="/workspace/rustup-home" "/workspace/cargo-home/bin/cargo" "+1.100.0-beta.1" "generate-lockfile" "--manifest-path" "Cargo.toml", kill_on_drop: false }`
[INFO] [stderr]     Updating crates.io index
[INFO] [stderr]      Locking 2 packages to highest compatible versions
[INFO] [stderr]       Adding lzf v0.3.2 (available: v1.0.0)
[INFO] running `Command { std: CARGO_HOME="/workspace/cargo-home" RUSTUP_HOME="/workspace/rustup-home" "/workspace/cargo-home/bin/cargo" "+1.100.0-beta.1" "fetch" "--manifest-path" "Cargo.toml", kill_on_drop: false }`
[INFO] [stderr] warning: Cargo.toml: `package.edition` is unspecified, defaulting to `2015` while the latest is `2024`
[INFO] [stderr] warning: `lzf_headers` (manifest) generated 1 warning
[INFO] running `Command { std: "docker" "create" "-v" "/var/lib/crater-agent-workspace/builds/worker-7-tc2/source:/opt/rustwide/workdir:ro,Z" "-v" "/var/lib/crater-agent-workspace/builds/worker-7-tc2/target:/opt/rustwide/target:rw,Z" "-v" "/var/lib/crater-agent-workspace/cargo-home:/opt/rustwide/cargo-home:ro,Z" "-v" "/var/lib/crater-agent-workspace/rustup-home:/opt/rustwide/rustup-home:ro,Z" "-m" "1610612736" "--network" "none" "ghcr.io/rust-lang/crates-build-env/linux@sha256:77db811e55d90add9212f6832c23229e3de5f1c1f9905e8cb07319ea15df73ac" "sleep" "infinity", kill_on_drop: false }`
[INFO] [stdout] 75a7945d68ee566116dc913f7458cec596bd41074e9c843c52df69d52b371bbb
[INFO] running `Command { std: "docker" "start" "75a7945d68ee566116dc913f7458cec596bd41074e9c843c52df69d52b371bbb", kill_on_drop: false }`
[INFO] running `Command { std: "docker" "inspect" "75a7945d68ee566116dc913f7458cec596bd41074e9c843c52df69d52b371bbb", kill_on_drop: false }`
[INFO] running `Command { std: "docker" "exec" "-e" "SOURCE_DIR=/opt/rustwide/workdir" "-e" "CARGO_HOME=/opt/rustwide/cargo-home" "-e" "RUSTUP_HOME=/opt/rustwide/rustup-home" "-e" "CARGO_TARGET_DIR=/opt/rustwide/target" "-w" "/opt/rustwide/workdir" "--user" "0:0" "75a7945d68ee566116dc913f7458cec596bd41074e9c843c52df69d52b371bbb" "/opt/rustwide/cargo-home/bin/cargo" "+1.100.0-beta.1" "metadata" "--no-deps" "--format-version=1", kill_on_drop: false }`
[INFO] running `Command { std: "docker" "inspect" "75a7945d68ee566116dc913f7458cec596bd41074e9c843c52df69d52b371bbb", kill_on_drop: false }`
[INFO] running `Command { std: "docker" "exec" "-e" "SOURCE_DIR=/opt/rustwide/workdir" "-e" "CARGO_HOME=/opt/rustwide/cargo-home" "-e" "RUSTUP_HOME=/opt/rustwide/rustup-home" "-e" "CARGO_TARGET_DIR=/opt/rustwide/target" "-e" "CARGO_INCREMENTAL=0" "-e" "RUST_BACKTRACE=full" "-e" "RUSTFLAGS=--cap-lints=warn" "-e" "RUSTDOCFLAGS=--cap-lints=warn" "-w" "/opt/rustwide/workdir" "--user" "0:0" "75a7945d68ee566116dc913f7458cec596bd41074e9c843c52df69d52b371bbb" "/opt/rustwide/cargo-home/bin/cargo" "+1.100.0-beta.1" "build" "--frozen" "--message-format=json" "--release", kill_on_drop: false }`
[INFO] [stderr] warning: Cargo.toml: `package.edition` is unspecified, defaulting to `2015` while the latest is `2024`
[INFO] [stderr] warning: `lzf_headers` (manifest) generated 1 warning
[INFO] [stderr]    Compiling lzf v0.3.2
[INFO] [stderr]    Compiling lzf_headers v0.1.1 (/opt/rustwide/workdir)
[INFO] [stderr]     Finished `release` profile [optimized] target(s) in 0.54s
[INFO] running `Command { std: "docker" "inspect" "75a7945d68ee566116dc913f7458cec596bd41074e9c843c52df69d52b371bbb", kill_on_drop: false }`
[INFO] running `Command { std: "docker" "exec" "-e" "SOURCE_DIR=/opt/rustwide/workdir" "-e" "CARGO_HOME=/opt/rustwide/cargo-home" "-e" "RUSTUP_HOME=/opt/rustwide/rustup-home" "-e" "CARGO_TARGET_DIR=/opt/rustwide/target" "-e" "CARGO_INCREMENTAL=0" "-e" "RUST_BACKTRACE=full" "-e" "RUSTFLAGS=--cap-lints=warn" "-e" "RUSTDOCFLAGS=--cap-lints=warn" "-w" "/opt/rustwide/workdir" "--user" "0:0" "75a7945d68ee566116dc913f7458cec596bd41074e9c843c52df69d52b371bbb" "/opt/rustwide/cargo-home/bin/cargo" "+1.100.0-beta.1" "test" "--frozen" "--no-run" "--message-format=json" "--release", kill_on_drop: false }`
[INFO] [stderr] warning: Cargo.toml: `package.edition` is unspecified, defaulting to `2015` while the latest is `2024`
[INFO] [stderr] warning: `lzf_headers` (manifest) generated 1 warning
[INFO] [stderr]    Compiling lzf_headers v0.1.1 (/opt/rustwide/workdir)
[INFO] [stderr]     Finished `release` profile [optimized] target(s) in 0.48s
[INFO] running `Command { std: "docker" "inspect" "75a7945d68ee566116dc913f7458cec596bd41074e9c843c52df69d52b371bbb", kill_on_drop: false }`
[INFO] running `Command { std: "docker" "exec" "-e" "SOURCE_DIR=/opt/rustwide/workdir" "-e" "CARGO_HOME=/opt/rustwide/cargo-home" "-e" "RUSTUP_HOME=/opt/rustwide/rustup-home" "-e" "CARGO_TARGET_DIR=/opt/rustwide/target" "-e" "CARGO_INCREMENTAL=0" "-e" "RUST_BACKTRACE=full" "-e" "RUSTFLAGS=--cap-lints=warn" "-e" "RUSTDOCFLAGS=--cap-lints=warn" "-w" "/opt/rustwide/workdir" "--user" "0:0" "75a7945d68ee566116dc913f7458cec596bd41074e9c843c52df69d52b371bbb" "/opt/rustwide/cargo-home/bin/cargo" "+1.100.0-beta.1" "test" "--frozen" "--release", kill_on_drop: false }`
[INFO] [stderr] warning: Cargo.toml: `package.edition` is unspecified, defaulting to `2015` while the latest is `2024`
[INFO] [stderr] warning: `lzf_headers` (manifest) generated 1 warning
[INFO] [stderr]     Finished `release` profile [optimized] target(s) in 0.02s
[INFO] [stderr]      Running unittests src/lib.rs (/opt/rustwide/target/release/build/lzf_headers/6671cebc95f2c3eb/out/lzf_headers-6671cebc95f2c3eb)
[INFO] [stdout] 
[INFO] [stdout] running 2 tests
[INFO] [stdout] test tests::test_compress_decompress ... ok
[INFO] [stderr]    Doc-tests lzf_headers
[INFO] [stdout] test tests::test_decompress ... ok
[INFO] [stdout] 
[INFO] [stdout] test result: ok. 2 passed; 0 failed; 0 ignored; 0 measured; 0 filtered out; finished in 0.00s
[INFO] [stdout] 
[INFO] [stdout] 
[INFO] [stdout] running 2 tests
[INFO] [stdout] test src/lib.rs - compress_lzf (line 28) ... FAILED
[INFO] [stdout] test src/lib.rs - decompress_lzf (line 10) ... FAILED
[INFO] [stdout] 
[INFO] [stdout] failures:
[INFO] [stdout] 
[INFO] [stdout] ---- src/lib.rs - compress_lzf (line 28) stdout ----
[INFO] [stdout] error: expected `;`, found keyword `match`
[INFO] [stdout]   --> src/lib.rs:29:67
[INFO] [stdout]    |
[INFO] [stdout] 29 | let test_string = "An adequately long string. Longer than this..."
[INFO] [stdout]    |                                                                   ^ help: add `;` here
[INFO] [stdout] 30 | match compress_lzf(test_string.as_bytes()) {
[INFO] [stdout]    | ----- unexpected token
[INFO] [stdout] 
[INFO] [stdout] error: expected one of `,`, `.`, `?`, `}`, or an operator, found `=>`
[INFO] [stdout]   --> src/lib.rs:32:16
[INFO] [stdout]    |
[INFO] [stdout] 32 |     Err(error) => // Handle error
[INFO] [stdout]    |                ^^ expected one of `,`, `.`, `?`, `}`, or an operator
[INFO] [stdout] 
[INFO] [stdout] error[E0425]: cannot find function `compress_lzf` in this scope
[INFO] [stdout]   --> src/lib.rs:30:7
[INFO] [stdout]    |
[INFO] [stdout] 30 | match compress_lzf(test_string.as_bytes()) {
[INFO] [stdout]    |       ^^^^^^^^^^^^ not found in this scope
[INFO] [stdout] 
[INFO] [stdout] error: aborting due to 3 previous errors
[INFO] [stdout] 
[INFO] [stdout] For more information about this error, try `rustc --explain E0425`.
[INFO] [stdout] Couldn't compile the test.
[INFO] [stdout] ---- src/lib.rs - decompress_lzf (line 10) stdout ----
[INFO] [stdout] error: unexpected token: `...`
[INFO] [stdout]   --> src/lib.rs:11:26
[INFO] [stdout]    |
[INFO] [stdout] 11 | let compressed_content = ...
[INFO] [stdout]    |                          ^^^
[INFO] [stdout]    |
[INFO] [stdout] help: use `..` for an exclusive range
[INFO] [stdout]    |
[INFO] [stdout] 11 - let compressed_content = ...
[INFO] [stdout] 11 + let compressed_content = ..
[INFO] [stdout]    |
[INFO] [stdout] help: or `..=` for an inclusive range
[INFO] [stdout]    |
[INFO] [stdout] 11 - let compressed_content = ...
[INFO] [stdout] 11 + let compressed_content = ..=
[INFO] [stdout]    |
[INFO] [stdout] 
[INFO] [stdout] error: expected expression, found `}`
[INFO] [stdout]   --> src/lib.rs:15:1
[INFO] [stdout]    |
[INFO] [stdout] 14 |     Err(error) => // Handle error
[INFO] [stdout]    |                -- while parsing the `match` arm starting here
[INFO] [stdout] 15 | };
[INFO] [stdout]    | ^ expected expression
[INFO] [stdout] 
[INFO] [stdout] error[E0425]: cannot find value `compressed_content` in this scope
[INFO] [stdout]   --> src/lib.rs:12:22
[INFO] [stdout]    |
[INFO] [stdout] 12 | match decompress_lzf(compressed_content) {
[INFO] [stdout]    |                      ^^^^^^^^^^^^^^^^^^ not found in this scope
[INFO] [stdout] 
[INFO] [stdout] error[E0425]: cannot find function `decompress_lzf` in this scope
[INFO] [stdout]   --> src/lib.rs:12:7
[INFO] [stdout]    |
[INFO] [stdout] 12 | match decompress_lzf(compressed_content) {
[INFO] [stdout]    |       ^^^^^^^^^^^^^^ not found in this scope
[INFO] [stdout] 
[INFO] [stdout] error: aborting due to 4 previous errors
[INFO] [stdout] 
[INFO] [stdout] For more information about this error, try `rustc --explain E0425`.
[INFO] [stdout] Couldn't compile the test.
[INFO] [stdout] 
[INFO] [stdout] failures:
[INFO] [stdout]     src/lib.rs - compress_lzf (line 28)
[INFO] [stdout]     src/lib.rs - decompress_lzf (line 10)
[INFO] [stdout] 
[INFO] [stdout] test result: FAILED. 0 passed; 2 failed; 0 ignored; 0 measured; 0 filtered out; finished in 0.22s
[INFO] [stdout] 
[INFO] [stderr] error: doctest failed, to rerun pass `--doc`
[INFO] running `Command { std: "docker" "inspect" "75a7945d68ee566116dc913f7458cec596bd41074e9c843c52df69d52b371bbb", kill_on_drop: false }`
[INFO] running `Command { std: "docker" "rm" "-f" "75a7945d68ee566116dc913f7458cec596bd41074e9c843c52df69d52b371bbb", kill_on_drop: false }`
[INFO] [stdout] 75a7945d68ee566116dc913f7458cec596bd41074e9c843c52df69d52b371bbb
