[INFO] fetching crate lyrn 2.12.0...
[INFO] testing lyrn-2.12.0 against 1.99.0-beta.8+cargoflags=--release for beta-release-1.100-2
[INFO] extracting crate lyrn 2.12.0 into /workspace/builds/worker-0-tc1/source
[INFO] started tweaking crates.io crate lyrn 2.12.0
[INFO] removed 0 missing tests
[INFO] finished tweaking crates.io crate lyrn 2.12.0
[INFO] tweaked toml for crates.io crate lyrn 2.12.0 written to /workspace/builds/worker-0-tc1/source/Cargo.toml
[INFO] validating manifest of crates.io crate lyrn 2.12.0 on toolchain 1.99.0-beta.8
[INFO] running `Command { std: CARGO_HOME="/workspace/cargo-home" RUSTUP_HOME="/workspace/rustup-home" "/workspace/cargo-home/bin/cargo" "+1.99.0-beta.8" "metadata" "--manifest-path" "Cargo.toml" "--no-deps", kill_on_drop: false }`
[INFO] crate crates.io crate lyrn 2.12.0 already has a lockfile, it will not be regenerated
[INFO] running `Command { std: CARGO_HOME="/workspace/cargo-home" RUSTUP_HOME="/workspace/rustup-home" "/workspace/cargo-home/bin/cargo" "+1.99.0-beta.8" "fetch" "--manifest-path" "Cargo.toml", kill_on_drop: false }`
[INFO] [stderr]     Updating crates.io index
[INFO] [stderr]  Downloading crates ...
[INFO] [stderr]   Downloaded serde_spanned v1.1.2
[INFO] [stderr]   Downloaded toml v1.1.8+spec-1.1.0
[INFO] [stderr]   Downloaded yaml-rust2 v0.13.0
[INFO] [stderr]   Downloaded toml_writer v1.1.3+spec-1.1.0
[INFO] [stderr]   Downloaded winresource v0.1.34
[INFO] [stderr]   Downloaded rustls-native-certs v0.8.5
[INFO] [stderr]   Downloaded rustls-platform-verifier-android v0.2.0
[INFO] [stderr]   Downloaded rustls-platform-verifier v0.7.1
[INFO] [stderr]   Downloaded liquid-core v0.26.11
[INFO] [stderr]   Downloaded kstring v2.0.2
[INFO] [stderr]   Downloaded anymap2 v0.13.0
[INFO] [stderr]   Downloaded liquid v0.26.11
[INFO] [stderr]   Downloaded liquid-derive v0.26.10
[INFO] [stderr]   Downloaded dialoguer v0.12.0
[INFO] [stderr]   Downloaded liquid-lib v0.26.11
[INFO] running `Command { std: "docker" "create" "-v" "/var/lib/crater-agent-workspace/builds/worker-0-tc1/source:/opt/rustwide/workdir:ro,Z" "-v" "/var/lib/crater-agent-workspace/builds/worker-0-tc1/target:/opt/rustwide/target:rw,Z" "-v" "/var/lib/crater-agent-workspace/cargo-home:/opt/rustwide/cargo-home:ro,Z" "-v" "/var/lib/crater-agent-workspace/rustup-home:/opt/rustwide/rustup-home:ro,Z" "-m" "1610612736" "--network" "none" "ghcr.io/rust-lang/crates-build-env/linux@sha256:77db811e55d90add9212f6832c23229e3de5f1c1f9905e8cb07319ea15df73ac" "sleep" "infinity", kill_on_drop: false }`
[INFO] [stdout] 3e721a4df0e3147dde47076ae75423c994678c5eb5b327ff4ba5be2ec2d8b95d
[INFO] running `Command { std: "docker" "start" "3e721a4df0e3147dde47076ae75423c994678c5eb5b327ff4ba5be2ec2d8b95d", kill_on_drop: false }`
[INFO] running `Command { std: "docker" "inspect" "3e721a4df0e3147dde47076ae75423c994678c5eb5b327ff4ba5be2ec2d8b95d", kill_on_drop: false }`
[INFO] running `Command { std: "docker" "exec" "-e" "SOURCE_DIR=/opt/rustwide/workdir" "-e" "CARGO_HOME=/opt/rustwide/cargo-home" "-e" "RUSTUP_HOME=/opt/rustwide/rustup-home" "-e" "CARGO_TARGET_DIR=/opt/rustwide/target" "-w" "/opt/rustwide/workdir" "--user" "0:0" "3e721a4df0e3147dde47076ae75423c994678c5eb5b327ff4ba5be2ec2d8b95d" "/opt/rustwide/cargo-home/bin/cargo" "+1.99.0-beta.8" "metadata" "--no-deps" "--format-version=1", kill_on_drop: false }`
[INFO] running `Command { std: "docker" "inspect" "3e721a4df0e3147dde47076ae75423c994678c5eb5b327ff4ba5be2ec2d8b95d", kill_on_drop: false }`
[INFO] running `Command { std: "docker" "exec" "-e" "SOURCE_DIR=/opt/rustwide/workdir" "-e" "CARGO_HOME=/opt/rustwide/cargo-home" "-e" "RUSTUP_HOME=/opt/rustwide/rustup-home" "-e" "CARGO_TARGET_DIR=/opt/rustwide/target" "-e" "CARGO_INCREMENTAL=0" "-e" "RUST_BACKTRACE=full" "-e" "RUSTFLAGS=--cap-lints=warn" "-e" "RUSTDOCFLAGS=--cap-lints=warn" "-w" "/opt/rustwide/workdir" "--user" "0:0" "3e721a4df0e3147dde47076ae75423c994678c5eb5b327ff4ba5be2ec2d8b95d" "/opt/rustwide/cargo-home/bin/cargo" "+1.99.0-beta.8" "build" "--frozen" "--message-format=json" "--release", kill_on_drop: false }`
[INFO] [stderr]    Compiling libc v0.2.190
[INFO] [stderr]    Compiling zeroize v1.9.1
[INFO] [stderr]    Compiling aws-lc-rs v1.18.2
[INFO] [stderr]    Compiling smallvec v1.16.3
[INFO] [stderr]    Compiling cfg-if v1.0.5
[INFO] [stderr]    Compiling futures-sink v0.3.34
[INFO] [stderr]    Compiling syn v3.0.9
[INFO] [stderr]    Compiling bitflags v2.13.2
[INFO] [stderr]    Compiling rustls v0.23.45
[INFO] [stderr]    Compiling regex-automata v0.4.18
[INFO] [stderr]    Compiling hashbrown v0.17.1
[INFO] [stderr]    Compiling want v0.3.2
[INFO] [stderr]    Compiling syn v2.0.119
[INFO] [stderr]    Compiling deranged v0.5.9
[INFO] [stderr]    Compiling crc32fast v1.5.2
[INFO] [stderr]    Compiling rustix v1.1.5
[INFO] [stderr]    Compiling itertools v0.14.0
[INFO] [stderr]    Compiling futures-util v0.3.34
[INFO] [stderr]    Compiling rustls-pki-types v1.15.1
[INFO] [stderr]    Compiling futures-channel v0.3.34
[INFO] [stderr]    Compiling sync_wrapper v1.0.2
[INFO] [stderr]    Compiling anymap2 v0.13.0
[INFO] [stderr]    Compiling base64 v0.23.1
[INFO] [stderr]    Compiling ipnet v2.12.2
[INFO] [stderr]    Compiling miniz_oxide v0.9.1
[INFO] [stderr]    Compiling rustls-native-certs v0.8.5
[INFO] [stderr]    Compiling log v0.4.34
[INFO] [stderr]    Compiling winnow v1.0.4
[INFO] [stderr]    Compiling clap_lex v1.1.1
[INFO] [stderr]    Compiling http-body-util v0.1.5
[INFO] [stderr]    Compiling indexmap v2.14.2
[INFO] [stderr]    Compiling toml_parser v1.1.5+spec-1.1.0
[INFO] [stderr]    Compiling flate2 v1.1.10
[INFO] [stderr]    Compiling hashlink v0.12.2
[INFO] [stderr]    Compiling jobserver v0.1.35
[INFO] [stderr]    Compiling mio v1.2.4
[INFO] [stderr]    Compiling socket2 v0.6.5
[INFO] [stderr]    Compiling cc v1.8.0
[INFO] [stderr]    Compiling getrandom v0.4.3
[INFO] [stderr]    Compiling console v0.16.6
[INFO] [stderr]    Compiling clap_builder v4.6.7
[INFO] [stderr]    Compiling tokio v1.53.2
[INFO] [stderr]    Compiling time v0.3.55
[INFO] [stderr]    Compiling serde_spanned v1.1.2
[INFO] [stderr]    Compiling tempfile v3.27.0
[INFO] [stderr]    Compiling toml_datetime v1.1.2+spec-1.1.0
[INFO] [stderr]    Compiling lyrn v2.12.0 (/opt/rustwide/workdir)
[INFO] [stderr]    Compiling arraydeque v0.5.1
[INFO] [stderr]    Compiling toml_writer v1.1.3+spec-1.1.0
[INFO] [stderr]    Compiling shell-words v1.1.1
[INFO] [stderr]    Compiling yaml-rust2 v0.13.0
[INFO] [stderr]    Compiling cmake v0.1.58
[INFO] [stderr]    Compiling dialoguer v0.12.0
[INFO] [stderr]    Compiling toml v1.1.8+spec-1.1.0
[INFO] [stderr]    Compiling chrono v0.4.45
[INFO] [stderr]    Compiling png v0.18.1
[INFO] [stderr]    Compiling regex v1.13.1
[INFO] [stderr]    Compiling liquid-derive v0.26.10
[INFO] [stderr]    Compiling psm v0.1.24
[INFO] [stderr]    Compiling stacker v0.1.25
[INFO] [stderr]    Compiling aws-lc-sys v0.46.0
[INFO] [stderr]    Compiling synstructure v0.14.0
[INFO] [stderr]    Compiling pest v2.9.3
[INFO] [stderr]    Compiling pest_meta v2.9.3
[INFO] [stderr]    Compiling zerofrom-derive v0.1.8
[INFO] [stderr]    Compiling yoke-derive v0.8.4
[INFO] [stderr]    Compiling zerovec-derive v0.11.6
[INFO] [stderr]    Compiling displaydoc v0.2.7
[INFO] [stderr]    Compiling zerofrom v0.1.8
[INFO] [stderr]    Compiling serde_derive v1.0.229
[INFO] [stderr]    Compiling pest_generator v2.9.3
[INFO] [stderr]    Compiling yoke v0.8.3
[INFO] [stderr]    Compiling clap_derive v4.6.7
[INFO] [stderr]    Compiling zerotrie v0.2.5
[INFO] [stderr]    Compiling zerovec v0.11.8
[INFO] [stderr]    Compiling pest_derive v2.9.3
[INFO] [stderr]    Compiling hyper v1.12.0
[INFO] [stderr]    Compiling tower v0.5.3
[INFO] [stderr]    Compiling tinystr v0.8.4
[INFO] [stderr]    Compiling icu_locale_core v2.3.0
[INFO] [stderr]    Compiling potential_utf v0.1.6
[INFO] [stderr]    Compiling icu_collections v2.3.0
[INFO] [stderr]    Compiling hyper-util v0.1.21
[INFO] [stderr]    Compiling clap v4.6.7
[INFO] [stderr]    Compiling icu_provider v2.3.1
[INFO] [stderr]    Compiling icu_normalizer v2.3.0
[INFO] [stderr]    Compiling icu_properties v2.3.0
[INFO] [stderr]    Compiling serde v1.0.229
[INFO] [stderr]    Compiling kstring v2.0.2
[INFO] [stderr]    Compiling liquid-core v0.26.11
[INFO] [stderr]    Compiling idna_adapter v1.2.2
[INFO] [stderr]    Compiling idna v1.1.0
[INFO] [stderr]    Compiling url v2.5.8
[INFO] [stderr]    Compiling liquid-lib v0.26.11
[INFO] [stderr]    Compiling tower-http v0.6.11
[INFO] [stderr]    Compiling liquid v0.26.11
[INFO] [stderr]    Compiling rustls-webpki v0.103.15
[INFO] [stderr]    Compiling tokio-rustls v0.26.6
[INFO] [stderr]    Compiling rustls-platform-verifier v0.7.1
[INFO] [stderr]    Compiling hyper-rustls v0.27.10
[INFO] [stderr]    Compiling reqwest v0.13.5
[INFO] [stderr]     Finished `release` profile [optimized] target(s) in 2m 20s
[INFO] running `Command { std: "docker" "inspect" "3e721a4df0e3147dde47076ae75423c994678c5eb5b327ff4ba5be2ec2d8b95d", kill_on_drop: false }`
[INFO] running `Command { std: "docker" "exec" "-e" "SOURCE_DIR=/opt/rustwide/workdir" "-e" "CARGO_HOME=/opt/rustwide/cargo-home" "-e" "RUSTUP_HOME=/opt/rustwide/rustup-home" "-e" "CARGO_TARGET_DIR=/opt/rustwide/target" "-e" "CARGO_INCREMENTAL=0" "-e" "RUST_BACKTRACE=full" "-e" "RUSTFLAGS=--cap-lints=warn" "-e" "RUSTDOCFLAGS=--cap-lints=warn" "-w" "/opt/rustwide/workdir" "--user" "0:0" "3e721a4df0e3147dde47076ae75423c994678c5eb5b327ff4ba5be2ec2d8b95d" "/opt/rustwide/cargo-home/bin/cargo" "+1.99.0-beta.8" "test" "--frozen" "--no-run" "--message-format=json" "--release", kill_on_drop: false }`
[INFO] [stderr]    Compiling regex-automata v0.4.18
[INFO] [stderr]    Compiling predicates-core v1.0.10
[INFO] [stderr]    Compiling float-cmp v0.10.0
[INFO] [stderr]    Compiling normalize-line-endings v0.3.0
[INFO] [stderr]    Compiling difflib v0.4.0
[INFO] [stderr]    Compiling assert_cmd v2.2.2
[INFO] [stderr]    Compiling termtree v0.5.1
[INFO] [stderr]    Compiling wait-timeout v0.2.1
[INFO] [stderr]    Compiling predicates-tree v1.0.13
[INFO] [stderr]    Compiling regex v1.13.1
[INFO] [stderr]    Compiling bstr v1.13.1
[INFO] [stderr]    Compiling liquid-core v0.26.11
[INFO] [stderr]    Compiling predicates v3.1.4
[INFO] [stderr]    Compiling liquid-lib v0.26.11
[INFO] [stderr]    Compiling liquid v0.26.11
[INFO] [stderr]    Compiling lyrn v2.12.0 (/opt/rustwide/workdir)
[INFO] [stderr]     Finished `release` profile [optimized] target(s) in 1m 04s
[INFO] running `Command { std: "docker" "inspect" "3e721a4df0e3147dde47076ae75423c994678c5eb5b327ff4ba5be2ec2d8b95d", kill_on_drop: false }`
[INFO] running `Command { std: "docker" "exec" "-e" "SOURCE_DIR=/opt/rustwide/workdir" "-e" "CARGO_HOME=/opt/rustwide/cargo-home" "-e" "RUSTUP_HOME=/opt/rustwide/rustup-home" "-e" "CARGO_TARGET_DIR=/opt/rustwide/target" "-e" "CARGO_INCREMENTAL=0" "-e" "RUST_BACKTRACE=full" "-e" "RUSTFLAGS=--cap-lints=warn" "-e" "RUSTDOCFLAGS=--cap-lints=warn" "-w" "/opt/rustwide/workdir" "--user" "0:0" "3e721a4df0e3147dde47076ae75423c994678c5eb5b327ff4ba5be2ec2d8b95d" "/opt/rustwide/cargo-home/bin/cargo" "+1.99.0-beta.8" "test" "--frozen" "--release", kill_on_drop: false }`
[INFO] [stderr]     Finished `release` profile [optimized] target(s) in 0.22s
[INFO] [stderr]      Running unittests src/main.rs (/opt/rustwide/target/release/deps/lyrn-13d134cf8d97fccc)
[INFO] [stdout] 
[INFO] [stdout] running 227 tests
[INFO] [stdout] test commands::doctor::ai::tests::an_ignore_line_is_compared_by_what_it_keeps_out ... ok
[INFO] [stdout] test commands::doctor::assets::tests::a_level_reads_at_its_size ... ok
[INFO] [stdout] test commands::doctor::assets::tests::an_svg_copy_is_the_same_whatever_its_line_endings ... ok
[INFO] [stdout] test commands::doctor::audit::tests::what_is_not_an_audit_of_the_repository_covers_nothing ... ok
[INFO] [stdout] test commands::doctor::audit::tests::a_job_audits_where_its_defaults_and_its_flags_say ... ok
[INFO] [stdout] test commands::doctor::authors::tests::a_history_of_one_owner_is_known ... ok
[INFO] [stdout] test commands::doctor::authors::tests::a_misspelt_name_at_the_same_address_is_somebody_else ... ok
[INFO] [stdout] test commands::doctor::authors::tests::an_alias_is_unknown_until_mapped ... ok
[INFO] [stdout] test commands::doctor::authors::tests::someone_named_in_the_mailmap_is_known_and_an_assistant_is_left_to_ai_traces ... ok
[INFO] [stdout] test commands::doctor::authors::tests::the_log_reads_authors_and_co_authors ... ok
[INFO] [stdout] test commands::doctor::authors::tests::without_an_owner_the_mailmap_is_the_whole_list ... ok
[INFO] [stdout] test commands::doctor::git::tests::the_map_names_the_people_aliases_resolve_to ... ok
[INFO] [stdout] test commands::doctor::git::tests::a_name_spelt_differently_is_another_identity ... ok
[INFO] [stdout] test commands::doctor::git::tests::a_trailer_value_is_a_person ... ok
[INFO] [stdout] test commands::doctor::git::tests::each_form_of_a_mailmap_line_maps_as_git_maps_it ... ok
[INFO] [stdout] test commands::doctor::ico::tests::a_bitmap_entry_is_read_as_bgra ... ok
[INFO] [stdout] test commands::doctor::ai::tests::a_pattern_keeps_out_what_git_would ... ok
[INFO] [stdout] test commands::doctor::ico::tests::putting_the_largest_first_keeps_every_image ... ok
[INFO] [stdout] test commands::doctor::ico::tests::the_share_of_plate_tells_the_tile_from_the_plate ... ok
[INFO] [stdout] test commands::doctor::language::tests::a_sentence_is_prose_and_a_name_is_not ... ok
[INFO] [stdout] test commands::doctor::language::tests::a_subject_in_another_language_is_found ... ok
[INFO] [stdout] test commands::doctor::ico::tests::the_container_is_read_in_its_own_order ... ok
[INFO] [stdout] test commands::doctor::ai::tests::a_stamp_is_a_trailer_naming_an_assistant_or_a_generated_line ... ok
[INFO] [stdout] test commands::doctor::audit::tests::the_standard_audit_covers_the_top ... ok
[INFO] [stdout] test commands::doctor::ai::tests::the_stamped_commits_are_named_by_hash ... ok
[INFO] [stdout] test commands::doctor::language::tests::a_page_says_in_its_own_voice_what_is_not_code_or_emphasis ... ok
[INFO] [stdout] test commands::doctor::language::tests::a_translation_is_where_its_language_is_named ... ok
[INFO] [stdout] test commands::doctor::language::tests::in_a_test_only_the_comments_are_read ... ok
[INFO] [stdout] test commands::doctor::actions::tests::a_version_has_a_major_and_a_branch_has_none ... ok
[INFO] [stdout] test commands::doctor::actions::tests::an_organisation_covers_its_actions ... ok
[INFO] [stdout] test commands::doctor::node::tests::the_pin_is_added_as_the_file_writes_its_fields ... ok
[INFO] [stdout] test commands::doctor::private::tests::the_top_of_a_disk_and_the_temporary_directory_are_nobody_s ... ok
[INFO] [stdout] test commands::doctor::assets::tests::a_copy_is_held_to_the_master_its_place_calls_for ... ok
[INFO] [stdout] test commands::doctor::private::tests::a_path_into_the_place_of_projects_names_what_it_points_at ... ok
[INFO] [stdout] test commands::doctor::node::tests::the_standard_is_read_from_the_templates ... ok
[INFO] [stdout] test commands::doctor::language::tests::a_word_typed_in_two_layouts_is_found ... ok
[INFO] [stdout] test commands::doctor::readme::tests::a_section_of_the_manual_is_named_and_sent_away ... ok
[INFO] [stdout] test commands::doctor::language::tests::comments_are_told_from_code_and_strings ... ok
[INFO] [stdout] test commands::doctor::language::tests::in_code_the_comments_speak_and_the_strings_hold_values ... ok
[INFO] [stdout] test commands::doctor::private::tests::a_home_is_found_in_every_spelling ... ok
[INFO] [stdout] test commands::doctor::language::tests::values_are_not_sentences ... ok
[INFO] [stdout] test commands::doctor::node::tests::a_node_version_has_a_major ... ok
[INFO] [stdout] test commands::doctor::readme::tests::a_long_file_holds_pages_whatever_its_blocks ... ok
[INFO] [stdout] test commands::doctor::msrv::tests::a_number_or_a_channel_in_the_workflow_is_named ... ok
[INFO] [stdout] test commands::doctor::msrv::tests::the_job_the_templates_write_reads_the_manifest ... ok
[INFO] [stdout] test commands::doctor::msrv::tests::versions_compare_by_number ... ok
[INFO] [stdout] test commands::doctor::language::tests::two_english_words_end_a_run_and_one_does_not ... ok
[INFO] [stdout] test commands::doctor::actions::tests::the_standard_is_read_from_the_templates ... ok
[INFO] [stdout] test commands::doctor::ai::tests::the_block_is_added_once_and_a_shipped_file_stays_shipped ... ok
[INFO] [stdout] test commands::doctor::readme::tests::a_long_paragraph_is_a_page_of_the_docs ... ok
[INFO] [stdout] test commands::doctor::stack::tests::a_version_started_on_a_stale_stack_without_updating_skipped_it ... ok
[INFO] [stdout] test commands::doctor::registry::tests::a_list_that_is_not_one_is_refused ... ok
[INFO] [stdout] test commands::doctor::readme::tests::a_shopfront_passes ... ok
[INFO] [stdout] test commands::doctor::readme::tests::a_title_under_the_banner_says_the_name_twice ... ok
[INFO] [stdout] test commands::doctor::readme::tests::code_tables_and_link_addresses_are_not_words ... ok
[INFO] [stdout] test commands::doctor::report::tests::the_summary_counts_each_rule_once ... ok
[INFO] [stdout] test commands::doctor::readme::tests::list_items_are_measured_one_by_one ... ok
[INFO] [stdout] test commands::doctor::readme::tests::status_is_one_paragraph ... ok
[INFO] [stdout] test commands::doctor::readme::tests::the_promise_comes_before_the_first_section ... ok
[INFO] [stdout] test commands::doctor::registry::tests::the_record_s_repositories_are_examined_and_the_rest_passed_over ... ok
[INFO] [stdout] test commands::doctor::report::tests::a_failure_outweighs_a_warning_in_the_report ... ok
[INFO] [stdout] test commands::doctor::stack::tests::a_version_started_on_a_fresh_stack_kept_the_habit ... ok
[INFO] [stdout] test commands::doctor::stack::tests::a_version_that_updated_while_it_was_built_kept_the_habit ... ok
[INFO] [stdout] test commands::doctor::stack::tests::the_cells_behind_are_named ... ok
[INFO] [stdout] test commands::doctor::stack::tests::versions_compare_by_number ... ok
[INFO] [stdout] test commands::doctor::tests::a_test_s_material_is_told_from_what_ships ... ok
[INFO] [stdout] test commands::doctor::readme::tests::status_says_it_in_two_to_four_lines ... ok
[INFO] [stdout] test commands::doctor::tests::written_text_is_told_by_its_name ... ok
[INFO] [stdout] test commands::doctor::workflows::tests::a_step_starts_where_the_step_or_its_job_says ... ok
[INFO] [stdout] test commands::doctor::workflows::tests::directories_are_compared_as_places ... ok
[INFO] [stdout] test commands::new::tests::a_bad_name_is_refused_before_anything_is_written ... ok
[INFO] [stdout] test commands::template::tests::the_workflow_keeps_its_expressions_whole ... ok
[INFO] [stdout] test commands::doctor::workflows::tests::a_file_github_would_refuse_is_reported ... ok
[INFO] [stdout] test commands::template::tests::the_rust_cache_comes_after_the_project ... ok
[INFO] [stdout] test commands::template::tests::the_workflow_generates_every_combination ... ok
[INFO] [stdout] test commands::doctor::stack::tests::the_standard_is_read_from_the_templates ... ok
[INFO] [stdout] test commands::new::tests::an_unknown_accent_is_refused ... ok
[INFO] [stdout] test generate::tests::a_cut_section_leaves_its_placeholders_unresolved ... ok
[INFO] [stdout] test generate::tests::a_missing_destination_is_fine ... ok
[INFO] [stdout] test generate::tests::a_note_follows_its_file ... ok
[INFO] [stdout] test generate::tests::a_path_that_climbs_out_is_refused ... ok
[INFO] [stdout] test generate::tests::a_file_of_a_requested_addon_is_written ... ok
[INFO] [stdout] test commands::doctor::tests::every_rule_is_explained_under_the_name_it_is_reported_by ... ok
[INFO] [stdout] test generate::tests::a_site_of_another_kind_is_refused ... ok
[INFO] [stdout] test generate::tests::a_section_of_a_requested_addon_is_unwrapped ... ok
[INFO] [stdout] test generate::tests::a_verbatim_file_keeps_its_braces ... ok
[INFO] [stdout] test generate::tests::a_section_of_an_unrequested_addon_is_cut_out ... ok
[INFO] [stdout] test generate::tests::additions_beside_unrelated_files_are_fine ... ok
[INFO] [stdout] test generate::tests::an_addon_asked_for_does_not_bring_in_another ... ok
[INFO] [stdout] test generate::tests::an_empty_destination_is_fine ... ok
[INFO] [stdout] test generate::tests::an_indented_marker_is_still_a_marker ... ok
[INFO] [stdout] test generate::tests::an_inverted_section_is_cut_when_the_addon_is_on ... ok
[INFO] [stdout] test generate::tests::additions_need_a_repository_to_add_to ... ok
[INFO] [stdout] test generate::tests::a_populated_destination_is_refused ... ok
[INFO] [stdout] test generate::tests::additions_name_every_file_in_the_way ... ok
[INFO] [stdout] test generate::tests::a_file_of_an_unrequested_addon_is_not_written ... ok
[INFO] [stdout] test generate::tests::a_file_without_sections_is_untouched ... ok
[INFO] [stdout] test generate::tests::a_path_of_ordinary_names_stays_inside ... ok
[INFO] [stdout] test generate::tests::an_inverted_section_is_kept_when_the_addon_is_off ... ok
[INFO] [stdout] test generate::tests::the_last_entry_of_each_level_closes_it ... ok
[INFO] [stdout] test generate::tests::the_plan_lists_the_directories_it_needs ... ok
[INFO] [stdout] test generate::tests::the_tree_is_the_same_whatever_the_separator ... ok
[INFO] [stdout] test generate::tests::the_two_forms_of_a_section_are_exclusive ... ok
[INFO] [stdout] test generate::tests::renders_contents_into_the_plan ... ok
[INFO] [stdout] test generate::tests::renders_placeholders_in_paths ... ok
[INFO] [stdout] test generate::tests::sections_of_different_addons_are_decided_separately ... ok
[INFO] [stdout] test generate::tests::writes_the_plan_to_disk ... ok
[INFO] [stdout] test host::tests::no_host_is_both_listed_and_planned ... ok
[INFO] [stdout] test host::tests::every_host_offers_at_least_one_target ... ok
[INFO] [stdout] test host::tests::the_prefix_follows_the_line_convention ... ok
[INFO] [stdout] test generate::tests::writing_never_replaces_a_file ... ok
[INFO] [stdout] test host::tests::a_host_that_has_not_arrived_is_refused_differently_from_a_typo ... ok
[INFO] [stdout] test naming::tests::accepts_a_plain_name ... ok
[INFO] [stdout] test naming::tests::accepts_digits_inside ... ok
[INFO] [stdout] test naming::tests::builds_a_title_from_a_hyphenated_name ... ok
[INFO] [stdout] test host::tests::the_only_host_today_is_the_one_with_a_running_implementation ... ok
[INFO] [stdout] test naming::tests::builds_a_type_name_without_the_spaces_a_title_has ... ok
[INFO] [stdout] test naming::tests::builds_the_javascript_spelling_of_a_command_key ... ok
[INFO] [stdout] test naming::tests::every_accent_in_the_registry_is_a_six_digit_colour ... ok
[INFO] [stdout] test naming::tests::every_product_of_the_line_has_its_accent ... ok
[INFO] [stdout] test naming::tests::rejects_a_leading_digit ... ok
[INFO] [stdout] test naming::tests::rejects_a_short_colour ... ok
[INFO] [stdout] test naming::tests::rejects_a_trailing_hyphen ... ok
[INFO] [stdout] test naming::tests::rejects_an_empty_name ... ok
[INFO] [stdout] test naming::tests::rejects_underscores_and_spaces ... ok
[INFO] [stdout] test naming::tests::rejects_uppercase ... ok
[INFO] [stdout] test naming::tests::rejects_a_colour_without_a_hash ... ok
[INFO] [stdout] test naming::tests::resolves_a_literal_colour ... ok
[INFO] [stdout] test render::tests::an_empty_input_renders_empty ... ok
[INFO] [stdout] test naming::tests::resolves_a_product_of_the_line_to_its_mark ... ok
[INFO] [stdout] test render::tests::an_unknown_key_is_an_error_not_an_empty_string ... ok
[INFO] [stdout] test render::tests::leaves_shell_and_js_interpolation_alone ... ok
[INFO] [stdout] test render::tests::substitutes_a_placeholder ... ok
[INFO] [stdout] test render::tests::an_unpaired_open_brace_is_literal ... ok
[INFO] [stdout] test render::tests::leaves_single_braces_alone ... ok
[INFO] [stdout] test render::tests::reports_the_placeholders_a_file_uses ... ok
[INFO] [stdout] test render::tests::substitutes_every_occurrence ... ok
[INFO] [stdout] test render::tests::tolerates_missing_spaces ... ok
[INFO] [stdout] test repo::tests::a_remote_that_is_not_github_names_nothing ... ok
[INFO] [stdout] test repo::tests::a_repository_without_decisions_gets_them ... ok
[INFO] [stdout] test repo::tests::decisions_of_its_own_count_for_the_whole_sequence ... ok
[INFO] [stdout] test repo::tests::a_licence_under_another_name_counts ... ok
[INFO] [stdout] test repo::tests::lyrn_toml_says_the_mark_and_the_standard ... ok
[INFO] [stdout] test generate::tests::an_unknown_placeholder_names_the_file_it_is_in ... ok
[INFO] [stdout] test generate::tests::sections_left_undecided_keep_their_markers ... ok
[INFO] [stdout] test repo::tests::a_github_remote_names_its_repository ... ok
[INFO] [stdout] test generate::tests::the_tree_puts_directories_before_files ... ok
[INFO] [stdout] test template::cargo_generate::tests::a_conditional_applies_when_its_expression_holds ... ok
[INFO] [stdout] test template::cargo_generate::tests::a_file_that_does_not_render_is_kept_as_it_is ... ok
[INFO] [stdout] test template::cargo_generate::tests::a_placeholder_without_a_default_needs_an_answer ... ok
[INFO] [stdout] test template::cargo_generate::tests::a_wrong_answer_is_refused ... ok
[INFO] [stdout] test template::cargo_generate::tests::a_hostile_answer_cannot_write_outside ... ok
[INFO] [stdout] test template::cargo_generate::tests::rhai_hooks_are_refused ... ok
[INFO] [stdout] test template::cargo_generate::tests::the_builtin_variables_and_filters_render ... ok
[INFO] [stdout] test template::cargo_generate::tests::placeholders_come_from_defines_else_defaults ... ok
[INFO] [stdout] test template::cargo_generate::tests::names_render_and_lose_the_liquid_suffix ... ok
[INFO] [stdout] test template::cargo_generate::tests::the_rhai_filter_is_refused_by_name ... ok
[INFO] [stdout] test template::github::tests::a_cancelled_or_timed_out_run_is_a_failure ... ok
[INFO] [stdout] test template::cargo_generate::tests::ignore_exclude_and_include_mean_what_cargo_generate_means ... ok
[INFO] [stdout] test template::cargo_generate::tests::the_template_machinery_is_not_copied ... ok
[INFO] [stdout] test template::cargo_generate::tests::vcs_none_starts_no_repository ... ok
[INFO] [stdout] test template::github::tests::a_refusal_names_the_way_round_it ... ok
[INFO] [stdout] test template::github::tests::commit_statuses_count_as_well ... ok
[INFO] [stdout] test template::github::tests::everything_passed_is_green ... ok
[INFO] [stdout] test template::github::tests::nothing_at_all_is_no_ci ... ok
[INFO] [stdout] test template::github::tests::nothing_but_skips_is_no_ci ... ok
[INFO] [stdout] test template::github::tests::one_failure_among_successes_is_a_failure ... ok
[INFO] [stdout] test template::github::tests::the_peeled_line_wins_in_either_order ... ok
[INFO] [stdout] test template::glob::tests::a_bare_name_matches_at_any_depth ... ok
[INFO] [stdout] test template::github::tests::an_annotated_tag_names_the_commit_it_points_at ... ok
[INFO] [stdout] test template::glob::tests::comments_and_blanks_are_skipped_and_negation_is_refused ... ok
[INFO] [stdout] test template::github::tests::an_unfinished_run_is_running ... ok
[INFO] [stdout] test template::glob::tests::dots_are_literal ... ok
[INFO] [stdout] test template::glob::tests::a_name_with_a_slash_is_anchored ... ok
[INFO] [stdout] test template::tests::a_shape_nobody_can_read_is_refused ... ok
[INFO] [stdout] test template::tests::a_spec_is_read_by_its_shape ... ok
[INFO] [stdout] test template::tests::a_file_cannot_belong_to_two_addons ... ok
[INFO] [stdout] test template::tests::a_newer_lyrn_is_asked_for_by_version ... ok
[INFO] [stdout] test template::tests::a_repository_without_a_tag_is_refused ... ok
[INFO] [stdout] test template::glob::tests::a_directory_takes_everything_under_it ... ok
[INFO] [stdout] test template::tests::a_verbatim_file_may_carry_any_braces ... ok
[INFO] [stdout] test template::tests::an_unclosed_section_is_a_problem ... ok
[INFO] [stdout] test template::tests::an_unknown_variable_is_a_problem ... ok
[INFO] [stdout] test template::tests::a_symbolic_link_in_a_template_is_refused ... ok
[INFO] [stdout] test template::tests::manifest_entries_have_to_name_files ... ok
[INFO] [stdout] test template::tests::origins_say_where_the_files_came_from ... ok
[INFO] [stdout] test template::tests::any_other_hook_is_refused ... ok
[INFO] [stdout] test template::tests::the_hooks_lyrn_runs_itself_are_allowed ... ok
[INFO] [stdout] test templates::community::tests::crates_and_packages_are_held_to_the_same_licenses ... ok
[INFO] [stdout] test templates::community::tests::every_form_that_starts_a_repository_writes_all_of_it ... ok
[INFO] [stdout] test templates::community::tests::the_adr_index_lists_every_decision_in_order ... ok
[INFO] [stdout] test templates::community::tests::the_assistant_patterns_are_the_block_without_its_comment ... ok
[INFO] [stdout] test template::glob::tests::stars_stay_within_a_directory_unless_doubled ... ok
[INFO] [stdout] test templates::docs::tests::every_accepted_advisory_says_why ... ok
[INFO] [stdout] test templates::docs::tests::the_site_audit_runs_in_the_site ... ok
[INFO] [stdout] test commands::new::tests::a_project_without_an_accent_is_recorded_as_unmarked ... ok
[INFO] [stdout] test templates::community::tests::the_audit_covers_the_toolchains_a_form_builds_with ... ok
[INFO] [stdout] test templates::community::tests::the_masters_are_the_umbrella_mark_at_their_levels ... ok
[INFO] [stdout] test templates::community::tests::every_gitignore_keeps_assistant_files_out ... ok
[INFO] [stdout] test templates::dowel::tests::every_copy_a_form_writes_travels_verbatim ... ok
[INFO] [stdout] test template::tests::a_section_of_an_undeclared_addon_is_a_problem ... ok
[INFO] [stdout] test template::tests::every_builtin_form_is_a_template_without_problems ... ok
[INFO] [stdout] test templates::plugin::tests::the_plugin_form_writes_no_file_twice ... ok
[INFO] [stdout] test templates::dowel::tests::the_vendored_version_is_a_version ... ok
[INFO] [stdout] test templates::dowel::tests::every_copy_is_a_component ... ok
[INFO] [stdout] test templates::mono::tests::every_shared_entry_names_a_file_the_spa_form_writes ... ok
[INFO] [stdout] test templates::plugin::tests::every_shared_entry_names_a_file_the_cli_form_writes ... ok
[INFO] [stdout] test templates::plugin::tests::the_form_names_no_host_of_its_own ... ok
[INFO] [stdout] test templates::tests::every_form_has_a_manifest_that_parses ... ok
[INFO] [stdout] test templates::tests::no_template_text_carries_a_carriage_return ... ok
[INFO] [stdout] test templates::mono::tests::the_mono_form_writes_no_file_twice ... ok
[INFO] [stdout] test templates::workspace::tests::every_override_names_a_file_the_cli_form_writes ... ok
[INFO] [stdout] test templates::workspace::tests::nothing_the_cli_form_writes_is_both_overridden_and_relocated ... ok
[INFO] [stdout] test templates::workspace::tests::the_workspace_writes_no_file_twice ... ok
[INFO] [stdout] test templates::tauri_plugin::tests::every_shared_entry_names_a_file_the_cli_form_writes ... ok
[INFO] [stdout] test templates::dowel::tests::every_template_pins_the_dowel_ui_the_copies_came_from ... ok
[INFO] [stdout] test templates::tauri_plugin::tests::the_command_key_is_declared_in_every_place_that_has_to_agree ... ok
[INFO] [stdout] test templates::tauri_plugin::tests::the_tauri_plugin_form_writes_no_file_twice ... ok
[INFO] [stdout] test templates::tests::every_adoptable_form_writes_the_whole_standard ... ok
[INFO] [stdout] test commands::new::tests::an_accent_names_a_product_of_the_line ... ok
[INFO] [stdout] test commands::new::tests::a_repository_that_exists_is_not_started_again ... ok
[INFO] [stdout] test commands::new::tests::the_standard_comes_from_the_manifest ... ok
[INFO] [stdout] test commands::new::tests::a_non_interactive_run_needs_no_answers ... ok
[INFO] [stdout] test commands::new::tests::a_directory_of_a_checkout_is_inside_a_repository ... ok
[INFO] [stdout] test commands::new::tests::spelling_out_the_placeholder_colour_is_not_choosing_a_mark ... ok
[INFO] [stdout] test commands::new::tests::choosing_an_accent_is_choosing_a_mark ... ok
[INFO] [stdout] test commands::template::tests::an_exported_form_generates_what_the_builtin_one_does ... ok
[INFO] [stdout] 
[INFO] [stdout] test result: ok. 227 passed; 0 failed; 0 ignored; 0 measured; 0 filtered out; finished in 0.39s
[INFO] [stdout] 
[INFO] [stderr]      Running tests/adopt.rs (/opt/rustwide/target/release/deps/adopt-0cde838423b7c1a7)
[INFO] [stdout] 
[INFO] [stdout] running 14 tests
[INFO] [stdout] test a_documentation_site_is_not_something_a_repository_is ... ok
[INFO] [stdout] test a_repository_of_no_known_form_is_asked_about ... ok
[INFO] [stdout] test a_repository_without_decisions_gets_the_whole_sequence ... ok
[INFO] [stdout] test what_lyrn_toml_says_wins_over_what_the_files_suggest ... ok
[INFO] [stdout] test a_platform_dependency_decides_the_form_too ... ok
[INFO] [stdout] test a_dry_run_says_what_is_kept_and_writes_nothing ... ok
[INFO] [stdout] test only_what_is_missing_is_added_and_nothing_is_replaced ... ok
[INFO] [stdout] test a_second_run_has_nothing_to_add ... ok
[INFO] [stdout] test binaries_under_src_bin_make_a_program ... ok
[INFO] [stdout] test lyrn_toml_records_what_the_repository_is ... ok
[INFO] [stdout] test a_library_crate_is_not_taken_for_a_command_line_tool ... ok
[INFO] [stdout] test a_product_of_the_line_is_given_its_accent ... ok
[INFO] [stdout] test decisions_of_its_own_are_left_as_they_are ... ok
[INFO] [stdout] test the_form_is_read_from_what_the_repository_holds ... ok
[INFO] [stdout] 
[INFO] [stdout] test result: ok. 14 passed; 0 failed; 0 ignored; 0 measured; 0 filtered out; finished in 0.35s
[INFO] [stdout] 
[INFO] [stderr]      Running tests/description.rs (/opt/rustwide/target/release/deps/description-fbc6c4a5768e856c)
[INFO] [stdout] 
[INFO] [stdout] running 2 tests
[INFO] [stdout] test code_carries_the_description_escaped_for_its_language ... ok
[INFO] [stdout] test every_structured_file_survives_the_description ... ok
[INFO] [stdout] 
[INFO] [stdout] test result: ok. 2 passed; 0 failed; 0 ignored; 0 measured; 0 filtered out; finished in 0.74s
[INFO] [stdout] 
[INFO] [stderr]      Running tests/docs_form.rs (/opt/rustwide/target/release/deps/docs_form-9d33a7336715e3cd)
[INFO] [stdout] 
[INFO] [stdout] running 9 tests
[INFO] [stdout] test a_file_in_the_way_stops_everything_and_every_one_is_named ... ok
[INFO] [stdout] test it_adds_beside_what_is_there_and_changes_none_of_it ... ok
[INFO] [stdout] test nothing_is_left_unrendered ... ok
[INFO] [stdout] test the_site_starts_on_github_pages_under_the_repository_name ... ok
[INFO] [stdout] test a_description_with_punctuation_survives_both_languages ... ok
[INFO] [stdout] test the_default_destination_is_the_directory_it_is_run_in ... ok
[INFO] [stdout] test a_site_of_another_kind_is_refused ... ok
[INFO] [stdout] test a_dry_run_refuses_what_the_run_would_refuse ... ok
[INFO] [stdout] test a_repository_that_is_not_there_is_refused ... ok
[INFO] [stdout] 
[INFO] [stdout] test result: ok. 9 passed; 0 failed; 0 ignored; 0 measured; 0 filtered out; finished in 0.25s
[INFO] [stdout] 
[INFO] [stderr]      Running tests/doctor.rs (/opt/rustwide/target/release/deps/doctor-bf87ec56e5d37e84)
[INFO] [stdout] 
[INFO] [stdout] running 13 tests
[INFO] [stdout] test a_machine_with_nothing_configured_is_told_so ... ok
[INFO] [stdout] test explain_says_why_and_where_to_read_more ... ok
[INFO] [stdout] test a_directory_inside_a_repository_examines_the_whole_of_it ... ok
[INFO] [stdout] test an_icon_cut_from_one_level_fails_at_the_sizes_it_does_not_read ... ok
[INFO] [stdout] test what_ships_speaks_english_and_translations_live_in_their_places ... ok
[INFO] [stdout] test a_shipped_assistant_file_is_un_ignored_by_name ... ok
[INFO] [stdout] test nothing_from_this_computer_is_let_into_the_repository ... ok
[INFO] [stdout] test the_identity_this_machine_commits_as_is_held_to_the_global_one ... ok
[INFO] [stdout] test a_repository_with_the_lessons_unlearnt_fails_each_rule ... ok
[INFO] [stdout] test a_documentation_site_lyrn_adds_is_audited ... ok
[INFO] [stdout] test fix_writes_the_repairs_and_examines_again ... ok
[INFO] [stdout] test many_repositories_are_a_table_and_json_is_one_document ... ok
[INFO] [stderr]      Running tests/forms.rs (/opt/rustwide/target/release/deps/forms-beac3773ed0f169f)
[INFO] [stdout] test every_form_lyrn_writes_passes_its_own_doctor ... ok
[INFO] [stdout] 
[INFO] [stdout] test result: ok. 13 passed; 0 failed; 0 ignored; 0 measured; 0 filtered out; finished in 2.97s
[INFO] [stdout] 
[INFO] [stdout] 
[INFO] [stdout] running 6 tests
[INFO] [stdout] test an_addon_belonging_to_another_form_is_refused ... ok
[INFO] [stdout] test an_unknown_addon_name_is_refused ... ok
[INFO] [stdout] test a_mono_workspace_has_a_home_for_every_file_it_writes ... ok
[INFO] [stdout] test a_workspace_leaves_no_rust_file_outside_its_crates ... ok
[INFO] [stdout] test every_rust_module_a_project_declares_exists ... ok
[INFO] [stderr]      Running tests/init.rs (/opt/rustwide/target/release/deps/init-a8cf6e64d86353c6)
[INFO] [stdout] test every_combination_renders_completely ... ok
[INFO] [stdout] 
[INFO] [stdout] test result: ok. 6 passed; 0 failed; 0 ignored; 0 measured; 0 filtered out; finished in 3.01s
[INFO] [stdout] 
[INFO] [stdout] 
[INFO] [stdout] running 6 tests
[INFO] [stdout] test a_directory_that_does_not_exist_is_for_lyrn_new ... ok
[INFO] [stdout] test one_file_in_the_way_is_spoken_of_as_one ... ok
[INFO] [stdout] test a_dry_run_shows_the_tree_and_writes_nothing ... ok
[INFO] [stdout] test a_file_in_the_way_stops_the_whole_run ... ok
[INFO] [stdout] test a_directory_that_exists_gets_the_project_named_after_it ... ok
[INFO] [stdout] test a_directory_name_that_is_not_a_project_name_asks_for_one ... ok
[INFO] [stdout] 
[INFO] [stdout] test result: ok. 6 passed; 0 failed; 0 ignored; 0 measured; 0 filtered out; finished in 0.10s
[INFO] [stdout] 
[INFO] [stderr]      Running tests/new.rs (/opt/rustwide/target/release/deps/new-fe080493fcca756b)
[INFO] [stdout] 
[INFO] [stdout] running 11 tests
[INFO] [stdout] test refuses_a_name_a_package_could_not_have ... ok
[INFO] [stdout] test lists_its_forms ... ok
[INFO] [stdout] test dry_run_writes_nothing ... ok
[INFO] [stdout] test a_literal_colour_is_accepted_too ... ok
[INFO] [stdout] test refuses_a_destination_that_is_not_empty ... ok
[INFO] [stdout] test the_name_reaches_the_places_that_carry_it ... ok
[INFO] [stdout] test no_generated_file_still_holds_a_placeholder ... ok
[INFO] [stdout] test writes_the_files_the_standard_asks_for ... ok
[INFO] [stdout] test the_verbatim_files_keep_their_own_syntax ... ok
[INFO] [stdout] test records_what_it_was_generated_from ... ok
[INFO] [stdout] test the_accent_of_a_product_of_the_line_lands_in_the_theme ... ok
[INFO] [stdout] 
[INFO] [stdout] test result: ok. 11 passed; 0 failed; 0 ignored; 0 measured; 0 filtered out; finished in 0.11s
[INFO] [stdout] 
[INFO] [stderr]      Running tests/npm_launcher.rs (/opt/rustwide/target/release/deps/npm_launcher-ab6eaf7b6580f3fd)
[INFO] [stdout] 
[INFO] [stdout] running 1 test
[INFO] [stderr]      Running tests/placeholder_icon.rs (/opt/rustwide/target/release/deps/placeholder_icon-0f0353b32df3f8dd)
[INFO] [stdout] test ctrl_c_leaves_the_exit_code_to_the_binary ... ok
[INFO] [stdout] 
[INFO] [stdout] test result: ok. 1 passed; 0 failed; 0 ignored; 0 measured; 0 filtered out; finished in 1.25s
[INFO] [stdout] 
[INFO] [stdout] 
[INFO] [stdout] running 7 tests
[INFO] [stdout] test the_sizes_windows_asks_for_are_there ... ok
[INFO] [stdout] test the_placeholder_is_drawn_in_the_lines_colours ... ok
[INFO] [stdout] test the_placeholder_container_holds_images ... ok
[INFO] [stdout] test the_pwa_icons_are_the_plated_mark_at_their_sizes ... ok
[INFO] [stdout] test every_size_carries_the_level_that_reads_at_it ... ok
[INFO] [stdout] test the_largest_image_comes_first ... ok
[INFO] [stdout] test the_bundled_png_is_the_plated_mark ... ok
[INFO] [stdout] 
[INFO] [stdout] test result: ok. 7 passed; 0 failed; 0 ignored; 0 measured; 0 filtered out; finished in 0.01s
[INFO] [stdout] 
[INFO] [stderr]      Running tests/release_consistency.rs (/opt/rustwide/target/release/deps/release_consistency-e9b242bd3683437b)
[INFO] [stdout] 
[INFO] [stdout] running 15 tests
[INFO] [stdout] test the_three_storefronts_describe_the_same_product ... FAILED
[INFO] [stdout] test the_docs_site_and_the_crate_describe_the_same_product ... FAILED
[INFO] [stdout] test the_docs_site_agrees_with_itself_about_where_it_lives ... FAILED
[INFO] [stdout] test the_npm_package_version_matches_the_crate ... FAILED
[INFO] [stdout] test the_docs_form_ships_the_checks_this_site_builds_with ... FAILED
[INFO] [stdout] test the_npm_wrapper_points_at_the_matching_release ... FAILED
[INFO] [stdout] test lyrn_launches_the_way_the_cli_form_does ... ok
[INFO] [stdout] test every_command_has_a_reference_page ... FAILED
[INFO] [stdout] test the_installers_agree_on_the_repository ... ok
[INFO] [stdout] test every_doctor_rule_has_a_section_on_its_page ... FAILED
[INFO] [stdout] test both_shopfronts_list_exactly_the_forms_the_binary_carries ... FAILED
[INFO] [stdout] test every_command_the_docs_reference_exists_in_the_cli ... FAILED
[INFO] [stdout] test every_command_the_readme_shows_exists_in_the_cli ... ok
[INFO] [stdout] test the_forms_transcript_is_the_one_the_binary_prints ... FAILED
[INFO] [stdout] test every_embedded_template_file_survives_packaging ... FAILED
[INFO] [stdout] 
[INFO] [stdout] failures:
[INFO] [stdout] 
[INFO] [stdout] ---- the_three_storefronts_describe_the_same_product stdout ----
[INFO] [stdout] 
[INFO] [stdout] thread 'the_three_storefronts_describe_the_same_product' (7239) panicked at tests/release_consistency.rs:45:5:
[INFO] [stdout] `description` not found in the [package] block of Cargo.toml
[INFO] [stdout] stack backtrace:
[INFO] [stdout]    0:     0x5616035099d1 - <<std[70759c8f55707aa4]::sys::backtrace::BacktraceLock>::print::DisplayBacktrace as core[df12db4294e9bfd3]::fmt::Display>::fmt
[INFO] [stdout]    1:     0x56160351ea1a - core[df12db4294e9bfd3]::fmt::write
[INFO] [stdout]    2:     0x56160350e32c - <alloc[2182bb758b4b3781]::vec::Vec<u8> as core[df12db4294e9bfd3]::io::write::Write>::write_fmt
[INFO] [stdout]    3:     0x5616034e4c86 - std[70759c8f55707aa4]::panicking::default_hook::{closure#0}
[INFO] [stdout]    4:     0x561603501b09 - std[70759c8f55707aa4]::panicking::default_hook
[INFO] [stdout]    5:     0x56160349cc30 - test[9d35eded1c95d3be]::test_main_inner::<test[9d35eded1c95d3be]::test_main_static::{closure#0}>::{closure#0}
[INFO] [stdout]    6:     0x561603501cc2 - std[70759c8f55707aa4]::panicking::panic_with_hook
[INFO] [stdout]    7:     0x5616034e4d32 - std[70759c8f55707aa4]::panicking::panic_handler::{closure#0}
[INFO] [stdout]    8:     0x5616034dd889 - std[70759c8f55707aa4]::sys::backtrace::__rust_end_short_backtrace::<std[70759c8f55707aa4]::panicking::panic_handler::{closure#0}, !>
[INFO] [stdout]    9:     0x5616034e592d - __rustc[8fa7c3cbc660c2b3]::rust_begin_unwind
[INFO] [stdout]   10:     0x56160351f14c - core[df12db4294e9bfd3]::panicking::panic_fmt
[INFO] [stdout]   11:     0x56160347c586 - release_consistency[d3ac2073ed6c7dca]::cargo_field
[INFO] [stdout]   12:     0x561603480813 - <release_consistency[d3ac2073ed6c7dca]::the_three_storefronts_describe_the_same_product::{closure#0} as core[df12db4294e9bfd3]::ops::function::FnOnce<()>>::call_once
[INFO] [stdout]   13:     0x56160348ff1b - test[9d35eded1c95d3be]::__rust_begin_short_backtrace::<core[df12db4294e9bfd3]::result::Result<(), alloc[2182bb758b4b3781]::string::String>, fn() -> core[df12db4294e9bfd3]::result::Result<(), alloc[2182bb758b4b3781]::string::String>>
[INFO] [stdout]   14:     0x56160349d585 - test[9d35eded1c95d3be]::run_test::{closure#0}
[INFO] [stdout]   15:     0x561603496e44 - std[70759c8f55707aa4]::sys::backtrace::__rust_begin_short_backtrace::<test[9d35eded1c95d3be]::run_test::{closure#1}, ()>
[INFO] [stderr] error: test failed, to rerun pass `--test release_consistency`
[INFO] [stdout]   16:     0x5616034a06e2 - <std[70759c8f55707aa4]::thread::lifecycle::spawn_unchecked<test[9d35eded1c95d3be]::run_test::{closure#1}, ()>::{closure#1} as core[df12db4294e9bfd3]::ops::function::FnOnce<()>>::call_once::{shim:vtable#0}
[INFO] [stdout]   17:     0x561603508f39 - <std[70759c8f55707aa4]::sys::thread::unix::Thread>::new::thread_start
[INFO] [stdout]   18:     0x720e706cfdfa - <unknown>
[INFO] [stdout]   19:     0x720e707633d4 - clone
[INFO] [stdout]   20:                0x0 - <unknown>
[INFO] [stdout] 
[INFO] [stdout] ---- the_docs_site_and_the_crate_describe_the_same_product stdout ----
[INFO] [stdout] 
[INFO] [stdout] thread 'the_docs_site_and_the_crate_describe_the_same_product' (7234) panicked at tests/release_consistency.rs:45:5:
[INFO] [stdout] `description` not found in the [package] block of Cargo.toml
[INFO] [stdout] stack backtrace:
[INFO] [stdout]    0:     0x5616035099d1 - <<std[70759c8f55707aa4]::sys::backtrace::BacktraceLock>::print::DisplayBacktrace as core[df12db4294e9bfd3]::fmt::Display>::fmt
[INFO] [stdout]    1:     0x56160351ea1a - core[df12db4294e9bfd3]::fmt::write
[INFO] [stdout]    2:     0x56160350e32c - <alloc[2182bb758b4b3781]::vec::Vec<u8> as core[df12db4294e9bfd3]::io::write::Write>::write_fmt
[INFO] [stdout]    3:     0x5616034e4c86 - std[70759c8f55707aa4]::panicking::default_hook::{closure#0}
[INFO] [stdout]    4:     0x561603501b09 - std[70759c8f55707aa4]::panicking::default_hook
[INFO] [stdout]    5:     0x56160349cc30 - test[9d35eded1c95d3be]::test_main_inner::<test[9d35eded1c95d3be]::test_main_static::{closure#0}>::{closure#0}
[INFO] [stdout]    6:     0x561603501cc2 - std[70759c8f55707aa4]::panicking::panic_with_hook
[INFO] [stdout]    7:     0x5616034e4d32 - std[70759c8f55707aa4]::panicking::panic_handler::{closure#0}
[INFO] [stdout]    8:     0x5616034dd889 - std[70759c8f55707aa4]::sys::backtrace::__rust_end_short_backtrace::<std[70759c8f55707aa4]::panicking::panic_handler::{closure#0}, !>
[INFO] [stdout]    9:     0x5616034e592d - __rustc[8fa7c3cbc660c2b3]::rust_begin_unwind
[INFO] [stdout]   10:     0x56160351f14c - core[df12db4294e9bfd3]::panicking::panic_fmt
[INFO] [stdout]   11:     0x56160347c586 - release_consistency[d3ac2073ed6c7dca]::cargo_field
[INFO] [stdout]   12:     0x561603482990 - <release_consistency[d3ac2073ed6c7dca]::the_docs_site_and_the_crate_describe_the_same_product::{closure#0} as core[df12db4294e9bfd3]::ops::function::FnOnce<()>>::call_once
[INFO] [stdout]   13:     0x56160348ff1b - test[9d35eded1c95d3be]::__rust_begin_short_backtrace::<core[df12db4294e9bfd3]::result::Result<(), alloc[2182bb758b4b3781]::string::String>, fn() -> core[df12db4294e9bfd3]::result::Result<(), alloc[2182bb758b4b3781]::string::String>>
[INFO] [stdout]   14:     0x56160349d585 - test[9d35eded1c95d3be]::run_test::{closure#0}
[INFO] [stdout]   15:     0x561603496e44 - std[70759c8f55707aa4]::sys::backtrace::__rust_begin_short_backtrace::<test[9d35eded1c95d3be]::run_test::{closure#1}, ()>
[INFO] [stdout]   16:     0x5616034a06e2 - <std[70759c8f55707aa4]::thread::lifecycle::spawn_unchecked<test[9d35eded1c95d3be]::run_test::{closure#1}, ()>::{closure#1} as core[df12db4294e9bfd3]::ops::function::FnOnce<()>>::call_once::{shim:vtable#0}
[INFO] [stdout]   17:     0x561603508f39 - <std[70759c8f55707aa4]::sys::thread::unix::Thread>::new::thread_start
[INFO] [stdout]   18:     0x720e706cfdfa - <unknown>
[INFO] [stdout]   19:     0x720e707633d4 - clone
[INFO] [stdout]   20:                0x0 - <unknown>
[INFO] [stdout] 
[INFO] [stdout] ---- the_docs_site_agrees_with_itself_about_where_it_lives stdout ----
[INFO] [stdout] 
[INFO] [stdout] thread 'the_docs_site_agrees_with_itself_about_where_it_lives' (7233) panicked at tests/release_consistency.rs:22:50:
[INFO] [stdout] cannot read /opt/rustwide/workdir/docs/astro.config.mjs: No such file or directory (os error 2)
[INFO] [stdout] stack backtrace:
[INFO] [stdout]    0:     0x5616035099d1 - <<std[70759c8f55707aa4]::sys::backtrace::BacktraceLock>::print::DisplayBacktrace as core[df12db4294e9bfd3]::fmt::Display>::fmt
[INFO] [stdout]    1:     0x56160351ea1a - core[df12db4294e9bfd3]::fmt::write
[INFO] [stdout]    2:     0x56160350e32c - <alloc[2182bb758b4b3781]::vec::Vec<u8> as core[df12db4294e9bfd3]::io::write::Write>::write_fmt
[INFO] [stdout]    3:     0x5616034e4c86 - std[70759c8f55707aa4]::panicking::default_hook::{closure#0}
[INFO] [stdout]    4:     0x561603501b09 - std[70759c8f55707aa4]::panicking::default_hook
[INFO] [stdout]    5:     0x56160349cc30 - test[9d35eded1c95d3be]::test_main_inner::<test[9d35eded1c95d3be]::test_main_static::{closure#0}>::{closure#0}
[INFO] [stdout]    6:     0x561603501cc2 - std[70759c8f55707aa4]::panicking::panic_with_hook
[INFO] [stdout]    7:     0x5616034e4d32 - std[70759c8f55707aa4]::panicking::panic_handler::{closure#0}
[INFO] [stdout]    8:     0x5616034dd889 - std[70759c8f55707aa4]::sys::backtrace::__rust_end_short_backtrace::<std[70759c8f55707aa4]::panicking::panic_handler::{closure#0}, !>
[INFO] [stdout]    9:     0x5616034e592d - __rustc[8fa7c3cbc660c2b3]::rust_begin_unwind
[INFO] [stdout]   10:     0x56160351f14c - core[df12db4294e9bfd3]::panicking::panic_fmt
[INFO] [stdout]   11:     0x56160347bd99 - release_consistency[d3ac2073ed6c7dca]::read::<alloc[2182bb758b4b3781]::string::String>::{closure#0}
[INFO] [stdout]   12:     0x56160347b36d - release_consistency[d3ac2073ed6c7dca]::read::<&str>
[INFO] [stdout]   13:     0x561603481d2d - <release_consistency[d3ac2073ed6c7dca]::the_docs_site_agrees_with_itself_about_where_it_lives::{closure#0} as core[df12db4294e9bfd3]::ops::function::FnOnce<()>>::call_once
[INFO] [stdout]   14:     0x56160348ff1b - test[9d35eded1c95d3be]::__rust_begin_short_backtrace::<core[df12db4294e9bfd3]::result::Result<(), alloc[2182bb758b4b3781]::string::String>, fn() -> core[df12db4294e9bfd3]::result::Result<(), alloc[2182bb758b4b3781]::string::String>>
[INFO] [stdout]   15:     0x56160349d585 - test[9d35eded1c95d3be]::run_test::{closure#0}
[INFO] [stdout]   16:     0x561603496e44 - std[70759c8f55707aa4]::sys::backtrace::__rust_begin_short_backtrace::<test[9d35eded1c95d3be]::run_test::{closure#1}, ()>
[INFO] [stdout]   17:     0x5616034a06e2 - <std[70759c8f55707aa4]::thread::lifecycle::spawn_unchecked<test[9d35eded1c95d3be]::run_test::{closure#1}, ()>::{closure#1} as core[df12db4294e9bfd3]::ops::function::FnOnce<()>>::call_once::{shim:vtable#0}
[INFO] [stdout]   18:     0x561603508f39 - <std[70759c8f55707aa4]::sys::thread::unix::Thread>::new::thread_start
[INFO] [stdout]   19:     0x720e706cfdfa - <unknown>
[INFO] [stdout]   20:     0x720e707633d4 - clone
[INFO] [stdout]   21:                0x0 - <unknown>
[INFO] [stdout] 
[INFO] [stdout] ---- the_npm_package_version_matches_the_crate stdout ----
[INFO] [stdout] 
[INFO] [stdout] thread 'the_npm_package_version_matches_the_crate' (7237) panicked at tests/release_consistency.rs:45:5:
[INFO] [stdout] `version` not found in the [package] block of Cargo.toml
[INFO] [stdout] stack backtrace:
[INFO] [stdout]    0:     0x5616035099d1 - <<std[70759c8f55707aa4]::sys::backtrace::BacktraceLock>::print::DisplayBacktrace as core[df12db4294e9bfd3]::fmt::Display>::fmt
[INFO] [stdout]    1:     0x56160351ea1a - core[df12db4294e9bfd3]::fmt::write
[INFO] [stdout]    2:     0x56160350e32c - <alloc[2182bb758b4b3781]::vec::Vec<u8> as core[df12db4294e9bfd3]::io::write::Write>::write_fmt
[INFO] [stdout]    3:     0x5616034e4c86 - std[70759c8f55707aa4]::panicking::default_hook::{closure#0}
[INFO] [stdout]    4:     0x561603501b09 - std[70759c8f55707aa4]::panicking::default_hook
[INFO] [stdout]    5:     0x56160349cc30 - test[9d35eded1c95d3be]::test_main_inner::<test[9d35eded1c95d3be]::test_main_static::{closure#0}>::{closure#0}
[INFO] [stdout]    6:     0x561603501cc2 - std[70759c8f55707aa4]::panicking::panic_with_hook
[INFO] [stdout]    7:     0x5616034e4d32 - std[70759c8f55707aa4]::panicking::panic_handler::{closure#0}
[INFO] [stdout]    8:     0x5616034dd889 - std[70759c8f55707aa4]::sys::backtrace::__rust_end_short_backtrace::<std[70759c8f55707aa4]::panicking::panic_handler::{closure#0}, !>
[INFO] [stdout]    9:     0x5616034e592d - __rustc[8fa7c3cbc660c2b3]::rust_begin_unwind
[INFO] [stdout]   10:     0x56160351f14c - core[df12db4294e9bfd3]::panicking::panic_fmt
[INFO] [stdout]   11:     0x56160347c586 - release_consistency[d3ac2073ed6c7dca]::cargo_field
[INFO] [stdout]   12:     0x56160347ec8a - <release_consistency[d3ac2073ed6c7dca]::the_npm_package_version_matches_the_crate::{closure#0} as core[df12db4294e9bfd3]::ops::function::FnOnce<()>>::call_once
[INFO] [stdout]   13:     0x56160348ff1b - test[9d35eded1c95d3be]::__rust_begin_short_backtrace::<core[df12db4294e9bfd3]::result::Result<(), alloc[2182bb758b4b3781]::string::String>, fn() -> core[df12db4294e9bfd3]::result::Result<(), alloc[2182bb758b4b3781]::string::String>>
[INFO] [stdout]   14:     0x56160349d585 - test[9d35eded1c95d3be]::run_test::{closure#0}
[INFO] [stdout]   15:     0x561603496e44 - std[70759c8f55707aa4]::sys::backtrace::__rust_begin_short_backtrace::<test[9d35eded1c95d3be]::run_test::{closure#1}, ()>
[INFO] [stdout]   16:     0x5616034a06e2 - <std[70759c8f55707aa4]::thread::lifecycle::spawn_unchecked<test[9d35eded1c95d3be]::run_test::{closure#1}, ()>::{closure#1} as core[df12db4294e9bfd3]::ops::function::FnOnce<()>>::call_once::{shim:vtable#0}
[INFO] [stdout]   17:     0x561603508f39 - <std[70759c8f55707aa4]::sys::thread::unix::Thread>::new::thread_start
[INFO] [stdout]   18:     0x720e706cfdfa - <unknown>
[INFO] [stdout]   19:     0x720e707633d4 - clone
[INFO] [stdout]   20:                0x0 - <unknown>
[INFO] [stdout] 
[INFO] [stdout] ---- the_docs_form_ships_the_checks_this_site_builds_with stdout ----
[INFO] [stdout] 
[INFO] [stdout] thread 'the_docs_form_ships_the_checks_this_site_builds_with' (7232) panicked at tests/release_consistency.rs:22:50:
[INFO] [stdout] cannot read /opt/rustwide/workdir/docs/src/integrations/address.mjs: No such file or directory (os error 2)
[INFO] [stdout] stack backtrace:
[INFO] [stdout]    0:     0x5616035099d1 - <<std[70759c8f55707aa4]::sys::backtrace::BacktraceLock>::print::DisplayBacktrace as core[df12db4294e9bfd3]::fmt::Display>::fmt
[INFO] [stdout]    1:     0x56160351ea1a - core[df12db4294e9bfd3]::fmt::write
[INFO] [stdout]    2:     0x56160350e32c - <alloc[2182bb758b4b3781]::vec::Vec<u8> as core[df12db4294e9bfd3]::io::write::Write>::write_fmt
[INFO] [stdout]    3:     0x5616034e4c86 - std[70759c8f55707aa4]::panicking::default_hook::{closure#0}
[INFO] [stdout]    4:     0x561603501b09 - std[70759c8f55707aa4]::panicking::default_hook
[INFO] [stdout]    5:     0x56160349cc30 - test[9d35eded1c95d3be]::test_main_inner::<test[9d35eded1c95d3be]::test_main_static::{closure#0}>::{closure#0}
[INFO] [stdout]    6:     0x561603501cc2 - std[70759c8f55707aa4]::panicking::panic_with_hook
[INFO] [stdout]    7:     0x5616034e4d32 - std[70759c8f55707aa4]::panicking::panic_handler::{closure#0}
[INFO] [stdout]    8:     0x5616034dd889 - std[70759c8f55707aa4]::sys::backtrace::__rust_end_short_backtrace::<std[70759c8f55707aa4]::panicking::panic_handler::{closure#0}, !>
[INFO] [stdout]    9:     0x5616034e592d - __rustc[8fa7c3cbc660c2b3]::rust_begin_unwind
[INFO] [stdout]   10:     0x56160351f14c - core[df12db4294e9bfd3]::panicking::panic_fmt
[INFO] [stdout]   11:     0x56160347bd99 - release_consistency[d3ac2073ed6c7dca]::read::<alloc[2182bb758b4b3781]::string::String>::{closure#0}
[INFO] [stdout]   12:     0x56160347b210 - release_consistency[d3ac2073ed6c7dca]::read::<alloc[2182bb758b4b3781]::string::String>
[INFO] [stdout]   13:     0x561603481a77 - <release_consistency[d3ac2073ed6c7dca]::the_docs_form_ships_the_checks_this_site_builds_with::{closure#0} as core[df12db4294e9bfd3]::ops::function::FnOnce<()>>::call_once
[INFO] [stdout]   14:     0x56160348ff1b - test[9d35eded1c95d3be]::__rust_begin_short_backtrace::<core[df12db4294e9bfd3]::result::Result<(), alloc[2182bb758b4b3781]::string::String>, fn() -> core[df12db4294e9bfd3]::result::Result<(), alloc[2182bb758b4b3781]::string::String>>
[INFO] [stdout]   15:     0x56160349d585 - test[9d35eded1c95d3be]::run_test::{closure#0}
[INFO] [stdout]   16:     0x561603496e44 - std[70759c8f55707aa4]::sys::backtrace::__rust_begin_short_backtrace::<test[9d35eded1c95d3be]::run_test::{closure#1}, ()>
[INFO] [stdout]   17:     0x5616034a06e2 - <std[70759c8f55707aa4]::thread::lifecycle::spawn_unchecked<test[9d35eded1c95d3be]::run_test::{closure#1}, ()>::{closure#1} as core[df12db4294e9bfd3]::ops::function::FnOnce<()>>::call_once::{shim:vtable#0}
[INFO] [stdout]   18:     0x561603508f39 - <std[70759c8f55707aa4]::sys::thread::unix::Thread>::new::thread_start
[INFO] [stdout]   19:     0x720e706cfdfa - <unknown>
[INFO] [stdout]   20:     0x720e707633d4 - clone
[INFO] [stdout]   21:                0x0 - <unknown>
[INFO] [stdout] 
[INFO] [stdout] ---- the_npm_wrapper_points_at_the_matching_release stdout ----
[INFO] [stdout] 
[INFO] [stdout] thread 'the_npm_wrapper_points_at_the_matching_release' (7238) panicked at tests/release_consistency.rs:45:5:
[INFO] [stdout] `version` not found in the [package] block of Cargo.toml
[INFO] [stdout] stack backtrace:
[INFO] [stdout]    0:     0x5616035099d1 - <<std[70759c8f55707aa4]::sys::backtrace::BacktraceLock>::print::DisplayBacktrace as core[df12db4294e9bfd3]::fmt::Display>::fmt
[INFO] [stdout]    1:     0x56160351ea1a - core[df12db4294e9bfd3]::fmt::write
[INFO] [stdout]    2:     0x56160350e32c - <alloc[2182bb758b4b3781]::vec::Vec<u8> as core[df12db4294e9bfd3]::io::write::Write>::write_fmt
[INFO] [stdout]    3:     0x5616034e4c86 - std[70759c8f55707aa4]::panicking::default_hook::{closure#0}
[INFO] [stdout]    4:     0x561603501b09 - std[70759c8f55707aa4]::panicking::default_hook
[INFO] [stdout]    5:     0x56160349cc30 - test[9d35eded1c95d3be]::test_main_inner::<test[9d35eded1c95d3be]::test_main_static::{closure#0}>::{closure#0}
[INFO] [stdout]    6:     0x561603501cc2 - std[70759c8f55707aa4]::panicking::panic_with_hook
[INFO] [stdout]    7:     0x5616034e4d32 - std[70759c8f55707aa4]::panicking::panic_handler::{closure#0}
[INFO] [stdout]    8:     0x5616034dd889 - std[70759c8f55707aa4]::sys::backtrace::__rust_end_short_backtrace::<std[70759c8f55707aa4]::panicking::panic_handler::{closure#0}, !>
[INFO] [stdout]    9:     0x5616034e592d - __rustc[8fa7c3cbc660c2b3]::rust_begin_unwind
[INFO] [stdout]   10:     0x56160351f14c - core[df12db4294e9bfd3]::panicking::panic_fmt
[INFO] [stdout]   11:     0x56160347c586 - release_consistency[d3ac2073ed6c7dca]::cargo_field
[INFO] [stdout]   12:     0x56160347f61a - <release_consistency[d3ac2073ed6c7dca]::the_npm_wrapper_points_at_the_matching_release::{closure#0} as core[df12db4294e9bfd3]::ops::function::FnOnce<()>>::call_once
[INFO] [stdout]   13:     0x56160348ff1b - test[9d35eded1c95d3be]::__rust_begin_short_backtrace::<core[df12db4294e9bfd3]::result::Result<(), alloc[2182bb758b4b3781]::string::String>, fn() -> core[df12db4294e9bfd3]::result::Result<(), alloc[2182bb758b4b3781]::string::String>>
[INFO] [stdout]   14:     0x56160349d585 - test[9d35eded1c95d3be]::run_test::{closure#0}
[INFO] [stdout]   15:     0x561603496e44 - std[70759c8f55707aa4]::sys::backtrace::__rust_begin_short_backtrace::<test[9d35eded1c95d3be]::run_test::{closure#1}, ()>
[INFO] [stdout]   16:     0x5616034a06e2 - <std[70759c8f55707aa4]::thread::lifecycle::spawn_unchecked<test[9d35eded1c95d3be]::run_test::{closure#1}, ()>::{closure#1} as core[df12db4294e9bfd3]::ops::function::FnOnce<()>>::call_once::{shim:vtable#0}
[INFO] [stdout]   17:     0x561603508f39 - <std[70759c8f55707aa4]::sys::thread::unix::Thread>::new::thread_start
[INFO] [stdout]   18:     0x720e706cfdfa - <unknown>
[INFO] [stdout]   19:     0x720e707633d4 - clone
[INFO] [stdout]   20:                0x0 - <unknown>
[INFO] [stdout] 
[INFO] [stdout] ---- every_command_has_a_reference_page stdout ----
[INFO] [stdout] 
[INFO] [stdout] thread 'every_command_has_a_reference_page' (7226) panicked at tests/release_consistency.rs:152:9:
[INFO] [stdout] `lyrn new` has no page at docs/reference/new.md
[INFO] [stdout] stack backtrace:
[INFO] [stdout]    0:     0x5616035099d1 - <<std[70759c8f55707aa4]::sys::backtrace::BacktraceLock>::print::DisplayBacktrace as core[df12db4294e9bfd3]::fmt::Display>::fmt
[INFO] [stdout]    1:     0x56160351ea1a - core[df12db4294e9bfd3]::fmt::write
[INFO] [stdout]    2:     0x56160350e32c - <alloc[2182bb758b4b3781]::vec::Vec<u8> as core[df12db4294e9bfd3]::io::write::Write>::write_fmt
[INFO] [stdout]    3:     0x5616034e4c86 - std[70759c8f55707aa4]::panicking::default_hook::{closure#0}
[INFO] [stdout]    4:     0x561603501b09 - std[70759c8f55707aa4]::panicking::default_hook
[INFO] [stdout]    5:     0x56160349cc30 - test[9d35eded1c95d3be]::test_main_inner::<test[9d35eded1c95d3be]::test_main_static::{closure#0}>::{closure#0}
[INFO] [stdout]    6:     0x561603501cc2 - std[70759c8f55707aa4]::panicking::panic_with_hook
[INFO] [stdout]    7:     0x5616034e4d32 - std[70759c8f55707aa4]::panicking::panic_handler::{closure#0}
[INFO] [stdout]    8:     0x5616034dd889 - std[70759c8f55707aa4]::sys::backtrace::__rust_end_short_backtrace::<std[70759c8f55707aa4]::panicking::panic_handler::{closure#0}, !>
[INFO] [stdout]    9:     0x5616034e592d - __rustc[8fa7c3cbc660c2b3]::rust_begin_unwind
[INFO] [stdout]   10:     0x56160351f14c - core[df12db4294e9bfd3]::panicking::panic_fmt
[INFO] [stdout]   11:     0x56160347e507 - <release_consistency[d3ac2073ed6c7dca]::every_command_has_a_reference_page::{closure#0} as core[df12db4294e9bfd3]::ops::function::FnOnce<()>>::call_once
[INFO] [stdout]   12:     0x56160348ff1b - test[9d35eded1c95d3be]::__rust_begin_short_backtrace::<core[df12db4294e9bfd3]::result::Result<(), alloc[2182bb758b4b3781]::string::String>, fn() -> core[df12db4294e9bfd3]::result::Result<(), alloc[2182bb758b4b3781]::string::String>>
[INFO] [stdout]   13:     0x56160349d585 - test[9d35eded1c95d3be]::run_test::{closure#0}
[INFO] [stdout]   14:     0x561603496e44 - std[70759c8f55707aa4]::sys::backtrace::__rust_begin_short_backtrace::<test[9d35eded1c95d3be]::run_test::{closure#1}, ()>
[INFO] [stdout]   15:     0x5616034a06e2 - <std[70759c8f55707aa4]::thread::lifecycle::spawn_unchecked<test[9d35eded1c95d3be]::run_test::{closure#1}, ()>::{closure#1} as core[df12db4294e9bfd3]::ops::function::FnOnce<()>>::call_once::{shim:vtable#0}
[INFO] [stdout]   16:     0x561603508f39 - <std[70759c8f55707aa4]::sys::thread::unix::Thread>::new::thread_start
[INFO] [stdout]   17:     0x720e706cfdfa - <unknown>
[INFO] [stdout]   18:     0x720e707633d4 - clone
[INFO] [stdout]   19:                0x0 - <unknown>
[INFO] [stdout] 
[INFO] [stdout] ---- every_doctor_rule_has_a_section_on_its_page stdout ----
[INFO] [stdout] 
[INFO] [stdout] thread 'every_doctor_rule_has_a_section_on_its_page' (7229) panicked at tests/release_consistency.rs:22:50:
[INFO] [stdout] cannot read /opt/rustwide/workdir/docs/src/content/docs/reference/doctor.md: No such file or directory (os error 2)
[INFO] [stdout] stack backtrace:
[INFO] [stdout]    0:     0x5616035099d1 - <<std[70759c8f55707aa4]::sys::backtrace::BacktraceLock>::print::DisplayBacktrace as core[df12db4294e9bfd3]::fmt::Display>::fmt
[INFO] [stdout]    1:     0x56160351ea1a - core[df12db4294e9bfd3]::fmt::write
[INFO] [stdout]    2:     0x56160350e32c - <alloc[2182bb758b4b3781]::vec::Vec<u8> as core[df12db4294e9bfd3]::io::write::Write>::write_fmt
[INFO] [stdout]    3:     0x5616034e4c86 - std[70759c8f55707aa4]::panicking::default_hook::{closure#0}
[INFO] [stdout]    4:     0x561603501b09 - std[70759c8f55707aa4]::panicking::default_hook
[INFO] [stdout]    5:     0x56160349cc30 - test[9d35eded1c95d3be]::test_main_inner::<test[9d35eded1c95d3be]::test_main_static::{closure#0}>::{closure#0}
[INFO] [stdout]    6:     0x561603501cc2 - std[70759c8f55707aa4]::panicking::panic_with_hook
[INFO] [stdout]    7:     0x5616034e4d32 - std[70759c8f55707aa4]::panicking::panic_handler::{closure#0}
[INFO] [stdout]    8:     0x5616034dd889 - std[70759c8f55707aa4]::sys::backtrace::__rust_end_short_backtrace::<std[70759c8f55707aa4]::panicking::panic_handler::{closure#0}, !>
[INFO] [stdout]    9:     0x5616034e592d - __rustc[8fa7c3cbc660c2b3]::rust_begin_unwind
[INFO] [stdout]   10:     0x56160351f14c - core[df12db4294e9bfd3]::panicking::panic_fmt
[INFO] [stdout]   11:     0x56160347bd99 - release_consistency[d3ac2073ed6c7dca]::read::<alloc[2182bb758b4b3781]::string::String>::{closure#0}
[INFO] [stdout]   12:     0x56160347b36d - release_consistency[d3ac2073ed6c7dca]::read::<&str>
[INFO] [stdout]   13:     0x56160347f186 - <release_consistency[d3ac2073ed6c7dca]::every_doctor_rule_has_a_section_on_its_page::{closure#0} as core[df12db4294e9bfd3]::ops::function::FnOnce<()>>::call_once
[INFO] [stdout]   14:     0x56160348ff1b - test[9d35eded1c95d3be]::__rust_begin_short_backtrace::<core[df12db4294e9bfd3]::result::Result<(), alloc[2182bb758b4b3781]::string::String>, fn() -> core[df12db4294e9bfd3]::result::Result<(), alloc[2182bb758b4b3781]::string::String>>
[INFO] [stdout]   15:     0x56160349d585 - test[9d35eded1c95d3be]::run_test::{closure#0}
[INFO] [stdout]   16:     0x561603496e44 - std[70759c8f55707aa4]::sys::backtrace::__rust_begin_short_backtrace::<test[9d35eded1c95d3be]::run_test::{closure#1}, ()>
[INFO] [stdout]   17:     0x5616034a06e2 - <std[70759c8f55707aa4]::thread::lifecycle::spawn_unchecked<test[9d35eded1c95d3be]::run_test::{closure#1}, ()>::{closure#1} as core[df12db4294e9bfd3]::ops::function::FnOnce<()>>::call_once::{shim:vtable#0}
[INFO] [stdout]   18:     0x561603508f39 - <std[70759c8f55707aa4]::sys::thread::unix::Thread>::new::thread_start
[INFO] [stdout]   19:     0x720e706cfdfa - <unknown>
[INFO] [stdout]   20:     0x720e707633d4 - clone
[INFO] [stdout]   21:                0x0 - <unknown>
[INFO] [stdout] 
[INFO] [stdout] ---- both_shopfronts_list_exactly_the_forms_the_binary_carries stdout ----
[INFO] [stdout] 
[INFO] [stdout] thread 'both_shopfronts_list_exactly_the_forms_the_binary_carries' (7225) panicked at tests/release_consistency.rs:22:50:
[INFO] [stdout] cannot read /opt/rustwide/workdir/docs/src/content/docs/reference/forms.md: No such file or directory (os error 2)
[INFO] [stdout] stack backtrace:
[INFO] [stdout]    0:     0x5616035099d1 - <<std[70759c8f55707aa4]::sys::backtrace::BacktraceLock>::print::DisplayBacktrace as core[df12db4294e9bfd3]::fmt::Display>::fmt
[INFO] [stdout]    1:     0x56160351ea1a - core[df12db4294e9bfd3]::fmt::write
[INFO] [stdout]    2:     0x56160350e32c - <alloc[2182bb758b4b3781]::vec::Vec<u8> as core[df12db4294e9bfd3]::io::write::Write>::write_fmt
[INFO] [stdout]    3:     0x5616034e4c86 - std[70759c8f55707aa4]::panicking::default_hook::{closure#0}
[INFO] [stdout]    4:     0x561603501b09 - std[70759c8f55707aa4]::panicking::default_hook
[INFO] [stdout]    5:     0x56160349cc30 - test[9d35eded1c95d3be]::test_main_inner::<test[9d35eded1c95d3be]::test_main_static::{closure#0}>::{closure#0}
[INFO] [stdout]    6:     0x561603501cc2 - std[70759c8f55707aa4]::panicking::panic_with_hook
[INFO] [stdout]    7:     0x5616034e4d32 - std[70759c8f55707aa4]::panicking::panic_handler::{closure#0}
[INFO] [stdout]    8:     0x5616034dd889 - std[70759c8f55707aa4]::sys::backtrace::__rust_end_short_backtrace::<std[70759c8f55707aa4]::panicking::panic_handler::{closure#0}, !>
[INFO] [stdout]    9:     0x5616034e592d - __rustc[8fa7c3cbc660c2b3]::rust_begin_unwind
[INFO] [stdout]   10:     0x56160351f14c - core[df12db4294e9bfd3]::panicking::panic_fmt
[INFO] [stdout]   11:     0x56160347bd99 - release_consistency[d3ac2073ed6c7dca]::read::<alloc[2182bb758b4b3781]::string::String>::{closure#0}
[INFO] [stdout]   12:     0x56160347b36d - release_consistency[d3ac2073ed6c7dca]::read::<&str>
[INFO] [stdout]   13:     0x561603482c88 - <release_consistency[d3ac2073ed6c7dca]::both_shopfronts_list_exactly_the_forms_the_binary_carries::{closure#0} as core[df12db4294e9bfd3]::ops::function::FnOnce<()>>::call_once
[INFO] [stdout]   14:     0x56160348ff1b - test[9d35eded1c95d3be]::__rust_begin_short_backtrace::<core[df12db4294e9bfd3]::result::Result<(), alloc[2182bb758b4b3781]::string::String>, fn() -> core[df12db4294e9bfd3]::result::Result<(), alloc[2182bb758b4b3781]::string::String>>
[INFO] [stdout]   15:     0x56160349d585 - test[9d35eded1c95d3be]::run_test::{closure#0}
[INFO] [stdout]   16:     0x561603496e44 - std[70759c8f55707aa4]::sys::backtrace::__rust_begin_short_backtrace::<test[9d35eded1c95d3be]::run_test::{closure#1}, ()>
[INFO] [stdout]   17:     0x5616034a06e2 - <std[70759c8f55707aa4]::thread::lifecycle::spawn_unchecked<test[9d35eded1c95d3be]::run_test::{closure#1}, ()>::{closure#1} as core[df12db4294e9bfd3]::ops::function::FnOnce<()>>::call_once::{shim:vtable#0}
[INFO] [stdout]   18:     0x561603508f39 - <std[70759c8f55707aa4]::sys::thread::unix::Thread>::new::thread_start
[INFO] [stdout]   19:     0x720e706cfdfa - <unknown>
[INFO] [stdout]   20:     0x720e707633d4 - clone
[INFO] [stdout]   21:                0x0 - <unknown>
[INFO] [stdout] 
[INFO] [stdout] ---- every_command_the_docs_reference_exists_in_the_cli stdout ----
[INFO] [stdout] 
[INFO] [stdout] thread 'every_command_the_docs_reference_exists_in_the_cli' (7227) panicked at tests/release_consistency.rs:119:43:
[INFO] [stdout] the reference directory is missing: Os { code: 2, kind: NotFound, message: "No such file or directory" }
[INFO] [stdout] stack backtrace:
[INFO] [stdout]    0:     0x5616035099d1 - <<std[70759c8f55707aa4]::sys::backtrace::BacktraceLock>::print::DisplayBacktrace as core[df12db4294e9bfd3]::fmt::Display>::fmt
[INFO] [stdout]    1:     0x56160351ea1a - core[df12db4294e9bfd3]::fmt::write
[INFO] [stdout]    2:     0x56160350e32c - <alloc[2182bb758b4b3781]::vec::Vec<u8> as core[df12db4294e9bfd3]::io::write::Write>::write_fmt
[INFO] [stdout]    3:     0x5616034e4c86 - std[70759c8f55707aa4]::panicking::default_hook::{closure#0}
[INFO] [stdout]    4:     0x561603501b09 - std[70759c8f55707aa4]::panicking::default_hook
[INFO] [stdout]    5:     0x56160349cc30 - test[9d35eded1c95d3be]::test_main_inner::<test[9d35eded1c95d3be]::test_main_static::{closure#0}>::{closure#0}
[INFO] [stdout]    6:     0x561603501cc2 - std[70759c8f55707aa4]::panicking::panic_with_hook
[INFO] [stdout]    7:     0x5616034e4d32 - std[70759c8f55707aa4]::panicking::panic_handler::{closure#0}
[INFO] [stdout]    8:     0x5616034dd889 - std[70759c8f55707aa4]::sys::backtrace::__rust_end_short_backtrace::<std[70759c8f55707aa4]::panicking::panic_handler::{closure#0}, !>
[INFO] [stdout]    9:     0x5616034e592d - __rustc[8fa7c3cbc660c2b3]::rust_begin_unwind
[INFO] [stdout]   10:     0x56160351f14c - core[df12db4294e9bfd3]::panicking::panic_fmt
[INFO] [stdout]   11:     0x56160351ef22 - core[df12db4294e9bfd3]::result::unwrap_failed
[INFO] [stdout]   12:     0x561603481725 - <release_consistency[d3ac2073ed6c7dca]::every_command_the_docs_reference_exists_in_the_cli::{closure#0} as core[df12db4294e9bfd3]::ops::function::FnOnce<()>>::call_once
[INFO] [stdout]   13:     0x56160348ff1b - test[9d35eded1c95d3be]::__rust_begin_short_backtrace::<core[df12db4294e9bfd3]::result::Result<(), alloc[2182bb758b4b3781]::string::String>, fn() -> core[df12db4294e9bfd3]::result::Result<(), alloc[2182bb758b4b3781]::string::String>>
[INFO] [stdout]   14:     0x56160349d585 - test[9d35eded1c95d3be]::run_test::{closure#0}
[INFO] [stdout]   15:     0x561603496e44 - std[70759c8f55707aa4]::sys::backtrace::__rust_begin_short_backtrace::<test[9d35eded1c95d3be]::run_test::{closure#1}, ()>
[INFO] [stdout]   16:     0x5616034a06e2 - <std[70759c8f55707aa4]::thread::lifecycle::spawn_unchecked<test[9d35eded1c95d3be]::run_test::{closure#1}, ()>::{closure#1} as core[df12db4294e9bfd3]::ops::function::FnOnce<()>>::call_once::{shim:vtable#0}
[INFO] [stdout]   17:     0x561603508f39 - <std[70759c8f55707aa4]::sys::thread::unix::Thread>::new::thread_start
[INFO] [stdout]   18:     0x720e706cfdfa - <unknown>
[INFO] [stdout]   19:     0x720e707633d4 - clone
[INFO] [stdout]   20:                0x0 - <unknown>
[INFO] [stdout] 
[INFO] [stdout] ---- the_forms_transcript_is_the_one_the_binary_prints stdout ----
[INFO] [stdout] 
[INFO] [stdout] thread 'the_forms_transcript_is_the_one_the_binary_prints' (7235) panicked at tests/release_consistency.rs:22:50:
[INFO] [stdout] cannot read /opt/rustwide/workdir/docs/src/content/docs/reference/forms.md: No such file or directory (os error 2)
[INFO] [stdout] stack backtrace:
[INFO] [stdout]    0:     0x5616035099d1 - <<std[70759c8f55707aa4]::sys::backtrace::BacktraceLock>::print::DisplayBacktrace as core[df12db4294e9bfd3]::fmt::Display>::fmt
[INFO] [stdout]    1:     0x56160351ea1a - core[df12db4294e9bfd3]::fmt::write
[INFO] [stdout]    2:     0x56160350e32c - <alloc[2182bb758b4b3781]::vec::Vec<u8> as core[df12db4294e9bfd3]::io::write::Write>::write_fmt
[INFO] [stdout]    3:     0x5616034e4c86 - std[70759c8f55707aa4]::panicking::default_hook::{closure#0}
[INFO] [stdout]    4:     0x561603501b09 - std[70759c8f55707aa4]::panicking::default_hook
[INFO] [stdout]    5:     0x56160349cc30 - test[9d35eded1c95d3be]::test_main_inner::<test[9d35eded1c95d3be]::test_main_static::{closure#0}>::{closure#0}
[INFO] [stdout]    6:     0x561603501cc2 - std[70759c8f55707aa4]::panicking::panic_with_hook
[INFO] [stdout]    7:     0x5616034e4d32 - std[70759c8f55707aa4]::panicking::panic_handler::{closure#0}
[INFO] [stdout]    8:     0x5616034dd889 - std[70759c8f55707aa4]::sys::backtrace::__rust_end_short_backtrace::<std[70759c8f55707aa4]::panicking::panic_handler::{closure#0}, !>
[INFO] [stdout]    9:     0x5616034e592d - __rustc[8fa7c3cbc660c2b3]::rust_begin_unwind
[INFO] [stdout]   10:     0x56160351f14c - core[df12db4294e9bfd3]::panicking::panic_fmt
[INFO] [stdout]   11:     0x56160347bd99 - release_consistency[d3ac2073ed6c7dca]::read::<alloc[2182bb758b4b3781]::string::String>::{closure#0}
[INFO] [stdout]   12:     0x56160347b36d - release_consistency[d3ac2073ed6c7dca]::read::<&str>
[INFO] [stdout]   13:     0x561603480eae - <release_consistency[d3ac2073ed6c7dca]::the_forms_transcript_is_the_one_the_binary_prints::{closure#0} as core[df12db4294e9bfd3]::ops::function::FnOnce<()>>::call_once
[INFO] [stdout]   14:     0x56160348ff1b - test[9d35eded1c95d3be]::__rust_begin_short_backtrace::<core[df12db4294e9bfd3]::result::Result<(), alloc[2182bb758b4b3781]::string::String>, fn() -> core[df12db4294e9bfd3]::result::Result<(), alloc[2182bb758b4b3781]::string::String>>
[INFO] [stdout]   15:     0x56160349d585 - test[9d35eded1c95d3be]::run_test::{closure#0}
[INFO] [stdout]   16:     0x561603496e44 - std[70759c8f55707aa4]::sys::backtrace::__rust_begin_short_backtrace::<test[9d35eded1c95d3be]::run_test::{closure#1}, ()>
[INFO] [stdout]   17:     0x5616034a06e2 - <std[70759c8f55707aa4]::thread::lifecycle::spawn_unchecked<test[9d35eded1c95d3be]::run_test::{closure#1}, ()>::{closure#1} as core[df12db4294e9bfd3]::ops::function::FnOnce<()>>::call_once::{shim:vtable#0}
[INFO] [stdout]   18:     0x561603508f39 - <std[70759c8f55707aa4]::sys::thread::unix::Thread>::new::thread_start
[INFO] [stdout]   19:     0x720e706cfdfa - <unknown>
[INFO] [stdout]   20:     0x720e707633d4 - clone
[INFO] [stdout]   21:                0x0 - <unknown>
[INFO] [stdout] 
[INFO] [stdout] ---- every_embedded_template_file_survives_packaging stdout ----
[INFO] [stdout] 
[INFO] [stdout] thread 'every_embedded_template_file_survives_packaging' (7230) panicked at tests/release_consistency.rs:321:5:
[INFO] [stdout] cargo package --list failed: error: invalid inclusion of reserved file name Cargo.toml.orig in package source
[INFO] [stdout] 
[INFO] [stdout] stack backtrace:
[INFO] [stdout]    0:     0x5616035099d1 - <<std[70759c8f55707aa4]::sys::backtrace::BacktraceLock>::print::DisplayBacktrace as core[df12db4294e9bfd3]::fmt::Display>::fmt
[INFO] [stdout]    1:     0x56160351ea1a - core[df12db4294e9bfd3]::fmt::write
[INFO] [stdout]    2:     0x56160350e32c - <alloc[2182bb758b4b3781]::vec::Vec<u8> as core[df12db4294e9bfd3]::io::write::Write>::write_fmt
[INFO] [stdout]    3:     0x5616034e4c86 - std[70759c8f55707aa4]::panicking::default_hook::{closure#0}
[INFO] [stdout]    4:     0x561603501b09 - std[70759c8f55707aa4]::panicking::default_hook
[INFO] [stdout]    5:     0x56160349cc30 - test[9d35eded1c95d3be]::test_main_inner::<test[9d35eded1c95d3be]::test_main_static::{closure#0}>::{closure#0}
[INFO] [stdout]    6:     0x561603501cc2 - std[70759c8f55707aa4]::panicking::panic_with_hook
[INFO] [stdout]    7:     0x5616034e4d32 - std[70759c8f55707aa4]::panicking::panic_handler::{closure#0}
[INFO] [stdout]    8:     0x5616034dd889 - std[70759c8f55707aa4]::sys::backtrace::__rust_end_short_backtrace::<std[70759c8f55707aa4]::panicking::panic_handler::{closure#0}, !>
[INFO] [stdout]    9:     0x5616034e592d - __rustc[8fa7c3cbc660c2b3]::rust_begin_unwind
[INFO] [stdout]   10:     0x56160351f14c - core[df12db4294e9bfd3]::panicking::panic_fmt
[INFO] [stdout]   11:     0x56160348042d - <release_consistency[d3ac2073ed6c7dca]::every_embedded_template_file_survives_packaging::{closure#0} as core[df12db4294e9bfd3]::ops::function::FnOnce<()>>::call_once
[INFO] [stdout]   12:     0x56160348ff1b - test[9d35eded1c95d3be]::__rust_begin_short_backtrace::<core[df12db4294e9bfd3]::result::Result<(), alloc[2182bb758b4b3781]::string::String>, fn() -> core[df12db4294e9bfd3]::result::Result<(), alloc[2182bb758b4b3781]::string::String>>
[INFO] [stdout]   13:     0x56160349d585 - test[9d35eded1c95d3be]::run_test::{closure#0}
[INFO] [stdout]   14:     0x561603496e44 - std[70759c8f55707aa4]::sys::backtrace::__rust_begin_short_backtrace::<test[9d35eded1c95d3be]::run_test::{closure#1}, ()>
[INFO] [stdout]   15:     0x5616034a06e2 - <std[70759c8f55707aa4]::thread::lifecycle::spawn_unchecked<test[9d35eded1c95d3be]::run_test::{closure#1}, ()>::{closure#1} as core[df12db4294e9bfd3]::ops::function::FnOnce<()>>::call_once::{shim:vtable#0}
[INFO] [stdout]   16:     0x561603508f39 - <std[70759c8f55707aa4]::sys::thread::unix::Thread>::new::thread_start
[INFO] [stdout]   17:     0x720e706cfdfa - <unknown>
[INFO] [stdout]   18:     0x720e707633d4 - clone
[INFO] [stdout]   19:                0x0 - <unknown>
[INFO] [stdout] 
[INFO] [stdout] 
[INFO] [stdout] failures:
[INFO] [stdout]     both_shopfronts_list_exactly_the_forms_the_binary_carries
[INFO] [stdout]     every_command_has_a_reference_page
[INFO] [stdout]     every_command_the_docs_reference_exists_in_the_cli
[INFO] [stdout]     every_doctor_rule_has_a_section_on_its_page
[INFO] [stdout]     every_embedded_template_file_survives_packaging
[INFO] [stdout]     the_docs_form_ships_the_checks_this_site_builds_with
[INFO] [stdout]     the_docs_site_agrees_with_itself_about_where_it_lives
[INFO] [stdout]     the_docs_site_and_the_crate_describe_the_same_product
[INFO] [stdout]     the_forms_transcript_is_the_one_the_binary_prints
[INFO] [stdout]     the_npm_package_version_matches_the_crate
[INFO] [stdout]     the_npm_wrapper_points_at_the_matching_release
[INFO] [stdout]     the_three_storefronts_describe_the_same_product
[INFO] [stdout] 
[INFO] [stdout] test result: FAILED. 3 passed; 12 failed; 0 ignored; 0 measured; 0 filtered out; finished in 0.13s
[INFO] [stdout] 
[INFO] running `Command { std: "docker" "inspect" "3e721a4df0e3147dde47076ae75423c994678c5eb5b327ff4ba5be2ec2d8b95d", kill_on_drop: false }`
[INFO] running `Command { std: "docker" "rm" "-f" "3e721a4df0e3147dde47076ae75423c994678c5eb5b327ff4ba5be2ec2d8b95d", kill_on_drop: false }`
[INFO] [stdout] 3e721a4df0e3147dde47076ae75423c994678c5eb5b327ff4ba5be2ec2d8b95d
