[INFO] fetching crate lyrid 0.10.0...
[INFO] testing lyrid-0.10.0 against 1.99.0-beta.8+cargoflags=--release for beta-release-1.100-2
[INFO] extracting crate lyrid 0.10.0 into /workspace/builds/worker-5-tc1/source
[INFO] started tweaking crates.io crate lyrid 0.10.0
[INFO] removed 0 missing tests
[INFO] finished tweaking crates.io crate lyrid 0.10.0
[INFO] tweaked toml for crates.io crate lyrid 0.10.0 written to /workspace/builds/worker-5-tc1/source/Cargo.toml
[INFO] validating manifest of crates.io crate lyrid 0.10.0 on toolchain 1.99.0-beta.8
[INFO] running `Command { std: CARGO_HOME="/workspace/cargo-home" RUSTUP_HOME="/workspace/rustup-home" "/workspace/cargo-home/bin/cargo" "+1.99.0-beta.8" "metadata" "--manifest-path" "Cargo.toml" "--no-deps", kill_on_drop: false }`
[INFO] crate crates.io crate lyrid 0.10.0 already has a lockfile, it will not be regenerated
[INFO] running `Command { std: CARGO_HOME="/workspace/cargo-home" RUSTUP_HOME="/workspace/rustup-home" "/workspace/cargo-home/bin/cargo" "+1.99.0-beta.8" "fetch" "--manifest-path" "Cargo.toml", kill_on_drop: false }`
[INFO] [stderr]  Downloading crates ...
[INFO] [stderr]   Downloaded http-range-header v0.4.2
[INFO] [stderr]   Downloaded tower-http v0.7.0
[INFO] running `Command { std: "docker" "create" "-v" "/var/lib/crater-agent-workspace/builds/worker-5-tc1/source:/opt/rustwide/workdir:ro,Z" "-v" "/var/lib/crater-agent-workspace/builds/worker-5-tc1/target:/opt/rustwide/target:rw,Z" "-v" "/var/lib/crater-agent-workspace/cargo-home:/opt/rustwide/cargo-home:ro,Z" "-v" "/var/lib/crater-agent-workspace/rustup-home:/opt/rustwide/rustup-home:ro,Z" "-m" "1610612736" "--network" "none" "ghcr.io/rust-lang/crates-build-env/linux@sha256:77db811e55d90add9212f6832c23229e3de5f1c1f9905e8cb07319ea15df73ac" "sleep" "infinity", kill_on_drop: false }`
[INFO] [stdout] 5b8f574c03bfdb2c7fd45b7518b72d178ed4e6e0a1112dca1412a3391841986b
[INFO] running `Command { std: "docker" "start" "5b8f574c03bfdb2c7fd45b7518b72d178ed4e6e0a1112dca1412a3391841986b", kill_on_drop: false }`
[INFO] running `Command { std: "docker" "inspect" "5b8f574c03bfdb2c7fd45b7518b72d178ed4e6e0a1112dca1412a3391841986b", kill_on_drop: false }`
[INFO] running `Command { std: "docker" "exec" "-e" "SOURCE_DIR=/opt/rustwide/workdir" "-e" "CARGO_HOME=/opt/rustwide/cargo-home" "-e" "RUSTUP_HOME=/opt/rustwide/rustup-home" "-e" "CARGO_TARGET_DIR=/opt/rustwide/target" "-w" "/opt/rustwide/workdir" "--user" "0:0" "5b8f574c03bfdb2c7fd45b7518b72d178ed4e6e0a1112dca1412a3391841986b" "/opt/rustwide/cargo-home/bin/cargo" "+1.99.0-beta.8" "metadata" "--no-deps" "--format-version=1", kill_on_drop: false }`
[INFO] running `Command { std: "docker" "inspect" "5b8f574c03bfdb2c7fd45b7518b72d178ed4e6e0a1112dca1412a3391841986b", kill_on_drop: false }`
[INFO] running `Command { std: "docker" "exec" "-e" "SOURCE_DIR=/opt/rustwide/workdir" "-e" "CARGO_HOME=/opt/rustwide/cargo-home" "-e" "RUSTUP_HOME=/opt/rustwide/rustup-home" "-e" "CARGO_TARGET_DIR=/opt/rustwide/target" "-e" "CARGO_INCREMENTAL=0" "-e" "RUST_BACKTRACE=full" "-e" "RUSTFLAGS=--cap-lints=warn" "-e" "RUSTDOCFLAGS=--cap-lints=warn" "-w" "/opt/rustwide/workdir" "--user" "0:0" "5b8f574c03bfdb2c7fd45b7518b72d178ed4e6e0a1112dca1412a3391841986b" "/opt/rustwide/cargo-home/bin/cargo" "+1.99.0-beta.8" "build" "--frozen" "--message-format=json" "--release", kill_on_drop: false }`
[INFO] [stderr]    Compiling syn v3.0.4
[INFO] [stderr]    Compiling syn v2.0.119
[INFO] [stderr]    Compiling serde_core v1.0.229
[INFO] [stderr]    Compiling generic-array v0.14.9
[INFO] [stderr]    Compiling typenum v1.20.1
[INFO] [stderr]    Compiling serde v1.0.229
[INFO] [stderr]    Compiling crossbeam-utils v0.8.22
[INFO] [stderr]    Compiling log v0.4.34
[INFO] [stderr]    Compiling errno v0.3.14
[INFO] [stderr]    Compiling serde_json v1.0.151
[INFO] [stderr]    Compiling cmov v0.5.4
[INFO] [stderr]    Compiling litemap v0.8.3
[INFO] [stderr]    Compiling writeable v0.6.4
[INFO] [stderr]    Compiling ctutils v0.4.2
[INFO] [stderr]    Compiling signal-hook-registry v1.4.8
[INFO] [stderr]    Compiling num-traits v0.2.19
[INFO] [stderr]    Compiling hybrid-array v0.4.14
[INFO] [stderr]    Compiling thiserror v2.0.20
[INFO] [stderr]    Compiling icu_properties_data v2.3.0
[INFO] [stderr]    Compiling icu_normalizer_data v2.3.0
[INFO] [stderr]    Compiling block-buffer v0.12.1
[INFO] [stderr]    Compiling crypto-common v0.2.2
[INFO] [stderr]    Compiling ring v0.17.14
[INFO] [stderr]    Compiling futures-core v0.3.34
[INFO] [stderr]    Compiling rustls-pki-types v1.15.1
[INFO] [stderr]    Compiling digest v0.11.3
[INFO] [stderr]    Compiling crypto-common v0.1.6
[INFO] [stderr]    Compiling block-buffer v0.10.4
[INFO] [stderr]    Compiling socket2 v0.6.5
[INFO] [stderr]    Compiling mio v1.2.2
[INFO] [stderr]    Compiling foldhash v0.2.0
[INFO] [stderr]    Compiling rustls v0.23.43
[INFO] [stderr]    Compiling futures-task v0.3.34
[INFO] [stderr]    Compiling futures-sink v0.3.34
[INFO] [stderr]    Compiling cpufeatures v0.3.1
[INFO] [stderr]    Compiling rand_core v0.10.1
[INFO] [stderr]    Compiling tokio v1.53.1
[INFO] [stderr]    Compiling hashbrown v0.16.1
[INFO] [stderr]    Compiling futures-util v0.3.34
[INFO] [stderr]    Compiling tinyvec v1.12.0
[INFO] [stderr]    Compiling form_urlencoded v1.2.2
[INFO] [stderr]    Compiling digest v0.10.7
[INFO] [stderr]    Compiling getrandom v0.4.3
[INFO] [stderr]    Compiling crc-catalog v2.5.0
[INFO] [stderr]    Compiling futures-io v0.3.34
[INFO] [stderr]    Compiling crossbeam-queue v0.3.13
[INFO] [stderr]    Compiling crc v3.4.0
[INFO] [stderr]    Compiling synstructure v0.13.2
[INFO] [stderr]    Compiling sha2 v0.10.9
[INFO] [stderr]    Compiling indexmap v2.14.0
[INFO] [stderr]    Compiling serde_derive v1.0.229
[INFO] [stderr]    Compiling zerovec-derive v0.11.6
[INFO] [stderr]    Compiling displaydoc v0.2.7
[INFO] [stderr]    Compiling tokio-macros v2.7.2
[INFO] [stderr]    Compiling thiserror-impl v2.0.20
[INFO] [stderr]    Compiling zerofrom-derive v0.1.7
[INFO] [stderr]    Compiling yoke-derive v0.8.2
[INFO] [stderr]    Compiling tracing-attributes v0.1.31
[INFO] [stderr]    Compiling rustls-webpki v0.103.15
[INFO] [stderr]    Compiling zerofrom v0.1.8
[INFO] [stderr]    Compiling event-listener v5.4.2
[INFO] [stderr]    Compiling yoke v0.8.3
[INFO] [stderr]    Compiling zerovec v0.11.8
[INFO] [stderr]    Compiling zerotrie v0.2.5
[INFO] [stderr]    Compiling tracing v0.1.44
[INFO] [stderr]    Compiling tokio-stream v0.1.19
[INFO] [stderr]    Compiling tinystr v0.8.4
[INFO] [stderr]    Compiling potential_utf v0.1.6
[INFO] [stderr]    Compiling hashlink v0.11.1
[INFO] [stderr]    Compiling icu_collections v2.3.0
[INFO] [stderr]    Compiling icu_locale_core v2.3.0
[INFO] [stderr]    Compiling unicode-normalization v0.1.25
[INFO] [stderr]    Compiling smallvec v1.15.2
[INFO] [stderr]    Compiling icu_provider v2.3.1
[INFO] [stderr]    Compiling either v1.18.0
[INFO] [stderr]    Compiling parking_lot_core v0.9.12
[INFO] [stderr]    Compiling chacha20 v0.10.2
[INFO] [stderr]    Compiling icu_properties v2.3.0
[INFO] [stderr]    Compiling icu_normalizer v2.3.0
[INFO] [stderr]    Compiling hmac v0.13.0
[INFO] [stderr]    Compiling parking_lot v0.12.5
[INFO] [stderr]    Compiling webpki-roots v1.0.9
[INFO] [stderr]    Compiling futures-channel v0.3.34
[INFO] [stderr]    Compiling futures-intrusive v0.5.0
[INFO] [stderr]    Compiling uuid v1.26.0
[INFO] [stderr]    Compiling base64 v0.22.1
[INFO] [stderr]    Compiling unicode-properties v0.1.4
[INFO] [stderr]    Compiling idna_adapter v1.2.2
[INFO] [stderr]    Compiling tinyvec_macros v0.1.1
[INFO] [stderr]    Compiling unicode-bidi v0.3.18
[INFO] [stderr]    Compiling idna v1.1.0
[INFO] [stderr]    Compiling url v2.5.8
[INFO] [stderr]    Compiling stringprep v0.1.5
[INFO] [stderr]    Compiling sqlx-core v0.9.0
[INFO] [stderr]    Compiling hkdf v0.13.0
[INFO] [stderr]    Compiling rand v0.10.2
[INFO] [stderr]    Compiling atoi v2.0.0
[INFO] [stderr]    Compiling sha2 v0.11.0
[INFO] [stderr]    Compiling md-5 v0.11.0
[INFO] [stderr]    Compiling rustix v1.1.4
[INFO] [stderr]    Compiling byteorder v1.5.0
[INFO] [stderr]    Compiling whoami v2.1.3
[INFO] [stderr]    Compiling sqlx-postgres v0.9.0
[INFO] [stderr]    Compiling sync_wrapper v1.0.2
[INFO] [stderr]    Compiling miniz_oxide v0.8.9
[INFO] [stderr]    Compiling phc v0.6.1
[INFO] [stderr]    Compiling regex-automata v0.4.18
[INFO] [stderr]    Compiling hyper v1.11.0
[INFO] [stderr]    Compiling sqlx-macros-core v0.9.0
[INFO] [stderr]    Compiling dotenvy v0.15.7
[INFO] [stderr]    Compiling ureq-proto v0.6.1
[INFO] [stderr]    Compiling sqlx-macros v0.9.0
[INFO] [stderr]    Compiling serde_urlencoded v0.7.1
[INFO] [stderr]    Compiling flate2 v1.1.9
[INFO] [stderr]    Compiling xattr v1.6.1
[INFO] [stderr]    Compiling matchers v0.2.0
[INFO] [stderr]    Compiling hyper-util v0.1.20
[INFO] [stderr]    Compiling password-hash v0.6.1
[INFO] [stderr]    Compiling axum-core v0.5.6
[INFO] [stderr]    Compiling tower v0.5.3
[INFO] [stderr]    Compiling tokio-util v0.7.19
[INFO] [stderr]    Compiling clap_derive v4.6.4
[INFO] [stderr]    Compiling serde_path_to_error v0.1.20
[INFO] [stderr]    Compiling blake2 v0.11.0
[INFO] [stderr]    Compiling tracing-log v0.2.0
[INFO] [stderr]    Compiling filetime v0.2.29
[INFO] [stderr]    Compiling utf8-zero v0.8.1
[INFO] [stderr]    Compiling libbz2-rs-sys v0.2.5
[INFO] [stderr]    Compiling matchit v0.8.4
[INFO] [stderr]    Compiling http-range-header v0.4.2
[INFO] [stderr]    Compiling bzip2 v0.6.1
[INFO] [stderr]    Compiling axum v0.8.9
[INFO] [stderr]    Compiling clap v4.6.6
[INFO] [stderr]    Compiling tower-http v0.7.0
[INFO] [stderr]    Compiling tracing-subscriber v0.3.23
[INFO] [stderr]    Compiling ureq v3.4.0
[INFO] [stderr]    Compiling sqlx v0.9.0
[INFO] [stderr]    Compiling tar v0.4.46
[INFO] [stderr]    Compiling argon2 v0.6.0
[INFO] [stderr]    Compiling quick-xml v0.42.0
[INFO] [stderr]    Compiling lyrid v0.10.0 (/opt/rustwide/workdir)
[INFO] [stderr]     Finished `release` profile [optimized] target(s) in 5m 59s
[INFO] running `Command { std: "docker" "inspect" "5b8f574c03bfdb2c7fd45b7518b72d178ed4e6e0a1112dca1412a3391841986b", kill_on_drop: false }`
[INFO] running `Command { std: "docker" "exec" "-e" "SOURCE_DIR=/opt/rustwide/workdir" "-e" "CARGO_HOME=/opt/rustwide/cargo-home" "-e" "RUSTUP_HOME=/opt/rustwide/rustup-home" "-e" "CARGO_TARGET_DIR=/opt/rustwide/target" "-e" "CARGO_INCREMENTAL=0" "-e" "RUST_BACKTRACE=full" "-e" "RUSTFLAGS=--cap-lints=warn" "-e" "RUSTDOCFLAGS=--cap-lints=warn" "-w" "/opt/rustwide/workdir" "--user" "0:0" "5b8f574c03bfdb2c7fd45b7518b72d178ed4e6e0a1112dca1412a3391841986b" "/opt/rustwide/cargo-home/bin/cargo" "+1.99.0-beta.8" "test" "--frozen" "--no-run" "--message-format=json" "--release", kill_on_drop: false }`
[INFO] [stderr]    Compiling xattr v1.6.1
[INFO] [stderr]    Compiling tempfile v3.27.0
[INFO] [stderr]    Compiling tar v0.4.46
[INFO] [stderr]    Compiling lyrid v0.10.0 (/opt/rustwide/workdir)
[INFO] [stderr]     Finished `release` profile [optimized] target(s) in 2m 27s
[INFO] running `Command { std: "docker" "inspect" "5b8f574c03bfdb2c7fd45b7518b72d178ed4e6e0a1112dca1412a3391841986b", kill_on_drop: false }`
[INFO] running `Command { std: "docker" "exec" "-e" "SOURCE_DIR=/opt/rustwide/workdir" "-e" "CARGO_HOME=/opt/rustwide/cargo-home" "-e" "RUSTUP_HOME=/opt/rustwide/rustup-home" "-e" "CARGO_TARGET_DIR=/opt/rustwide/target" "-e" "CARGO_INCREMENTAL=0" "-e" "RUST_BACKTRACE=full" "-e" "RUSTFLAGS=--cap-lints=warn" "-e" "RUSTDOCFLAGS=--cap-lints=warn" "-w" "/opt/rustwide/workdir" "--user" "0:0" "5b8f574c03bfdb2c7fd45b7518b72d178ed4e6e0a1112dca1412a3391841986b" "/opt/rustwide/cargo-home/bin/cargo" "+1.99.0-beta.8" "test" "--frozen" "--release", kill_on_drop: false }`
[INFO] [stderr]     Finished `release` profile [optimized] target(s) in 0.30s
[INFO] [stderr]      Running unittests src/main.rs (/opt/rustwide/target/release/deps/lyrid-93458eb382cba06e)
[INFO] [stdout] 
[INFO] [stdout] running 174 tests
[INFO] [stdout] test api::accounts::tests::a_profile_update_carrying_a_mode_carries_nothing ... ok
[INFO] [stdout] test api::accounts::tests::a_short_password_is_refused_before_the_database ... ok
[INFO] [stdout] test api::accounts::tests::a_wrong_login_does_not_reveal_whether_the_address_exists ... ok
[INFO] [stdout] test api::accounts::tests::an_unknown_mode_is_refused_before_the_database ... ok
[INFO] [stdout] test api::accounts::tests::asking_who_i_am_without_a_cookie_is_unauthorised ... ok
[INFO] [stdout] test api::accounts::tests::saving_a_profile_without_a_session_is_unauthorised ... ok
[INFO] [stdout] test api::artists::tests::a_national_domain_is_the_same_shop ... ok
[INFO] [stdout] test api::artists::tests::a_non_numeric_artist_id_does_not_reach_the_database ... ok
[INFO] [stdout] test api::artists::tests::a_search_without_a_term_is_a_bad_request_rather_than_a_crash ... ok
[INFO] [stdout] test api::artists::tests::a_short_search_term_answers_empty_without_touching_the_database ... ok
[INFO] [stdout] test api::artists::tests::a_lookalike_domain_is_not_the_service ... ok
[INFO] [stdout] test api::artists::tests::an_unknown_host_keeps_musicbrainzs_own_word_for_it ... ok
[INFO] [stdout] test api::accounts::tests::a_bad_address_is_refused_before_the_database ... ok
[INFO] [stdout] test api::accounts::tests::a_cookie_that_is_not_ours_is_no_session ... ok
[INFO] [stdout] test api::artists::tests::a_channel_without_an_id_stays_a_link ... ok
[INFO] [stdout] test api::accounts::tests::signing_out_clears_the_cookie_even_without_a_session ... ok
[INFO] [stdout] test app::tests::an_existing_tile_is_served_as_it_is ... ok
[INFO] [stdout] test api::artists::tests::names_a_service_by_its_domain_suffix ... ok
[INFO] [stdout] test app::tests::unknown_routes_return_404 ... ok
[INFO] [stdout] test app::tests::without_a_static_directory_nothing_but_the_api_is_served ... ok
[INFO] [stdout] test app::tests::a_missing_tile_is_a_404_and_never_the_spa ... ok
[INFO] [stdout] test app::tests::an_unknown_path_falls_back_to_the_spa ... ok
[INFO] [stdout] test auth::tests::a_cookie_whose_name_merely_ends_in_ours_is_not_ours ... ok
[INFO] [stdout] test auth::tests::a_corrupted_hash_does_not_open_the_account ... ok
[INFO] [stdout] test auth::tests::a_session_cookie_cannot_be_read_by_a_script ... ok
[INFO] [stdout] test auth::tests::a_short_password_is_refused_by_characters_not_bytes ... ok
[INFO] [stdout] test auth::tests::an_empty_session_cookie_is_no_session ... ok
[INFO] [stdout] test auth::tests::an_address_needs_the_shape_of_one ... ok
[INFO] [stdout] test auth::tests::clearing_matches_the_cookie_it_replaces ... ok
[INFO] [stdout] test auth::tests::one_mailbox_is_one_account ... ok
[INFO] [stdout] test auth::tests::only_the_two_modes_exist ... ok
[INFO] [stdout] test api::artists::tests::a_channel_link_becomes_its_uploads_playlist ... ok
[INFO] [stdout] test auth::tests::the_token_is_found_among_other_cookies ... ok
[INFO] [stdout] test config::tests::cookies_are_insecure_unless_told_otherwise ... ok
[INFO] [stdout] test config::tests::defaults_the_bind_address ... ok
[INFO] [stdout] test config::tests::only_an_explicit_true_turns_secure_cookies_on ... ok
[INFO] [stdout] test config::tests::reads_the_bind_address_override ... ok
[INFO] [stdout] test config::tests::reads_the_static_directory ... ok
[INFO] [stdout] test config::tests::rejects_a_malformed_bind_address ... ok
[INFO] [stdout] test config::tests::requires_database_url ... ok
[INFO] [stdout] test config::tests::serves_no_static_files_unless_told_where ... ok
[INFO] [stdout] test config::tests::treats_an_empty_static_directory_as_unset ... ok
[INFO] [stdout] test import::copy_text::tests::handles_crlf_line_endings ... ok
[INFO] [stdout] test auth::tests::tokens_do_not_repeat ... ok
[INFO] [stdout] test import::copy_text::tests::keeps_values_that_merely_start_with_n ... ok
[INFO] [stdout] test import::copy_text::tests::keeps_empty_string_distinct_from_null ... ok
[INFO] [stdout] test import::copy_text::tests::preserves_non_ascii ... ok
[INFO] [stdout] test import::copy_text::tests::reads_null_as_none ... ok
[INFO] [stdout] test import::copy_text::tests::splits_plain_fields ... ok
[INFO] [stdout] test import::copy_text::tests::stops_at_the_copy_terminator ... ok
[INFO] [stdout] test import::copy_text::tests::unescapes_backslashes ... ok
[INFO] [stdout] test import::copy_text::tests::parses_numbers_and_ignores_malformed_ones ... ok
[INFO] [stdout] test import::discogs::tests::counts_a_genre_once_per_release ... ok
[INFO] [stdout] test import::discogs::tests::credits_every_artist_on_a_collaboration ... ok
[INFO] [stdout] test import::discogs::tests::does_not_mistake_a_sublabel_for_the_labels_own_name ... ok
[INFO] [stdout] test import::copy_text::tests::unescapes_tabs_and_newlines_inside_values ... ok
[INFO] [stdout] test import::discogs::tests::genre_rows_come_out_in_a_stable_order ... ok
[INFO] [stdout] test import::discogs::tests::does_not_take_the_release_name_as_an_artist_id ... ok
[INFO] [stdout] test import::discogs::tests::ignores_urls_that_are_not_artist_pages ... ok
[INFO] [stdout] test import::discogs::tests::ignores_artists_outside_the_canon ... ok
[INFO] [stdout] test import::discogs::tests::keeps_genres_and_styles_apart ... ok
[INFO] [stdout] test import::discogs::tests::reads_a_label_with_its_parent ... ok
[INFO] [stdout] test import::discogs::tests::leaves_contact_information_out ... ok
[INFO] [stdout] test import::discogs::tests::reads_the_discogs_id_out_of_every_url_form ... ok
[INFO] [stdout] test import::discogs::tests::skips_a_master_with_no_genres_at_all ... ok
[INFO] [stdout] test import::discogs::tests::takes_the_version_from_the_filename ... ok
[INFO] [stdout] test import::discogs_xml::tests::distinguishes_genres_from_styles_by_path ... ok
[INFO] [stdout] test import::discogs::tests::sums_genres_when_one_artist_has_several_discogs_entries ... ok
[INFO] [stdout] test import::discogs_xml::tests::keeps_member_ids_distinct_from_the_records_own_id ... ok
[INFO] [stdout] test import::discogs_xml::tests::keeps_nested_paths_separate_across_siblings ... ok
[INFO] [stdout] test import::discogs_xml::tests::reads_an_id_carried_as_an_attribute_on_the_record ... ok
[INFO] [stdout] test import::discogs_xml::tests::preserves_non_ascii_and_entities ... ok
[INFO] [stdout] test import::discogs_xml::tests::reads_child_elements_with_their_path ... ok
[INFO] [stdout] test import::discogs_xml::tests::reads_the_id_attribute_on_nested_names ... ok
[INFO] [stdout] test import::discogs_xml::tests::reports_self_closing_elements_without_text ... ok
[INFO] [stdout] test import::discogs_xml::tests::survives_a_truncated_document ... ok
[INFO] [stdout] test import::discogs_xml::tests::survives_an_empty_record ... ok
[INFO] [stdout] test import::listenbrainz::tests::applies_the_score_threshold ... ok
[INFO] [stdout] test import::listenbrainz::tests::drops_self_edges ... ok
[INFO] [stdout] test import::listenbrainz::tests::drops_unknown_credits ... ok
[INFO] [stdout] test import::discogs_xml::tests::yields_every_record_in_sequence ... ok
[INFO] [stdout] test import::listenbrainz::tests::keeps_the_strongest_score_when_credits_collapse ... ok
[INFO] [stdout] test import::listenbrainz::tests::orders_each_pair_the_same_way ... ok
[INFO] [stdout] test import::listenbrainz::tests::skips_malformed_lines_without_failing ... ok
[INFO] [stdout] test import::listenbrainz::tests::resolves_credits_to_artists ... ok
[INFO] [stdout] test import::musicbrainz::tests::ignores_a_date_on_a_release_belonging_to_no_group ... ok
[INFO] [stdout] test import::musicbrainz::tests::keeps_the_earliest_year_of_a_release_issued_in_several_countries ... ok
[INFO] [stdout] test import::musicbrainz::tests::leaves_a_release_group_undated_when_no_release_carries_a_year ... ok
[INFO] [stdout] test import::musicbrainz::tests::reads_country_codes_from_iso_3166_1 ... ok
[INFO] [stdout] test import::musicbrainz::tests::takes_the_year_from_the_right_column_in_each_date_table ... ok
[INFO] [stdout] test import::wikidata::tests::collects_every_value_of_the_many_valued_properties ... ok
[INFO] [stdout] test import::wikidata::tests::falls_back_to_birth_place_for_people ... ok
[INFO] [stdout] test import::wikidata::tests::ignores_entities_that_are_not_items ... ok
[INFO] [stdout] test import::wikidata::tests::ignores_snaks_with_no_value ... ok
[INFO] [stdout] test import::wikidata::tests::keeps_only_entities_the_canon_knows ... ok
[INFO] [stdout] test import::wikidata::tests::keeps_the_enwiki_title_for_the_prose_import ... ok
[INFO] [stdout] test import::wikidata::tests::names_a_wanted_item_and_ignores_the_rest ... ok
[INFO] [stdout] test import::wikidata::tests::prefers_formation_place_over_birth_place ... ok
[INFO] [stdout] test import::wikidata::tests::reads_the_year_out_of_a_signed_time_value ... ok
[INFO] [stdout] test import::wikidata::tests::skips_the_arrays_brackets ... ok
[INFO] [stdout] test import::musicbrainz::tests::dates_a_release_group_by_its_earliest_release ... ok
[INFO] [stdout] test import::wikidata::tests::wants_the_items_the_facts_point_at ... ok
[INFO] [stdout] test auth::tests::the_hash_is_never_the_password ... ok
[INFO] [stdout] test import::wikipedia::tests::builds_the_article_url_the_licence_requires ... ok
[INFO] [stdout] test import::wikipedia::tests::matches_a_title_containing_an_ampersand ... ok
[INFO] [stdout] test import::wikipedia::tests::returns_nothing_when_the_article_is_not_in_the_stream ... ok
[INFO] [stdout] test import::wikidata::tests::survives_a_malformed_line ... ok
[INFO] [stdout] test import::wikipedia::tests::takes_the_version_from_the_dump_filename ... ok
[INFO] [stdout] test import::wikipedia::tests::undoes_the_dumps_escaping_but_leaves_wikitext_entities ... ok
[INFO] [stdout] test import::wikipedia::tests::finds_one_article_among_several_in_a_stream ... ok
[INFO] [stdout] test import::wikipedia::tests::survives_a_page_without_a_revision_id ... ok
[INFO] [stdout] test import::wikitext::tests::an_article_opening_with_a_multi_byte_character_does_not_panic ... ok
[INFO] [stdout] test import::wikitext::tests::cleans_up_a_parenthesis_left_holding_only_punctuation ... ok
[INFO] [stdout] test import::wikitext::tests::a_multi_byte_character_at_the_entity_window_does_not_panic ... ok
[INFO] [stdout] test import::wikitext::tests::decodes_the_entities_editors_write_by_hand ... ok
[INFO] [stdout] test import::wikitext::tests::drops_list_lines_that_are_not_prose ... ok
[INFO] [stdout] test import::wikitext::tests::drops_a_parenthesis_that_becomes_empty ... ok
[INFO] [stdout] test import::wikitext::tests::flattens_wikilinks_to_their_display_words ... ok
[INFO] [stdout] test import::wikitext::tests::keeps_a_stray_ampersand_as_written ... ok
[INFO] [stdout] test import::wikitext::tests::keeps_an_article_that_never_bolds_its_name ... ok
[INFO] [stdout] test import::wikitext::tests::keeps_several_paragraphs_of_the_lead ... ok
[INFO] [stdout] test import::wikitext::tests::keeps_the_dash_that_separates_two_years ... ok
[INFO] [stdout] test import::wikitext::tests::removes_a_comment_from_the_middle_of_a_sentence ... ok
[INFO] [stdout] test import::wikitext::tests::removes_a_nested_infobox_whole ... ok
[INFO] [stdout] test import::wikitext::tests::decodes_numeric_and_dash_entities ... ok
[INFO] [stdout] test import::wikitext::tests::drops_the_templates_that_open_an_article ... ok
[INFO] [stdout] test import::wikitext::tests::removes_file_links_with_their_captions ... ok
[INFO] [stdout] test import::wikitext::tests::removes_a_self_closing_reference ... ok
[INFO] [stdout] test import::wikitext::tests::removes_references_including_nested_templates ... ok
[INFO] [stdout] test import::wikitext::tests::resolves_the_templates_that_carry_sentence_content ... ok
[INFO] [stdout] test import::wikitext::tests::returns_nothing_for_a_redirect ... ok
[INFO] [stdout] test import::wikitext::tests::resolves_the_entities_editors_write_by_hand ... ok
[INFO] [stdout] test import::wikitext::tests::returns_nothing_when_there_is_no_prose_left ... ok
[INFO] [stdout] test import::wikitext::tests::stops_at_the_first_section_heading ... ok
[INFO] [stdout] test import::wikitext::tests::survives_a_multi_byte_character_after_a_link_opener ... ok
[INFO] [stdout] test import::wikitext::tests::survives_unbalanced_markup ... ok
[INFO] [stdout] test layout::force::tests::an_empty_graph_produces_an_empty_layout ... ok
[INFO] [stdout] test auth::tests::the_same_password_hashes_differently_every_time ... ok
[INFO] [stdout] test layout::force::tests::indexes_artists_in_sorted_order_not_hash_order ... ok
[INFO] [stdout] test layout::force::tests::mass_grows_with_the_edges_a_star_takes_part_in ... ok
[INFO] [stdout] test layout::force::tests::builds_a_graph_with_both_directions_of_every_edge ... ok
[INFO] [stdout] test layout::force::tests::positions_stay_finite ... ok
[INFO] [stdout] test layout::force::tests::connected_stars_end_up_closer_than_unconnected_ones ... ok
[INFO] [stdout] test layout::force::tests::the_same_seed_gives_the_same_sky ... ok
[INFO] [stdout] test layout::force::tests::stronger_similarity_pulls_harder ... ok
[INFO] [stdout] test layout::force::tests::the_layout_settles_rather_than_growing_without_bound ... ok
[INFO] [stdout] test layout::force::tests::two_clusters_separate ... ok
[INFO] [stdout] test layout::quadtree::tests::a_single_star_has_a_tree_and_no_force_on_itself ... ok
[INFO] [stdout] test layout::quadtree::tests::a_smaller_angle_is_more_accurate ... ok
[INFO] [stdout] test layout::quadtree::tests::approximation_stays_close_to_the_exact_force ... ok
[INFO] [stdout] test layout::quadtree::tests::mass_is_conserved_through_the_summary ... ok
[INFO] [stdout] test layout::quadtree::tests::stars_sharing_a_point_do_not_split_forever ... ok
[INFO] [stdout] test layout::quadtree::tests::two_stars_push_apart_along_the_line_between_them ... ok
[INFO] [stdout] test layout::tiles::tests::a_deeper_level_splits_the_sky_into_four_times_as_many_tiles ... ok
[INFO] [stdout] test layout::tiles::tests::a_star_on_the_far_edge_lands_inside_the_grid ... ok
[INFO] [stdout] test layout::tiles::tests::a_star_present_at_one_level_stays_present_deeper ... ok
[INFO] [stdout] test auth::tests::a_password_verifies_against_its_own_hash ... ok
[INFO] [stdout] test layout::quadtree::tests::massless_stars_are_placed_but_do_not_push ... ok
[INFO] [stdout] test layout::tiles::tests::a_written_tile_reads_back_exactly ... ok
[INFO] [stdout] test layout::tiles::tests::an_empty_sky_produces_no_tiles ... ok
[INFO] [stdout] test layout::tiles::tests::brighter_stars_appear_at_shallower_levels ... ok
[INFO] [stdout] test layout::tiles::tests::level_zero_is_one_tile_holding_the_whole_sky ... ok
[INFO] [stdout] test layout::tiles::tests::the_path_is_level_column_row ... ok
[INFO] [stdout] test layout::tiles::tests::the_pyramid_stops_once_every_star_is_shown ... ok
[INFO] [stdout] test layout::tiles::tests::the_written_tile_has_the_size_the_format_promises ... ok
[INFO] [stdout] test layout::quadtree::tests::the_tree_stays_near_linear_in_the_number_of_stars ... ok
[INFO] [stdout] test layout::force::tests::a_different_seed_gives_a_different_sky ... ok
[INFO] [stdout] test layout::tiles::tests::tiles_come_out_in_a_stable_order ... ok
[INFO] [stdout] test slice::tests::only_plain_identifiers_are_interpolated ... ok
[INFO] [stdout] test slice::tests::a_slice_of_nothing_is_refused_before_a_database_is_touched ... ok
[INFO] [stdout] test slice::tests::the_default_slice_is_a_hundred_thousand_and_changes_nothing_by_itself ... ok
[INFO] [stdout] test api::artists::tests::an_unreachable_database_is_a_server_error_not_a_hang ... ok
[INFO] [stdout] test app::tests::health_reports_degraded_without_a_database ... ok
[INFO] [stdout] test app::tests::the_api_still_answers_when_static_files_are_served ... ok
[INFO] [stdout] 
[INFO] [stdout] test result: ok. 174 passed; 0 failed; 0 ignored; 0 measured; 0 filtered out; finished in 1.01s
[INFO] [stdout] 
[INFO] [stderr]      Running tests/accounts.rs (/opt/rustwide/target/release/deps/accounts-cbcf8efd8de95d73)
[INFO] [stdout] 
[INFO] [stdout] running 7 tests
[INFO] [stdout] test losing_a_layout_costs_the_camera_and_nothing_else ... FAILED
[INFO] [stdout] test a_camera_saved_in_the_current_layout_is_kept ... FAILED
[INFO] [stdout] test one_mailbox_cannot_hold_two_accounts ... FAILED
[INFO] [stdout] test an_orphaned_camera_is_refused_even_when_there_is_no_sky ... FAILED
[INFO] [stdout] test rebuilding_the_canon_does_not_touch_accounts ... FAILED
[INFO] [stdout] test a_mode_outside_the_two_is_refused_by_the_database ... FAILED
[INFO] [stdout] test deleting_an_account_takes_its_sessions_and_profile_with_it ... FAILED
[INFO] [stdout] 
[INFO] [stdout] failures:
[INFO] [stdout] 
[INFO] [stdout] ---- losing_a_layout_costs_the_camera_and_nothing_else stdout ----
[INFO] [stdout] 
[INFO] [stdout] thread 'losing_a_layout_costs_the_camera_and_nothing_else' (3405) panicked at tests/accounts.rs:28:9:
[INFO] [stdout] LYRID_TEST_DATABASE_URL is not set, so the account rules were not checked.
[INFO] [stdout] These tests exercise constraints and queries that only exist in the database.
[INFO] [stdout] Set it to a database you do not mind writing to (every test rolls back), e.g.
[INFO] [stdout]   LYRID_TEST_DATABASE_URL=postgres://lyrid:lyrid@localhost:5432/lyrid
[INFO] [stdout] or run `cargo test --bins` to skip the suites that need one.
[INFO] [stdout] stack backtrace:
[INFO] [stdout]    0:     0x64c7d4d7bfb1 - <<std[70759c8f55707aa4]::sys::backtrace::BacktraceLock>::print::DisplayBacktrace as core[df12db4294e9bfd3]::fmt::Display>::fmt
[INFO] [stdout]    1:     0x64c7d4d9284a - core[df12db4294e9bfd3]::fmt::write
[INFO] [stdout]    2:     0x64c7d4d80a6c - <alloc[2182bb758b4b3781]::vec::Vec<u8> as core[df12db4294e9bfd3]::io::write::Write>::write_fmt
[INFO] [stderr] error: test failed, to rerun pass `--test accounts`
[INFO] [stdout]    3:     0x64c7d4d56fa6 - std[70759c8f55707aa4]::panicking::default_hook::{closure#0}
[INFO] [stdout]    4:     0x64c7d4d73bb9 - std[70759c8f55707aa4]::panicking::default_hook
[INFO] [stdout]    5:     0x64c7d4b25520 - test[9d35eded1c95d3be]::test_main_inner::<test[9d35eded1c95d3be]::test_main_static::{closure#0}>::{closure#0}
[INFO] [stdout]    6:     0x64c7d4d73ee2 - std[70759c8f55707aa4]::panicking::panic_with_hook
[INFO] [stdout]    7:     0x64c7d4d57084 - std[70759c8f55707aa4]::panicking::panic_handler::{closure#0}
[INFO] [stdout]    8:     0x64c7d4d4fb69 - std[70759c8f55707aa4]::sys::backtrace::__rust_end_short_backtrace::<std[70759c8f55707aa4]::panicking::panic_handler::{closure#0}, !>
[INFO] [stdout]    9:     0x64c7d4d57e3d - __rustc[8fa7c3cbc660c2b3]::rust_begin_unwind
[INFO] [stdout]   10:     0x64c7d4d92fac - core[df12db4294e9bfd3]::panicking::panic_fmt
[INFO] [stdout]   11:     0x64c7d4a9e004 - accounts[102b65cd49c83c64]::database_url::{closure#0}
[INFO] [stdout]   12:     0x64c7d4a9ea34 - accounts[102b65cd49c83c64]::pool::{closure#0}
[INFO] [stdout]   13:     0x64c7d4aa4072 - accounts[102b65cd49c83c64]::losing_a_layout_costs_the_camera_and_nothing_else::{closure#0}
[INFO] [stdout]   14:     0x64c7d4b0fda3 - <tokio[8a7a92091c52ce05]::runtime::scheduler::current_thread::Context>::enter::<core[df12db4294e9bfd3]::task::poll::Poll<()>, <tokio[8a7a92091c52ce05]::runtime::scheduler::current_thread::CoreGuard>::block_on<core[df12db4294e9bfd3]::pin::Pin<&mut core[df12db4294e9bfd3]::pin::Pin<&mut dyn core[df12db4294e9bfd3]::future::future::Future<Output = ()>>>>::{closure#0}::{closure#0}>
[INFO] [stdout]   15:     0x64c7d4ae49fc - <tokio[8a7a92091c52ce05]::runtime::context::scoped::Scoped<tokio[8a7a92091c52ce05]::runtime::scheduler::Context>>::set::<<tokio[8a7a92091c52ce05]::runtime::scheduler::current_thread::CoreGuard>::enter<<tokio[8a7a92091c52ce05]::runtime::scheduler::current_thread::CoreGuard>::block_on<core[df12db4294e9bfd3]::pin::Pin<&mut core[df12db4294e9bfd3]::pin::Pin<&mut dyn core[df12db4294e9bfd3]::future::future::Future<Output = ()>>>>::{closure#0}, core[df12db4294e9bfd3]::option::Option<()>>::{closure#0}, (alloc[2182bb758b4b3781]::boxed::Box<tokio[8a7a92091c52ce05]::runtime::scheduler::current_thread::Core>, core[df12db4294e9bfd3]::option::Option<()>)>
[INFO] [stdout]   16:     0x64c7d4b10347 - <tokio[8a7a92091c52ce05]::runtime::scheduler::current_thread::CoreGuard>::block_on::<core[df12db4294e9bfd3]::pin::Pin<&mut core[df12db4294e9bfd3]::pin::Pin<&mut dyn core[df12db4294e9bfd3]::future::future::Future<Output = ()>>>>
[INFO] [stdout]   17:     0x64c7d4b081dd - tokio[8a7a92091c52ce05]::runtime::context::runtime::enter_runtime::<<tokio[8a7a92091c52ce05]::runtime::scheduler::current_thread::CurrentThread>::block_on<core[df12db4294e9bfd3]::pin::Pin<&mut dyn core[df12db4294e9bfd3]::future::future::Future<Output = ()>>>::{closure#0}, ()>
[INFO] [stdout]   18:     0x64c7d4adba55 - <tokio[8a7a92091c52ce05]::runtime::runtime::Runtime>::block_on::<core[df12db4294e9bfd3]::pin::Pin<&mut dyn core[df12db4294e9bfd3]::future::future::Future<Output = ()>>>
[INFO] [stdout]   19:     0x64c7d4aaa80c - <accounts[102b65cd49c83c64]::losing_a_layout_costs_the_camera_and_nothing_else::{closure#0} as core[df12db4294e9bfd3]::ops::function::FnOnce<()>>::call_once
[INFO] [stdout]   20:     0x64c7d4b1880b - test[9d35eded1c95d3be]::__rust_begin_short_backtrace::<core[df12db4294e9bfd3]::result::Result<(), alloc[2182bb758b4b3781]::string::String>, fn() -> core[df12db4294e9bfd3]::result::Result<(), alloc[2182bb758b4b3781]::string::String>>
[INFO] [stdout]   21:     0x64c7d4b25e75 - test[9d35eded1c95d3be]::run_test::{closure#0}
[INFO] [stdout]   22:     0x64c7d4b1f734 - std[70759c8f55707aa4]::sys::backtrace::__rust_begin_short_backtrace::<test[9d35eded1c95d3be]::run_test::{closure#1}, ()>
[INFO] [stdout]   23:     0x64c7d4b28fd2 - <std[70759c8f55707aa4]::thread::lifecycle::spawn_unchecked<test[9d35eded1c95d3be]::run_test::{closure#1}, ()>::{closure#1} as core[df12db4294e9bfd3]::ops::function::FnOnce<()>>::call_once::{shim:vtable#0}
[INFO] [stdout]   24:     0x64c7d4d7b1b9 - <std[70759c8f55707aa4]::sys::thread::unix::Thread>::new::thread_start
[INFO] [stdout]   25:     0x7d22e9717dfa - <unknown>
[INFO] [stdout]   26:     0x7d22e97ab3d4 - clone
[INFO] [stdout]   27:                0x0 - <unknown>
[INFO] [stdout] 
[INFO] [stdout] ---- a_camera_saved_in_the_current_layout_is_kept stdout ----
[INFO] [stdout] 
[INFO] [stdout] thread 'a_camera_saved_in_the_current_layout_is_kept' (3401) panicked at tests/accounts.rs:28:9:
[INFO] [stdout] LYRID_TEST_DATABASE_URL is not set, so the account rules were not checked.
[INFO] [stdout] These tests exercise constraints and queries that only exist in the database.
[INFO] [stdout] Set it to a database you do not mind writing to (every test rolls back), e.g.
[INFO] [stdout]   LYRID_TEST_DATABASE_URL=postgres://lyrid:lyrid@localhost:5432/lyrid
[INFO] [stdout] or run `cargo test --bins` to skip the suites that need one.
[INFO] [stdout] stack backtrace:
[INFO] [stdout]    0:     0x64c7d4d7bfb1 - <<std[70759c8f55707aa4]::sys::backtrace::BacktraceLock>::print::DisplayBacktrace as core[df12db4294e9bfd3]::fmt::Display>::fmt
[INFO] [stdout]    1:     0x64c7d4d9284a - core[df12db4294e9bfd3]::fmt::write
[INFO] [stdout]    2:     0x64c7d4d80a6c - <alloc[2182bb758b4b3781]::vec::Vec<u8> as core[df12db4294e9bfd3]::io::write::Write>::write_fmt
[INFO] [stdout]    3:     0x64c7d4d56fa6 - std[70759c8f55707aa4]::panicking::default_hook::{closure#0}
[INFO] [stdout]    4:     0x64c7d4d73bb9 - std[70759c8f55707aa4]::panicking::default_hook
[INFO] [stdout]    5:     0x64c7d4b25520 - test[9d35eded1c95d3be]::test_main_inner::<test[9d35eded1c95d3be]::test_main_static::{closure#0}>::{closure#0}
[INFO] [stdout]    6:     0x64c7d4d73ee2 - std[70759c8f55707aa4]::panicking::panic_with_hook
[INFO] [stdout]    7:     0x64c7d4d57084 - std[70759c8f55707aa4]::panicking::panic_handler::{closure#0}
[INFO] [stdout]    8:     0x64c7d4d4fb69 - std[70759c8f55707aa4]::sys::backtrace::__rust_end_short_backtrace::<std[70759c8f55707aa4]::panicking::panic_handler::{closure#0}, !>
[INFO] [stdout]    9:     0x64c7d4d57e3d - __rustc[8fa7c3cbc660c2b3]::rust_begin_unwind
[INFO] [stdout]   10:     0x64c7d4d92fac - core[df12db4294e9bfd3]::panicking::panic_fmt
[INFO] [stdout]   11:     0x64c7d4a9e004 - accounts[102b65cd49c83c64]::database_url::{closure#0}
[INFO] [stdout]   12:     0x64c7d4a9ea34 - accounts[102b65cd49c83c64]::pool::{closure#0}
[INFO] [stdout]   13:     0x64c7d4aa24e2 - accounts[102b65cd49c83c64]::a_camera_saved_in_the_current_layout_is_kept::{closure#0}
[INFO] [stdout]   14:     0x64c7d4b0fda3 - <tokio[8a7a92091c52ce05]::runtime::scheduler::current_thread::Context>::enter::<core[df12db4294e9bfd3]::task::poll::Poll<()>, <tokio[8a7a92091c52ce05]::runtime::scheduler::current_thread::CoreGuard>::block_on<core[df12db4294e9bfd3]::pin::Pin<&mut core[df12db4294e9bfd3]::pin::Pin<&mut dyn core[df12db4294e9bfd3]::future::future::Future<Output = ()>>>>::{closure#0}::{closure#0}>
[INFO] [stdout]   15:     0x64c7d4ae49fc - <tokio[8a7a92091c52ce05]::runtime::context::scoped::Scoped<tokio[8a7a92091c52ce05]::runtime::scheduler::Context>>::set::<<tokio[8a7a92091c52ce05]::runtime::scheduler::current_thread::CoreGuard>::enter<<tokio[8a7a92091c52ce05]::runtime::scheduler::current_thread::CoreGuard>::block_on<core[df12db4294e9bfd3]::pin::Pin<&mut core[df12db4294e9bfd3]::pin::Pin<&mut dyn core[df12db4294e9bfd3]::future::future::Future<Output = ()>>>>::{closure#0}, core[df12db4294e9bfd3]::option::Option<()>>::{closure#0}, (alloc[2182bb758b4b3781]::boxed::Box<tokio[8a7a92091c52ce05]::runtime::scheduler::current_thread::Core>, core[df12db4294e9bfd3]::option::Option<()>)>
[INFO] [stdout]   16:     0x64c7d4b10347 - <tokio[8a7a92091c52ce05]::runtime::scheduler::current_thread::CoreGuard>::block_on::<core[df12db4294e9bfd3]::pin::Pin<&mut core[df12db4294e9bfd3]::pin::Pin<&mut dyn core[df12db4294e9bfd3]::future::future::Future<Output = ()>>>>
[INFO] [stdout]   17:     0x64c7d4b081dd - tokio[8a7a92091c52ce05]::runtime::context::runtime::enter_runtime::<<tokio[8a7a92091c52ce05]::runtime::scheduler::current_thread::CurrentThread>::block_on<core[df12db4294e9bfd3]::pin::Pin<&mut dyn core[df12db4294e9bfd3]::future::future::Future<Output = ()>>>::{closure#0}, ()>
[INFO] [stdout]   18:     0x64c7d4adba55 - <tokio[8a7a92091c52ce05]::runtime::runtime::Runtime>::block_on::<core[df12db4294e9bfd3]::pin::Pin<&mut dyn core[df12db4294e9bfd3]::future::future::Future<Output = ()>>>
[INFO] [stdout]   19:     0x64c7d4aaa3bc - <accounts[102b65cd49c83c64]::a_camera_saved_in_the_current_layout_is_kept::{closure#0} as core[df12db4294e9bfd3]::ops::function::FnOnce<()>>::call_once
[INFO] [stdout]   20:     0x64c7d4b1880b - test[9d35eded1c95d3be]::__rust_begin_short_backtrace::<core[df12db4294e9bfd3]::result::Result<(), alloc[2182bb758b4b3781]::string::String>, fn() -> core[df12db4294e9bfd3]::result::Result<(), alloc[2182bb758b4b3781]::string::String>>
[INFO] [stdout]   21:     0x64c7d4b25e75 - test[9d35eded1c95d3be]::run_test::{closure#0}
[INFO] [stdout]   22:     0x64c7d4b1f734 - std[70759c8f55707aa4]::sys::backtrace::__rust_begin_short_backtrace::<test[9d35eded1c95d3be]::run_test::{closure#1}, ()>
[INFO] [stdout]   23:     0x64c7d4b28fd2 - <std[70759c8f55707aa4]::thread::lifecycle::spawn_unchecked<test[9d35eded1c95d3be]::run_test::{closure#1}, ()>::{closure#1} as core[df12db4294e9bfd3]::ops::function::FnOnce<()>>::call_once::{shim:vtable#0}
[INFO] [stdout]   24:     0x64c7d4d7b1b9 - <std[70759c8f55707aa4]::sys::thread::unix::Thread>::new::thread_start
[INFO] [stdout]   25:     0x7d22e9717dfa - <unknown>
[INFO] [stdout]   26:     0x7d22e97ab3d4 - clone
[INFO] [stdout]   27:                0x0 - <unknown>
[INFO] [stdout] 
[INFO] [stdout] ---- one_mailbox_cannot_hold_two_accounts stdout ----
[INFO] [stdout] 
[INFO] [stdout] thread 'one_mailbox_cannot_hold_two_accounts' (3406) panicked at tests/accounts.rs:28:9:
[INFO] [stdout] LYRID_TEST_DATABASE_URL is not set, so the account rules were not checked.
[INFO] [stdout] These tests exercise constraints and queries that only exist in the database.
[INFO] [stdout] Set it to a database you do not mind writing to (every test rolls back), e.g.
[INFO] [stdout]   LYRID_TEST_DATABASE_URL=postgres://lyrid:lyrid@localhost:5432/lyrid
[INFO] [stdout] or run `cargo test --bins` to skip the suites that need one.
[INFO] [stdout] stack backtrace:
[INFO] [stdout]    0:     0x64c7d4d7bfb1 - <<std[70759c8f55707aa4]::sys::backtrace::BacktraceLock>::print::DisplayBacktrace as core[df12db4294e9bfd3]::fmt::Display>::fmt
[INFO] [stdout]    1:     0x64c7d4d9284a - core[df12db4294e9bfd3]::fmt::write
[INFO] [stdout]    2:     0x64c7d4d80a6c - <alloc[2182bb758b4b3781]::vec::Vec<u8> as core[df12db4294e9bfd3]::io::write::Write>::write_fmt
[INFO] [stdout]    3:     0x64c7d4d56fa6 - std[70759c8f55707aa4]::panicking::default_hook::{closure#0}
[INFO] [stdout]    4:     0x64c7d4d73bb9 - std[70759c8f55707aa4]::panicking::default_hook
[INFO] [stdout]    5:     0x64c7d4b25520 - test[9d35eded1c95d3be]::test_main_inner::<test[9d35eded1c95d3be]::test_main_static::{closure#0}>::{closure#0}
[INFO] [stdout]    6:     0x64c7d4d73ee2 - std[70759c8f55707aa4]::panicking::panic_with_hook
[INFO] [stdout]    7:     0x64c7d4d57084 - std[70759c8f55707aa4]::panicking::panic_handler::{closure#0}
[INFO] [stdout]    8:     0x64c7d4d4fb69 - std[70759c8f55707aa4]::sys::backtrace::__rust_end_short_backtrace::<std[70759c8f55707aa4]::panicking::panic_handler::{closure#0}, !>
[INFO] [stdout]    9:     0x64c7d4d57e3d - __rustc[8fa7c3cbc660c2b3]::rust_begin_unwind
[INFO] [stdout]   10:     0x64c7d4d92fac - core[df12db4294e9bfd3]::panicking::panic_fmt
[INFO] [stdout]   11:     0x64c7d4a9e004 - accounts[102b65cd49c83c64]::database_url::{closure#0}
[INFO] [stdout]   12:     0x64c7d4a9ea34 - accounts[102b65cd49c83c64]::pool::{closure#0}
[INFO] [stdout]   13:     0x64c7d4aa1ed2 - accounts[102b65cd49c83c64]::one_mailbox_cannot_hold_two_accounts::{closure#0}
[INFO] [stdout]   14:     0x64c7d4b0fda3 - <tokio[8a7a92091c52ce05]::runtime::scheduler::current_thread::Context>::enter::<core[df12db4294e9bfd3]::task::poll::Poll<()>, <tokio[8a7a92091c52ce05]::runtime::scheduler::current_thread::CoreGuard>::block_on<core[df12db4294e9bfd3]::pin::Pin<&mut core[df12db4294e9bfd3]::pin::Pin<&mut dyn core[df12db4294e9bfd3]::future::future::Future<Output = ()>>>>::{closure#0}::{closure#0}>
[INFO] [stdout]   15:     0x64c7d4ae49fc - <tokio[8a7a92091c52ce05]::runtime::context::scoped::Scoped<tokio[8a7a92091c52ce05]::runtime::scheduler::Context>>::set::<<tokio[8a7a92091c52ce05]::runtime::scheduler::current_thread::CoreGuard>::enter<<tokio[8a7a92091c52ce05]::runtime::scheduler::current_thread::CoreGuard>::block_on<core[df12db4294e9bfd3]::pin::Pin<&mut core[df12db4294e9bfd3]::pin::Pin<&mut dyn core[df12db4294e9bfd3]::future::future::Future<Output = ()>>>>::{closure#0}, core[df12db4294e9bfd3]::option::Option<()>>::{closure#0}, (alloc[2182bb758b4b3781]::boxed::Box<tokio[8a7a92091c52ce05]::runtime::scheduler::current_thread::Core>, core[df12db4294e9bfd3]::option::Option<()>)>
[INFO] [stdout]   16:     0x64c7d4b10347 - <tokio[8a7a92091c52ce05]::runtime::scheduler::current_thread::CoreGuard>::block_on::<core[df12db4294e9bfd3]::pin::Pin<&mut core[df12db4294e9bfd3]::pin::Pin<&mut dyn core[df12db4294e9bfd3]::future::future::Future<Output = ()>>>>
[INFO] [stdout]   17:     0x64c7d4b081dd - tokio[8a7a92091c52ce05]::runtime::context::runtime::enter_runtime::<<tokio[8a7a92091c52ce05]::runtime::scheduler::current_thread::CurrentThread>::block_on<core[df12db4294e9bfd3]::pin::Pin<&mut dyn core[df12db4294e9bfd3]::future::future::Future<Output = ()>>>::{closure#0}, ()>
[INFO] [stdout]   18:     0x64c7d4adba55 - <tokio[8a7a92091c52ce05]::runtime::runtime::Runtime>::block_on::<core[df12db4294e9bfd3]::pin::Pin<&mut dyn core[df12db4294e9bfd3]::future::future::Future<Output = ()>>>
[INFO] [stdout]   19:     0x64c7d4aaa24c - <accounts[102b65cd49c83c64]::one_mailbox_cannot_hold_two_accounts::{closure#0} as core[df12db4294e9bfd3]::ops::function::FnOnce<()>>::call_once
[INFO] [stdout]   20:     0x64c7d4b1880b - test[9d35eded1c95d3be]::__rust_begin_short_backtrace::<core[df12db4294e9bfd3]::result::Result<(), alloc[2182bb758b4b3781]::string::String>, fn() -> core[df12db4294e9bfd3]::result::Result<(), alloc[2182bb758b4b3781]::string::String>>
[INFO] [stdout]   21:     0x64c7d4b25e75 - test[9d35eded1c95d3be]::run_test::{closure#0}
[INFO] [stdout]   22:     0x64c7d4b1f734 - std[70759c8f55707aa4]::sys::backtrace::__rust_begin_short_backtrace::<test[9d35eded1c95d3be]::run_test::{closure#1}, ()>
[INFO] [stdout]   23:     0x64c7d4b28fd2 - <std[70759c8f55707aa4]::thread::lifecycle::spawn_unchecked<test[9d35eded1c95d3be]::run_test::{closure#1}, ()>::{closure#1} as core[df12db4294e9bfd3]::ops::function::FnOnce<()>>::call_once::{shim:vtable#0}
[INFO] [stdout]   24:     0x64c7d4d7b1b9 - <std[70759c8f55707aa4]::sys::thread::unix::Thread>::new::thread_start
[INFO] [stdout]   25:     0x7d22e9717dfa - <unknown>
[INFO] [stdout]   26:     0x7d22e97ab3d4 - clone
[INFO] [stdout]   27:                0x0 - <unknown>
[INFO] [stdout] 
[INFO] [stdout] ---- an_orphaned_camera_is_refused_even_when_there_is_no_sky stdout ----
[INFO] [stdout] 
[INFO] [stdout] thread 'an_orphaned_camera_is_refused_even_when_there_is_no_sky' (3403) panicked at tests/accounts.rs:28:9:
[INFO] [stdout] LYRID_TEST_DATABASE_URL is not set, so the account rules were not checked.
[INFO] [stdout] These tests exercise constraints and queries that only exist in the database.
[INFO] [stdout] Set it to a database you do not mind writing to (every test rolls back), e.g.
[INFO] [stdout]   LYRID_TEST_DATABASE_URL=postgres://lyrid:lyrid@localhost:5432/lyrid
[INFO] [stdout] or run `cargo test --bins` to skip the suites that need one.
[INFO] [stdout] stack backtrace:
[INFO] [stdout]    0:     0x64c7d4d7bfb1 - <<std[70759c8f55707aa4]::sys::backtrace::BacktraceLock>::print::DisplayBacktrace as core[df12db4294e9bfd3]::fmt::Display>::fmt
[INFO] [stdout]    1:     0x64c7d4d9284a - core[df12db4294e9bfd3]::fmt::write
[INFO] [stdout]    2:     0x64c7d4d80a6c - <alloc[2182bb758b4b3781]::vec::Vec<u8> as core[df12db4294e9bfd3]::io::write::Write>::write_fmt
[INFO] [stdout]    3:     0x64c7d4d56fa6 - std[70759c8f55707aa4]::panicking::default_hook::{closure#0}
[INFO] [stdout]    4:     0x64c7d4d73bb9 - std[70759c8f55707aa4]::panicking::default_hook
[INFO] [stdout]    5:     0x64c7d4b25520 - test[9d35eded1c95d3be]::test_main_inner::<test[9d35eded1c95d3be]::test_main_static::{closure#0}>::{closure#0}
[INFO] [stdout]    6:     0x64c7d4d73ee2 - std[70759c8f55707aa4]::panicking::panic_with_hook
[INFO] [stdout]    7:     0x64c7d4d57084 - std[70759c8f55707aa4]::panicking::panic_handler::{closure#0}
[INFO] [stdout]    8:     0x64c7d4d4fb69 - std[70759c8f55707aa4]::sys::backtrace::__rust_end_short_backtrace::<std[70759c8f55707aa4]::panicking::panic_handler::{closure#0}, !>
[INFO] [stdout]    9:     0x64c7d4d57e3d - __rustc[8fa7c3cbc660c2b3]::rust_begin_unwind
[INFO] [stdout]   10:     0x64c7d4d92fac - core[df12db4294e9bfd3]::panicking::panic_fmt
[INFO] [stdout]   11:     0x64c7d4a9e004 - accounts[102b65cd49c83c64]::database_url::{closure#0}
[INFO] [stdout]   12:     0x64c7d4a9ea34 - accounts[102b65cd49c83c64]::pool::{closure#0}
[INFO] [stdout]   13:     0x64c7d4aa52f2 - accounts[102b65cd49c83c64]::an_orphaned_camera_is_refused_even_when_there_is_no_sky::{closure#0}
[INFO] [stdout]   14:     0x64c7d4b0fda3 - <tokio[8a7a92091c52ce05]::runtime::scheduler::current_thread::Context>::enter::<core[df12db4294e9bfd3]::task::poll::Poll<()>, <tokio[8a7a92091c52ce05]::runtime::scheduler::current_thread::CoreGuard>::block_on<core[df12db4294e9bfd3]::pin::Pin<&mut core[df12db4294e9bfd3]::pin::Pin<&mut dyn core[df12db4294e9bfd3]::future::future::Future<Output = ()>>>>::{closure#0}::{closure#0}>
[INFO] [stdout]   15:     0x64c7d4ae49fc - <tokio[8a7a92091c52ce05]::runtime::context::scoped::Scoped<tokio[8a7a92091c52ce05]::runtime::scheduler::Context>>::set::<<tokio[8a7a92091c52ce05]::runtime::scheduler::current_thread::CoreGuard>::enter<<tokio[8a7a92091c52ce05]::runtime::scheduler::current_thread::CoreGuard>::block_on<core[df12db4294e9bfd3]::pin::Pin<&mut core[df12db4294e9bfd3]::pin::Pin<&mut dyn core[df12db4294e9bfd3]::future::future::Future<Output = ()>>>>::{closure#0}, core[df12db4294e9bfd3]::option::Option<()>>::{closure#0}, (alloc[2182bb758b4b3781]::boxed::Box<tokio[8a7a92091c52ce05]::runtime::scheduler::current_thread::Core>, core[df12db4294e9bfd3]::option::Option<()>)>
[INFO] [stdout]   16:     0x64c7d4b10347 - <tokio[8a7a92091c52ce05]::runtime::scheduler::current_thread::CoreGuard>::block_on::<core[df12db4294e9bfd3]::pin::Pin<&mut core[df12db4294e9bfd3]::pin::Pin<&mut dyn core[df12db4294e9bfd3]::future::future::Future<Output = ()>>>>
[INFO] [stdout]   17:     0x64c7d4b081dd - tokio[8a7a92091c52ce05]::runtime::context::runtime::enter_runtime::<<tokio[8a7a92091c52ce05]::runtime::scheduler::current_thread::CurrentThread>::block_on<core[df12db4294e9bfd3]::pin::Pin<&mut dyn core[df12db4294e9bfd3]::future::future::Future<Output = ()>>>::{closure#0}, ()>
[INFO] [stdout]   18:     0x64c7d4adba55 - <tokio[8a7a92091c52ce05]::runtime::runtime::Runtime>::block_on::<core[df12db4294e9bfd3]::pin::Pin<&mut dyn core[df12db4294e9bfd3]::future::future::Future<Output = ()>>>
[INFO] [stdout]   19:     0x64c7d4aaa97c - <accounts[102b65cd49c83c64]::an_orphaned_camera_is_refused_even_when_there_is_no_sky::{closure#0} as core[df12db4294e9bfd3]::ops::function::FnOnce<()>>::call_once
[INFO] [stdout]   20:     0x64c7d4b1880b - test[9d35eded1c95d3be]::__rust_begin_short_backtrace::<core[df12db4294e9bfd3]::result::Result<(), alloc[2182bb758b4b3781]::string::String>, fn() -> core[df12db4294e9bfd3]::result::Result<(), alloc[2182bb758b4b3781]::string::String>>
[INFO] [stdout]   21:     0x64c7d4b25e75 - test[9d35eded1c95d3be]::run_test::{closure#0}
[INFO] [stdout]   22:     0x64c7d4b1f734 - std[70759c8f55707aa4]::sys::backtrace::__rust_begin_short_backtrace::<test[9d35eded1c95d3be]::run_test::{closure#1}, ()>
[INFO] [stdout]   23:     0x64c7d4b28fd2 - <std[70759c8f55707aa4]::thread::lifecycle::spawn_unchecked<test[9d35eded1c95d3be]::run_test::{closure#1}, ()>::{closure#1} as core[df12db4294e9bfd3]::ops::function::FnOnce<()>>::call_once::{shim:vtable#0}
[INFO] [stdout]   24:     0x64c7d4d7b1b9 - <std[70759c8f55707aa4]::sys::thread::unix::Thread>::new::thread_start
[INFO] [stdout]   25:     0x7d22e9717dfa - <unknown>
[INFO] [stdout]   26:     0x7d22e97ab3d4 - clone
[INFO] [stdout]   27:                0x0 - <unknown>
[INFO] [stdout] 
[INFO] [stdout] ---- rebuilding_the_canon_does_not_touch_accounts stdout ----
[INFO] [stdout] 
[INFO] [stdout] thread 'rebuilding_the_canon_does_not_touch_accounts' (3407) panicked at tests/accounts.rs:28:9:
[INFO] [stdout] LYRID_TEST_DATABASE_URL is not set, so the account rules were not checked.
[INFO] [stdout] These tests exercise constraints and queries that only exist in the database.
[INFO] [stdout] Set it to a database you do not mind writing to (every test rolls back), e.g.
[INFO] [stdout]   LYRID_TEST_DATABASE_URL=postgres://lyrid:lyrid@localhost:5432/lyrid
[INFO] [stdout] or run `cargo test --bins` to skip the suites that need one.
[INFO] [stdout] stack backtrace:
[INFO] [stdout]    0:     0x64c7d4d7bfb1 - <<std[70759c8f55707aa4]::sys::backtrace::BacktraceLock>::print::DisplayBacktrace as core[df12db4294e9bfd3]::fmt::Display>::fmt
[INFO] [stdout]    1:     0x64c7d4d9284a - core[df12db4294e9bfd3]::fmt::write
[INFO] [stdout]    2:     0x64c7d4d80a6c - <alloc[2182bb758b4b3781]::vec::Vec<u8> as core[df12db4294e9bfd3]::io::write::Write>::write_fmt
[INFO] [stdout]    3:     0x64c7d4d56fa6 - std[70759c8f55707aa4]::panicking::default_hook::{closure#0}
[INFO] [stdout]    4:     0x64c7d4d73bb9 - std[70759c8f55707aa4]::panicking::default_hook
[INFO] [stdout]    5:     0x64c7d4b25520 - test[9d35eded1c95d3be]::test_main_inner::<test[9d35eded1c95d3be]::test_main_static::{closure#0}>::{closure#0}
[INFO] [stdout]    6:     0x64c7d4d73ee2 - std[70759c8f55707aa4]::panicking::panic_with_hook
[INFO] [stdout]    7:     0x64c7d4d57084 - std[70759c8f55707aa4]::panicking::panic_handler::{closure#0}
[INFO] [stdout]    8:     0x64c7d4d4fb69 - std[70759c8f55707aa4]::sys::backtrace::__rust_end_short_backtrace::<std[70759c8f55707aa4]::panicking::panic_handler::{closure#0}, !>
[INFO] [stdout]    9:     0x64c7d4d57e3d - __rustc[8fa7c3cbc660c2b3]::rust_begin_unwind
[INFO] [stdout]   10:     0x64c7d4d92fac - core[df12db4294e9bfd3]::panicking::panic_fmt
[INFO] [stdout]   11:     0x64c7d4a9e004 - accounts[102b65cd49c83c64]::database_url::{closure#0}
[INFO] [stdout]   12:     0x64c7d4a9ea34 - accounts[102b65cd49c83c64]::pool::{closure#0}
[INFO] [stdout]   13:     0x64c7d4aa2f32 - accounts[102b65cd49c83c64]::rebuilding_the_canon_does_not_touch_accounts::{closure#0}
[INFO] [stdout]   14:     0x64c7d4b0fda3 - <tokio[8a7a92091c52ce05]::runtime::scheduler::current_thread::Context>::enter::<core[df12db4294e9bfd3]::task::poll::Poll<()>, <tokio[8a7a92091c52ce05]::runtime::scheduler::current_thread::CoreGuard>::block_on<core[df12db4294e9bfd3]::pin::Pin<&mut core[df12db4294e9bfd3]::pin::Pin<&mut dyn core[df12db4294e9bfd3]::future::future::Future<Output = ()>>>>::{closure#0}::{closure#0}>
[INFO] [stdout]   15:     0x64c7d4ae49fc - <tokio[8a7a92091c52ce05]::runtime::context::scoped::Scoped<tokio[8a7a92091c52ce05]::runtime::scheduler::Context>>::set::<<tokio[8a7a92091c52ce05]::runtime::scheduler::current_thread::CoreGuard>::enter<<tokio[8a7a92091c52ce05]::runtime::scheduler::current_thread::CoreGuard>::block_on<core[df12db4294e9bfd3]::pin::Pin<&mut core[df12db4294e9bfd3]::pin::Pin<&mut dyn core[df12db4294e9bfd3]::future::future::Future<Output = ()>>>>::{closure#0}, core[df12db4294e9bfd3]::option::Option<()>>::{closure#0}, (alloc[2182bb758b4b3781]::boxed::Box<tokio[8a7a92091c52ce05]::runtime::scheduler::current_thread::Core>, core[df12db4294e9bfd3]::option::Option<()>)>
[INFO] [stdout]   16:     0x64c7d4b10347 - <tokio[8a7a92091c52ce05]::runtime::scheduler::current_thread::CoreGuard>::block_on::<core[df12db4294e9bfd3]::pin::Pin<&mut core[df12db4294e9bfd3]::pin::Pin<&mut dyn core[df12db4294e9bfd3]::future::future::Future<Output = ()>>>>
[INFO] [stdout]   17:     0x64c7d4b081dd - tokio[8a7a92091c52ce05]::runtime::context::runtime::enter_runtime::<<tokio[8a7a92091c52ce05]::runtime::scheduler::current_thread::CurrentThread>::block_on<core[df12db4294e9bfd3]::pin::Pin<&mut dyn core[df12db4294e9bfd3]::future::future::Future<Output = ()>>>::{closure#0}, ()>
[INFO] [stdout]   18:     0x64c7d4adba55 - <tokio[8a7a92091c52ce05]::runtime::runtime::Runtime>::block_on::<core[df12db4294e9bfd3]::pin::Pin<&mut dyn core[df12db4294e9bfd3]::future::future::Future<Output = ()>>>
[INFO] [stdout]   19:     0x64c7d4aaa52c - <accounts[102b65cd49c83c64]::rebuilding_the_canon_does_not_touch_accounts::{closure#0} as core[df12db4294e9bfd3]::ops::function::FnOnce<()>>::call_once
[INFO] [stdout]   20:     0x64c7d4b1880b - test[9d35eded1c95d3be]::__rust_begin_short_backtrace::<core[df12db4294e9bfd3]::result::Result<(), alloc[2182bb758b4b3781]::string::String>, fn() -> core[df12db4294e9bfd3]::result::Result<(), alloc[2182bb758b4b3781]::string::String>>
[INFO] [stdout]   21:     0x64c7d4b25e75 - test[9d35eded1c95d3be]::run_test::{closure#0}
[INFO] [stdout]   22:     0x64c7d4b1f734 - std[70759c8f55707aa4]::sys::backtrace::__rust_begin_short_backtrace::<test[9d35eded1c95d3be]::run_test::{closure#1}, ()>
[INFO] [stdout]   23:     0x64c7d4b28fd2 - <std[70759c8f55707aa4]::thread::lifecycle::spawn_unchecked<test[9d35eded1c95d3be]::run_test::{closure#1}, ()>::{closure#1} as core[df12db4294e9bfd3]::ops::function::FnOnce<()>>::call_once::{shim:vtable#0}
[INFO] [stdout]   24:     0x64c7d4d7b1b9 - <std[70759c8f55707aa4]::sys::thread::unix::Thread>::new::thread_start
[INFO] [stdout]   25:     0x7d22e9717dfa - <unknown>
[INFO] [stdout]   26:     0x7d22e97ab3d4 - clone
[INFO] [stdout]   27:                0x0 - <unknown>
[INFO] [stdout] 
[INFO] [stdout] ---- a_mode_outside_the_two_is_refused_by_the_database stdout ----
[INFO] [stdout] 
[INFO] [stdout] thread 'a_mode_outside_the_two_is_refused_by_the_database' (3402) panicked at tests/accounts.rs:28:9:
[INFO] [stdout] LYRID_TEST_DATABASE_URL is not set, so the account rules were not checked.
[INFO] [stdout] These tests exercise constraints and queries that only exist in the database.
[INFO] [stdout] Set it to a database you do not mind writing to (every test rolls back), e.g.
[INFO] [stdout]   LYRID_TEST_DATABASE_URL=postgres://lyrid:lyrid@localhost:5432/lyrid
[INFO] [stdout] or run `cargo test --bins` to skip the suites that need one.
[INFO] [stdout] stack backtrace:
[INFO] [stdout]    0:     0x64c7d4d7bfb1 - <<std[70759c8f55707aa4]::sys::backtrace::BacktraceLock>::print::DisplayBacktrace as core[df12db4294e9bfd3]::fmt::Display>::fmt
[INFO] [stdout]    1:     0x64c7d4d9284a - core[df12db4294e9bfd3]::fmt::write
[INFO] [stdout]    2:     0x64c7d4d80a6c - <alloc[2182bb758b4b3781]::vec::Vec<u8> as core[df12db4294e9bfd3]::io::write::Write>::write_fmt
[INFO] [stdout]    3:     0x64c7d4d56fa6 - std[70759c8f55707aa4]::panicking::default_hook::{closure#0}
[INFO] [stdout]    4:     0x64c7d4d73bb9 - std[70759c8f55707aa4]::panicking::default_hook
[INFO] [stdout]    5:     0x64c7d4b25520 - test[9d35eded1c95d3be]::test_main_inner::<test[9d35eded1c95d3be]::test_main_static::{closure#0}>::{closure#0}
[INFO] [stdout]    6:     0x64c7d4d73ee2 - std[70759c8f55707aa4]::panicking::panic_with_hook
[INFO] [stdout]    7:     0x64c7d4d57084 - std[70759c8f55707aa4]::panicking::panic_handler::{closure#0}
[INFO] [stdout]    8:     0x64c7d4d4fb69 - std[70759c8f55707aa4]::sys::backtrace::__rust_end_short_backtrace::<std[70759c8f55707aa4]::panicking::panic_handler::{closure#0}, !>
[INFO] [stdout]    9:     0x64c7d4d57e3d - __rustc[8fa7c3cbc660c2b3]::rust_begin_unwind
[INFO] [stdout]   10:     0x64c7d4d92fac - core[df12db4294e9bfd3]::panicking::panic_fmt
[INFO] [stdout]   11:     0x64c7d4a9e004 - accounts[102b65cd49c83c64]::database_url::{closure#0}
[INFO] [stdout]   12:     0x64c7d4a9ea34 - accounts[102b65cd49c83c64]::pool::{closure#0}
[INFO] [stdout]   13:     0x64c7d4aa38e2 - accounts[102b65cd49c83c64]::a_mode_outside_the_two_is_refused_by_the_database::{closure#0}
[INFO] [stdout]   14:     0x64c7d4b0fda3 - <tokio[8a7a92091c52ce05]::runtime::scheduler::current_thread::Context>::enter::<core[df12db4294e9bfd3]::task::poll::Poll<()>, <tokio[8a7a92091c52ce05]::runtime::scheduler::current_thread::CoreGuard>::block_on<core[df12db4294e9bfd3]::pin::Pin<&mut core[df12db4294e9bfd3]::pin::Pin<&mut dyn core[df12db4294e9bfd3]::future::future::Future<Output = ()>>>>::{closure#0}::{closure#0}>
[INFO] [stdout]   15:     0x64c7d4ae49fc - <tokio[8a7a92091c52ce05]::runtime::context::scoped::Scoped<tokio[8a7a92091c52ce05]::runtime::scheduler::Context>>::set::<<tokio[8a7a92091c52ce05]::runtime::scheduler::current_thread::CoreGuard>::enter<<tokio[8a7a92091c52ce05]::runtime::scheduler::current_thread::CoreGuard>::block_on<core[df12db4294e9bfd3]::pin::Pin<&mut core[df12db4294e9bfd3]::pin::Pin<&mut dyn core[df12db4294e9bfd3]::future::future::Future<Output = ()>>>>::{closure#0}, core[df12db4294e9bfd3]::option::Option<()>>::{closure#0}, (alloc[2182bb758b4b3781]::boxed::Box<tokio[8a7a92091c52ce05]::runtime::scheduler::current_thread::Core>, core[df12db4294e9bfd3]::option::Option<()>)>
[INFO] [stdout]   16:     0x64c7d4b10347 - <tokio[8a7a92091c52ce05]::runtime::scheduler::current_thread::CoreGuard>::block_on::<core[df12db4294e9bfd3]::pin::Pin<&mut core[df12db4294e9bfd3]::pin::Pin<&mut dyn core[df12db4294e9bfd3]::future::future::Future<Output = ()>>>>
[INFO] [stdout]   17:     0x64c7d4b081dd - tokio[8a7a92091c52ce05]::runtime::context::runtime::enter_runtime::<<tokio[8a7a92091c52ce05]::runtime::scheduler::current_thread::CurrentThread>::block_on<core[df12db4294e9bfd3]::pin::Pin<&mut dyn core[df12db4294e9bfd3]::future::future::Future<Output = ()>>>::{closure#0}, ()>
[INFO] [stdout]   18:     0x64c7d4adba55 - <tokio[8a7a92091c52ce05]::runtime::runtime::Runtime>::block_on::<core[df12db4294e9bfd3]::pin::Pin<&mut dyn core[df12db4294e9bfd3]::future::future::Future<Output = ()>>>
[INFO] [stdout]   19:     0x64c7d4aaa69c - <accounts[102b65cd49c83c64]::a_mode_outside_the_two_is_refused_by_the_database::{closure#0} as core[df12db4294e9bfd3]::ops::function::FnOnce<()>>::call_once
[INFO] [stdout]   20:     0x64c7d4b1880b - test[9d35eded1c95d3be]::__rust_begin_short_backtrace::<core[df12db4294e9bfd3]::result::Result<(), alloc[2182bb758b4b3781]::string::String>, fn() -> core[df12db4294e9bfd3]::result::Result<(), alloc[2182bb758b4b3781]::string::String>>
[INFO] [stdout]   21:     0x64c7d4b25e75 - test[9d35eded1c95d3be]::run_test::{closure#0}
[INFO] [stdout]   22:     0x64c7d4b1f734 - std[70759c8f55707aa4]::sys::backtrace::__rust_begin_short_backtrace::<test[9d35eded1c95d3be]::run_test::{closure#1}, ()>
[INFO] [stdout]   23:     0x64c7d4b28fd2 - <std[70759c8f55707aa4]::thread::lifecycle::spawn_unchecked<test[9d35eded1c95d3be]::run_test::{closure#1}, ()>::{closure#1} as core[df12db4294e9bfd3]::ops::function::FnOnce<()>>::call_once::{shim:vtable#0}
[INFO] [stdout]   24:     0x64c7d4d7b1b9 - <std[70759c8f55707aa4]::sys::thread::unix::Thread>::new::thread_start
[INFO] [stdout]   25:     0x7d22e9717dfa - <unknown>
[INFO] [stdout]   26:     0x7d22e97ab3d4 - clone
[INFO] [stdout]   27:                0x0 - <unknown>
[INFO] [stdout] 
[INFO] [stdout] ---- deleting_an_account_takes_its_sessions_and_profile_with_it stdout ----
[INFO] [stdout] 
[INFO] [stdout] thread 'deleting_an_account_takes_its_sessions_and_profile_with_it' (3404) panicked at tests/accounts.rs:28:9:
[INFO] [stdout] LYRID_TEST_DATABASE_URL is not set, so the account rules were not checked.
[INFO] [stdout] These tests exercise constraints and queries that only exist in the database.
[INFO] [stdout] Set it to a database you do not mind writing to (every test rolls back), e.g.
[INFO] [stdout]   LYRID_TEST_DATABASE_URL=postgres://lyrid:lyrid@localhost:5432/lyrid
[INFO] [stdout] or run `cargo test --bins` to skip the suites that need one.
[INFO] [stdout] stack backtrace:
[INFO] [stdout]    0:     0x64c7d4d7bfb1 - <<std[70759c8f55707aa4]::sys::backtrace::BacktraceLock>::print::DisplayBacktrace as core[df12db4294e9bfd3]::fmt::Display>::fmt
[INFO] [stdout]    1:     0x64c7d4d9284a - core[df12db4294e9bfd3]::fmt::write
[INFO] [stdout]    2:     0x64c7d4d80a6c - <alloc[2182bb758b4b3781]::vec::Vec<u8> as core[df12db4294e9bfd3]::io::write::Write>::write_fmt
[INFO] [stdout]    3:     0x64c7d4d56fa6 - std[70759c8f55707aa4]::panicking::default_hook::{closure#0}
[INFO] [stdout]    4:     0x64c7d4d73bb9 - std[70759c8f55707aa4]::panicking::default_hook
[INFO] [stdout]    5:     0x64c7d4b25520 - test[9d35eded1c95d3be]::test_main_inner::<test[9d35eded1c95d3be]::test_main_static::{closure#0}>::{closure#0}
[INFO] [stdout]    6:     0x64c7d4d73ee2 - std[70759c8f55707aa4]::panicking::panic_with_hook
[INFO] [stdout]    7:     0x64c7d4d57084 - std[70759c8f55707aa4]::panicking::panic_handler::{closure#0}
[INFO] [stdout]    8:     0x64c7d4d4fb69 - std[70759c8f55707aa4]::sys::backtrace::__rust_end_short_backtrace::<std[70759c8f55707aa4]::panicking::panic_handler::{closure#0}, !>
[INFO] [stdout]    9:     0x64c7d4d57e3d - __rustc[8fa7c3cbc660c2b3]::rust_begin_unwind
[INFO] [stdout]   10:     0x64c7d4d92fac - core[df12db4294e9bfd3]::panicking::panic_fmt
[INFO] [stdout]   11:     0x64c7d4a9e004 - accounts[102b65cd49c83c64]::database_url::{closure#0}
[INFO] [stdout]   12:     0x64c7d4a9ea34 - accounts[102b65cd49c83c64]::pool::{closure#0}
[INFO] [stdout]   13:     0x64c7d4aa6072 - accounts[102b65cd49c83c64]::deleting_an_account_takes_its_sessions_and_profile_with_it::{closure#0}
[INFO] [stdout]   14:     0x64c7d4b0fda3 - <tokio[8a7a92091c52ce05]::runtime::scheduler::current_thread::Context>::enter::<core[df12db4294e9bfd3]::task::poll::Poll<()>, <tokio[8a7a92091c52ce05]::runtime::scheduler::current_thread::CoreGuard>::block_on<core[df12db4294e9bfd3]::pin::Pin<&mut core[df12db4294e9bfd3]::pin::Pin<&mut dyn core[df12db4294e9bfd3]::future::future::Future<Output = ()>>>>::{closure#0}::{closure#0}>
[INFO] [stdout]   15:     0x64c7d4ae49fc - <tokio[8a7a92091c52ce05]::runtime::context::scoped::Scoped<tokio[8a7a92091c52ce05]::runtime::scheduler::Context>>::set::<<tokio[8a7a92091c52ce05]::runtime::scheduler::current_thread::CoreGuard>::enter<<tokio[8a7a92091c52ce05]::runtime::scheduler::current_thread::CoreGuard>::block_on<core[df12db4294e9bfd3]::pin::Pin<&mut core[df12db4294e9bfd3]::pin::Pin<&mut dyn core[df12db4294e9bfd3]::future::future::Future<Output = ()>>>>::{closure#0}, core[df12db4294e9bfd3]::option::Option<()>>::{closure#0}, (alloc[2182bb758b4b3781]::boxed::Box<tokio[8a7a92091c52ce05]::runtime::scheduler::current_thread::Core>, core[df12db4294e9bfd3]::option::Option<()>)>
[INFO] [stdout]   16:     0x64c7d4b10347 - <tokio[8a7a92091c52ce05]::runtime::scheduler::current_thread::CoreGuard>::block_on::<core[df12db4294e9bfd3]::pin::Pin<&mut core[df12db4294e9bfd3]::pin::Pin<&mut dyn core[df12db4294e9bfd3]::future::future::Future<Output = ()>>>>
[INFO] [stdout]   17:     0x64c7d4b081dd - tokio[8a7a92091c52ce05]::runtime::context::runtime::enter_runtime::<<tokio[8a7a92091c52ce05]::runtime::scheduler::current_thread::CurrentThread>::block_on<core[df12db4294e9bfd3]::pin::Pin<&mut dyn core[df12db4294e9bfd3]::future::future::Future<Output = ()>>>::{closure#0}, ()>
[INFO] [stdout]   18:     0x64c7d4adba55 - <tokio[8a7a92091c52ce05]::runtime::runtime::Runtime>::block_on::<core[df12db4294e9bfd3]::pin::Pin<&mut dyn core[df12db4294e9bfd3]::future::future::Future<Output = ()>>>
[INFO] [stdout]   19:     0x64c7d4aaaaec - <accounts[102b65cd49c83c64]::deleting_an_account_takes_its_sessions_and_profile_with_it::{closure#0} as core[df12db4294e9bfd3]::ops::function::FnOnce<()>>::call_once
[INFO] [stdout]   20:     0x64c7d4b1880b - test[9d35eded1c95d3be]::__rust_begin_short_backtrace::<core[df12db4294e9bfd3]::result::Result<(), alloc[2182bb758b4b3781]::string::String>, fn() -> core[df12db4294e9bfd3]::result::Result<(), alloc[2182bb758b4b3781]::string::String>>
[INFO] [stdout]   21:     0x64c7d4b25e75 - test[9d35eded1c95d3be]::run_test::{closure#0}
[INFO] [stdout]   22:     0x64c7d4b1f734 - std[70759c8f55707aa4]::sys::backtrace::__rust_begin_short_backtrace::<test[9d35eded1c95d3be]::run_test::{closure#1}, ()>
[INFO] [stdout]   23:     0x64c7d4b28fd2 - <std[70759c8f55707aa4]::thread::lifecycle::spawn_unchecked<test[9d35eded1c95d3be]::run_test::{closure#1}, ()>::{closure#1} as core[df12db4294e9bfd3]::ops::function::FnOnce<()>>::call_once::{shim:vtable#0}
[INFO] [stdout]   24:     0x64c7d4d7b1b9 - <std[70759c8f55707aa4]::sys::thread::unix::Thread>::new::thread_start
[INFO] [stdout]   25:     0x7d22e9717dfa - <unknown>
[INFO] [stdout]   26:     0x7d22e97ab3d4 - clone
[INFO] [stdout]   27:                0x0 - <unknown>
[INFO] [stdout] 
[INFO] [stdout] 
[INFO] [stdout] failures:
[INFO] [stdout]     a_camera_saved_in_the_current_layout_is_kept
[INFO] [stdout]     a_mode_outside_the_two_is_refused_by_the_database
[INFO] [stdout]     an_orphaned_camera_is_refused_even_when_there_is_no_sky
[INFO] [stdout]     deleting_an_account_takes_its_sessions_and_profile_with_it
[INFO] [stdout]     losing_a_layout_costs_the_camera_and_nothing_else
[INFO] [stdout]     one_mailbox_cannot_hold_two_accounts
[INFO] [stdout]     rebuilding_the_canon_does_not_touch_accounts
[INFO] [stdout] 
[INFO] [stdout] test result: FAILED. 0 passed; 7 failed; 0 ignored; 0 measured; 0 filtered out; finished in 0.02s
[INFO] [stdout] 
[INFO] running `Command { std: "docker" "inspect" "5b8f574c03bfdb2c7fd45b7518b72d178ed4e6e0a1112dca1412a3391841986b", kill_on_drop: false }`
[INFO] running `Command { std: "docker" "rm" "-f" "5b8f574c03bfdb2c7fd45b7518b72d178ed4e6e0a1112dca1412a3391841986b", kill_on_drop: false }`
[INFO] [stdout] 5b8f574c03bfdb2c7fd45b7518b72d178ed4e6e0a1112dca1412a3391841986b
