[INFO] fetching crate lw-webdriver 0.4.1...
[INFO] testing lw-webdriver-0.4.1 against 1.99.0-beta.8+cargoflags=--release for beta-release-1.100-2
[INFO] extracting crate lw-webdriver 0.4.1 into /workspace/builds/worker-2-tc1/source
[INFO] started tweaking crates.io crate lw-webdriver 0.4.1
[INFO] finished tweaking crates.io crate lw-webdriver 0.4.1
[INFO] tweaked toml for crates.io crate lw-webdriver 0.4.1 written to /workspace/builds/worker-2-tc1/source/Cargo.toml
[INFO] validating manifest of crates.io crate lw-webdriver 0.4.1 on toolchain 1.99.0-beta.8
[INFO] running `Command { std: CARGO_HOME="/workspace/cargo-home" RUSTUP_HOME="/workspace/rustup-home" "/workspace/cargo-home/bin/cargo" "+1.99.0-beta.8" "metadata" "--manifest-path" "Cargo.toml" "--no-deps", kill_on_drop: false }`
[INFO] running `Command { std: CARGO_HOME="/workspace/cargo-home" RUSTUP_HOME="/workspace/rustup-home" "/workspace/cargo-home/bin/cargo" "+1.99.0-beta.8" "generate-lockfile" "--manifest-path" "Cargo.toml", kill_on_drop: false }`
[INFO] [stderr]     Updating crates.io index
[INFO] [stderr]      Locking 21 packages to highest compatible versions
[INFO] [stderr]       Adding env_logger v0.7.1 (available: v0.11.11)
[INFO] [stderr]       Adding minreq v2.14.1 (available: v3.0.0)
[INFO] running `Command { std: CARGO_HOME="/workspace/cargo-home" RUSTUP_HOME="/workspace/rustup-home" "/workspace/cargo-home/bin/cargo" "+1.99.0-beta.8" "fetch" "--manifest-path" "Cargo.toml", kill_on_drop: false }`
[INFO] running `Command { std: "docker" "create" "-v" "/var/lib/crater-agent-workspace/builds/worker-2-tc1/source:/opt/rustwide/workdir:ro,Z" "-v" "/var/lib/crater-agent-workspace/builds/worker-2-tc1/target:/opt/rustwide/target:rw,Z" "-v" "/var/lib/crater-agent-workspace/cargo-home:/opt/rustwide/cargo-home:ro,Z" "-v" "/var/lib/crater-agent-workspace/rustup-home:/opt/rustwide/rustup-home:ro,Z" "-m" "1610612736" "--network" "none" "ghcr.io/rust-lang/crates-build-env/linux@sha256:77db811e55d90add9212f6832c23229e3de5f1c1f9905e8cb07319ea15df73ac" "sleep" "infinity", kill_on_drop: false }`
[INFO] [stdout] 1d41f8b7adea12faf441545c7b46d04d4185e24db822a593f388d947aefcd985
[INFO] running `Command { std: "docker" "start" "1d41f8b7adea12faf441545c7b46d04d4185e24db822a593f388d947aefcd985", kill_on_drop: false }`
[INFO] running `Command { std: "docker" "inspect" "1d41f8b7adea12faf441545c7b46d04d4185e24db822a593f388d947aefcd985", kill_on_drop: false }`
[INFO] running `Command { std: "docker" "exec" "-e" "SOURCE_DIR=/opt/rustwide/workdir" "-e" "CARGO_HOME=/opt/rustwide/cargo-home" "-e" "RUSTUP_HOME=/opt/rustwide/rustup-home" "-e" "CARGO_TARGET_DIR=/opt/rustwide/target" "-w" "/opt/rustwide/workdir" "--user" "0:0" "1d41f8b7adea12faf441545c7b46d04d4185e24db822a593f388d947aefcd985" "/opt/rustwide/cargo-home/bin/cargo" "+1.99.0-beta.8" "metadata" "--no-deps" "--format-version=1", kill_on_drop: false }`
[INFO] running `Command { std: "docker" "inspect" "1d41f8b7adea12faf441545c7b46d04d4185e24db822a593f388d947aefcd985", kill_on_drop: false }`
[INFO] running `Command { std: "docker" "exec" "-e" "SOURCE_DIR=/opt/rustwide/workdir" "-e" "CARGO_HOME=/opt/rustwide/cargo-home" "-e" "RUSTUP_HOME=/opt/rustwide/rustup-home" "-e" "CARGO_TARGET_DIR=/opt/rustwide/target" "-e" "CARGO_INCREMENTAL=0" "-e" "RUST_BACKTRACE=full" "-e" "RUSTFLAGS=--cap-lints=warn" "-e" "RUSTDOCFLAGS=--cap-lints=warn" "-w" "/opt/rustwide/workdir" "--user" "0:0" "1d41f8b7adea12faf441545c7b46d04d4185e24db822a593f388d947aefcd985" "/opt/rustwide/cargo-home/bin/cargo" "+1.99.0-beta.8" "build" "--frozen" "--message-format=json" "--release", kill_on_drop: false }`
[INFO] [stderr]    Compiling minreq v2.14.1
[INFO] [stderr]    Compiling json v0.12.4
[INFO] [stderr]    Compiling lw-webdriver v0.4.1 (/opt/rustwide/workdir)
[INFO] [stdout] warning: unused import: `debug`
[INFO] [stdout]   --> src/session.rs:12:11
[INFO] [stdout]    |
[INFO] [stdout] 12 | use log::{debug, info, warn, error};
[INFO] [stdout]    |           ^^^^^
[INFO] [stdout]    |
[INFO] [stdout]    = note: `#[warn(unused_imports)]` (part of `#[warn(unused)]`) on by default
[INFO] [stdout] 
[INFO] [stdout] 
[INFO] [stdout] warning: unused import: `crate::elements::*`
[INFO] [stdout]  --> src/tab.rs:5:5
[INFO] [stdout]   |
[INFO] [stdout] 5 | use crate::elements::*;
[INFO] [stdout]   |     ^^^^^^^^^^^^^^^^^^
[INFO] [stdout] 
[INFO] [stdout] 
[INFO] [stdout] warning: unused imports: `error` and `info`
[INFO] [stdout]  --> src/tab.rs:9:11
[INFO] [stdout]   |
[INFO] [stdout] 9 | use log::{info, error};
[INFO] [stdout]   |           ^^^^  ^^^^^
[INFO] [stdout] 
[INFO] [stdout] 
[INFO] [stdout] warning: unused import: `crate::tab::*`
[INFO] [stdout]  --> src/elements.rs:1:5
[INFO] [stdout]   |
[INFO] [stdout] 1 | use crate::tab::*;
[INFO] [stdout]   |     ^^^^^^^^^^^^^
[INFO] [stdout] 
[INFO] [stdout] 
[INFO] [stdout] warning: unused import: `Selector`
[INFO] [stdout]  --> src/elements.rs:3:20
[INFO] [stdout]   |
[INFO] [stdout] 3 | use crate::enums::{Selector, WebdriverObject};
[INFO] [stdout]   |                    ^^^^^^^^
[INFO] [stdout] 
[INFO] [stdout] 
[INFO] [stdout] warning: unused imports: `debug` and `info`
[INFO] [stdout]  --> src/elements.rs:6:11
[INFO] [stdout]   |
[INFO] [stdout] 6 | use log::{debug, info, warn, error};
[INFO] [stdout]   |           ^^^^^  ^^^^
[INFO] [stdout] 
[INFO] [stdout] 
[INFO] [stdout] warning: unused import: `info`
[INFO] [stdout]  --> src/http_requests.rs:5:18
[INFO] [stdout]   |
[INFO] [stdout] 5 | use log::{debug, info, warn, error};
[INFO] [stdout]   |                  ^^^^
[INFO] [stdout] 
[INFO] [stdout] 
[INFO] [stderr]     Finished `release` profile [optimized] target(s) in 3.19s
[INFO] running `Command { std: "docker" "inspect" "1d41f8b7adea12faf441545c7b46d04d4185e24db822a593f388d947aefcd985", kill_on_drop: false }`
[INFO] running `Command { std: "docker" "exec" "-e" "SOURCE_DIR=/opt/rustwide/workdir" "-e" "CARGO_HOME=/opt/rustwide/cargo-home" "-e" "RUSTUP_HOME=/opt/rustwide/rustup-home" "-e" "CARGO_TARGET_DIR=/opt/rustwide/target" "-e" "CARGO_INCREMENTAL=0" "-e" "RUST_BACKTRACE=full" "-e" "RUSTFLAGS=--cap-lints=warn" "-e" "RUSTDOCFLAGS=--cap-lints=warn" "-w" "/opt/rustwide/workdir" "--user" "0:0" "1d41f8b7adea12faf441545c7b46d04d4185e24db822a593f388d947aefcd985" "/opt/rustwide/cargo-home/bin/cargo" "+1.99.0-beta.8" "test" "--frozen" "--no-run" "--message-format=json" "--release", kill_on_drop: false }`
[INFO] [stderr]    Compiling lw-webdriver v0.4.1 (/opt/rustwide/workdir)
[INFO] [stdout] warning: unused import: `debug`
[INFO] [stdout]   --> src/session.rs:12:11
[INFO] [stdout]    |
[INFO] [stdout] 12 | use log::{debug, info, warn, error};
[INFO] [stdout]    |           ^^^^^
[INFO] [stdout]    |
[INFO] [stdout]    = note: `#[warn(unused_imports)]` (part of `#[warn(unused)]`) on by default
[INFO] [stdout] 
[INFO] [stdout] 
[INFO] [stdout] warning: unused import: `crate::elements::*`
[INFO] [stdout]  --> src/tab.rs:5:5
[INFO] [stdout]   |
[INFO] [stdout] 5 | use crate::elements::*;
[INFO] [stdout]   |     ^^^^^^^^^^^^^^^^^^
[INFO] [stdout] 
[INFO] [stdout] 
[INFO] [stdout] warning: unused imports: `error` and `info`
[INFO] [stdout]  --> src/tab.rs:9:11
[INFO] [stdout]   |
[INFO] [stdout] 9 | use log::{info, error};
[INFO] [stdout]   |           ^^^^  ^^^^^
[INFO] [stdout] 
[INFO] [stdout] 
[INFO] [stdout] warning: unused import: `crate::tab::*`
[INFO] [stdout]  --> src/elements.rs:1:5
[INFO] [stdout]   |
[INFO] [stdout] 1 | use crate::tab::*;
[INFO] [stdout]   |     ^^^^^^^^^^^^^
[INFO] [stdout] 
[INFO] [stdout] 
[INFO] [stdout] warning: unused import: `Selector`
[INFO] [stdout]  --> src/elements.rs:3:20
[INFO] [stdout]   |
[INFO] [stdout] 3 | use crate::enums::{Selector, WebdriverObject};
[INFO] [stdout]   |                    ^^^^^^^^
[INFO] [stdout] 
[INFO] [stdout] 
[INFO] [stdout] warning: unused imports: `debug` and `info`
[INFO] [stdout]  --> src/elements.rs:6:11
[INFO] [stdout]   |
[INFO] [stdout] 6 | use log::{debug, info, warn, error};
[INFO] [stdout]   |           ^^^^^  ^^^^
[INFO] [stdout] 
[INFO] [stdout] 
[INFO] [stdout] warning: unused import: `info`
[INFO] [stdout]  --> src/http_requests.rs:5:18
[INFO] [stdout]   |
[INFO] [stdout] 5 | use log::{debug, info, warn, error};
[INFO] [stdout]   |                  ^^^^
[INFO] [stdout] 
[INFO] [stdout] 
[INFO] [stdout] warning: unused import: `debug`
[INFO] [stdout]   --> src/session.rs:12:11
[INFO] [stdout]    |
[INFO] [stdout] 12 | use log::{debug, info, warn, error};
[INFO] [stdout]    |           ^^^^^
[INFO] [stdout]    |
[INFO] [stdout]    = note: `#[warn(unused_imports)]` (part of `#[warn(unused)]`) on by default
[INFO] [stdout] 
[INFO] [stdout] 
[INFO] [stdout] warning: unused import: `crate::elements::*`
[INFO] [stdout]  --> src/tab.rs:5:5
[INFO] [stdout]   |
[INFO] [stdout] 5 | use crate::elements::*;
[INFO] [stdout]   |     ^^^^^^^^^^^^^^^^^^
[INFO] [stdout] 
[INFO] [stdout] 
[INFO] [stdout] warning: unused imports: `error` and `info`
[INFO] [stdout]  --> src/tab.rs:9:11
[INFO] [stdout]   |
[INFO] [stdout] 9 | use log::{info, error};
[INFO] [stdout]   |           ^^^^  ^^^^^
[INFO] [stdout] 
[INFO] [stdout] 
[INFO] [stdout] warning: unused import: `crate::tab::*`
[INFO] [stdout]  --> src/elements.rs:1:5
[INFO] [stdout]   |
[INFO] [stdout] 1 | use crate::tab::*;
[INFO] [stdout]   |     ^^^^^^^^^^^^^
[INFO] [stdout] 
[INFO] [stdout] 
[INFO] [stdout] warning: unused import: `Selector`
[INFO] [stdout]  --> src/elements.rs:3:20
[INFO] [stdout]   |
[INFO] [stdout] 3 | use crate::enums::{Selector, WebdriverObject};
[INFO] [stdout]   |                    ^^^^^^^^
[INFO] [stdout] 
[INFO] [stdout] 
[INFO] [stdout] warning: unused imports: `debug` and `info`
[INFO] [stdout]  --> src/elements.rs:6:11
[INFO] [stdout]   |
[INFO] [stdout] 6 | use log::{debug, info, warn, error};
[INFO] [stdout]   |           ^^^^^  ^^^^
[INFO] [stdout] 
[INFO] [stdout] 
[INFO] [stdout] warning: unused import: `info`
[INFO] [stdout]  --> src/http_requests.rs:5:18
[INFO] [stdout]   |
[INFO] [stdout] 5 | use log::{debug, info, warn, error};
[INFO] [stdout]   |                  ^^^^
[INFO] [stdout] 
[INFO] [stdout] 
[INFO] [stdout] warning: unused import: `json::object`
[INFO] [stdout]  --> tests/tests.rs:6:5
[INFO] [stdout]   |
[INFO] [stdout] 6 | use json::object;
[INFO] [stdout]   |     ^^^^^^^^^^^^
[INFO] [stdout]   |
[INFO] [stdout]   = note: `#[warn(unused_imports)]` (part of `#[warn(unused)]`) on by default
[INFO] [stdout] 
[INFO] [stdout] 
[INFO] [stderr]     Finished `release` profile [optimized] target(s) in 1.17s
[INFO] running `Command { std: "docker" "inspect" "1d41f8b7adea12faf441545c7b46d04d4185e24db822a593f388d947aefcd985", kill_on_drop: false }`
[INFO] running `Command { std: "docker" "exec" "-e" "SOURCE_DIR=/opt/rustwide/workdir" "-e" "CARGO_HOME=/opt/rustwide/cargo-home" "-e" "RUSTUP_HOME=/opt/rustwide/rustup-home" "-e" "CARGO_TARGET_DIR=/opt/rustwide/target" "-e" "CARGO_INCREMENTAL=0" "-e" "RUST_BACKTRACE=full" "-e" "RUSTFLAGS=--cap-lints=warn" "-e" "RUSTDOCFLAGS=--cap-lints=warn" "-w" "/opt/rustwide/workdir" "--user" "0:0" "1d41f8b7adea12faf441545c7b46d04d4185e24db822a593f388d947aefcd985" "/opt/rustwide/cargo-home/bin/cargo" "+1.99.0-beta.8" "test" "--frozen" "--release", kill_on_drop: false }`
[INFO] [stderr] warning: unused import: `debug`
[INFO] [stderr]   --> src/session.rs:12:11
[INFO] [stderr]    |
[INFO] [stderr] 12 | use log::{debug, info, warn, error};
[INFO] [stderr]    |           ^^^^^
[INFO] [stderr]    |
[INFO] [stderr]    = note: `#[warn(unused_imports)]` (part of `#[warn(unused)]`) on by default
[INFO] [stderr] 
[INFO] [stderr] warning: unused import: `crate::elements::*`
[INFO] [stderr]  --> src/tab.rs:5:5
[INFO] [stderr]   |
[INFO] [stderr] 5 | use crate::elements::*;
[INFO] [stderr]   |     ^^^^^^^^^^^^^^^^^^
[INFO] [stderr] 
[INFO] [stderr] warning: unused imports: `error` and `info`
[INFO] [stderr]  --> src/tab.rs:9:11
[INFO] [stderr]   |
[INFO] [stderr] 9 | use log::{info, error};
[INFO] [stderr]   |           ^^^^  ^^^^^
[INFO] [stderr] 
[INFO] [stderr] warning: unused import: `crate::tab::*`
[INFO] [stderr]  --> src/elements.rs:1:5
[INFO] [stderr]   |
[INFO] [stderr] 1 | use crate::tab::*;
[INFO] [stderr]   |     ^^^^^^^^^^^^^
[INFO] [stderr] 
[INFO] [stderr] warning: unused import: `Selector`
[INFO] [stderr]  --> src/elements.rs:3:20
[INFO] [stderr]   |
[INFO] [stderr] 3 | use crate::enums::{Selector, WebdriverObject};
[INFO] [stderr]   |                    ^^^^^^^^
[INFO] [stderr] 
[INFO] [stderr] warning: unused imports: `debug` and `info`
[INFO] [stderr]  --> src/elements.rs:6:11
[INFO] [stderr]   |
[INFO] [stderr] 6 | use log::{debug, info, warn, error};
[INFO] [stderr]   |           ^^^^^  ^^^^
[INFO] [stderr] 
[INFO] [stderr] warning: unused import: `info`
[INFO] [stderr]  --> src/http_requests.rs:5:18
[INFO] [stderr]   |
[INFO] [stderr] 5 | use log::{debug, info, warn, error};
[INFO] [stderr]   |                  ^^^^
[INFO] [stderr] 
[INFO] [stderr] warning: `lw-webdriver` (lib) generated 7 warnings (run `cargo fix --lib -p lw-webdriver` to apply 7 suggestions)
[INFO] [stderr] warning: unused import: `json::object`
[INFO] [stderr]  --> tests/tests.rs:6:5
[INFO] [stderr]   |
[INFO] [stderr] 6 | use json::object;
[INFO] [stderr]   |     ^^^^^^^^^^^^
[INFO] [stderr]   |
[INFO] [stderr]   = note: `#[warn(unused_imports)]` (part of `#[warn(unused)]`) on by default
[INFO] [stderr] 
[INFO] [stderr] warning: `lw-webdriver` (test "tests") generated 1 warning (run `cargo fix --test "tests" -p lw-webdriver` to apply 1 suggestion)
[INFO] [stderr] warning: `lw-webdriver` (lib test) generated 7 warnings (7 duplicates)
[INFO] [stderr]     Finished `release` profile [optimized] target(s) in 0.06s
[INFO] [stderr]      Running unittests src/lib.rs (/opt/rustwide/target/release/deps/lw_webdriver-eae6effc35c53075)
[INFO] [stdout] 
[INFO] [stdout] running 0 tests
[INFO] [stdout] 
[INFO] [stdout] test result: ok. 0 passed; 0 failed; 0 ignored; 0 measured; 0 filtered out; finished in 0.00s
[INFO] [stdout] 
[INFO] [stderr]      Running tests/tests.rs (/opt/rustwide/target/release/deps/tests-1584e8acb2e9784b)
[INFO] [stdout] 
[INFO] [stdout] running 6 tests
[INFO] [stderr] [2026-10-18T11:32:04Z ERROR lw_webdriver::http_requests] WebdriverError::FailedRequest, error: Err(IoError(Os { code: 111, kind: ConnectionRefused, message: "Connection refused" }))
[INFO] [stderr] [2026-10-18T11:32:04Z ERROR lw_webdriver::http_requests] WebdriverError::FailedRequest, error: Err(IoError(Os { code: 111, kind: ConnectionRefused, message: "Connection refused" }))
[INFO] [stderr] [2026-10-18T11:32:04Z ERROR lw_webdriver::http_requests] WebdriverError::FailedRequest, error: Err(IoError(Os { code: 111, kind: ConnectionRefused, message: "Connection refused" }))
[INFO] [stderr] [2026-10-18T11:32:04Z ERROR lw_webdriver::http_requests] WebdriverError::FailedRequest, error: Err(IoError(Os { code: 111, kind: ConnectionRefused, message: "Connection refused" }))
[INFO] [stderr] [2026-10-18T11:32:04Z ERROR lw_webdriver::http_requests] WebdriverError::FailedRequest, error: Err(IoError(Os { code: 111, kind: ConnectionRefused, message: "Connection refused" }))
[INFO] [stderr] [2026-10-18T11:32:04Z ERROR lw_webdriver::http_requests] WebdriverError::FailedRequest, error: Err(IoError(Os { code: 111, kind: ConnectionRefused, message: "Connection refused" }))
[INFO] [stdout] test elements ... FAILED
[INFO] [stderr] [2026-10-18T11:32:06Z ERROR lw_webdriver::http_requests] SessionNotCreated, response: {"value":{"error":"session not created","message":"Expected browser binary location, but unable to find binary in default location, no 'moz:firefoxOptions.binary' capability provided, and no binary flag set on the command line","stacktrace":""}}
[INFO] [stdout] test navigation ... FAILED
[INFO] [stderr] [2026-10-18T11:32:06Z ERROR lw_webdriver::session] Failed to create session. error : SessionNotCreated.
[INFO] [stderr] [2026-10-18T11:32:06Z ERROR lw_webdriver::http_requests] SessionNotCreated, response: {"value":{"error":"session not created","message":"Expected browser binary location, but unable to find binary in default location, no 'moz:firefoxOptions.binary' capability provided, and no binary flag set on the command line","stacktrace":""}}
[INFO] [stderr] [2026-10-18T11:32:06Z ERROR lw_webdriver::session] Failed to create session. error : SessionNotCreated.
[INFO] [stderr] [2026-10-18T11:32:06Z ERROR lw_webdriver::http_requests] SessionNotCreated, response: {"value":{"error":"session not created","message":"Expected browser binary location, but unable to find binary in default location, no 'moz:firefoxOptions.binary' capability provided, and no binary flag set on the command line","stacktrace":""}}
[INFO] [stderr] [2026-10-18T11:32:06Z ERROR lw_webdriver::session] Failed to create session. error : SessionNotCreated.
[INFO] [stderr] [2026-10-18T11:32:06Z ERROR lw_webdriver::http_requests] SessionNotCreated, response: {"value":{"error":"session not created","message":"Expected browser binary location, but unable to find binary in default location, no 'moz:firefoxOptions.binary' capability provided, and no binary flag set on the command line","stacktrace":""}}
[INFO] [stdout] test tabs ... FAILED
[INFO] [stderr] [2026-10-18T11:32:06Z ERROR lw_webdriver::session] Failed to create session. error : SessionNotCreated.
[INFO] [stdout] test timeouts ... FAILED
[INFO] [stderr] [2026-10-18T11:32:06Z ERROR lw_webdriver::http_requests] SessionNotCreated, response: {"value":{"error":"session not created","message":"Expected browser binary location, but unable to find binary in default location, no 'moz:firefoxOptions.binary' capability provided, and no binary flag set on the command line","stacktrace":""}}
[INFO] [stdout] test element_obscured ... FAILED
[INFO] [stderr] [2026-10-18T11:32:06Z ERROR lw_webdriver::session] Failed to create session. error : SessionNotCreated.
[INFO] [stdout] test execute_javascript ... FAILED
[INFO] [stderr] [2026-10-18T11:32:06Z ERROR lw_webdriver::http_requests] SessionNotCreated, response: {"value":{"error":"session not created","message":"Expected browser binary location, but unable to find binary in default location, no 'moz:firefoxOptions.binary' capability provided, and no binary flag set on the command line","stacktrace":""}}
[INFO] [stdout] 
[INFO] [stderr] [2026-10-18T11:32:06Z ERROR lw_webdriver::session] Failed to create session. error : SessionNotCreated.
[INFO] [stdout] failures:
[INFO] [stderr] error: test failed, to rerun pass `--test tests`
[INFO] [stdout] 
[INFO] [stdout] ---- elements stdout ----
[INFO] [stdout] 
[INFO] [stdout] thread 'elements' (225) panicked at tests/tests.rs:128:55:
[INFO] [stdout] called `Result::unwrap()` on an `Err` value: SessionNotCreated
[INFO] [stdout] stack backtrace:
[INFO] [stdout]    0:     0x615e13816a41 - <<std[70759c8f55707aa4]::sys::backtrace::BacktraceLock>::print::DisplayBacktrace as core[df12db4294e9bfd3]::fmt::Display>::fmt
[INFO] [stdout]    1:     0x615e1382da2a - core[df12db4294e9bfd3]::fmt::write
[INFO] [stdout]    2:     0x615e1381b47c - <alloc[2182bb758b4b3781]::vec::Vec<u8> as core[df12db4294e9bfd3]::io::write::Write>::write_fmt
[INFO] [stdout]    3:     0x615e137f1d26 - std[70759c8f55707aa4]::panicking::default_hook::{closure#0}
[INFO] [stdout]    4:     0x615e1380ebd9 - std[70759c8f55707aa4]::panicking::default_hook
[INFO] [stdout]    5:     0x615e1377fb60 - test[9d35eded1c95d3be]::test_main_inner::<test[9d35eded1c95d3be]::test_main_static::{closure#0}>::{closure#0}
[INFO] [stdout]    6:     0x615e1380ed92 - std[70759c8f55707aa4]::panicking::panic_with_hook
[INFO] [stdout]    7:     0x615e137f1dd2 - std[70759c8f55707aa4]::panicking::panic_handler::{closure#0}
[INFO] [stdout]    8:     0x615e137eaa79 - std[70759c8f55707aa4]::sys::backtrace::__rust_end_short_backtrace::<std[70759c8f55707aa4]::panicking::panic_handler::{closure#0}, !>
[INFO] [stdout]    9:     0x615e137f2bbd - __rustc[8fa7c3cbc660c2b3]::rust_begin_unwind
[INFO] [stdout]   10:     0x615e1382e20c - core[df12db4294e9bfd3]::panicking::panic_fmt
[INFO] [stdout]   11:     0x615e1382dfe2 - core[df12db4294e9bfd3]::result::unwrap_failed
[INFO] [stdout]   12:     0x615e136a1fde - <tests[932c461f03e0ba6]::elements::{closure#0} as core[df12db4294e9bfd3]::ops::function::FnOnce<()>>::call_once
[INFO] [stdout]   13:     0x615e13772e4b - test[9d35eded1c95d3be]::__rust_begin_short_backtrace::<core[df12db4294e9bfd3]::result::Result<(), alloc[2182bb758b4b3781]::string::String>, fn() -> core[df12db4294e9bfd3]::result::Result<(), alloc[2182bb758b4b3781]::string::String>>
[INFO] [stdout]   14:     0x615e137804b5 - test[9d35eded1c95d3be]::run_test::{closure#0}
[INFO] [stdout]   15:     0x615e13779d74 - std[70759c8f55707aa4]::sys::backtrace::__rust_begin_short_backtrace::<test[9d35eded1c95d3be]::run_test::{closure#1}, ()>
[INFO] [stdout]   16:     0x615e13783612 - <std[70759c8f55707aa4]::thread::lifecycle::spawn_unchecked<test[9d35eded1c95d3be]::run_test::{closure#1}, ()>::{closure#1} as core[df12db4294e9bfd3]::ops::function::FnOnce<()>>::call_once::{shim:vtable#0}
[INFO] [stdout]   17:     0x615e13815df9 - <std[70759c8f55707aa4]::sys::thread::unix::Thread>::new::thread_start
[INFO] [stdout]   18:     0x74e0ad6c6dfa - <unknown>
[INFO] [stdout]   19:     0x74e0ad75a3d4 - clone
[INFO] [stdout]   20:                0x0 - <unknown>
[INFO] [stdout] 
[INFO] [stdout] ---- navigation stdout ----
[INFO] [stdout] 
[INFO] [stdout] thread 'navigation' (227) panicked at /opt/rustwide/cargo-home/registry/src/index.crates.io-1949cf8c6b5b557f/env_logger-0.7.1/src/lib.rs:1042:16:
[INFO] [stdout] env_logger::init should not be called after logger initialized: SetLoggerError(())
[INFO] [stdout] stack backtrace:
[INFO] [stdout]    0:     0x615e13816a41 - <<std[70759c8f55707aa4]::sys::backtrace::BacktraceLock>::print::DisplayBacktrace as core[df12db4294e9bfd3]::fmt::Display>::fmt
[INFO] [stdout]    1:     0x615e1382da2a - core[df12db4294e9bfd3]::fmt::write
[INFO] [stdout]    2:     0x615e1381b47c - <alloc[2182bb758b4b3781]::vec::Vec<u8> as core[df12db4294e9bfd3]::io::write::Write>::write_fmt
[INFO] [stdout]    3:     0x615e137f1d26 - std[70759c8f55707aa4]::panicking::default_hook::{closure#0}
[INFO] [stdout]    4:     0x615e1380ebd9 - std[70759c8f55707aa4]::panicking::default_hook
[INFO] [stdout]    5:     0x615e1377fb60 - test[9d35eded1c95d3be]::test_main_inner::<test[9d35eded1c95d3be]::test_main_static::{closure#0}>::{closure#0}
[INFO] [stdout]    6:     0x615e1380ed92 - std[70759c8f55707aa4]::panicking::panic_with_hook
[INFO] [stdout]    7:     0x615e137f1dd2 - std[70759c8f55707aa4]::panicking::panic_handler::{closure#0}
[INFO] [stdout]    8:     0x615e137eaa79 - std[70759c8f55707aa4]::sys::backtrace::__rust_end_short_backtrace::<std[70759c8f55707aa4]::panicking::panic_handler::{closure#0}, !>
[INFO] [stdout]    9:     0x615e137f2bbd - __rustc[8fa7c3cbc660c2b3]::rust_begin_unwind
[INFO] [stdout]   10:     0x615e1382e20c - core[df12db4294e9bfd3]::panicking::panic_fmt
[INFO] [stdout]   11:     0x615e1382dfe2 - core[df12db4294e9bfd3]::result::unwrap_failed
[INFO] [stdout]   12:     0x615e136a47df - env_logger[bbda021bcfd52d37]::init
[INFO] [stdout]   13:     0x615e1369eedf - <tests[932c461f03e0ba6]::navigation::{closure#0} as core[df12db4294e9bfd3]::ops::function::FnOnce<()>>::call_once
[INFO] [stdout]   14:     0x615e13772e4b - test[9d35eded1c95d3be]::__rust_begin_short_backtrace::<core[df12db4294e9bfd3]::result::Result<(), alloc[2182bb758b4b3781]::string::String>, fn() -> core[df12db4294e9bfd3]::result::Result<(), alloc[2182bb758b4b3781]::string::String>>
[INFO] [stdout]   15:     0x615e137804b5 - test[9d35eded1c95d3be]::run_test::{closure#0}
[INFO] [stdout]   16:     0x615e13779d74 - std[70759c8f55707aa4]::sys::backtrace::__rust_begin_short_backtrace::<test[9d35eded1c95d3be]::run_test::{closure#1}, ()>
[INFO] [stdout]   17:     0x615e13783612 - <std[70759c8f55707aa4]::thread::lifecycle::spawn_unchecked<test[9d35eded1c95d3be]::run_test::{closure#1}, ()>::{closure#1} as core[df12db4294e9bfd3]::ops::function::FnOnce<()>>::call_once::{shim:vtable#0}
[INFO] [stdout]   18:     0x615e13815df9 - <std[70759c8f55707aa4]::sys::thread::unix::Thread>::new::thread_start
[INFO] [stdout]   19:     0x74e0ad6c6dfa - <unknown>
[INFO] [stdout]   20:     0x74e0ad75a3d4 - clone
[INFO] [stdout]   21:                0x0 - <unknown>
[INFO] [stdout] 
[INFO] [stdout] thread 'navigation' (227) panicked at tests/tests.rs:19:55:
[INFO] [stdout] called `Result::unwrap()` on an `Err` value: SessionNotCreated
[INFO] [stdout] stack backtrace:
[INFO] [stdout]    0:     0x615e13816a41 - <<std[70759c8f55707aa4]::sys::backtrace::BacktraceLock>::print::DisplayBacktrace as core[df12db4294e9bfd3]::fmt::Display>::fmt
[INFO] [stdout]    1:     0x615e1382da2a - core[df12db4294e9bfd3]::fmt::write
[INFO] [stdout]    2:     0x615e1381b47c - <alloc[2182bb758b4b3781]::vec::Vec<u8> as core[df12db4294e9bfd3]::io::write::Write>::write_fmt
[INFO] [stdout]    3:     0x615e137f1d26 - std[70759c8f55707aa4]::panicking::default_hook::{closure#0}
[INFO] [stdout]    4:     0x615e1380ebd9 - std[70759c8f55707aa4]::panicking::default_hook
[INFO] [stdout]    5:     0x615e1377fb60 - test[9d35eded1c95d3be]::test_main_inner::<test[9d35eded1c95d3be]::test_main_static::{closure#0}>::{closure#0}
[INFO] [stdout]    6:     0x615e1380ed92 - std[70759c8f55707aa4]::panicking::panic_with_hook
[INFO] [stdout]    7:     0x615e137f1dd2 - std[70759c8f55707aa4]::panicking::panic_handler::{closure#0}
[INFO] [stdout]    8:     0x615e137eaa79 - std[70759c8f55707aa4]::sys::backtrace::__rust_end_short_backtrace::<std[70759c8f55707aa4]::panicking::panic_handler::{closure#0}, !>
[INFO] [stdout]    9:     0x615e137f2bbd - __rustc[8fa7c3cbc660c2b3]::rust_begin_unwind
[INFO] [stdout]   10:     0x615e1382e20c - core[df12db4294e9bfd3]::panicking::panic_fmt
[INFO] [stdout]   11:     0x615e1382dfe2 - core[df12db4294e9bfd3]::result::unwrap_failed
[INFO] [stdout]   12:     0x615e1369f8fb - <tests[932c461f03e0ba6]::navigation::{closure#0} as core[df12db4294e9bfd3]::ops::function::FnOnce<()>>::call_once
[INFO] [stdout]   13:     0x615e13772e4b - test[9d35eded1c95d3be]::__rust_begin_short_backtrace::<core[df12db4294e9bfd3]::result::Result<(), alloc[2182bb758b4b3781]::string::String>, fn() -> core[df12db4294e9bfd3]::result::Result<(), alloc[2182bb758b4b3781]::string::String>>
[INFO] [stdout]   14:     0x615e137804b5 - test[9d35eded1c95d3be]::run_test::{closure#0}
[INFO] [stdout]   15:     0x615e13779d74 - std[70759c8f55707aa4]::sys::backtrace::__rust_begin_short_backtrace::<test[9d35eded1c95d3be]::run_test::{closure#1}, ()>
[INFO] [stdout]   16:     0x615e13783612 - <std[70759c8f55707aa4]::thread::lifecycle::spawn_unchecked<test[9d35eded1c95d3be]::run_test::{closure#1}, ()>::{closure#1} as core[df12db4294e9bfd3]::ops::function::FnOnce<()>>::call_once::{shim:vtable#0}
[INFO] [stdout]   17:     0x615e13815df9 - <std[70759c8f55707aa4]::sys::thread::unix::Thread>::new::thread_start
[INFO] [stdout]   18:     0x74e0ad6c6dfa - <unknown>
[INFO] [stdout]   19:     0x74e0ad75a3d4 - clone
[INFO] [stdout]   20:                0x0 - <unknown>
[INFO] [stdout] 
[INFO] [stdout] ---- tabs stdout ----
[INFO] [stdout] 
[INFO] [stdout] thread 'tabs' (228) panicked at /opt/rustwide/cargo-home/registry/src/index.crates.io-1949cf8c6b5b557f/env_logger-0.7.1/src/lib.rs:1042:16:
[INFO] [stdout] env_logger::init should not be called after logger initialized: SetLoggerError(())
[INFO] [stdout] stack backtrace:
[INFO] [stdout]    0:     0x615e13816a41 - <<std[70759c8f55707aa4]::sys::backtrace::BacktraceLock>::print::DisplayBacktrace as core[df12db4294e9bfd3]::fmt::Display>::fmt
[INFO] [stdout]    1:     0x615e1382da2a - core[df12db4294e9bfd3]::fmt::write
[INFO] [stdout]    2:     0x615e1381b47c - <alloc[2182bb758b4b3781]::vec::Vec<u8> as core[df12db4294e9bfd3]::io::write::Write>::write_fmt
[INFO] [stdout]    3:     0x615e137f1d26 - std[70759c8f55707aa4]::panicking::default_hook::{closure#0}
[INFO] [stdout]    4:     0x615e1380ebd9 - std[70759c8f55707aa4]::panicking::default_hook
[INFO] [stdout]    5:     0x615e1377fb60 - test[9d35eded1c95d3be]::test_main_inner::<test[9d35eded1c95d3be]::test_main_static::{closure#0}>::{closure#0}
[INFO] [stdout]    6:     0x615e1380ed92 - std[70759c8f55707aa4]::panicking::panic_with_hook
[INFO] [stdout]    7:     0x615e137f1dd2 - std[70759c8f55707aa4]::panicking::panic_handler::{closure#0}
[INFO] [stdout]    8:     0x615e137eaa79 - std[70759c8f55707aa4]::sys::backtrace::__rust_end_short_backtrace::<std[70759c8f55707aa4]::panicking::panic_handler::{closure#0}, !>
[INFO] [stdout]    9:     0x615e137f2bbd - __rustc[8fa7c3cbc660c2b3]::rust_begin_unwind
[INFO] [stdout]   10:     0x615e1382e20c - core[df12db4294e9bfd3]::panicking::panic_fmt
[INFO] [stdout]   11:     0x615e1382dfe2 - core[df12db4294e9bfd3]::result::unwrap_failed
[INFO] [stdout]   12:     0x615e136a47df - env_logger[bbda021bcfd52d37]::init
[INFO] [stdout]   13:     0x615e136a0a1a - <tests[932c461f03e0ba6]::tabs::{closure#0} as core[df12db4294e9bfd3]::ops::function::FnOnce<()>>::call_once
[INFO] [stdout]   14:     0x615e13772e4b - test[9d35eded1c95d3be]::__rust_begin_short_backtrace::<core[df12db4294e9bfd3]::result::Result<(), alloc[2182bb758b4b3781]::string::String>, fn() -> core[df12db4294e9bfd3]::result::Result<(), alloc[2182bb758b4b3781]::string::String>>
[INFO] [stdout]   15:     0x615e137804b5 - test[9d35eded1c95d3be]::run_test::{closure#0}
[INFO] [stdout]   16:     0x615e13779d74 - std[70759c8f55707aa4]::sys::backtrace::__rust_begin_short_backtrace::<test[9d35eded1c95d3be]::run_test::{closure#1}, ()>
[INFO] [stdout]   17:     0x615e13783612 - <std[70759c8f55707aa4]::thread::lifecycle::spawn_unchecked<test[9d35eded1c95d3be]::run_test::{closure#1}, ()>::{closure#1} as core[df12db4294e9bfd3]::ops::function::FnOnce<()>>::call_once::{shim:vtable#0}
[INFO] [stdout]   18:     0x615e13815df9 - <std[70759c8f55707aa4]::sys::thread::unix::Thread>::new::thread_start
[INFO] [stdout]   19:     0x74e0ad6c6dfa - <unknown>
[INFO] [stdout]   20:     0x74e0ad75a3d4 - clone
[INFO] [stdout]   21:                0x0 - <unknown>
[INFO] [stdout] 
[INFO] [stdout] thread 'tabs' (228) panicked at tests/tests.rs:54:55:
[INFO] [stdout] called `Result::unwrap()` on an `Err` value: SessionNotCreated
[INFO] [stdout] stack backtrace:
[INFO] [stdout]    0:     0x615e13816a41 - <<std[70759c8f55707aa4]::sys::backtrace::BacktraceLock>::print::DisplayBacktrace as core[df12db4294e9bfd3]::fmt::Display>::fmt
[INFO] [stdout]    1:     0x615e1382da2a - core[df12db4294e9bfd3]::fmt::write
[INFO] [stdout]    2:     0x615e1381b47c - <alloc[2182bb758b4b3781]::vec::Vec<u8> as core[df12db4294e9bfd3]::io::write::Write>::write_fmt
[INFO] [stdout]    3:     0x615e137f1d26 - std[70759c8f55707aa4]::panicking::default_hook::{closure#0}
[INFO] [stdout]    4:     0x615e1380ebd9 - std[70759c8f55707aa4]::panicking::default_hook
[INFO] [stdout]    5:     0x615e1377fb60 - test[9d35eded1c95d3be]::test_main_inner::<test[9d35eded1c95d3be]::test_main_static::{closure#0}>::{closure#0}
[INFO] [stdout]    6:     0x615e1380ed92 - std[70759c8f55707aa4]::panicking::panic_with_hook
[INFO] [stdout]    7:     0x615e137f1dd2 - std[70759c8f55707aa4]::panicking::panic_handler::{closure#0}
[INFO] [stdout]    8:     0x615e137eaa79 - std[70759c8f55707aa4]::sys::backtrace::__rust_end_short_backtrace::<std[70759c8f55707aa4]::panicking::panic_handler::{closure#0}, !>
[INFO] [stdout]    9:     0x615e137f2bbd - __rustc[8fa7c3cbc660c2b3]::rust_begin_unwind
[INFO] [stdout]   10:     0x615e1382e20c - core[df12db4294e9bfd3]::panicking::panic_fmt
[INFO] [stdout]   11:     0x615e1382dfe2 - core[df12db4294e9bfd3]::result::unwrap_failed
[INFO] [stdout]   12:     0x615e136a1148 - <tests[932c461f03e0ba6]::tabs::{closure#0} as core[df12db4294e9bfd3]::ops::function::FnOnce<()>>::call_once
[INFO] [stdout]   13:     0x615e13772e4b - test[9d35eded1c95d3be]::__rust_begin_short_backtrace::<core[df12db4294e9bfd3]::result::Result<(), alloc[2182bb758b4b3781]::string::String>, fn() -> core[df12db4294e9bfd3]::result::Result<(), alloc[2182bb758b4b3781]::string::String>>
[INFO] [stdout]   14:     0x615e137804b5 - test[9d35eded1c95d3be]::run_test::{closure#0}
[INFO] [stdout]   15:     0x615e13779d74 - std[70759c8f55707aa4]::sys::backtrace::__rust_begin_short_backtrace::<test[9d35eded1c95d3be]::run_test::{closure#1}, ()>
[INFO] [stdout]   16:     0x615e13783612 - <std[70759c8f55707aa4]::thread::lifecycle::spawn_unchecked<test[9d35eded1c95d3be]::run_test::{closure#1}, ()>::{closure#1} as core[df12db4294e9bfd3]::ops::function::FnOnce<()>>::call_once::{shim:vtable#0}
[INFO] [stdout]   17:     0x615e13815df9 - <std[70759c8f55707aa4]::sys::thread::unix::Thread>::new::thread_start
[INFO] [stdout]   18:     0x74e0ad6c6dfa - <unknown>
[INFO] [stdout]   19:     0x74e0ad75a3d4 - clone
[INFO] [stdout]   20:                0x0 - <unknown>
[INFO] [stdout] 
[INFO] [stdout] ---- timeouts stdout ----
[INFO] [stdout] 
[INFO] [stdout] thread 'timeouts' (229) panicked at /opt/rustwide/cargo-home/registry/src/index.crates.io-1949cf8c6b5b557f/env_logger-0.7.1/src/lib.rs:1042:16:
[INFO] [stdout] env_logger::init should not be called after logger initialized: SetLoggerError(())
[INFO] [stdout] stack backtrace:
[INFO] [stdout]    0:     0x615e13816a41 - <<std[70759c8f55707aa4]::sys::backtrace::BacktraceLock>::print::DisplayBacktrace as core[df12db4294e9bfd3]::fmt::Display>::fmt
[INFO] [stdout]    1:     0x615e1382da2a - core[df12db4294e9bfd3]::fmt::write
[INFO] [stdout]    2:     0x615e1381b47c - <alloc[2182bb758b4b3781]::vec::Vec<u8> as core[df12db4294e9bfd3]::io::write::Write>::write_fmt
[INFO] [stdout]    3:     0x615e137f1d26 - std[70759c8f55707aa4]::panicking::default_hook::{closure#0}
[INFO] [stdout]    4:     0x615e1380ebd9 - std[70759c8f55707aa4]::panicking::default_hook
[INFO] [stdout]    5:     0x615e1377fb60 - test[9d35eded1c95d3be]::test_main_inner::<test[9d35eded1c95d3be]::test_main_static::{closure#0}>::{closure#0}
[INFO] [stdout]    6:     0x615e1380ed92 - std[70759c8f55707aa4]::panicking::panic_with_hook
[INFO] [stdout]    7:     0x615e137f1dd2 - std[70759c8f55707aa4]::panicking::panic_handler::{closure#0}
[INFO] [stdout]    8:     0x615e137eaa79 - std[70759c8f55707aa4]::sys::backtrace::__rust_end_short_backtrace::<std[70759c8f55707aa4]::panicking::panic_handler::{closure#0}, !>
[INFO] [stdout]    9:     0x615e137f2bbd - __rustc[8fa7c3cbc660c2b3]::rust_begin_unwind
[INFO] [stdout]   10:     0x615e1382e20c - core[df12db4294e9bfd3]::panicking::panic_fmt
[INFO] [stdout]   11:     0x615e1382dfe2 - core[df12db4294e9bfd3]::result::unwrap_failed
[INFO] [stdout]   12:     0x615e136a47df - env_logger[bbda021bcfd52d37]::init
[INFO] [stdout]   13:     0x615e136a239a - <tests[932c461f03e0ba6]::timeouts::{closure#0} as core[df12db4294e9bfd3]::ops::function::FnOnce<()>>::call_once
[INFO] [stdout]   14:     0x615e13772e4b - test[9d35eded1c95d3be]::__rust_begin_short_backtrace::<core[df12db4294e9bfd3]::result::Result<(), alloc[2182bb758b4b3781]::string::String>, fn() -> core[df12db4294e9bfd3]::result::Result<(), alloc[2182bb758b4b3781]::string::String>>
[INFO] [stdout]   15:     0x615e137804b5 - test[9d35eded1c95d3be]::run_test::{closure#0}
[INFO] [stdout]   16:     0x615e13779d74 - std[70759c8f55707aa4]::sys::backtrace::__rust_begin_short_backtrace::<test[9d35eded1c95d3be]::run_test::{closure#1}, ()>
[INFO] [stdout]   17:     0x615e13783612 - <std[70759c8f55707aa4]::thread::lifecycle::spawn_unchecked<test[9d35eded1c95d3be]::run_test::{closure#1}, ()>::{closure#1} as core[df12db4294e9bfd3]::ops::function::FnOnce<()>>::call_once::{shim:vtable#0}
[INFO] [stdout]   18:     0x615e13815df9 - <std[70759c8f55707aa4]::sys::thread::unix::Thread>::new::thread_start
[INFO] [stdout]   19:     0x74e0ad6c6dfa - <unknown>
[INFO] [stdout]   20:     0x74e0ad75a3d4 - clone
[INFO] [stdout]   21:                0x0 - <unknown>
[INFO] [stdout] 
[INFO] [stdout] thread 'timeouts' (229) panicked at tests/tests.rs:92:55:
[INFO] [stdout] called `Result::unwrap()` on an `Err` value: SessionNotCreated
[INFO] [stdout] stack backtrace:
[INFO] [stdout]    0:     0x615e13816a41 - <<std[70759c8f55707aa4]::sys::backtrace::BacktraceLock>::print::DisplayBacktrace as core[df12db4294e9bfd3]::fmt::Display>::fmt
[INFO] [stdout]    1:     0x615e1382da2a - core[df12db4294e9bfd3]::fmt::write
[INFO] [stdout]    2:     0x615e1381b47c - <alloc[2182bb758b4b3781]::vec::Vec<u8> as core[df12db4294e9bfd3]::io::write::Write>::write_fmt
[INFO] [stdout]    3:     0x615e137f1d26 - std[70759c8f55707aa4]::panicking::default_hook::{closure#0}
[INFO] [stdout]    4:     0x615e1380ebd9 - std[70759c8f55707aa4]::panicking::default_hook
[INFO] [stdout]    5:     0x615e1377fb60 - test[9d35eded1c95d3be]::test_main_inner::<test[9d35eded1c95d3be]::test_main_static::{closure#0}>::{closure#0}
[INFO] [stdout]    6:     0x615e1380ed92 - std[70759c8f55707aa4]::panicking::panic_with_hook
[INFO] [stdout]    7:     0x615e137f1dd2 - std[70759c8f55707aa4]::panicking::panic_handler::{closure#0}
[INFO] [stdout]    8:     0x615e137eaa79 - std[70759c8f55707aa4]::sys::backtrace::__rust_end_short_backtrace::<std[70759c8f55707aa4]::panicking::panic_handler::{closure#0}, !>
[INFO] [stdout]    9:     0x615e137f2bbd - __rustc[8fa7c3cbc660c2b3]::rust_begin_unwind
[INFO] [stdout]   10:     0x615e1382e20c - core[df12db4294e9bfd3]::panicking::panic_fmt
[INFO] [stdout]   11:     0x615e1382dfe2 - core[df12db4294e9bfd3]::result::unwrap_failed
[INFO] [stdout]   12:     0x615e136a29ca - <tests[932c461f03e0ba6]::timeouts::{closure#0} as core[df12db4294e9bfd3]::ops::function::FnOnce<()>>::call_once
[INFO] [stdout]   13:     0x615e13772e4b - test[9d35eded1c95d3be]::__rust_begin_short_backtrace::<core[df12db4294e9bfd3]::result::Result<(), alloc[2182bb758b4b3781]::string::String>, fn() -> core[df12db4294e9bfd3]::result::Result<(), alloc[2182bb758b4b3781]::string::String>>
[INFO] [stdout]   14:     0x615e137804b5 - test[9d35eded1c95d3be]::run_test::{closure#0}
[INFO] [stdout]   15:     0x615e13779d74 - std[70759c8f55707aa4]::sys::backtrace::__rust_begin_short_backtrace::<test[9d35eded1c95d3be]::run_test::{closure#1}, ()>
[INFO] [stdout]   16:     0x615e13783612 - <std[70759c8f55707aa4]::thread::lifecycle::spawn_unchecked<test[9d35eded1c95d3be]::run_test::{closure#1}, ()>::{closure#1} as core[df12db4294e9bfd3]::ops::function::FnOnce<()>>::call_once::{shim:vtable#0}
[INFO] [stdout]   17:     0x615e13815df9 - <std[70759c8f55707aa4]::sys::thread::unix::Thread>::new::thread_start
[INFO] [stdout]   18:     0x74e0ad6c6dfa - <unknown>
[INFO] [stdout]   19:     0x74e0ad75a3d4 - clone
[INFO] [stdout]   20:                0x0 - <unknown>
[INFO] [stdout] 
[INFO] [stdout] ---- element_obscured stdout ----
[INFO] [stdout] 
[INFO] [stdout] thread 'element_obscured' (224) panicked at /opt/rustwide/cargo-home/registry/src/index.crates.io-1949cf8c6b5b557f/env_logger-0.7.1/src/lib.rs:1042:16:
[INFO] [stdout] env_logger::init should not be called after logger initialized: SetLoggerError(())
[INFO] [stdout] stack backtrace:
[INFO] [stdout]    0:     0x615e13816a41 - <<std[70759c8f55707aa4]::sys::backtrace::BacktraceLock>::print::DisplayBacktrace as core[df12db4294e9bfd3]::fmt::Display>::fmt
[INFO] [stdout]    1:     0x615e1382da2a - core[df12db4294e9bfd3]::fmt::write
[INFO] [stdout]    2:     0x615e1381b47c - <alloc[2182bb758b4b3781]::vec::Vec<u8> as core[df12db4294e9bfd3]::io::write::Write>::write_fmt
[INFO] [stdout]    3:     0x615e137f1d26 - std[70759c8f55707aa4]::panicking::default_hook::{closure#0}
[INFO] [stdout]    4:     0x615e1380ebd9 - std[70759c8f55707aa4]::panicking::default_hook
[INFO] [stdout]    5:     0x615e1377fb60 - test[9d35eded1c95d3be]::test_main_inner::<test[9d35eded1c95d3be]::test_main_static::{closure#0}>::{closure#0}
[INFO] [stdout]    6:     0x615e1380ed92 - std[70759c8f55707aa4]::panicking::panic_with_hook
[INFO] [stdout]    7:     0x615e137f1dd2 - std[70759c8f55707aa4]::panicking::panic_handler::{closure#0}
[INFO] [stdout]    8:     0x615e137eaa79 - std[70759c8f55707aa4]::sys::backtrace::__rust_end_short_backtrace::<std[70759c8f55707aa4]::panicking::panic_handler::{closure#0}, !>
[INFO] [stdout]    9:     0x615e137f2bbd - __rustc[8fa7c3cbc660c2b3]::rust_begin_unwind
[INFO] [stdout]   10:     0x615e1382e20c - core[df12db4294e9bfd3]::panicking::panic_fmt
[INFO] [stdout]   11:     0x615e1382dfe2 - core[df12db4294e9bfd3]::result::unwrap_failed
[INFO] [stdout]   12:     0x615e136a47df - env_logger[bbda021bcfd52d37]::init
[INFO] [stdout]   13:     0x615e1369faca - <tests[932c461f03e0ba6]::element_obscured::{closure#0} as core[df12db4294e9bfd3]::ops::function::FnOnce<()>>::call_once
[INFO] [stdout]   14:     0x615e13772e4b - test[9d35eded1c95d3be]::__rust_begin_short_backtrace::<core[df12db4294e9bfd3]::result::Result<(), alloc[2182bb758b4b3781]::string::String>, fn() -> core[df12db4294e9bfd3]::result::Result<(), alloc[2182bb758b4b3781]::string::String>>
[INFO] [stdout]   15:     0x615e137804b5 - test[9d35eded1c95d3be]::run_test::{closure#0}
[INFO] [stdout]   16:     0x615e13779d74 - std[70759c8f55707aa4]::sys::backtrace::__rust_begin_short_backtrace::<test[9d35eded1c95d3be]::run_test::{closure#1}, ()>
[INFO] [stdout]   17:     0x615e13783612 - <std[70759c8f55707aa4]::thread::lifecycle::spawn_unchecked<test[9d35eded1c95d3be]::run_test::{closure#1}, ()>::{closure#1} as core[df12db4294e9bfd3]::ops::function::FnOnce<()>>::call_once::{shim:vtable#0}
[INFO] [stdout]   18:     0x615e13815df9 - <std[70759c8f55707aa4]::sys::thread::unix::Thread>::new::thread_start
[INFO] [stdout]   19:     0x74e0ad6c6dfa - <unknown>
[INFO] [stdout]   20:     0x74e0ad75a3d4 - clone
[INFO] [stdout]   21:                0x0 - <unknown>
[INFO] [stdout] 
[INFO] [stdout] thread 'element_obscured' (224) panicked at tests/tests.rs:192:55:
[INFO] [stdout] called `Result::unwrap()` on an `Err` value: SessionNotCreated
[INFO] [stdout] stack backtrace:
[INFO] [stdout]    0:     0x615e13816a41 - <<std[70759c8f55707aa4]::sys::backtrace::BacktraceLock>::print::DisplayBacktrace as core[df12db4294e9bfd3]::fmt::Display>::fmt
[INFO] [stdout]    1:     0x615e1382da2a - core[df12db4294e9bfd3]::fmt::write
[INFO] [stdout]    2:     0x615e1381b47c - <alloc[2182bb758b4b3781]::vec::Vec<u8> as core[df12db4294e9bfd3]::io::write::Write>::write_fmt
[INFO] [stdout]    3:     0x615e137f1d26 - std[70759c8f55707aa4]::panicking::default_hook::{closure#0}
[INFO] [stdout]    4:     0x615e1380ebd9 - std[70759c8f55707aa4]::panicking::default_hook
[INFO] [stdout]    5:     0x615e1377fb60 - test[9d35eded1c95d3be]::test_main_inner::<test[9d35eded1c95d3be]::test_main_static::{closure#0}>::{closure#0}
[INFO] [stdout]    6:     0x615e1380ed92 - std[70759c8f55707aa4]::panicking::panic_with_hook
[INFO] [stdout]    7:     0x615e137f1dd2 - std[70759c8f55707aa4]::panicking::panic_handler::{closure#0}
[INFO] [stdout]    8:     0x615e137eaa79 - std[70759c8f55707aa4]::sys::backtrace::__rust_end_short_backtrace::<std[70759c8f55707aa4]::panicking::panic_handler::{closure#0}, !>
[INFO] [stdout]    9:     0x615e137f2bbd - __rustc[8fa7c3cbc660c2b3]::rust_begin_unwind
[INFO] [stdout]   10:     0x615e1382e20c - core[df12db4294e9bfd3]::panicking::panic_fmt
[INFO] [stdout]   11:     0x615e1382dfe2 - core[df12db4294e9bfd3]::result::unwrap_failed
[INFO] [stdout]   12:     0x615e1369ffef - <tests[932c461f03e0ba6]::element_obscured::{closure#0} as core[df12db4294e9bfd3]::ops::function::FnOnce<()>>::call_once
[INFO] [stdout]   13:     0x615e13772e4b - test[9d35eded1c95d3be]::__rust_begin_short_backtrace::<core[df12db4294e9bfd3]::result::Result<(), alloc[2182bb758b4b3781]::string::String>, fn() -> core[df12db4294e9bfd3]::result::Result<(), alloc[2182bb758b4b3781]::string::String>>
[INFO] [stdout]   14:     0x615e137804b5 - test[9d35eded1c95d3be]::run_test::{closure#0}
[INFO] [stdout]   15:     0x615e13779d74 - std[70759c8f55707aa4]::sys::backtrace::__rust_begin_short_backtrace::<test[9d35eded1c95d3be]::run_test::{closure#1}, ()>
[INFO] [stdout]   16:     0x615e13783612 - <std[70759c8f55707aa4]::thread::lifecycle::spawn_unchecked<test[9d35eded1c95d3be]::run_test::{closure#1}, ()>::{closure#1} as core[df12db4294e9bfd3]::ops::function::FnOnce<()>>::call_once::{shim:vtable#0}
[INFO] [stdout]   17:     0x615e13815df9 - <std[70759c8f55707aa4]::sys::thread::unix::Thread>::new::thread_start
[INFO] [stdout]   18:     0x74e0ad6c6dfa - <unknown>
[INFO] [stdout]   19:     0x74e0ad75a3d4 - clone
[INFO] [stdout]   20:                0x0 - <unknown>
[INFO] [stdout] 
[INFO] [stdout] ---- execute_javascript stdout ----
[INFO] [stdout] 
[INFO] [stdout] thread 'execute_javascript' (226) panicked at /opt/rustwide/cargo-home/registry/src/index.crates.io-1949cf8c6b5b557f/env_logger-0.7.1/src/lib.rs:1042:16:
[INFO] [stdout] env_logger::init should not be called after logger initialized: SetLoggerError(())
[INFO] [stdout] stack backtrace:
[INFO] [stdout]    0:     0x615e13816a41 - <<std[70759c8f55707aa4]::sys::backtrace::BacktraceLock>::print::DisplayBacktrace as core[df12db4294e9bfd3]::fmt::Display>::fmt
[INFO] [stdout]    1:     0x615e1382da2a - core[df12db4294e9bfd3]::fmt::write
[INFO] [stdout]    2:     0x615e1381b47c - <alloc[2182bb758b4b3781]::vec::Vec<u8> as core[df12db4294e9bfd3]::io::write::Write>::write_fmt
[INFO] [stdout]    3:     0x615e137f1d26 - std[70759c8f55707aa4]::panicking::default_hook::{closure#0}
[INFO] [stdout]    4:     0x615e1380ebd9 - std[70759c8f55707aa4]::panicking::default_hook
[INFO] [stdout]    5:     0x615e1377fb60 - test[9d35eded1c95d3be]::test_main_inner::<test[9d35eded1c95d3be]::test_main_static::{closure#0}>::{closure#0}
[INFO] [stdout]    6:     0x615e1380ed92 - std[70759c8f55707aa4]::panicking::panic_with_hook
[INFO] [stdout]    7:     0x615e137f1dd2 - std[70759c8f55707aa4]::panicking::panic_handler::{closure#0}
[INFO] [stdout]    8:     0x615e137eaa79 - std[70759c8f55707aa4]::sys::backtrace::__rust_end_short_backtrace::<std[70759c8f55707aa4]::panicking::panic_handler::{closure#0}, !>
[INFO] [stdout]    9:     0x615e137f2bbd - __rustc[8fa7c3cbc660c2b3]::rust_begin_unwind
[INFO] [stdout]   10:     0x615e1382e20c - core[df12db4294e9bfd3]::panicking::panic_fmt
[INFO] [stdout]   11:     0x615e1382dfe2 - core[df12db4294e9bfd3]::result::unwrap_failed
[INFO] [stdout]   12:     0x615e136a47df - env_logger[bbda021bcfd52d37]::init
[INFO] [stdout]   13:     0x615e136a01cf - <tests[932c461f03e0ba6]::execute_javascript::{closure#0} as core[df12db4294e9bfd3]::ops::function::FnOnce<()>>::call_once
[INFO] [stdout]   14:     0x615e13772e4b - test[9d35eded1c95d3be]::__rust_begin_short_backtrace::<core[df12db4294e9bfd3]::result::Result<(), alloc[2182bb758b4b3781]::string::String>, fn() -> core[df12db4294e9bfd3]::result::Result<(), alloc[2182bb758b4b3781]::string::String>>
[INFO] [stdout]   15:     0x615e137804b5 - test[9d35eded1c95d3be]::run_test::{closure#0}
[INFO] [stdout]   16:     0x615e13779d74 - std[70759c8f55707aa4]::sys::backtrace::__rust_begin_short_backtrace::<test[9d35eded1c95d3be]::run_test::{closure#1}, ()>
[INFO] [stdout]   17:     0x615e13783612 - <std[70759c8f55707aa4]::thread::lifecycle::spawn_unchecked<test[9d35eded1c95d3be]::run_test::{closure#1}, ()>::{closure#1} as core[df12db4294e9bfd3]::ops::function::FnOnce<()>>::call_once::{shim:vtable#0}
[INFO] [stdout]   18:     0x615e13815df9 - <std[70759c8f55707aa4]::sys::thread::unix::Thread>::new::thread_start
[INFO] [stdout]   19:     0x74e0ad6c6dfa - <unknown>
[INFO] [stdout]   20:     0x74e0ad75a3d4 - clone
[INFO] [stdout]   21:                0x0 - <unknown>
[INFO] [stdout] 
[INFO] [stdout] thread 'execute_javascript' (226) panicked at tests/tests.rs:168:55:
[INFO] [stdout] called `Result::unwrap()` on an `Err` value: SessionNotCreated
[INFO] [stdout] stack backtrace:
[INFO] [stdout]    0:     0x615e13816a41 - <<std[70759c8f55707aa4]::sys::backtrace::BacktraceLock>::print::DisplayBacktrace as core[df12db4294e9bfd3]::fmt::Display>::fmt
[INFO] [stdout]    1:     0x615e1382da2a - core[df12db4294e9bfd3]::fmt::write
[INFO] [stdout]    2:     0x615e1381b47c - <alloc[2182bb758b4b3781]::vec::Vec<u8> as core[df12db4294e9bfd3]::io::write::Write>::write_fmt
[INFO] [stdout]    3:     0x615e137f1d26 - std[70759c8f55707aa4]::panicking::default_hook::{closure#0}
[INFO] [stdout]    4:     0x615e1380ebd9 - std[70759c8f55707aa4]::panicking::default_hook
[INFO] [stdout]    5:     0x615e1377fb60 - test[9d35eded1c95d3be]::test_main_inner::<test[9d35eded1c95d3be]::test_main_static::{closure#0}>::{closure#0}
[INFO] [stdout]    6:     0x615e1380ed92 - std[70759c8f55707aa4]::panicking::panic_with_hook
[INFO] [stdout]    7:     0x615e137f1dd2 - std[70759c8f55707aa4]::panicking::panic_handler::{closure#0}
[INFO] [stdout]    8:     0x615e137eaa79 - std[70759c8f55707aa4]::sys::backtrace::__rust_end_short_backtrace::<std[70759c8f55707aa4]::panicking::panic_handler::{closure#0}, !>
[INFO] [stdout]    9:     0x615e137f2bbd - __rustc[8fa7c3cbc660c2b3]::rust_begin_unwind
[INFO] [stdout]   10:     0x615e1382e20c - core[df12db4294e9bfd3]::panicking::panic_fmt
[INFO] [stdout]   11:     0x615e1382dfe2 - core[df12db4294e9bfd3]::result::unwrap_failed
[INFO] [stdout]   12:     0x615e136a080a - <tests[932c461f03e0ba6]::execute_javascript::{closure#0} as core[df12db4294e9bfd3]::ops::function::FnOnce<()>>::call_once
[INFO] [stdout]   13:     0x615e13772e4b - test[9d35eded1c95d3be]::__rust_begin_short_backtrace::<core[df12db4294e9bfd3]::result::Result<(), alloc[2182bb758b4b3781]::string::String>, fn() -> core[df12db4294e9bfd3]::result::Result<(), alloc[2182bb758b4b3781]::string::String>>
[INFO] [stdout]   14:     0x615e137804b5 - test[9d35eded1c95d3be]::run_test::{closure#0}
[INFO] [stdout]   15:     0x615e13779d74 - std[70759c8f55707aa4]::sys::backtrace::__rust_begin_short_backtrace::<test[9d35eded1c95d3be]::run_test::{closure#1}, ()>
[INFO] [stdout]   16:     0x615e13783612 - <std[70759c8f55707aa4]::thread::lifecycle::spawn_unchecked<test[9d35eded1c95d3be]::run_test::{closure#1}, ()>::{closure#1} as core[df12db4294e9bfd3]::ops::function::FnOnce<()>>::call_once::{shim:vtable#0}
[INFO] [stdout]   17:     0x615e13815df9 - <std[70759c8f55707aa4]::sys::thread::unix::Thread>::new::thread_start
[INFO] [stdout]   18:     0x74e0ad6c6dfa - <unknown>
[INFO] [stdout]   19:     0x74e0ad75a3d4 - clone
[INFO] [stdout]   20:                0x0 - <unknown>
[INFO] [stdout] 
[INFO] [stdout] 
[INFO] [stdout] failures:
[INFO] [stdout]     element_obscured
[INFO] [stdout]     elements
[INFO] [stdout]     execute_javascript
[INFO] [stdout]     navigation
[INFO] [stdout]     tabs
[INFO] [stdout]     timeouts
[INFO] [stdout] 
[INFO] [stdout] test result: FAILED. 0 passed; 6 failed; 0 ignored; 0 measured; 0 filtered out; finished in 2.10s
[INFO] [stdout] 
[INFO] running `Command { std: "docker" "inspect" "1d41f8b7adea12faf441545c7b46d04d4185e24db822a593f388d947aefcd985", kill_on_drop: false }`
[INFO] running `Command { std: "docker" "rm" "-f" "1d41f8b7adea12faf441545c7b46d04d4185e24db822a593f388d947aefcd985", kill_on_drop: false }`
[INFO] [stdout] 1d41f8b7adea12faf441545c7b46d04d4185e24db822a593f388d947aefcd985
