[INFO] fetching crate luthien-templates 0.1.0...
[INFO] testing luthien-templates-0.1.0 against 1.99.0-beta.8+cargoflags=--release for beta-release-1.100-2
[INFO] extracting crate luthien-templates 0.1.0 into /workspace/builds/worker-4-tc1/source
[INFO] started tweaking crates.io crate luthien-templates 0.1.0
[INFO] finished tweaking crates.io crate luthien-templates 0.1.0
[INFO] tweaked toml for crates.io crate luthien-templates 0.1.0 written to /workspace/builds/worker-4-tc1/source/Cargo.toml
[INFO] validating manifest of crates.io crate luthien-templates 0.1.0 on toolchain 1.99.0-beta.8
[INFO] running `Command { std: CARGO_HOME="/workspace/cargo-home" RUSTUP_HOME="/workspace/rustup-home" "/workspace/cargo-home/bin/cargo" "+1.99.0-beta.8" "metadata" "--manifest-path" "Cargo.toml" "--no-deps", kill_on_drop: false }`
[INFO] crate crates.io crate luthien-templates 0.1.0 already has a lockfile, it will not be regenerated
[INFO] running `Command { std: CARGO_HOME="/workspace/cargo-home" RUSTUP_HOME="/workspace/rustup-home" "/workspace/cargo-home/bin/cargo" "+1.99.0-beta.8" "fetch" "--manifest-path" "Cargo.toml", kill_on_drop: false }`
[INFO] [stderr]     Updating crates.io index
[INFO] [stderr]  Downloading crates ...
[INFO] [stderr]   Downloaded luthien-plugin v0.1.0
[INFO] [stderr]   Downloaded ipipe v0.8.2
[INFO] [stderr]   Downloaded proc-macro2 v1.0.26
[INFO] [stderr]   Downloaded dirs v3.0.2
[INFO] [stderr]   Downloaded redox_syscall v0.2.8
[INFO] [stderr]   Downloaded parking_lot_core v0.7.2
[INFO] [stderr]   Downloaded cc v1.0.67
[INFO] [stderr]   Downloaded typenum v1.13.0
[INFO] [stderr]   Downloaded flurry v0.3.1
[INFO] [stderr]   Downloaded handlebars v3.5.5
[INFO] [stderr]   Downloaded syn v1.0.72
[INFO] [stderr]   Downloaded nix v0.19.1
[INFO] [stderr]   Downloaded libc v0.2.94
[INFO] running `Command { std: "docker" "create" "-v" "/var/lib/crater-agent-workspace/builds/worker-4-tc1/source:/opt/rustwide/workdir:ro,Z" "-v" "/var/lib/crater-agent-workspace/builds/worker-4-tc1/target:/opt/rustwide/target:rw,Z" "-v" "/var/lib/crater-agent-workspace/cargo-home:/opt/rustwide/cargo-home:ro,Z" "-v" "/var/lib/crater-agent-workspace/rustup-home:/opt/rustwide/rustup-home:ro,Z" "-m" "1610612736" "--network" "none" "ghcr.io/rust-lang/crates-build-env/linux@sha256:77db811e55d90add9212f6832c23229e3de5f1c1f9905e8cb07319ea15df73ac" "sleep" "infinity", kill_on_drop: false }`
[INFO] [stdout] 863d3ded92d59d62ae8ae61d03f6e5c6bea98e79038eb2b5834532aee615e453
[INFO] running `Command { std: "docker" "start" "863d3ded92d59d62ae8ae61d03f6e5c6bea98e79038eb2b5834532aee615e453", kill_on_drop: false }`
[INFO] running `Command { std: "docker" "inspect" "863d3ded92d59d62ae8ae61d03f6e5c6bea98e79038eb2b5834532aee615e453", kill_on_drop: false }`
[INFO] running `Command { std: "docker" "exec" "-e" "SOURCE_DIR=/opt/rustwide/workdir" "-e" "CARGO_HOME=/opt/rustwide/cargo-home" "-e" "RUSTUP_HOME=/opt/rustwide/rustup-home" "-e" "CARGO_TARGET_DIR=/opt/rustwide/target" "-w" "/opt/rustwide/workdir" "--user" "0:0" "863d3ded92d59d62ae8ae61d03f6e5c6bea98e79038eb2b5834532aee615e453" "/opt/rustwide/cargo-home/bin/cargo" "+1.99.0-beta.8" "metadata" "--no-deps" "--format-version=1", kill_on_drop: false }`
[INFO] running `Command { std: "docker" "inspect" "863d3ded92d59d62ae8ae61d03f6e5c6bea98e79038eb2b5834532aee615e453", kill_on_drop: false }`
[INFO] running `Command { std: "docker" "exec" "-e" "SOURCE_DIR=/opt/rustwide/workdir" "-e" "CARGO_HOME=/opt/rustwide/cargo-home" "-e" "RUSTUP_HOME=/opt/rustwide/rustup-home" "-e" "CARGO_TARGET_DIR=/opt/rustwide/target" "-e" "CARGO_INCREMENTAL=0" "-e" "RUST_BACKTRACE=full" "-e" "RUSTFLAGS=--cap-lints=warn" "-e" "RUSTDOCFLAGS=--cap-lints=warn" "-w" "/opt/rustwide/workdir" "--user" "0:0" "863d3ded92d59d62ae8ae61d03f6e5c6bea98e79038eb2b5834532aee615e453" "/opt/rustwide/cargo-home/bin/cargo" "+1.99.0-beta.8" "build" "--frozen" "--message-format=json" "--release", kill_on_drop: false }`
[INFO] [stderr]    Compiling autocfg v1.0.1
[INFO] [stderr]    Compiling libc v0.2.94
[INFO] [stderr]    Compiling proc-macro2 v1.0.26
[INFO] [stderr]    Compiling unicode-xid v0.2.2
[INFO] [stderr]    Compiling syn v1.0.72
[INFO] [stderr]    Compiling maybe-uninit v2.0.0
[INFO] [stderr]    Compiling serde_derive v1.0.126
[INFO] [stderr]    Compiling scopeguard v1.1.0
[INFO] [stderr]    Compiling ucd-trie v0.1.3
[INFO] [stderr]    Compiling serde v1.0.126
[INFO] [stderr]    Compiling ryu v1.0.5
[INFO] [stderr]    Compiling smallvec v1.6.1
[INFO] [stderr]    Compiling serde_json v1.0.64
[INFO] [stderr]    Compiling maplit v1.0.2
[INFO] [stderr]    Compiling rand_core v0.4.2
[INFO] [stderr]    Compiling log v0.4.14
[INFO] [stderr]    Compiling itoa v0.4.7
[INFO] [stderr]    Compiling lock_api v0.3.4
[INFO] [stderr]    Compiling pest v2.1.3
[INFO] [stderr]    Compiling ahash v0.3.8
[INFO] [stderr]    Compiling rand_core v0.3.1
[INFO] [stderr]    Compiling crossbeam-utils v0.7.2
[INFO] [stderr]    Compiling memoffset v0.5.6
[INFO] [stderr]    Compiling crossbeam-epoch v0.8.2
[INFO] [stderr]    Compiling quote v1.0.9
[INFO] [stderr]    Compiling pest_meta v2.1.3
[INFO] [stderr]    Compiling parking_lot_core v0.7.2
[INFO] [stderr]    Compiling num_cpus v1.13.0
[INFO] [stderr]    Compiling rand v0.5.6
[INFO] [stderr]    Compiling nix v0.19.1
[INFO] [stderr]    Compiling dirs-sys v0.3.6
[INFO] [stderr]    Compiling parking_lot v0.10.2
[INFO] [stderr]    Compiling dirs v3.0.2
[INFO] [stderr]    Compiling flurry v0.3.1
[INFO] [stderr]    Compiling pest_generator v2.1.3
[INFO] [stderr]    Compiling pest_derive v2.1.0
[INFO] [stderr]    Compiling ipipe v0.8.2
[INFO] [stderr]    Compiling luthien-plugin v0.1.0
[INFO] [stderr]    Compiling handlebars v3.5.5
[INFO] [stderr]    Compiling luthien-templates v0.1.0 (/opt/rustwide/workdir)
[INFO] [stdout] warning: field `0` is never read
[INFO] [stdout]  --> src/error.rs:5:13
[INFO] [stdout]   |
[INFO] [stdout] 5 |     IoError(io::Error),
[INFO] [stdout]   |     ------- ^^^^^^^^^
[INFO] [stdout]   |     |
[INFO] [stdout]   |     field in this variant
[INFO] [stdout]   |
[INFO] [stdout]   = note: `Error` has a derived impl for the trait `Debug`, but this is intentionally ignored during dead code analysis
[INFO] [stdout]   = note: `#[warn(dead_code)]` (part of `#[warn(unused)]`) on by default
[INFO] [stdout] help: consider changing the field to be of unit type to suppress this warning while preserving the field numbering, or remove the field
[INFO] [stdout]   |
[INFO] [stdout] 5 -     IoError(io::Error),
[INFO] [stdout] 5 +     IoError(()),
[INFO] [stdout]   |
[INFO] [stdout] 
[INFO] [stdout] 
[INFO] [stdout] warning: field `0` is never read
[INFO] [stdout]  --> src/error.rs:7:17
[INFO] [stdout]   |
[INFO] [stdout] 7 |     RenderError(handlebars::RenderError),
[INFO] [stdout]   |     ----------- ^^^^^^^^^^^^^^^^^^^^^^^
[INFO] [stdout]   |     |
[INFO] [stdout]   |     field in this variant
[INFO] [stdout]   |
[INFO] [stdout]   = note: `Error` has a derived impl for the trait `Debug`, but this is intentionally ignored during dead code analysis
[INFO] [stdout] help: consider changing the field to be of unit type to suppress this warning while preserving the field numbering, or remove the field
[INFO] [stdout]   |
[INFO] [stdout] 7 -     RenderError(handlebars::RenderError),
[INFO] [stdout] 7 +     RenderError(()),
[INFO] [stdout]   |
[INFO] [stdout] 
[INFO] [stdout] 
[INFO] [stdout] warning: field `0` is never read
[INFO] [stdout]  --> src/error.rs:8:25
[INFO] [stdout]   |
[INFO] [stdout] 8 |     TemplateRenderError(handlebars::TemplateRenderError),
[INFO] [stdout]   |     ------------------- ^^^^^^^^^^^^^^^^^^^^^^^^^^^^^^^
[INFO] [stdout]   |     |
[INFO] [stdout]   |     field in this variant
[INFO] [stdout]   |
[INFO] [stdout]   = note: `Error` has a derived impl for the trait `Debug`, but this is intentionally ignored during dead code analysis
[INFO] [stdout] help: consider changing the field to be of unit type to suppress this warning while preserving the field numbering, or remove the field
[INFO] [stdout]   |
[INFO] [stdout] 8 -     TemplateRenderError(handlebars::TemplateRenderError),
[INFO] [stdout] 8 +     TemplateRenderError(()),
[INFO] [stdout]   |
[INFO] [stdout] 
[INFO] [stdout] 
[INFO] [stderr]     Finished `release` profile [optimized] target(s) in 29.92s
[INFO] running `Command { std: "docker" "inspect" "863d3ded92d59d62ae8ae61d03f6e5c6bea98e79038eb2b5834532aee615e453", kill_on_drop: false }`
[INFO] running `Command { std: "docker" "exec" "-e" "SOURCE_DIR=/opt/rustwide/workdir" "-e" "CARGO_HOME=/opt/rustwide/cargo-home" "-e" "RUSTUP_HOME=/opt/rustwide/rustup-home" "-e" "CARGO_TARGET_DIR=/opt/rustwide/target" "-e" "CARGO_INCREMENTAL=0" "-e" "RUST_BACKTRACE=full" "-e" "RUSTFLAGS=--cap-lints=warn" "-e" "RUSTDOCFLAGS=--cap-lints=warn" "-w" "/opt/rustwide/workdir" "--user" "0:0" "863d3ded92d59d62ae8ae61d03f6e5c6bea98e79038eb2b5834532aee615e453" "/opt/rustwide/cargo-home/bin/cargo" "+1.99.0-beta.8" "test" "--frozen" "--no-run" "--message-format=json" "--release", kill_on_drop: false }`
[INFO] [stdout] warning: field `0` is never read
[INFO] [stdout]  --> src/error.rs:5:13
[INFO] [stdout]   |
[INFO] [stdout] 5 |     IoError(io::Error),
[INFO] [stdout]   |     ------- ^^^^^^^^^
[INFO] [stdout]   |     |
[INFO] [stdout]   |     field in this variant
[INFO] [stdout]   |
[INFO] [stdout]   = note: `Error` has a derived impl for the trait `Debug`, but this is intentionally ignored during dead code analysis
[INFO] [stdout]   = note: `#[warn(dead_code)]` (part of `#[warn(unused)]`) on by default
[INFO] [stdout] help: consider changing the field to be of unit type to suppress this warning while preserving the field numbering, or remove the field
[INFO] [stdout]   |
[INFO] [stdout] 5 -     IoError(io::Error),
[INFO] [stdout] 5 +     IoError(()),
[INFO] [stdout]   |
[INFO] [stdout] 
[INFO] [stdout] 
[INFO] [stderr]    Compiling luthien-templates v0.1.0 (/opt/rustwide/workdir)
[INFO] [stdout] warning: field `0` is never read
[INFO] [stdout]  --> src/error.rs:7:17
[INFO] [stdout]   |
[INFO] [stdout] 7 |     RenderError(handlebars::RenderError),
[INFO] [stdout]   |     ----------- ^^^^^^^^^^^^^^^^^^^^^^^
[INFO] [stdout]   |     |
[INFO] [stdout]   |     field in this variant
[INFO] [stdout]   |
[INFO] [stdout]   = note: `Error` has a derived impl for the trait `Debug`, but this is intentionally ignored during dead code analysis
[INFO] [stdout] help: consider changing the field to be of unit type to suppress this warning while preserving the field numbering, or remove the field
[INFO] [stdout]   |
[INFO] [stdout] 7 -     RenderError(handlebars::RenderError),
[INFO] [stdout] 7 +     RenderError(()),
[INFO] [stdout]   |
[INFO] [stdout] 
[INFO] [stdout] 
[INFO] [stdout] warning: field `0` is never read
[INFO] [stdout]  --> src/error.rs:8:25
[INFO] [stdout]   |
[INFO] [stdout] 8 |     TemplateRenderError(handlebars::TemplateRenderError),
[INFO] [stdout]   |     ------------------- ^^^^^^^^^^^^^^^^^^^^^^^^^^^^^^^
[INFO] [stdout]   |     |
[INFO] [stdout]   |     field in this variant
[INFO] [stdout]   |
[INFO] [stdout]   = note: `Error` has a derived impl for the trait `Debug`, but this is intentionally ignored during dead code analysis
[INFO] [stdout] help: consider changing the field to be of unit type to suppress this warning while preserving the field numbering, or remove the field
[INFO] [stdout]   |
[INFO] [stdout] 8 -     TemplateRenderError(handlebars::TemplateRenderError),
[INFO] [stdout] 8 +     TemplateRenderError(()),
[INFO] [stdout]   |
[INFO] [stdout] 
[INFO] [stdout] 
[INFO] [stdout] warning: field `0` is never read
[INFO] [stdout]  --> src/error.rs:5:13
[INFO] [stdout]   |
[INFO] [stdout] 5 |     IoError(io::Error),
[INFO] [stdout]   |     ------- ^^^^^^^^^
[INFO] [stdout]   |     |
[INFO] [stdout]   |     field in this variant
[INFO] [stdout]   |
[INFO] [stdout]   = note: `Error` has a derived impl for the trait `Debug`, but this is intentionally ignored during dead code analysis
[INFO] [stdout]   = note: `#[warn(dead_code)]` (part of `#[warn(unused)]`) on by default
[INFO] [stdout] help: consider changing the field to be of unit type to suppress this warning while preserving the field numbering, or remove the field
[INFO] [stdout]   |
[INFO] [stdout] 5 -     IoError(io::Error),
[INFO] [stdout] 5 +     IoError(()),
[INFO] [stdout]   |
[INFO] [stdout] 
[INFO] [stdout] 
[INFO] [stdout] warning: field `0` is never read
[INFO] [stdout]  --> src/error.rs:7:17
[INFO] [stdout]   |
[INFO] [stdout] 7 |     RenderError(handlebars::RenderError),
[INFO] [stdout]   |     ----------- ^^^^^^^^^^^^^^^^^^^^^^^
[INFO] [stdout]   |     |
[INFO] [stdout]   |     field in this variant
[INFO] [stdout]   |
[INFO] [stdout]   = note: `Error` has a derived impl for the trait `Debug`, but this is intentionally ignored during dead code analysis
[INFO] [stdout] help: consider changing the field to be of unit type to suppress this warning while preserving the field numbering, or remove the field
[INFO] [stdout]   |
[INFO] [stdout] 7 -     RenderError(handlebars::RenderError),
[INFO] [stdout] 7 +     RenderError(()),
[INFO] [stdout]   |
[INFO] [stdout] 
[INFO] [stdout] 
[INFO] [stdout] warning: field `0` is never read
[INFO] [stdout]  --> src/error.rs:8:25
[INFO] [stdout]   |
[INFO] [stdout] 8 |     TemplateRenderError(handlebars::TemplateRenderError),
[INFO] [stdout]   |     ------------------- ^^^^^^^^^^^^^^^^^^^^^^^^^^^^^^^
[INFO] [stdout]   |     |
[INFO] [stdout]   |     field in this variant
[INFO] [stdout]   |
[INFO] [stdout]   = note: `Error` has a derived impl for the trait `Debug`, but this is intentionally ignored during dead code analysis
[INFO] [stdout] help: consider changing the field to be of unit type to suppress this warning while preserving the field numbering, or remove the field
[INFO] [stdout]   |
[INFO] [stdout] 8 -     TemplateRenderError(handlebars::TemplateRenderError),
[INFO] [stdout] 8 +     TemplateRenderError(()),
[INFO] [stdout]   |
[INFO] [stdout] 
[INFO] [stdout] 
[INFO] [stderr]     Finished `release` profile [optimized] target(s) in 0.57s
[INFO] running `Command { std: "docker" "inspect" "863d3ded92d59d62ae8ae61d03f6e5c6bea98e79038eb2b5834532aee615e453", kill_on_drop: false }`
[INFO] running `Command { std: "docker" "exec" "-e" "SOURCE_DIR=/opt/rustwide/workdir" "-e" "CARGO_HOME=/opt/rustwide/cargo-home" "-e" "RUSTUP_HOME=/opt/rustwide/rustup-home" "-e" "CARGO_TARGET_DIR=/opt/rustwide/target" "-e" "CARGO_INCREMENTAL=0" "-e" "RUST_BACKTRACE=full" "-e" "RUSTFLAGS=--cap-lints=warn" "-e" "RUSTDOCFLAGS=--cap-lints=warn" "-w" "/opt/rustwide/workdir" "--user" "0:0" "863d3ded92d59d62ae8ae61d03f6e5c6bea98e79038eb2b5834532aee615e453" "/opt/rustwide/cargo-home/bin/cargo" "+1.99.0-beta.8" "test" "--frozen" "--release", kill_on_drop: false }`
[INFO] [stderr] warning: field `0` is never read
[INFO] [stderr]  --> src/error.rs:5:13
[INFO] [stderr]   |
[INFO] [stderr] 5 |     IoError(io::Error),
[INFO] [stderr]   |     ------- ^^^^^^^^^
[INFO] [stderr]   |     |
[INFO] [stderr]   |     field in this variant
[INFO] [stderr]   |
[INFO] [stderr]   = note: `Error` has a derived impl for the trait `Debug`, but this is intentionally ignored during dead code analysis
[INFO] [stderr]   = note: `#[warn(dead_code)]` (part of `#[warn(unused)]`) on by default
[INFO] [stderr] help: consider changing the field to be of unit type to suppress this warning while preserving the field numbering, or remove the field
[INFO] [stderr]   |
[INFO] [stderr] 5 -     IoError(io::Error),
[INFO] [stderr] 5 +     IoError(()),
[INFO] [stderr]   |
[INFO] [stderr] 
[INFO] [stderr] warning: field `0` is never read
[INFO] [stderr]  --> src/error.rs:7:17
[INFO] [stderr]   |
[INFO] [stderr] 7 |     RenderError(handlebars::RenderError),
[INFO] [stderr]   |     ----------- ^^^^^^^^^^^^^^^^^^^^^^^
[INFO] [stderr]   |     |
[INFO] [stderr]   |     field in this variant
[INFO] [stderr]   |
[INFO] [stderr]   = note: `Error` has a derived impl for the trait `Debug`, but this is intentionally ignored during dead code analysis
[INFO] [stderr] help: consider changing the field to be of unit type to suppress this warning while preserving the field numbering, or remove the field
[INFO] [stderr]   |
[INFO] [stderr] 7 -     RenderError(handlebars::RenderError),
[INFO] [stderr] 7 +     RenderError(()),
[INFO] [stderr]   |
[INFO] [stderr] 
[INFO] [stderr] warning: field `0` is never read
[INFO] [stderr]  --> src/error.rs:8:25
[INFO] [stderr]   |
[INFO] [stderr] 8 |     TemplateRenderError(handlebars::TemplateRenderError),
[INFO] [stderr]   |     ------------------- ^^^^^^^^^^^^^^^^^^^^^^^^^^^^^^^
[INFO] [stderr]   |     |
[INFO] [stderr]   |     field in this variant
[INFO] [stderr]   |
[INFO] [stderr]   = note: `Error` has a derived impl for the trait `Debug`, but this is intentionally ignored during dead code analysis
[INFO] [stderr] help: consider changing the field to be of unit type to suppress this warning while preserving the field numbering, or remove the field
[INFO] [stderr]   |
[INFO] [stderr] 8 -     TemplateRenderError(handlebars::TemplateRenderError),
[INFO] [stderr] 8 +     TemplateRenderError(()),
[INFO] [stderr]   |
[INFO] [stderr] 
[INFO] [stderr] warning: `luthien-templates` (bin "luthien-templates" test) generated 3 warnings
[INFO] [stderr] warning: `luthien-templates` (bin "luthien-templates") generated 3 warnings (3 duplicates)
[INFO] [stderr]     Finished `release` profile [optimized] target(s) in 0.06s
[INFO] [stderr]      Running unittests src/main.rs (/opt/rustwide/target/release/deps/luthien_templates-3e2fb41570151f87)
[INFO] [stdout] 
[INFO] [stdout] running 1 test
[INFO] [stdout] test data::tests::from_color ... ok
[INFO] [stdout] 
[INFO] [stdout] test result: ok. 1 passed; 0 failed; 0 ignored; 0 measured; 0 filtered out; finished in 0.00s
[INFO] [stdout] 
[INFO] [stderr]      Running tests/integration.rs (/opt/rustwide/target/release/deps/integration-7a3a73b48c76956b)
[INFO] [stdout] 
[INFO] [stdout] running 1 test
[INFO] [stdout] test integrate ... FAILED
[INFO] [stdout] 
[INFO] [stdout] failures:
[INFO] [stdout] 
[INFO] [stdout] ---- integrate stdout ----
[INFO] [stdout] 
[INFO] [stdout] thread 'integrate' (1112) panicked at tests/integration.rs:10:33:
[INFO] [stdout] called `Result::unwrap()` on an `Err` value: Os { code: 30, kind: ReadOnlyFilesystem, message: "Read-only file system" }
[INFO] [stdout] stack backtrace:
[INFO] [stdout]    0:     0x5fa2924f12d1 - <<std[70759c8f55707aa4]::sys::backtrace::BacktraceLock>::print::DisplayBacktrace as core[df12db4294e9bfd3]::fmt::Display>::fmt
[INFO] [stdout]    1:     0x5fa2925058ea - core[df12db4294e9bfd3]::fmt::write
[INFO] [stdout]    2:     0x5fa2924f5adc - <alloc[2182bb758b4b3781]::vec::Vec<u8> as core[df12db4294e9bfd3]::io::write::Write>::write_fmt
[INFO] [stdout]    3:     0x5fa2924cbb86 - std[70759c8f55707aa4]::panicking::default_hook::{closure#0}
[INFO] [stdout]    4:     0x5fa2924e8c09 - std[70759c8f55707aa4]::panicking::default_hook
[INFO] [stdout]    5:     0x5fa2924837e0 - test[9d35eded1c95d3be]::test_main_inner::<test[9d35eded1c95d3be]::test_main_static::{closure#0}>::{closure#0}
[INFO] [stdout]    6:     0x5fa2924e8dc2 - std[70759c8f55707aa4]::panicking::panic_with_hook
[INFO] [stdout]    7:     0x5fa2924cbc32 - std[70759c8f55707aa4]::panicking::panic_handler::{closure#0}
[INFO] [stdout]    8:     0x5fa2924c44f9 - std[70759c8f55707aa4]::sys::backtrace::__rust_end_short_backtrace::<std[70759c8f55707aa4]::panicking::panic_handler::{closure#0}, !>
[INFO] [stdout]    9:     0x5fa2924cc82d - __rustc[8fa7c3cbc660c2b3]::rust_begin_unwind
[INFO] [stdout]   10:     0x5fa29250601c - core[df12db4294e9bfd3]::panicking::panic_fmt
[INFO] [stdout]   11:     0x5fa292505df2 - core[df12db4294e9bfd3]::result::unwrap_failed
[INFO] [stdout]   12:     0x5fa292476525 - <integration[a807de40be59f9a0]::integrate::{closure#0} as core[df12db4294e9bfd3]::ops::function::FnOnce<()>>::call_once
[INFO] [stdout]   13:     0x5fa292476acb - test[9d35eded1c95d3be]::__rust_begin_short_backtrace::<core[df12db4294e9bfd3]::result::Result<(), alloc[2182bb758b4b3781]::string::String>, fn() -> core[df12db4294e9bfd3]::result::Result<(), alloc[2182bb758b4b3781]::string::String>>
[INFO] [stdout]   14:     0x5fa292484135 - test[9d35eded1c95d3be]::run_test::{closure#0}
[INFO] [stdout]   15:     0x5fa29247d9f4 - std[70759c8f55707aa4]::sys::backtrace::__rust_begin_short_backtrace::<test[9d35eded1c95d3be]::run_test::{closure#1}, ()>
[INFO] [stdout]   16:     0x5fa292487292 - <std[70759c8f55707aa4]::thread::lifecycle::spawn_unchecked<test[9d35eded1c95d3be]::run_test::{closure#1}, ()>::{closure#1} as core[df12db4294e9bfd3]::ops::function::FnOnce<()>>::call_once::{shim:vtable#0}
[INFO] [stdout]   17:     0x5fa2924f0889 - <std[70759c8f55707aa4]::sys::thread::unix::Thread>::new::thread_start
[INFO] [stdout]   18:     0x753bded31dfa - <unknown>
[INFO] [stdout]   19:     0x753bdedc53d4 - clone
[INFO] [stdout]   20:                0x0 - <unknown>
[INFO] [stdout] 
[INFO] [stdout] 
[INFO] [stdout] failures:
[INFO] [stdout]     integrate
[INFO] [stdout] 
[INFO] [stdout] test result: FAILED. 0 passed; 1 failed; 0 ignored; 0 measured; 0 filtered out; finished in 0.00s
[INFO] [stdout] 
[INFO] [stderr] error: test failed, to rerun pass `--test integration`
[INFO] running `Command { std: "docker" "inspect" "863d3ded92d59d62ae8ae61d03f6e5c6bea98e79038eb2b5834532aee615e453", kill_on_drop: false }`
[INFO] running `Command { std: "docker" "rm" "-f" "863d3ded92d59d62ae8ae61d03f6e5c6bea98e79038eb2b5834532aee615e453", kill_on_drop: false }`
[INFO] [stdout] 863d3ded92d59d62ae8ae61d03f6e5c6bea98e79038eb2b5834532aee615e453
