[INFO] fetching crate lupin_pt 0.1.0...
[INFO] testing lupin_pt-0.1.0 against 1.99.0-beta.8+cargoflags=--release for beta-release-1.100-2
[INFO] extracting crate lupin_pt 0.1.0 into /workspace/builds/worker-5-tc1/source
[INFO] started tweaking crates.io crate lupin_pt 0.1.0
[INFO] finished tweaking crates.io crate lupin_pt 0.1.0
[INFO] tweaked toml for crates.io crate lupin_pt 0.1.0 written to /workspace/builds/worker-5-tc1/source/Cargo.toml
[INFO] validating manifest of crates.io crate lupin_pt 0.1.0 on toolchain 1.99.0-beta.8
[INFO] running `Command { std: CARGO_HOME="/workspace/cargo-home" RUSTUP_HOME="/workspace/rustup-home" "/workspace/cargo-home/bin/cargo" "+1.99.0-beta.8" "metadata" "--manifest-path" "Cargo.toml" "--no-deps", kill_on_drop: false }`
[INFO] crate crates.io crate lupin_pt 0.1.0 already has a lockfile, it will not be regenerated
[INFO] running `Command { std: CARGO_HOME="/workspace/cargo-home" RUSTUP_HOME="/workspace/rustup-home" "/workspace/cargo-home/bin/cargo" "+1.99.0-beta.8" "fetch" "--manifest-path" "Cargo.toml", kill_on_drop: false }`
[INFO] [stderr]     Updating crates.io index
[INFO] [stderr]  Downloading crates ...
[INFO] [stderr]   Downloaded wgpu-types v28.0.0
[INFO] [stderr]   Downloaded redox_syscall v0.5.15
[INFO] [stderr]   Downloaded core-graphics-types v0.2.0
[INFO] [stderr]   Downloaded codespan-reporting v0.12.0
[INFO] [stderr]   Downloaded xml-rs v0.8.27
[INFO] [stderr]   Downloaded wgpu-core-deps-windows-linux-android v28.0.0
[INFO] [stderr]   Downloaded wgpu-core-deps-apple v28.0.0
[INFO] [stderr]   Downloaded document-features v0.2.11
[INFO] [stderr]   Downloaded litrs v0.4.1
[INFO] [stderr]   Downloaded wgpu v28.0.0
[INFO] [stderr]   Downloaded wgpu-core-deps-emscripten v28.0.0
[INFO] [stderr]   Downloaded num_enum_derive v0.7.4
[INFO] [stderr]   Downloaded proc-macro-crate v3.3.0
[INFO] [stderr]   Downloaded oidn-wgpu-interop v0.4.0
[INFO] [stderr]   Downloaded oidn v2.3.3
[INFO] [stderr]   Downloaded num_enum v0.7.4
[INFO] [stderr]   Downloaded wgpu-hal v28.0.0
[INFO] [stderr]   Downloaded wgpu-core v28.0.0
[INFO] [stderr]   Downloaded naga v28.0.0
[INFO] [stderr]   Downloaded metal v0.33.0
[INFO] running `Command { std: "docker" "create" "-v" "/var/lib/crater-agent-workspace/builds/worker-5-tc1/source:/opt/rustwide/workdir:ro,Z" "-v" "/var/lib/crater-agent-workspace/builds/worker-5-tc1/target:/opt/rustwide/target:rw,Z" "-v" "/var/lib/crater-agent-workspace/cargo-home:/opt/rustwide/cargo-home:ro,Z" "-v" "/var/lib/crater-agent-workspace/rustup-home:/opt/rustwide/rustup-home:ro,Z" "-m" "1610612736" "--network" "none" "ghcr.io/rust-lang/crates-build-env/linux@sha256:77db811e55d90add9212f6832c23229e3de5f1c1f9905e8cb07319ea15df73ac" "sleep" "infinity", kill_on_drop: false }`
[INFO] [stdout] 1ce8db684fbb05b14d8e96eecb7238bcd73d5ff595377fdf9b465f4ad0265b41
[INFO] running `Command { std: "docker" "start" "1ce8db684fbb05b14d8e96eecb7238bcd73d5ff595377fdf9b465f4ad0265b41", kill_on_drop: false }`
[INFO] running `Command { std: "docker" "inspect" "1ce8db684fbb05b14d8e96eecb7238bcd73d5ff595377fdf9b465f4ad0265b41", kill_on_drop: false }`
[INFO] running `Command { std: "docker" "exec" "-e" "SOURCE_DIR=/opt/rustwide/workdir" "-e" "CARGO_HOME=/opt/rustwide/cargo-home" "-e" "RUSTUP_HOME=/opt/rustwide/rustup-home" "-e" "CARGO_TARGET_DIR=/opt/rustwide/target" "-w" "/opt/rustwide/workdir" "--user" "0:0" "1ce8db684fbb05b14d8e96eecb7238bcd73d5ff595377fdf9b465f4ad0265b41" "/opt/rustwide/cargo-home/bin/cargo" "+1.99.0-beta.8" "metadata" "--no-deps" "--format-version=1", kill_on_drop: false }`
[INFO] running `Command { std: "docker" "inspect" "1ce8db684fbb05b14d8e96eecb7238bcd73d5ff595377fdf9b465f4ad0265b41", kill_on_drop: false }`
[INFO] running `Command { std: "docker" "exec" "-e" "SOURCE_DIR=/opt/rustwide/workdir" "-e" "CARGO_HOME=/opt/rustwide/cargo-home" "-e" "RUSTUP_HOME=/opt/rustwide/rustup-home" "-e" "CARGO_TARGET_DIR=/opt/rustwide/target" "-e" "CARGO_INCREMENTAL=0" "-e" "RUST_BACKTRACE=full" "-e" "RUSTFLAGS=--cap-lints=warn" "-e" "RUSTDOCFLAGS=--cap-lints=warn" "-w" "/opt/rustwide/workdir" "--user" "0:0" "1ce8db684fbb05b14d8e96eecb7238bcd73d5ff595377fdf9b465f4ad0265b41" "/opt/rustwide/cargo-home/bin/cargo" "+1.99.0-beta.8" "build" "--frozen" "--message-format=json" "--release", kill_on_drop: false }`
[INFO] [stderr]    Compiling cfg-if v1.0.1
[INFO] [stderr]    Compiling proc-macro2 v1.0.95
[INFO] [stderr]    Compiling unicode-ident v1.0.18
[INFO] [stderr]    Compiling libc v0.2.174
[INFO] [stderr]    Compiling libm v0.2.15
[INFO] [stderr]    Compiling bitflags v2.10.0
[INFO] [stderr]    Compiling num-traits v0.2.19
[INFO] [stderr]    Compiling thiserror v2.0.17
[INFO] [stderr]    Compiling hashbrown v0.15.4
[INFO] [stderr]    Compiling libloading v0.8.8
[INFO] [stderr]    Compiling log v0.4.28
[INFO] [stderr]    Compiling hashbrown v0.16.0
[INFO] [stderr]    Compiling naga v28.0.0
[INFO] [stderr]    Compiling smallvec v1.15.1
[INFO] [stderr]    Compiling bit-vec v0.8.0
[INFO] [stderr]    Compiling quote v1.0.40
[INFO] [stderr]    Compiling unicode-width v0.1.14
[INFO] [stderr]    Compiling syn v2.0.104
[INFO] [stderr]    Compiling bit-set v0.8.0
[INFO] [stderr]    Compiling codespan-reporting v0.12.0
[INFO] [stderr]    Compiling ash v0.38.0+1.3.281
[INFO] [stderr]    Compiling gpu-descriptor-types v0.2.0
[INFO] [stderr]    Compiling parking_lot_core v0.9.12
[INFO] [stderr]    Compiling indexmap v2.10.0
[INFO] [stderr]    Compiling spirv v0.3.0+sdk-1.3.268.0
[INFO] [stderr]    Compiling wgpu-hal v28.0.0
[INFO] [stderr]    Compiling arrayvec v0.7.6
[INFO] [stderr]    Compiling zerocopy v0.8.26
[INFO] [stderr]    Compiling once_cell v1.21.3
[INFO] [stderr]    Compiling parking_lot v0.12.5
[INFO] [stderr]    Compiling gpu-descriptor v0.3.2
[INFO] [stderr]    Compiling half v2.6.0
[INFO] [stderr]    Compiling ordered-float v4.6.0
[INFO] [stderr]    Compiling khronos-egl v6.0.0
[INFO] [stderr]    Compiling glow v0.16.0
[INFO] [stderr]    Compiling profiling v1.0.17
[INFO] [stderr]    Compiling getrandom v0.2.16
[INFO] [stderr]    Compiling wgpu-core v28.0.0
[INFO] [stderr]    Compiling litrs v0.4.1
[INFO] [stderr]    Compiling rand_core v0.6.4
[INFO] [stderr]    Compiling wgpu v28.0.0
[INFO] [stderr]    Compiling document-features v0.2.11
[INFO] [stderr]    Compiling thiserror-impl v2.0.17
[INFO] [stderr]    Compiling bytemuck_derive v1.10.2
[INFO] [stderr]    Compiling bytemuck v1.24.0
[INFO] [stderr]    Compiling ppv-lite86 v0.2.21
[INFO] [stderr]    Compiling wgpu-types v28.0.0
[INFO] [stderr]    Compiling rand_chacha v0.3.1
[INFO] [stderr]    Compiling rand v0.8.5
[INFO] [stderr]    Compiling gpu-allocator v0.28.0
[INFO] [stderr]    Compiling wgpu-core-deps-windows-linux-android v28.0.0
[INFO] [stderr]    Compiling lupin_pt v0.1.0 (/opt/rustwide/workdir)
[INFO] [stderr]     Finished `release` profile [optimized] target(s) in 3m 07s
[INFO] running `Command { std: "docker" "inspect" "1ce8db684fbb05b14d8e96eecb7238bcd73d5ff595377fdf9b465f4ad0265b41", kill_on_drop: false }`
[INFO] running `Command { std: "docker" "exec" "-e" "SOURCE_DIR=/opt/rustwide/workdir" "-e" "CARGO_HOME=/opt/rustwide/cargo-home" "-e" "RUSTUP_HOME=/opt/rustwide/rustup-home" "-e" "CARGO_TARGET_DIR=/opt/rustwide/target" "-e" "CARGO_INCREMENTAL=0" "-e" "RUST_BACKTRACE=full" "-e" "RUSTFLAGS=--cap-lints=warn" "-e" "RUSTDOCFLAGS=--cap-lints=warn" "-w" "/opt/rustwide/workdir" "--user" "0:0" "1ce8db684fbb05b14d8e96eecb7238bcd73d5ff595377fdf9b465f4ad0265b41" "/opt/rustwide/cargo-home/bin/cargo" "+1.99.0-beta.8" "test" "--frozen" "--no-run" "--message-format=json" "--release", kill_on_drop: false }`
[INFO] [stderr]    Compiling lupin_pt v0.1.0 (/opt/rustwide/workdir)
[INFO] [stdout] warning: unused variable: `i`
[INFO] [stdout]     --> src/data_structures.rs:1140:13
[INFO] [stdout]      |
[INFO] [stdout] 1140 |         for i in 0..NUM_SAMPLES
[INFO] [stdout]      |             ^ help: if this is intentional, prefix it with an underscore: `_i`
[INFO] [stdout]      |
[INFO] [stdout]      = note: `#[warn(unused_variables)]` (part of `#[warn(unused)]`) on by default
[INFO] [stdout] 
[INFO] [stdout] 
[INFO] [stderr]     Finished `release` profile [optimized] target(s) in 1.32s
[INFO] running `Command { std: "docker" "inspect" "1ce8db684fbb05b14d8e96eecb7238bcd73d5ff595377fdf9b465f4ad0265b41", kill_on_drop: false }`
[INFO] running `Command { std: "docker" "exec" "-e" "SOURCE_DIR=/opt/rustwide/workdir" "-e" "CARGO_HOME=/opt/rustwide/cargo-home" "-e" "RUSTUP_HOME=/opt/rustwide/rustup-home" "-e" "CARGO_TARGET_DIR=/opt/rustwide/target" "-e" "CARGO_INCREMENTAL=0" "-e" "RUST_BACKTRACE=full" "-e" "RUSTFLAGS=--cap-lints=warn" "-e" "RUSTDOCFLAGS=--cap-lints=warn" "-w" "/opt/rustwide/workdir" "--user" "0:0" "1ce8db684fbb05b14d8e96eecb7238bcd73d5ff595377fdf9b465f4ad0265b41" "/opt/rustwide/cargo-home/bin/cargo" "+1.99.0-beta.8" "test" "--frozen" "--release", kill_on_drop: false }`
[INFO] [stderr] warning: unused variable: `i`
[INFO] [stderr]     --> src/data_structures.rs:1140:13
[INFO] [stderr]      |
[INFO] [stderr] 1140 |         for i in 0..NUM_SAMPLES
[INFO] [stderr]      |             ^ help: if this is intentional, prefix it with an underscore: `_i`
[INFO] [stderr]      |
[INFO] [stderr]      = note: `#[warn(unused_variables)]` (part of `#[warn(unused)]`) on by default
[INFO] [stderr] 
[INFO] [stderr] warning: `lupin_pt` (lib test) generated 1 warning (run `cargo fix --lib -p lupin_pt --tests` to apply 1 suggestion)
[INFO] [stderr]     Finished `release` profile [optimized] target(s) in 0.10s
[INFO] [stderr]      Running unittests src/lib.rs (/opt/rustwide/target/release/deps/lupin_pt-491d2fc53694ad2b)
[INFO] [stdout] 
[INFO] [stdout] running 3 tests
[INFO] [stdout] test data_structures::tests::test_alias_table_white ... ok
[INFO] [stdout] test data_structures::tests::test_alias_table ... ok
[INFO] [stdout] test data_structures::tests::test_alias_table_single ... ok
[INFO] [stdout] 
[INFO] [stdout] test result: ok. 3 passed; 0 failed; 0 ignored; 0 measured; 0 filtered out; finished in 0.01s
[INFO] [stdout] 
[INFO] [stderr]      Running unittests src/tools/check_shaders.rs (/opt/rustwide/target/release/deps/check_shaders-9e4526190206c429)
[INFO] [stdout] 
[INFO] [stdout] running 0 tests
[INFO] [stdout] 
[INFO] [stdout] test result: ok. 0 passed; 0 failed; 0 ignored; 0 measured; 0 filtered out; finished in 0.00s
[INFO] [stdout] 
[INFO] [stderr]    Doc-tests lupin_pt
[INFO] [stdout] 
[INFO] [stdout] running 3 tests
[INFO] [stdout] test src/lib.rs - (line 10) - compile ... FAILED
[INFO] [stdout] test src/lib.rs - (line 134) - compile ... FAILED
[INFO] [stdout] test src/lib.rs - (line 76) - compile ... FAILED
[INFO] [stdout] 
[INFO] [stdout] failures:
[INFO] [stdout] 
[INFO] [stdout] ---- src/lib.rs - (line 10) stdout ----
[INFO] [stdout] error[E0432]: unresolved import `lupin`
[INFO] [stdout]   --> src/lib.rs:11:5
[INFO] [stdout]    |
[INFO] [stdout] 11 | use lupin as lp;
[INFO] [stdout]    |     -----^^^^^^
[INFO] [stdout]    |     |
[INFO] [stdout]    |     no external crate `lupin`
[INFO] [stdout] 
[INFO] [stdout] error[E0432]: unresolved import `lupin_loader`
[INFO] [stdout]   --> src/lib.rs:12:5
[INFO] [stdout]    |
[INFO] [stdout] 12 | use lupin_loader as lpl;  // Optional
[INFO] [stdout]    |     ------------^^^^^^^
[INFO] [stdout]    |     |
[INFO] [stdout]    |     no external crate `lupin_loader`
[INFO] [stdout] 
[INFO] [stdout] error[E0432]: unresolved import `lupin`
[INFO] [stdout]   --> src/lib.rs:13:5
[INFO] [stdout]    |
[INFO] [stdout] 13 | use lupin::wgpu as wgpu;
[INFO] [stdout]    |     ^^^^^ use of unresolved module or unlinked crate `lupin`
[INFO] [stdout]    |
[INFO] [stdout]    = help: if you wanted to use a crate named `lupin`, use `cargo add lupin` to add it to your `Cargo.toml`
[INFO] [stdout] 
[INFO] [stdout] error[E0425]: cannot find value `width` in this scope
[INFO] [stdout]   --> src/lib.rs:35:39
[INFO] [stdout]    |
[INFO] [stdout] 35 |         size: wgpu::Extent3d { width: width as u32, height: height as u32, depth_or_array_layers: 1 },
[INFO] [stdout]    |                                       ^^^^^ not found in this scope
[INFO] [stdout] 
[INFO] [stdout] error[E0425]: cannot find value `height` in this scope
[INFO] [stdout]   --> src/lib.rs:35:61
[INFO] [stdout]    |
[INFO] [stdout] 35 |         size: wgpu::Extent3d { width: width as u32, height: height as u32, depth_or_array_layers: 1 },
[INFO] [stdout]    |                                                             ^^^^^^ not found in this scope
[INFO] [stdout] 
[INFO] [stdout] error: aborting due to 5 previous errors
[INFO] [stdout] 
[INFO] [stdout] Some errors have detailed explanations: E0425, E0432.
[INFO] [stdout] For more information about an error, try `rustc --explain E0425`.
[INFO] [stdout] Couldn't compile the test.
[INFO] [stdout] ---- src/lib.rs - (line 134) stdout ----
[INFO] [stdout] error: expected expression, found `,`
[INFO] [stdout]    --> src/lib.rs:142:88
[INFO] [stdout]     |
[INFO] [stdout] 142 |     let denoise_res = lp::build_denoise_resources(&device, &denoise_device, /* width */, /* height */);
[INFO] [stdout]     |                                                                                        ^ expected expression
[INFO] [stdout] 
[INFO] [stdout] error: expected expression, found `;`
[INFO] [stdout]    --> src/lib.rs:146:27
[INFO] [stdout]     |
[INFO] [stdout] 146 |     let output = /* ... */;
[INFO] [stdout]     |                           ^ expected expression
[INFO] [stdout] 
[INFO] [stdout] error[E0432]: unresolved import `lupin`
[INFO] [stdout]    --> src/lib.rs:135:5
[INFO] [stdout]     |
[INFO] [stdout] 135 | use lupin as lp;
[INFO] [stdout]     |     -----^^^^^^
[INFO] [stdout]     |     |
[INFO] [stdout]     |     no external crate `lupin`
[INFO] [stdout] 
[INFO] [stdout] error: aborting due to 3 previous errors
[INFO] [stdout] 
[INFO] [stdout] For more information about this error, try `rustc --explain E0432`.
[INFO] [stdout] Couldn't compile the test.
[INFO] [stdout] ---- src/lib.rs - (line 76) stdout ----
[INFO] [stdout] error: expected expression, found `,`
[INFO] [stdout]   --> src/lib.rs:85:30
[INFO] [stdout]    |
[INFO] [stdout] 84 |     let scene_cpu = lp::SceneCPU {
[INFO] [stdout]    |                     ------------ while parsing this struct
[INFO] [stdout] 85 |         mesh_infos: /* ... */,
[INFO] [stdout]    |                              ^ expected expression
[INFO] [stdout] 
[INFO] [stdout] error: expected expression, found `,`
[INFO] [stdout]   --> src/lib.rs:86:35
[INFO] [stdout]    |
[INFO] [stdout] 84 |     let scene_cpu = lp::SceneCPU {
[INFO] [stdout]    |                     ------------ while parsing this struct
[INFO] [stdout] 85 |         mesh_infos: /* ... */,
[INFO] [stdout] 86 |         verts_pos_array: /* ... */,
[INFO] [stdout]    |                                   ^ expected expression
[INFO] [stdout] 
[INFO] [stdout] error: expected expression, found `,`
[INFO] [stdout]   --> src/lib.rs:87:38
[INFO] [stdout]    |
[INFO] [stdout] 84 |     let scene_cpu = lp::SceneCPU {
[INFO] [stdout]    |                     ------------ while parsing this struct
[INFO] [stdout] ...
[INFO] [stdout] 87 |         verts_normal_array: /* ... */,
[INFO] [stdout]    |                                      ^ expected expression
[INFO] [stdout] 
[INFO] [stdout] error: expected expression, found `,`
[INFO] [stdout]   --> src/lib.rs:88:40
[INFO] [stdout]    |
[INFO] [stdout] 84 |     let scene_cpu = lp::SceneCPU {
[INFO] [stdout]    |                     ------------ while parsing this struct
[INFO] [stdout] ...
[INFO] [stdout] 88 |         verts_texcoord_array: /* ... */,
[INFO] [stdout]    |                                        ^ expected expression
[INFO] [stdout] 
[INFO] [stdout] error: expected expression, found `,`
[INFO] [stdout]   --> src/lib.rs:89:37
[INFO] [stdout]    |
[INFO] [stdout] 84 |     let scene_cpu = lp::SceneCPU {
[INFO] [stdout]    |                     ------------ while parsing this struct
[INFO] [stdout] ...
[INFO] [stdout] 89 |         verts_color_array: /* ... */,
[INFO] [stdout]    |                                     ^ expected expression
[INFO] [stdout] 
[INFO] [stdout] error: expected expression, found `,`
[INFO] [stdout]   --> src/lib.rs:90:33
[INFO] [stdout]    |
[INFO] [stdout] 84 |     let scene_cpu = lp::SceneCPU {
[INFO] [stdout]    |                     ------------ while parsing this struct
[INFO] [stdout] ...
[INFO] [stdout] 90 |         indices_array: /* ... */,
[INFO] [stdout]    |                                 ^ expected expression
[INFO] [stdout] 
[INFO] [stdout] error: expected expression, found `,`
[INFO] [stdout]   --> src/lib.rs:91:29
[INFO] [stdout]    |
[INFO] [stdout] 84 |     let scene_cpu = lp::SceneCPU {
[INFO] [stdout]    |                     ------------ while parsing this struct
[INFO] [stdout] ...
[INFO] [stdout] 91 |         instances: /* ... */,
[INFO] [stdout]    |                             ^ expected expression
[INFO] [stdout] 
[INFO] [stdout] error: expected expression, found `,`
[INFO] [stdout]   --> src/lib.rs:92:29
[INFO] [stdout]    |
[INFO] [stdout] 84 |     let scene_cpu = lp::SceneCPU {
[INFO] [stdout]    |                     ------------ while parsing this struct
[INFO] [stdout] ...
[INFO] [stdout] 92 |         materials: /* ... */,
[INFO] [stdout]    |                             ^ expected expression
[INFO] [stdout] 
[INFO] [stdout] error: expected expression, found `,`
[INFO] [stdout]   --> src/lib.rs:93:32
[INFO] [stdout]    |
[INFO] [stdout] 84 |     let scene_cpu = lp::SceneCPU {
[INFO] [stdout]    |                     ------------ while parsing this struct
[INFO] [stdout] ...
[INFO] [stdout] 93 |         environments: /* ... */,
[INFO] [stdout]    |                                ^ expected expression
[INFO] [stdout] 
[INFO] [stdout] error: expected `;`, found `lp`
[INFO] [stdout]    --> src/lib.rs:94:6
[INFO] [stdout]     |
[INFO] [stdout]  94 |     }
[INFO] [stdout]     |      ^ help: add `;` here
[INFO] [stdout] ...
[INFO] [stdout] 104 |     lp::validate_scene(&scene_cpu, textures.len() as u32, samplers.len() as u32);
[INFO] [stdout]     |     -- unexpected token
[INFO] [stdout] 
[INFO] [stdout] error[E0432]: unresolved import `lupin`
[INFO] [stdout]   --> src/lib.rs:77:5
[INFO] [stdout]    |
[INFO] [stdout] 77 | use lupin as lp;
[INFO] [stdout]    |     -----^^^^^^
[INFO] [stdout]    |     |
[INFO] [stdout]    |     no external crate `lupin`
[INFO] [stdout] 
[INFO] [stdout] error[E0425]: cannot find value `scene` in this scope
[INFO] [stdout]   --> src/lib.rs:83:70
[INFO] [stdout]    |
[INFO] [stdout] 83 |     let mut environment_infos = Vec::<lp::EnvMapInfo>::with_capacity(scene.environments.len());
[INFO] [stdout]    |                                                                      ^^^^^ not found in this scope
[INFO] [stdout] 
[INFO] [stdout] error[E0425]: cannot find value `device` in this scope
[INFO] [stdout]    --> src/lib.rs:105:59
[INFO] [stdout]     |
[INFO] [stdout] 105 |     let scene_gpu = lp::build_accel_structures_and_upload(device, queue, &scene, textures, samplers, &environment_infos, true);
[INFO] [stdout]     |                                                           ^^^^^^ not found in this scope
[INFO] [stdout] 
[INFO] [stdout] error[E0425]: cannot find value `queue` in this scope
[INFO] [stdout]    --> src/lib.rs:105:67
[INFO] [stdout]     |
[INFO] [stdout] 105 |     let scene_gpu = lp::build_accel_structures_and_upload(device, queue, &scene, textures, samplers, &environment_infos, true);
[INFO] [stdout]     |                                                                   ^^^^^ not found in this scope
[INFO] [stdout] 
[INFO] [stdout] error[E0425]: cannot find value `scene` in this scope
[INFO] [stdout]    --> src/lib.rs:105:75
[INFO] [stdout]     |
[INFO] [stdout] 105 |     let scene_gpu = lp::build_accel_structures_and_upload(device, queue, &scene, textures, samplers, &environment_infos, true);
[INFO] [stdout]     |                                                                           ^^^^^ not found in this scope
[INFO] [stdout] 
[INFO] [stdout] error[E0425]: cannot find function `get_scene_stats` in this scope
[INFO] [stdout]    --> src/lib.rs:108:23
[INFO] [stdout]     |
[INFO] [stdout] 108 |     let scene_stats = get_scene_stats(&scene_gpu);
[INFO] [stdout]     |                       ^^^^^^^^^^^^^^^ not found in this scope
[INFO] [stdout] 
[INFO] [stdout] error: aborting due to 16 previous errors
[INFO] [stdout] 
[INFO] [stdout] Some errors have detailed explanations: E0425, E0432.
[INFO] [stdout] For more information about an error, try `rustc --explain E0425`.
[INFO] [stdout] Couldn't compile the test.
[INFO] [stdout] 
[INFO] [stdout] failures:
[INFO] [stdout]     src/lib.rs - (line 10)
[INFO] [stdout]     src/lib.rs - (line 134)
[INFO] [stdout]     src/lib.rs - (line 76)
[INFO] [stdout] 
[INFO] [stdout] test result: FAILED. 0 passed; 3 failed; 0 ignored; 0 measured; 0 filtered out; finished in 0.19s
[INFO] [stdout] 
[INFO] [stderr] error: doctest failed, to rerun pass `--doc`
[INFO] running `Command { std: "docker" "inspect" "1ce8db684fbb05b14d8e96eecb7238bcd73d5ff595377fdf9b465f4ad0265b41", kill_on_drop: false }`
[INFO] running `Command { std: "docker" "rm" "-f" "1ce8db684fbb05b14d8e96eecb7238bcd73d5ff595377fdf9b465f4ad0265b41", kill_on_drop: false }`
[INFO] [stdout] 1ce8db684fbb05b14d8e96eecb7238bcd73d5ff595377fdf9b465f4ad0265b41
