[INFO] fetching crate luoshu_sled_storage 0.1.0...
[INFO] testing luoshu_sled_storage-0.1.0 against 1.100.0-beta.1+cargoflags=--release for beta-release-1.100-2
[INFO] extracting crate luoshu_sled_storage 0.1.0 into /workspace/builds/worker-2-tc2/source
[INFO] started tweaking crates.io crate luoshu_sled_storage 0.1.0
[INFO] finished tweaking crates.io crate luoshu_sled_storage 0.1.0
[INFO] tweaked toml for crates.io crate luoshu_sled_storage 0.1.0 written to /workspace/builds/worker-2-tc2/source/Cargo.toml
[INFO] validating manifest of crates.io crate luoshu_sled_storage 0.1.0 on toolchain 1.100.0-beta.1
[INFO] running `Command { std: CARGO_HOME="/workspace/cargo-home" RUSTUP_HOME="/workspace/rustup-home" "/workspace/cargo-home/bin/cargo" "+1.100.0-beta.1" "metadata" "--manifest-path" "Cargo.toml" "--no-deps", kill_on_drop: false }`
[INFO] running `Command { std: CARGO_HOME="/workspace/cargo-home" RUSTUP_HOME="/workspace/rustup-home" "/workspace/cargo-home/bin/cargo" "+1.100.0-beta.1" "generate-lockfile" "--manifest-path" "Cargo.toml", kill_on_drop: false }`
[INFO] [stderr]     Updating crates.io index
[INFO] [stderr]      Locking 84 packages to highest compatible versions
[INFO] running `Command { std: CARGO_HOME="/workspace/cargo-home" RUSTUP_HOME="/workspace/rustup-home" "/workspace/cargo-home/bin/cargo" "+1.100.0-beta.1" "fetch" "--manifest-path" "Cargo.toml", kill_on_drop: false }`
[INFO] [stderr] warning: `package.homepage` is redundant with `package.repository`
[INFO] [stderr]   --> Cargo.toml:31:12
[INFO] [stderr]    |
[INFO] [stderr] 31 | homepage = "https://github.com/hubertshelley/luoshu"
[INFO] [stderr]    |            ^^^^^^^^^^^^^^^^^^^^^^^^^^^^^^^^^^^^^^^^^
[INFO] [stderr] ...
[INFO] [stderr] 36 | repository = "https://github.com/hubertshelley/luoshu"
[INFO] [stderr]    |              -----------------------------------------
[INFO] [stderr]    |
[INFO] [stderr]    = note: `cargo::redundant_homepage` is set to `warn` by default
[INFO] [stderr] help: consider removing `package.homepage`
[INFO] [stderr] warning: `luoshu_sled_storage` (manifest) generated 1 warning
[INFO] running `Command { std: "docker" "create" "-v" "/var/lib/crater-agent-workspace/builds/worker-2-tc2/source:/opt/rustwide/workdir:ro,Z" "-v" "/var/lib/crater-agent-workspace/builds/worker-2-tc2/target:/opt/rustwide/target:rw,Z" "-v" "/var/lib/crater-agent-workspace/cargo-home:/opt/rustwide/cargo-home:ro,Z" "-v" "/var/lib/crater-agent-workspace/rustup-home:/opt/rustwide/rustup-home:ro,Z" "-m" "1610612736" "--network" "none" "ghcr.io/rust-lang/crates-build-env/linux@sha256:77db811e55d90add9212f6832c23229e3de5f1c1f9905e8cb07319ea15df73ac" "sleep" "infinity", kill_on_drop: false }`
[INFO] [stdout] 800b9709cc90f8ad94593f1edfa46248e4d25fc405879e0bca37f6c6ff131793
[INFO] running `Command { std: "docker" "start" "800b9709cc90f8ad94593f1edfa46248e4d25fc405879e0bca37f6c6ff131793", kill_on_drop: false }`
[INFO] running `Command { std: "docker" "inspect" "800b9709cc90f8ad94593f1edfa46248e4d25fc405879e0bca37f6c6ff131793", kill_on_drop: false }`
[INFO] running `Command { std: "docker" "exec" "-e" "SOURCE_DIR=/opt/rustwide/workdir" "-e" "CARGO_HOME=/opt/rustwide/cargo-home" "-e" "RUSTUP_HOME=/opt/rustwide/rustup-home" "-e" "CARGO_TARGET_DIR=/opt/rustwide/target" "-w" "/opt/rustwide/workdir" "--user" "0:0" "800b9709cc90f8ad94593f1edfa46248e4d25fc405879e0bca37f6c6ff131793" "/opt/rustwide/cargo-home/bin/cargo" "+1.100.0-beta.1" "metadata" "--no-deps" "--format-version=1", kill_on_drop: false }`
[INFO] running `Command { std: "docker" "inspect" "800b9709cc90f8ad94593f1edfa46248e4d25fc405879e0bca37f6c6ff131793", kill_on_drop: false }`
[INFO] running `Command { std: "docker" "exec" "-e" "SOURCE_DIR=/opt/rustwide/workdir" "-e" "CARGO_HOME=/opt/rustwide/cargo-home" "-e" "RUSTUP_HOME=/opt/rustwide/rustup-home" "-e" "CARGO_TARGET_DIR=/opt/rustwide/target" "-e" "CARGO_INCREMENTAL=0" "-e" "RUST_BACKTRACE=full" "-e" "RUSTFLAGS=--cap-lints=warn" "-e" "RUSTDOCFLAGS=--cap-lints=warn" "-w" "/opt/rustwide/workdir" "--user" "0:0" "800b9709cc90f8ad94593f1edfa46248e4d25fc405879e0bca37f6c6ff131793" "/opt/rustwide/cargo-home/bin/cargo" "+1.100.0-beta.1" "build" "--frozen" "--message-format=json" "--release", kill_on_drop: false }`
[INFO] [stderr] warning: `package.homepage` is redundant with `package.repository`
[INFO] [stderr]   --> Cargo.toml:31:12
[INFO] [stderr]    |
[INFO] [stderr] 31 | homepage = "https://github.com/hubertshelley/luoshu"
[INFO] [stderr]    |            ^^^^^^^^^^^^^^^^^^^^^^^^^^^^^^^^^^^^^^^^^
[INFO] [stderr] ...
[INFO] [stderr] 36 | repository = "https://github.com/hubertshelley/luoshu"
[INFO] [stderr]    |              -----------------------------------------
[INFO] [stderr]    |
[INFO] [stderr]    = note: `cargo::redundant_homepage` is set to `warn` by default
[INFO] [stderr] help: consider removing `package.homepage`
[INFO] [stderr] warning: `luoshu_sled_storage` (manifest) generated 1 warning
[INFO] [stderr]    Compiling instant v0.1.13
[INFO] [stderr]    Compiling tokio-macros v2.7.2
[INFO] [stderr]    Compiling fs2 v0.4.3
[INFO] [stderr]    Compiling parking_lot_core v0.8.6
[INFO] [stderr]    Compiling parking_lot v0.11.2
[INFO] [stderr]    Compiling sled v0.34.7
[INFO] [stderr]    Compiling tokio v1.53.3
[INFO] [stderr]    Compiling luoshu_core v0.1.0
[INFO] [stderr]    Compiling luoshu_sled_storage v0.1.0 (/opt/rustwide/workdir)
[INFO] [stderr]     Finished `release` profile [optimized] target(s) in 17.92s
[INFO] running `Command { std: "docker" "inspect" "800b9709cc90f8ad94593f1edfa46248e4d25fc405879e0bca37f6c6ff131793", kill_on_drop: false }`
[INFO] running `Command { std: "docker" "exec" "-e" "SOURCE_DIR=/opt/rustwide/workdir" "-e" "CARGO_HOME=/opt/rustwide/cargo-home" "-e" "RUSTUP_HOME=/opt/rustwide/rustup-home" "-e" "CARGO_TARGET_DIR=/opt/rustwide/target" "-e" "CARGO_INCREMENTAL=0" "-e" "RUST_BACKTRACE=full" "-e" "RUSTFLAGS=--cap-lints=warn" "-e" "RUSTDOCFLAGS=--cap-lints=warn" "-w" "/opt/rustwide/workdir" "--user" "0:0" "800b9709cc90f8ad94593f1edfa46248e4d25fc405879e0bca37f6c6ff131793" "/opt/rustwide/cargo-home/bin/cargo" "+1.100.0-beta.1" "test" "--frozen" "--no-run" "--message-format=json" "--release", kill_on_drop: false }`
[INFO] [stderr] warning: `package.homepage` is redundant with `package.repository`
[INFO] [stderr]   --> Cargo.toml:31:12
[INFO] [stderr]    |
[INFO] [stderr] 31 | homepage = "https://github.com/hubertshelley/luoshu"
[INFO] [stderr]    |            ^^^^^^^^^^^^^^^^^^^^^^^^^^^^^^^^^^^^^^^^^
[INFO] [stderr] ...
[INFO] [stderr] 36 | repository = "https://github.com/hubertshelley/luoshu"
[INFO] [stderr]    |              -----------------------------------------
[INFO] [stderr]    |
[INFO] [stderr]    = note: `cargo::redundant_homepage` is set to `warn` by default
[INFO] [stderr] help: consider removing `package.homepage`
[INFO] [stderr] warning: `luoshu_sled_storage` (manifest) generated 1 warning
[INFO] [stderr]    Compiling luoshu_namespace v0.1.0
[INFO] [stderr]    Compiling luoshu_configuration v0.1.0
[INFO] [stderr]    Compiling luoshu_connection v0.1.0
[INFO] [stderr]    Compiling luoshu_registry v0.1.0
[INFO] [stderr]    Compiling luoshu_sled_storage v0.1.0 (/opt/rustwide/workdir)
[INFO] [stderr]     Finished `release` profile [optimized] target(s) in 2.44s
[INFO] running `Command { std: "docker" "inspect" "800b9709cc90f8ad94593f1edfa46248e4d25fc405879e0bca37f6c6ff131793", kill_on_drop: false }`
[INFO] running `Command { std: "docker" "exec" "-e" "SOURCE_DIR=/opt/rustwide/workdir" "-e" "CARGO_HOME=/opt/rustwide/cargo-home" "-e" "RUSTUP_HOME=/opt/rustwide/rustup-home" "-e" "CARGO_TARGET_DIR=/opt/rustwide/target" "-e" "CARGO_INCREMENTAL=0" "-e" "RUST_BACKTRACE=full" "-e" "RUSTFLAGS=--cap-lints=warn" "-e" "RUSTDOCFLAGS=--cap-lints=warn" "-w" "/opt/rustwide/workdir" "--user" "0:0" "800b9709cc90f8ad94593f1edfa46248e4d25fc405879e0bca37f6c6ff131793" "/opt/rustwide/cargo-home/bin/cargo" "+1.100.0-beta.1" "test" "--frozen" "--release", kill_on_drop: false }`
[INFO] [stderr] warning: `package.homepage` is redundant with `package.repository`
[INFO] [stderr]   --> Cargo.toml:31:12
[INFO] [stderr]    |
[INFO] [stderr] 31 | homepage = "https://github.com/hubertshelley/luoshu"
[INFO] [stderr]    |            ^^^^^^^^^^^^^^^^^^^^^^^^^^^^^^^^^^^^^^^^^
[INFO] [stderr] ...
[INFO] [stderr] 36 | repository = "https://github.com/hubertshelley/luoshu"
[INFO] [stderr]    |              -----------------------------------------
[INFO] [stderr]    |
[INFO] [stderr]    = note: `cargo::redundant_homepage` is set to `warn` by default
[INFO] [stderr] help: consider removing `package.homepage`
[INFO] [stderr] warning: `luoshu_sled_storage` (manifest) generated 1 warning
[INFO] [stderr]     Finished `release` profile [optimized] target(s) in 0.08s
[INFO] [stderr]      Running unittests src/lib.rs (/opt/rustwide/target/release/build/luoshu_sled_storage/b327ba8f45716715/out/luoshu_sled_storage-b327ba8f45716715)
[INFO] [stdout] 
[INFO] [stdout] running 3 tests
[INFO] [stdout] test tests::registry_store_save_test ... FAILED
[INFO] [stdout] test tests::configurator_store_load_test ... FAILED
[INFO] [stdout] test tests::configurator_store_save_test ... FAILED
[INFO] [stderr] error: test failed, to rerun pass `--lib`
[INFO] [stdout] 
[INFO] [stdout] failures:
[INFO] [stdout] 
[INFO] [stdout] ---- tests::registry_store_save_test stdout ----
[INFO] [stdout] 
[INFO] [stdout] thread 'tests::registry_store_save_test' (368) panicked at src/lib.rs:31:65:
[INFO] [stdout] called `Result::unwrap()` on an `Err` value: Io(Os { code: 30, kind: ReadOnlyFilesystem, message: "Read-only file system" })
[INFO] [stdout] stack backtrace:
[INFO] [stdout]    0:     0x61d262c52bf1 - <<std[617be2ca0a6fd877]::sys::backtrace::BacktraceLock>::print::DisplayBacktrace as core[a373ad73a504971]::fmt::Display>::fmt
[INFO] [stdout]    1:     0x61d262c6931a - core[a373ad73a504971]::fmt::write
[INFO] [stdout]    2:     0x61d262c577ec - <alloc[2e1b2a31b91974c5]::vec::Vec<u8> as core[a373ad73a504971]::io::write::Write>::write_fmt
[INFO] [stdout]    3:     0x61d262c2bbd6 - std[617be2ca0a6fd877]::panicking::default_hook::{closure#0}
[INFO] [stdout]    4:     0x61d262c496b9 - std[617be2ca0a6fd877]::panicking::default_hook
[INFO] [stdout]    5:     0x61d262bd1890 - test[aada8e7e76ba119b]::test_main_inner::{closure#0}
[INFO] [stdout]    6:     0x61d262c49872 - std[617be2ca0a6fd877]::panicking::panic_with_hook
[INFO] [stdout]    7:     0x61d262c2bc82 - std[617be2ca0a6fd877]::panicking::panic_handler::{closure#0}
[INFO] [stdout]    8:     0x61d262c24029 - std[617be2ca0a6fd877]::sys::backtrace::__rust_end_short_backtrace::<std[617be2ca0a6fd877]::panicking::panic_handler::{closure#0}, !>
[INFO] [stdout]    9:     0x61d262c2ca8d - __rustc[ea4f61d10b84890b]::rust_begin_unwind
[INFO] [stdout]   10:     0x61d262c69a4c - core[a373ad73a504971]::panicking::panic_fmt
[INFO] [stdout]   11:     0x61d262c69822 - core[a373ad73a504971]::result::unwrap_failed
[INFO] [stdout]   12:     0x61d262b3a638 - <luoshu_sled_storage[21e1b843d252174e]::LuoshuSledStorage>::new
[INFO] [stdout]   13:     0x61d262b40d67 - <luoshu_sled_storage[21e1b843d252174e]::tests::registry_store_save_test::{closure#0} as core[a373ad73a504971]::ops::function::FnOnce<()>>::call_once
[INFO] [stdout]   14:     0x61d262bc4cdb - test[aada8e7e76ba119b]::__rust_begin_short_backtrace::<core[a373ad73a504971]::result::Result<(), alloc[2e1b2a31b91974c5]::string::String>, fn() -> core[a373ad73a504971]::result::Result<(), alloc[2e1b2a31b91974c5]::string::String>>
[INFO] [stdout]   15:     0x61d262bd1eb5 - test[aada8e7e76ba119b]::run_test::{closure#0}
[INFO] [stdout]   16:     0x61d262bcb7a4 - std[617be2ca0a6fd877]::sys::backtrace::__rust_begin_short_backtrace::<test[aada8e7e76ba119b]::run_test::{closure#1}, ()>
[INFO] [stdout]   17:     0x61d262bd4f42 - <std[617be2ca0a6fd877]::thread::lifecycle::spawn_unchecked<test[aada8e7e76ba119b]::run_test::{closure#1}, ()>::{closure#1} as core[a373ad73a504971]::ops::function::FnOnce<()>>::call_once::{shim:vtable#0}
[INFO] [stdout]   18:     0x61d262c51ccf - <std[617be2ca0a6fd877]::sys::thread::unix::Thread>::new::thread_start
[INFO] [stdout]   19:     0x70b85bc50dfa - <unknown>
[INFO] [stdout]   20:     0x70b85bce43d4 - clone
[INFO] [stdout]   21:                0x0 - <unknown>
[INFO] [stdout] 
[INFO] [stdout] ---- tests::configurator_store_load_test stdout ----
[INFO] [stdout] 
[INFO] [stdout] thread 'tests::configurator_store_load_test' (366) panicked at src/lib.rs:10:73:
[INFO] [stdout] called `Result::unwrap()` on an `Err` value: Io(Os { code: 30, kind: ReadOnlyFilesystem, message: "Read-only file system" })
[INFO] [stdout] stack backtrace:
[INFO] [stdout]    0:     0x61d262c52bf1 - <<std[617be2ca0a6fd877]::sys::backtrace::BacktraceLock>::print::DisplayBacktrace as core[a373ad73a504971]::fmt::Display>::fmt
[INFO] [stdout]    1:     0x61d262c6931a - core[a373ad73a504971]::fmt::write
[INFO] [stdout]    2:     0x61d262c577ec - <alloc[2e1b2a31b91974c5]::vec::Vec<u8> as core[a373ad73a504971]::io::write::Write>::write_fmt
[INFO] [stdout]    3:     0x61d262c2bbd6 - std[617be2ca0a6fd877]::panicking::default_hook::{closure#0}
[INFO] [stdout]    4:     0x61d262c496b9 - std[617be2ca0a6fd877]::panicking::default_hook
[INFO] [stdout]    5:     0x61d262bd1890 - test[aada8e7e76ba119b]::test_main_inner::{closure#0}
[INFO] [stdout]    6:     0x61d262c49872 - std[617be2ca0a6fd877]::panicking::panic_with_hook
[INFO] [stdout]    7:     0x61d262c2bc82 - std[617be2ca0a6fd877]::panicking::panic_handler::{closure#0}
[INFO] [stdout]    8:     0x61d262c24029 - std[617be2ca0a6fd877]::sys::backtrace::__rust_end_short_backtrace::<std[617be2ca0a6fd877]::panicking::panic_handler::{closure#0}, !>
[INFO] [stdout]    9:     0x61d262c2ca8d - __rustc[ea4f61d10b84890b]::rust_begin_unwind
[INFO] [stdout]   10:     0x61d262c69a4c - core[a373ad73a504971]::panicking::panic_fmt
[INFO] [stdout]   11:     0x61d262c69822 - core[a373ad73a504971]::result::unwrap_failed
[INFO] [stdout]   12:     0x61d262b3ba75 - <luoshu_sled_storage[21e1b843d252174e]::SLED_DB::{closure#0} as core[a373ad73a504971]::ops::function::FnOnce<()>>::call_once
[INFO] [stdout]   13:     0x61d262b3c5ef - <once_cell[27dfcff84a4435be]::imp::OnceCell<sled[50d91675cafb1aeb]::db::Db>>::initialize::<<once_cell[27dfcff84a4435be]::sync::OnceCell<sled[50d91675cafb1aeb]::db::Db>>::get_or_init<<once_cell[27dfcff84a4435be]::sync::Lazy<sled[50d91675cafb1aeb]::db::Db>>::force::{closure#0}>::{closure#0}, <once_cell[27dfcff84a4435be]::sync::OnceCell<_>>::get_or_init::Void>::{closure#0}
[INFO] [stdout]   14:     0x61d262c1078f - once_cell[27dfcff84a4435be]::imp::initialize_or_wait
[INFO] [stdout]   15:     0x61d262b3bca2 - <once_cell[27dfcff84a4435be]::imp::OnceCell<sled[50d91675cafb1aeb]::db::Db>>::initialize::<<once_cell[27dfcff84a4435be]::sync::OnceCell<sled[50d91675cafb1aeb]::db::Db>>::get_or_init<<once_cell[27dfcff84a4435be]::sync::Lazy<sled[50d91675cafb1aeb]::db::Db>>::force::{closure#0}>::{closure#0}, <once_cell[27dfcff84a4435be]::sync::OnceCell<_>>::get_or_init::Void>
[INFO] [stdout]   16:     0x61d262b3a765 - <luoshu_sled_storage[21e1b843d252174e]::LuoshuSledStorage as core[a373ad73a504971]::default::Default>::default
[INFO] [stdout]   17:     0x61d262b40f5e - <luoshu_sled_storage[21e1b843d252174e]::tests::configurator_store_load_test::{closure#0} as core[a373ad73a504971]::ops::function::FnOnce<()>>::call_once
[INFO] [stdout]   18:     0x61d262bc4cdb - test[aada8e7e76ba119b]::__rust_begin_short_backtrace::<core[a373ad73a504971]::result::Result<(), alloc[2e1b2a31b91974c5]::string::String>, fn() -> core[a373ad73a504971]::result::Result<(), alloc[2e1b2a31b91974c5]::string::String>>
[INFO] [stdout]   19:     0x61d262bd1eb5 - test[aada8e7e76ba119b]::run_test::{closure#0}
[INFO] [stdout]   20:     0x61d262bcb7a4 - std[617be2ca0a6fd877]::sys::backtrace::__rust_begin_short_backtrace::<test[aada8e7e76ba119b]::run_test::{closure#1}, ()>
[INFO] [stdout]   21:     0x61d262bd4f42 - <std[617be2ca0a6fd877]::thread::lifecycle::spawn_unchecked<test[aada8e7e76ba119b]::run_test::{closure#1}, ()>::{closure#1} as core[a373ad73a504971]::ops::function::FnOnce<()>>::call_once::{shim:vtable#0}
[INFO] [stdout]   22:     0x61d262c51ccf - <std[617be2ca0a6fd877]::sys::thread::unix::Thread>::new::thread_start
[INFO] [stdout]   23:     0x70b85bc50dfa - <unknown>
[INFO] [stdout]   24:     0x70b85bce43d4 - clone
[INFO] [stdout]   25:                0x0 - <unknown>
[INFO] [stdout] 
[INFO] [stdout] ---- tests::configurator_store_save_test stdout ----
[INFO] [stdout] 
[INFO] [stdout] thread 'tests::configurator_store_save_test' (367) panicked at src/lib.rs:31:65:
[INFO] [stdout] called `Result::unwrap()` on an `Err` value: Io(Os { code: 30, kind: ReadOnlyFilesystem, message: "Read-only file system" })
[INFO] [stdout] stack backtrace:
[INFO] [stdout]    0:     0x61d262c52bf1 - <<std[617be2ca0a6fd877]::sys::backtrace::BacktraceLock>::print::DisplayBacktrace as core[a373ad73a504971]::fmt::Display>::fmt
[INFO] [stdout]    1:     0x61d262c6931a - core[a373ad73a504971]::fmt::write
[INFO] [stdout]    2:     0x61d262c577ec - <alloc[2e1b2a31b91974c5]::vec::Vec<u8> as core[a373ad73a504971]::io::write::Write>::write_fmt
[INFO] [stdout]    3:     0x61d262c2bbd6 - std[617be2ca0a6fd877]::panicking::default_hook::{closure#0}
[INFO] [stdout]    4:     0x61d262c496b9 - std[617be2ca0a6fd877]::panicking::default_hook
[INFO] [stdout]    5:     0x61d262bd1890 - test[aada8e7e76ba119b]::test_main_inner::{closure#0}
[INFO] [stdout]    6:     0x61d262c49872 - std[617be2ca0a6fd877]::panicking::panic_with_hook
[INFO] [stdout]    7:     0x61d262c2bc82 - std[617be2ca0a6fd877]::panicking::panic_handler::{closure#0}
[INFO] [stdout]    8:     0x61d262c24029 - std[617be2ca0a6fd877]::sys::backtrace::__rust_end_short_backtrace::<std[617be2ca0a6fd877]::panicking::panic_handler::{closure#0}, !>
[INFO] [stdout]    9:     0x61d262c2ca8d - __rustc[ea4f61d10b84890b]::rust_begin_unwind
[INFO] [stdout]   10:     0x61d262c69a4c - core[a373ad73a504971]::panicking::panic_fmt
[INFO] [stdout]   11:     0x61d262c69822 - core[a373ad73a504971]::result::unwrap_failed
[INFO] [stdout]   12:     0x61d262b3a638 - <luoshu_sled_storage[21e1b843d252174e]::LuoshuSledStorage>::new
[INFO] [stdout]   13:     0x61d262b4143c - <luoshu_sled_storage[21e1b843d252174e]::tests::configurator_store_save_test::{closure#0} as core[a373ad73a504971]::ops::function::FnOnce<()>>::call_once
[INFO] [stdout]   14:     0x61d262bc4cdb - test[aada8e7e76ba119b]::__rust_begin_short_backtrace::<core[a373ad73a504971]::result::Result<(), alloc[2e1b2a31b91974c5]::string::String>, fn() -> core[a373ad73a504971]::result::Result<(), alloc[2e1b2a31b91974c5]::string::String>>
[INFO] [stdout]   15:     0x61d262bd1eb5 - test[aada8e7e76ba119b]::run_test::{closure#0}
[INFO] [stdout]   16:     0x61d262bcb7a4 - std[617be2ca0a6fd877]::sys::backtrace::__rust_begin_short_backtrace::<test[aada8e7e76ba119b]::run_test::{closure#1}, ()>
[INFO] [stdout]   17:     0x61d262bd4f42 - <std[617be2ca0a6fd877]::thread::lifecycle::spawn_unchecked<test[aada8e7e76ba119b]::run_test::{closure#1}, ()>::{closure#1} as core[a373ad73a504971]::ops::function::FnOnce<()>>::call_once::{shim:vtable#0}
[INFO] [stdout]   18:     0x61d262c51ccf - <std[617be2ca0a6fd877]::sys::thread::unix::Thread>::new::thread_start
[INFO] [stdout]   19:     0x70b85bc50dfa - <unknown>
[INFO] [stdout]   20:     0x70b85bce43d4 - clone
[INFO] [stdout]   21:                0x0 - <unknown>
[INFO] [stdout] 
[INFO] [stdout] 
[INFO] [stdout] failures:
[INFO] [stdout]     tests::configurator_store_load_test
[INFO] [stdout]     tests::configurator_store_save_test
[INFO] [stdout]     tests::registry_store_save_test
[INFO] [stdout] 
[INFO] [stdout] test result: FAILED. 0 passed; 3 failed; 0 ignored; 0 measured; 0 filtered out; finished in 0.01s
[INFO] [stdout] 
[INFO] running `Command { std: "docker" "inspect" "800b9709cc90f8ad94593f1edfa46248e4d25fc405879e0bca37f6c6ff131793", kill_on_drop: false }`
[INFO] running `Command { std: "docker" "rm" "-f" "800b9709cc90f8ad94593f1edfa46248e4d25fc405879e0bca37f6c6ff131793", kill_on_drop: false }`
[INFO] [stdout] 800b9709cc90f8ad94593f1edfa46248e4d25fc405879e0bca37f6c6ff131793
