[INFO] fetching crate lumos-core 0.3.0...
[INFO] testing lumos-core-0.3.0 against 1.99.0-beta.8+cargoflags=--release for beta-release-1.100-2
[INFO] extracting crate lumos-core 0.3.0 into /workspace/builds/worker-5-tc1/source
[INFO] started tweaking crates.io crate lumos-core 0.3.0
[INFO] removed 0 missing tests
[INFO] finished tweaking crates.io crate lumos-core 0.3.0
[INFO] tweaked toml for crates.io crate lumos-core 0.3.0 written to /workspace/builds/worker-5-tc1/source/Cargo.toml
[INFO] validating manifest of crates.io crate lumos-core 0.3.0 on toolchain 1.99.0-beta.8
[INFO] running `Command { std: CARGO_HOME="/workspace/cargo-home" RUSTUP_HOME="/workspace/rustup-home" "/workspace/cargo-home/bin/cargo" "+1.99.0-beta.8" "metadata" "--manifest-path" "Cargo.toml" "--no-deps", kill_on_drop: false }`
[INFO] crate crates.io crate lumos-core 0.3.0 already has a lockfile, it will not be regenerated
[INFO] running `Command { std: CARGO_HOME="/workspace/cargo-home" RUSTUP_HOME="/workspace/rustup-home" "/workspace/cargo-home/bin/cargo" "+1.99.0-beta.8" "fetch" "--manifest-path" "Cargo.toml", kill_on_drop: false }`
[INFO] [stderr]     Updating crates.io index
[INFO] [stderr]  Downloading crates ...
[INFO] [stderr]   Downloaded wasm-bindgen-shared v0.2.105
[INFO] [stderr]   Downloaded unicode-ident v1.0.22
[INFO] [stderr]   Downloaded wasm-bindgen-macro v0.2.105
[INFO] [stderr]   Downloaded wasm-bindgen v0.2.105
[INFO] [stderr]   Downloaded wasm-bindgen-macro-support v0.2.105
[INFO] [stderr]   Downloaded cfg_aliases v0.2.1
[INFO] [stderr]   Downloaded is-terminal v0.4.17
[INFO] [stderr]   Downloaded proc-macro-crate v3.4.0
[INFO] [stderr]   Downloaded clap_lex v0.7.6
[INFO] [stderr]   Downloaded quote v1.0.42
[INFO] [stderr]   Downloaded anstyle v1.0.13
[INFO] [stderr]   Downloaded toml_datetime v0.7.3
[INFO] [stderr]   Downloaded toml_parser v1.0.4
[INFO] [stderr]   Downloaded colored v2.2.0
[INFO] [stderr]   Downloaded borsh-derive v1.5.7
[INFO] [stderr]   Downloaded anyhow v1.0.100
[INFO] [stderr]   Downloaded proc-macro2 v1.0.103
[INFO] [stderr]   Downloaded tempfile v3.23.0
[INFO] [stderr]   Downloaded bitflags v2.10.0
[INFO] [stderr]   Downloaded js-sys v0.3.82
[INFO] [stderr]   Downloaded clap v4.5.51
[INFO] [stderr]   Downloaded wit-bindgen v0.46.0
[INFO] [stderr]   Downloaded borsh v1.5.7
[INFO] [stderr]   Downloaded toml_edit v0.23.7
[INFO] [stderr]   Downloaded zerocopy-derive v0.8.28
[INFO] [stderr]   Downloaded memchr v2.7.6
[INFO] [stderr]   Downloaded regex v1.12.2
[INFO] [stderr]   Downloaded indexmap v2.12.0
[INFO] [stderr]   Downloaded hashbrown v0.16.0
[INFO] [stderr]   Downloaded wasip2 v1.0.1+wasi-0.2.4
[INFO] [stderr]   Downloaded rayon v1.11.0
[INFO] [stderr]   Downloaded clap_builder v4.5.51
[INFO] [stderr]   Downloaded serde_json v1.0.145
[INFO] [stderr]   Downloaded winnow v0.7.13
[INFO] [stderr]   Downloaded zerocopy v0.8.28
[INFO] [stderr]   Downloaded syn v2.0.110
[INFO] [stderr]   Downloaded regex-syntax v0.8.8
[INFO] [stderr]   Downloaded rustix v1.1.2
[INFO] [stderr]   Downloaded regex-automata v0.4.13
[INFO] [stderr]   Downloaded web-sys v0.3.82
[INFO] [stderr]   Downloaded libc v0.2.177
[INFO] [stderr]   Downloaded linux-raw-sys v0.11.0
[INFO] running `Command { std: "docker" "create" "-v" "/var/lib/crater-agent-workspace/builds/worker-5-tc1/source:/opt/rustwide/workdir:ro,Z" "-v" "/var/lib/crater-agent-workspace/builds/worker-5-tc1/target:/opt/rustwide/target:rw,Z" "-v" "/var/lib/crater-agent-workspace/cargo-home:/opt/rustwide/cargo-home:ro,Z" "-v" "/var/lib/crater-agent-workspace/rustup-home:/opt/rustwide/rustup-home:ro,Z" "-m" "1610612736" "--network" "none" "ghcr.io/rust-lang/crates-build-env/linux@sha256:77db811e55d90add9212f6832c23229e3de5f1c1f9905e8cb07319ea15df73ac" "sleep" "infinity", kill_on_drop: false }`
[INFO] [stdout] a314325a268ae1c14b474c1e88fb490f0e114513f6669f105e79bee88191df84
[INFO] running `Command { std: "docker" "start" "a314325a268ae1c14b474c1e88fb490f0e114513f6669f105e79bee88191df84", kill_on_drop: false }`
[INFO] running `Command { std: "docker" "inspect" "a314325a268ae1c14b474c1e88fb490f0e114513f6669f105e79bee88191df84", kill_on_drop: false }`
[INFO] running `Command { std: "docker" "exec" "-e" "SOURCE_DIR=/opt/rustwide/workdir" "-e" "CARGO_HOME=/opt/rustwide/cargo-home" "-e" "RUSTUP_HOME=/opt/rustwide/rustup-home" "-e" "CARGO_TARGET_DIR=/opt/rustwide/target" "-w" "/opt/rustwide/workdir" "--user" "0:0" "a314325a268ae1c14b474c1e88fb490f0e114513f6669f105e79bee88191df84" "/opt/rustwide/cargo-home/bin/cargo" "+1.99.0-beta.8" "metadata" "--no-deps" "--format-version=1", kill_on_drop: false }`
[INFO] running `Command { std: "docker" "inspect" "a314325a268ae1c14b474c1e88fb490f0e114513f6669f105e79bee88191df84", kill_on_drop: false }`
[INFO] running `Command { std: "docker" "exec" "-e" "SOURCE_DIR=/opt/rustwide/workdir" "-e" "CARGO_HOME=/opt/rustwide/cargo-home" "-e" "RUSTUP_HOME=/opt/rustwide/rustup-home" "-e" "CARGO_TARGET_DIR=/opt/rustwide/target" "-e" "CARGO_INCREMENTAL=0" "-e" "RUST_BACKTRACE=full" "-e" "RUSTFLAGS=--cap-lints=warn" "-e" "RUSTDOCFLAGS=--cap-lints=warn" "-w" "/opt/rustwide/workdir" "--user" "0:0" "a314325a268ae1c14b474c1e88fb490f0e114513f6669f105e79bee88191df84" "/opt/rustwide/cargo-home/bin/cargo" "+1.99.0-beta.8" "build" "--frozen" "--message-format=json" "--release", kill_on_drop: false }`
[INFO] [stderr]    Compiling quote v1.0.42
[INFO] [stderr]    Compiling proc-macro2 v1.0.103
[INFO] [stderr]    Compiling unicode-ident v1.0.22
[INFO] [stderr]    Compiling serde_core v1.0.228
[INFO] [stderr]    Compiling serde v1.0.228
[INFO] [stderr]    Compiling memchr v2.7.6
[INFO] [stderr]    Compiling hashbrown v0.16.0
[INFO] [stderr]    Compiling equivalent v1.0.2
[INFO] [stderr]    Compiling regex-syntax v0.8.8
[INFO] [stderr]    Compiling toml_write v0.1.2
[INFO] [stderr]    Compiling winnow v0.7.13
[INFO] [stderr]    Compiling serde_json v1.0.145
[INFO] [stderr]    Compiling thiserror v1.0.69
[INFO] [stderr]    Compiling anyhow v1.0.100
[INFO] [stderr]    Compiling ryu v1.0.20
[INFO] [stderr]    Compiling itoa v1.0.15
[INFO] [stderr]    Compiling lazy_static v1.5.0
[INFO] [stderr]    Compiling colored v2.2.0
[INFO] [stderr]    Compiling semver v1.0.27
[INFO] [stderr]    Compiling aho-corasick v1.1.4
[INFO] [stderr]    Compiling syn v2.0.110
[INFO] [stderr]    Compiling indexmap v2.12.0
[INFO] [stderr]    Compiling regex-automata v0.4.13
[INFO] [stderr]    Compiling serde_derive v1.0.228
[INFO] [stderr]    Compiling thiserror-impl v1.0.69
[INFO] [stderr]    Compiling regex v1.12.2
[INFO] [stderr]    Compiling serde_spanned v0.6.9
[INFO] [stderr]    Compiling toml_datetime v0.6.11
[INFO] [stderr]    Compiling toml_edit v0.22.27
[INFO] [stderr]    Compiling toml v0.8.23
[INFO] [stderr]    Compiling lumos-core v0.3.0 (/opt/rustwide/workdir)
[INFO] [stderr]     Finished `release` profile [optimized] target(s) in 1m 07s
[INFO] running `Command { std: "docker" "inspect" "a314325a268ae1c14b474c1e88fb490f0e114513f6669f105e79bee88191df84", kill_on_drop: false }`
[INFO] running `Command { std: "docker" "exec" "-e" "SOURCE_DIR=/opt/rustwide/workdir" "-e" "CARGO_HOME=/opt/rustwide/cargo-home" "-e" "RUSTUP_HOME=/opt/rustwide/rustup-home" "-e" "CARGO_TARGET_DIR=/opt/rustwide/target" "-e" "CARGO_INCREMENTAL=0" "-e" "RUST_BACKTRACE=full" "-e" "RUSTFLAGS=--cap-lints=warn" "-e" "RUSTDOCFLAGS=--cap-lints=warn" "-w" "/opt/rustwide/workdir" "--user" "0:0" "a314325a268ae1c14b474c1e88fb490f0e114513f6669f105e79bee88191df84" "/opt/rustwide/cargo-home/bin/cargo" "+1.99.0-beta.8" "test" "--frozen" "--no-run" "--message-format=json" "--release", kill_on_drop: false }`
[INFO] [stderr]    Compiling serde_core v1.0.228
[INFO] [stderr]    Compiling serde v1.0.228
[INFO] [stderr]    Compiling crossbeam-utils v0.8.21
[INFO] [stderr]    Compiling libc v0.2.177
[INFO] [stderr]    Compiling cfg-if v1.0.4
[INFO] [stderr]    Compiling zerocopy v0.8.28
[INFO] [stderr]    Compiling hashbrown v0.16.0
[INFO] [stderr]    Compiling equivalent v1.0.2
[INFO] [stderr]    Compiling autocfg v1.5.0
[INFO] [stderr]    Compiling winnow v0.7.13
[INFO] [stderr]    Compiling syn v2.0.110
[INFO] [stderr]    Compiling either v1.15.0
[INFO] [stderr]    Compiling rayon-core v1.13.0
[INFO] [stderr]    Compiling toml_datetime v0.7.3
[INFO] [stderr]    Compiling ciborium-io v0.2.2
[INFO] [stderr]    Compiling plotters-backend v0.3.7
[INFO] [stderr]    Compiling rustix v1.1.2
[INFO] [stderr]    Compiling clap_lex v0.7.6
[INFO] [stderr]    Compiling anstyle v1.0.13
[INFO] [stderr]    Compiling getrandom v0.3.4
[INFO] [stderr]    Compiling cfg_aliases v0.2.1
[INFO] [stderr]    Compiling itertools v0.10.5
[INFO] [stderr]    Compiling clap_builder v4.5.51
[INFO] [stderr]    Compiling plotters-svg v0.3.7
[INFO] [stderr]    Compiling bitflags v2.10.0
[INFO] [stderr]    Compiling borsh v1.5.7
[INFO] [stderr]    Compiling once_cell v1.21.3
[INFO] [stderr]    Compiling same-file v1.0.6
[INFO] [stderr]    Compiling num-traits v0.2.19
[INFO] [stderr]    Compiling cast v0.3.0
[INFO] [stderr]    Compiling linux-raw-sys v0.11.0
[INFO] [stderr]    Compiling walkdir v2.5.0
[INFO] [stderr]    Compiling anes v0.1.6
[INFO] [stderr]    Compiling fastrand v2.3.0
[INFO] [stderr]    Compiling oorandom v11.1.5
[INFO] [stderr]    Compiling crossbeam-epoch v0.9.18
[INFO] [stderr]    Compiling indexmap v2.12.0
[INFO] [stderr]    Compiling crossbeam-deque v0.8.6
[INFO] [stderr]    Compiling plotters v0.3.7
[INFO] [stderr]    Compiling is-terminal v0.4.17
[INFO] [stderr]    Compiling toml_parser v1.0.4
[INFO] [stderr]    Compiling rayon v1.11.0
[INFO] [stderr]    Compiling criterion-plot v0.5.0
[INFO] [stderr]    Compiling toml_edit v0.23.7
[INFO] [stderr]    Compiling proc-macro-crate v3.4.0
[INFO] [stderr]    Compiling tempfile v3.23.0
[INFO] [stderr]    Compiling clap v4.5.51
[INFO] [stderr]    Compiling serde_json v1.0.145
[INFO] [stderr]    Compiling serde_derive v1.0.228
[INFO] [stderr]    Compiling zerocopy-derive v0.8.28
[INFO] [stderr]    Compiling thiserror-impl v1.0.69
[INFO] [stderr]    Compiling borsh-derive v1.5.7
[INFO] [stderr]    Compiling thiserror v1.0.69
[INFO] [stderr]    Compiling half v2.7.1
[INFO] [stderr]    Compiling ciborium-ll v0.2.2
[INFO] [stderr]    Compiling toml_datetime v0.6.11
[INFO] [stderr]    Compiling serde_spanned v0.6.9
[INFO] [stderr]    Compiling tinytemplate v1.2.1
[INFO] [stderr]    Compiling ciborium v0.2.2
[INFO] [stderr]    Compiling toml_edit v0.22.27
[INFO] [stderr]    Compiling criterion v0.5.1
[INFO] [stderr]    Compiling toml v0.8.23
[INFO] [stderr]    Compiling lumos-core v0.3.0 (/opt/rustwide/workdir)
[INFO] [stderr]     Finished `release` profile [optimized] target(s) in 1m 17s
[INFO] running `Command { std: "docker" "inspect" "a314325a268ae1c14b474c1e88fb490f0e114513f6669f105e79bee88191df84", kill_on_drop: false }`
[INFO] running `Command { std: "docker" "exec" "-e" "SOURCE_DIR=/opt/rustwide/workdir" "-e" "CARGO_HOME=/opt/rustwide/cargo-home" "-e" "RUSTUP_HOME=/opt/rustwide/rustup-home" "-e" "CARGO_TARGET_DIR=/opt/rustwide/target" "-e" "CARGO_INCREMENTAL=0" "-e" "RUST_BACKTRACE=full" "-e" "RUSTFLAGS=--cap-lints=warn" "-e" "RUSTDOCFLAGS=--cap-lints=warn" "-w" "/opt/rustwide/workdir" "--user" "0:0" "a314325a268ae1c14b474c1e88fb490f0e114513f6669f105e79bee88191df84" "/opt/rustwide/cargo-home/bin/cargo" "+1.99.0-beta.8" "test" "--frozen" "--release", kill_on_drop: false }`
[INFO] [stderr]     Finished `release` profile [optimized] target(s) in 0.10s
[INFO] [stderr]      Running unittests src/lib.rs (/opt/rustwide/target/release/deps/lumos_core-de401aaf2ea7bf89)
[INFO] [stdout] 
[INFO] [stdout] running 250 tests
[INFO] [stdout] test anchor::attributes::tests::test_generate_account_type ... ok
[INFO] [stdout] test anchor::attributes::tests::test_parse_has_one ... ok
[INFO] [stdout] test anchor::attributes::tests::test_generate_account_attr ... ok
[INFO] [stdout] test anchor::attributes::tests::test_parse_simple_attrs ... ok
[INFO] [stdout] test anchor::attributes::tests::test_parse_seeds ... ok
[INFO] [stdout] test anchor::idl::tests::test_calculate_account_space ... ok
[INFO] [stdout] test anchor::idl::tests::test_convert_enum ... ok
[INFO] [stdout] test anchor::attributes::tests::test_complex_constraints ... ok
[INFO] [stdout] test anchor::idl::tests::test_idl_json_serialization ... ok
[INFO] [stdout] test anchor::attributes::tests::test_generate_accounts_context ... ok
[INFO] [stdout] test anchor::idl::tests::test_to_snake_case ... ok
[INFO] [stdout] test anchor::attributes::tests::test_parse_full_anchor_attr ... ok
[INFO] [stdout] test anchor::attributes::tests::test_pda_seeds_with_args ... ok
[INFO] [stdout] test anchor::idl::tests::test_generate_len_constant ... ok
[INFO] [stdout] test anchor::attributes::tests::test_parse_constraint ... ok
[INFO] [stdout] test ast::tests::test_field_max_length ... ok
[INFO] [stdout] test anchor::attributes::tests::test_e2e_parse_transform_anchor_attrs ... ok
[INFO] [stdout] test ast::tests::test_struct_has_attribute ... ok
[INFO] [stdout] test ast::tests::test_enum_variant_name ... ok
[INFO] [stdout] test ast::tests::test_item_enum ... ok
[INFO] [stdout] test anchor::idl::tests::test_type_conversion ... ok
[INFO] [stdout] test anchor::attributes::tests::test_e2e_generate_accounts_from_ir ... ok
[INFO] [stdout] test compat::tests::test_parse_semver ... ok
[INFO] [stdout] test audit_generator::tests::test_generates_arithmetic_checks ... ok
[INFO] [stdout] test ast::tests::test_type_spec_to_string ... ok
[INFO] [stdout] test audit_generator::tests::test_generates_account_validation_checks ... ok
[INFO] [stdout] test ast::tests::test_enum_has_attribute ... ok
[INFO] [stdout] test corpus_generator::tests::test_generates_vec_corpus ... ok
[INFO] [stdout] test fuzz_generator::tests::test_generates_enum_fuzz_target ... ok
[INFO] [stdout] test fuzz_generator::tests::test_generates_struct_fuzz_target ... ok
[INFO] [stdout] test fuzz_generator::tests::test_to_snake_case ... ok
[INFO] [stdout] test fuzz_generator::tests::test_type_exists ... ok
[INFO] [stdout] test generators::go::tests::generates_array_fields ... ok
[INFO] [stdout] test generators::go::tests::generates_complex_enum ... ok
[INFO] [stdout] test fuzz_generator::tests::test_get_type_names ... ok
[INFO] [stdout] test audit_generator::tests::test_generates_signer_checks_for_authority ... ok
[INFO] [stdout] test generators::go::tests::generates_fixed_array_fields ... ok
[INFO] [stdout] test generators::go::tests::generates_simple_struct ... ok
[INFO] [stdout] test generators::go::tests::generates_solana_struct ... ok
[INFO] [stdout] test file_resolver::tests::test_resolve_single_file ... ok
[INFO] [stdout] test generators::go::tests::generates_unit_enum ... ok
[INFO] [stdout] test file_resolver::tests::test_detect_circular_import ... ok
[INFO] [stdout] test audit_generator::tests::test_sorted_by_priority ... ok
[INFO] [stdout] test generators::go::tests::maps_all_primitive_types ... ok
[INFO] [stdout] test generators::go::tests::generates_module_with_multiple_types ... ok
[INFO] [stdout] test generators::go::tests::handles_deprecated_fields ... ok
[INFO] [stdout] test generators::go::tests::test_to_pascal_case ... ok
[INFO] [stdout] test generators::python::tests::generates_optional_fields ... ok
[INFO] [stdout] test generators::python::tests::generates_array_fields ... ok
[INFO] [stdout] test file_resolver::tests::test_resolve_multiple_files ... ok
[INFO] [stdout] test generators::python::tests::generates_simple_dataclass ... ok
[INFO] [stdout] test generators::python::tests::generates_unit_enum ... ok
[INFO] [stdout] test generators::python::tests::handles_deprecated_fields ... ok
[INFO] [stdout] test generators::python::tests::maps_all_primitive_types ... ok
[INFO] [stdout] test generators::go::tests::generates_optional_fields ... ok
[INFO] [stdout] test generators::python::tests::generates_module_with_multiple_types ... ok
[INFO] [stdout] test generators::python::tests::maps_borsh_types ... ok
[INFO] [stdout] test generators::ruby::tests::generates_array_fields ... ok
[INFO] [stdout] test generators::ruby::tests::generates_optional_fields ... ok
[INFO] [stdout] test generators::ruby::tests::generates_simple_class ... ok
[INFO] [stdout] test generators::ruby::tests::generates_solana_class_with_borsh ... ok
[INFO] [stdout] test generators::ruby::tests::generates_unit_enum ... ok
[INFO] [stdout] test generators::ruby::tests::handles_deprecated_fields ... ok
[INFO] [stdout] test file_resolver::tests::test_validate_imports_missing_type ... ok
[INFO] [stdout] test generators::ruby::tests::maps_all_primitive_types ... ok
[INFO] [stdout] test generators::ruby::tests::test_to_screaming_snake_case ... ok
[INFO] [stdout] test fuzz_generator::tests::test_generates_cargo_toml ... ok
[INFO] [stdout] test generators::ruby::tests::test_to_snake_case ... ok
[INFO] [stdout] test corpus_generator::tests::test_generates_minimal_struct_corpus ... ok
[INFO] [stdout] test corpus_generator::tests::test_generates_optional_corpus ... ok
[INFO] [stdout] test compat::tests::test_version_bump_validation ... ok
[INFO] [stdout] test generators::python::tests::generates_complex_enum ... ok
[INFO] [stdout] test ast::tests::test_enum_is_unit_only ... ok
[INFO] [stdout] test corpus_generator::tests::test_generates_account_discriminator ... ok
[INFO] [stdout] test generators::ruby::tests::generates_module_with_multiple_types ... ok
[INFO] [stdout] test corpus_generator::tests::test_generates_enum_corpus ... ok
[INFO] [stdout] test generators::rust::tests::generates_optional_fields ... ok
[INFO] [stdout] test generators::rust::tests::generates_array_fields ... ok
[INFO] [stdout] test generators::python::tests::generates_solana_dataclass_with_borsh ... ok
[INFO] [stdout] test generators::rust::tests::generates_simple_struct ... ok
[INFO] [stdout] test generators::ruby::tests::generates_complex_enum ... ok
[INFO] [stdout] test generators::rust::tests::test_visibility_private_enum ... ok
[INFO] [stdout] test generators::rust::tests::test_visibility_private_struct ... ok
[INFO] [stdout] test generators::rust::tests::test_visibility_public_enum ... ok
[INFO] [stdout] test generators::rust::tests::generates_tuple_enum ... ok
[INFO] [stdout] test generators::rust::tests::generates_solana_account ... ok
[INFO] [stdout] test generators::rust::tests::generates_struct_enum ... ok
[INFO] [stdout] test generators::rust::tests::maps_publickey_to_pubkey ... ok
[INFO] [stdout] test generators::rust::tests::test_custom_derives_on_struct ... ok
[INFO] [stdout] test generators::rust::tests::test_custom_derives_deduplication ... ok
[INFO] [stdout] test generators::rust::tests::test_custom_derives_on_anchor_account ... ok
[INFO] [stdout] test generators::rust::tests::generates_unit_enum ... ok
[INFO] [stdout] test generators::seahorse::tests::generates_account_class ... ok
[INFO] [stdout] test generators::rust::tests::generates_module_with_multiple_types ... ok
[INFO] [stdout] test generators::rust::tests::test_custom_derives_on_enum ... ok
[INFO] [stdout] test generators::seahorse::tests::generates_module_with_multiple_types ... ok
[INFO] [stdout] test generators::seahorse::tests::generates_non_account_class ... ok
[INFO] [stdout] test generators::seahorse::tests::generates_unit_enum ... ok
[INFO] [stdout] test generators::seahorse::tests::handles_deprecated_fields ... ok
[INFO] [stdout] test generators::seahorse::tests::maps_complex_types ... ok
[INFO] [stdout] test generators::seahorse::tests::maps_seahorse_types_correctly ... ok
[INFO] [stdout] test generators::tests::test_generate_for_languages ... ok
[INFO] [stdout] test generators::tests::test_get_generator_go ... ok
[INFO] [stdout] test generators::rust::tests::test_end_to_end_custom_derives ... ok
[INFO] [stdout] test generators::tests::test_get_generator_typescript ... ok
[INFO] [stdout] test generators::tests::test_language_file_extension ... ok
[INFO] [stdout] test generators::tests::test_language_all ... ok
[INFO] [stdout] test generators::tests::test_language_is_implemented ... ok
[INFO] [stdout] test generators::tests::test_language_from_name ... ok
[INFO] [stdout] test generators::tests::test_language_supported ... ok
[INFO] [stdout] test generators::tests::test_get_generator_python ... ok
[INFO] [stdout] test generators::tests::test_python_generator_output ... ok
[INFO] [stdout] test generators::tests::test_ruby_generator_output ... ok
[INFO] [stdout] test generators::tests::test_rust_generator_output ... ok
[INFO] [stdout] test generators::tests::test_seahorse_generator ... ok
[INFO] [stdout] test generators::tests::test_seahorse_generator_output ... ok
[INFO] [stdout] test generators::rust::tests::test_visibility_public_struct ... ok
[INFO] [stdout] test generators::tests::test_try_get_generator ... ok
[INFO] [stdout] test generators::tests::test_language_display ... ok
[INFO] [stdout] test generators::tests::test_get_generator_ruby ... ok
[INFO] [stdout] test generators::tests::test_typescript_generator_output ... ok
[INFO] [stdout] test generators::tests::test_get_generator_rust ... ok
[INFO] [stdout] test generators::typescript::tests::generates_ord_derive_helper ... ok
[INFO] [stdout] test generators::typescript::tests::generates_partial_eq_derive_helper ... ok
[INFO] [stdout] test generators::typescript::tests::generates_simple_interface ... ok
[INFO] [stdout] test generators::typescript::tests::generates_solana_interface_with_borsh ... ok
[INFO] [stdout] test generators::typescript::tests::generates_tuple_enum ... ok
[INFO] [stdout] test generators::tests::test_get_generators_all_implemented ... ok
[INFO] [stdout] test generators::typescript::tests::generates_array_fields ... ok
[INFO] [stdout] test generators::typescript::tests::maps_bigint_types ... ok
[INFO] [stdout] test generators::tests::test_output_filename ... ok
[INFO] [stdout] test generators::tests::test_language_parse_list ... ok
[INFO] [stdout] test metaplex::generator::tests::test_generate_rust ... ok
[INFO] [stdout] test generators::typescript::tests::generates_unit_enum ... ok
[INFO] [stdout] test metaplex::generator::tests::test_rust_type_mapping ... ok
[INFO] [stdout] test generators::typescript::tests::generates_hash_derive_helper ... ok
[INFO] [stdout] test metaplex::generator::tests::test_typescript_type_mapping ... ok
[INFO] [stdout] test generators::typescript::tests::generates_multiple_derive_helpers ... ok
[INFO] [stdout] test generators::typescript::tests::generates_optional_fields ... ok
[INFO] [stdout] test generators::typescript::tests::generates_default_derive_helper ... ok
[INFO] [stdout] test generators::typescript::tests::generates_struct_enum ... ok
[INFO] [stdout] test metaplex::generator::tests::test_generate_rust_enum ... ok
[INFO] [stdout] test metaplex::types::tests::test_constraints ... ok
[INFO] [stdout] test metaplex::types::tests::test_token_standard_from_discriminant ... ok
[INFO] [stdout] test metaplex::types::tests::test_token_standard_discriminant ... ok
[INFO] [stdout] test metaplex::validator::tests::test_validate_invalid_creator_missing_fields ... ok
[INFO] [stdout] test metaplex::types::tests::test_metaplex_type_struct_names ... ok
[INFO] [stdout] test generators::tests::test_go_generator_output ... ok
[INFO] [stdout] test metaplex::validator::tests::test_validate_valid_metadata_struct ... ok
[INFO] [stdout] test metaplex::generator::tests::test_generate_typescript ... ok
[INFO] [stdout] test metaplex::validator::tests::test_generate_standard_types ... ok
[INFO] [stdout] test metaplex::types::tests::test_metaplex_attribute_parsing ... ok
[INFO] [stdout] test metaplex::types::tests::test_metaplex_attribute_validate ... ok
[INFO] [stdout] test generators::typescript::tests::generates_module_with_multiple_types ... ok
[INFO] [stdout] test metaplex::validator::tests::test_validate_valid_creator_struct ... ok
[INFO] [stdout] test migration::tests::test_field_added_optional ... ok
[INFO] [stdout] test migration::tests::test_field_removed ... ok
[INFO] [stdout] test metaplex::validator::tests::test_validate_wrong_seller_fee_type ... ok
[INFO] [stdout] test migration::tests::test_field_type_changed ... ok
[INFO] [stdout] test migration::tests::test_enum_variant_removed ... ok
[INFO] [stdout] test migration::tests::test_multiple_changes ... ok
[INFO] [stdout] test migration::tests::test_field_added_required ... ok
[INFO] [stdout] test migration::tests::test_field_reordered ... ok
[INFO] [stdout] test migration::tests::test_enum_migration_typescript_generation ... ok
[INFO] [stdout] test migration::tests::test_no_changes ... ok
[INFO] [stdout] test migration::tests::test_enum_variant_added ... ok
[INFO] [stdout] test migration::tests::test_enum_migration_rust_generation ... ok
[INFO] [stdout] test metaplex::validator::tests::test_validation_result_merge ... ok
[INFO] [stdout] test module_resolver::tests::test_resolve_single_module ... ok
[INFO] [stdout] test module_resolver::tests::test_detect_circular_module_dependency ... ok
[INFO] [stdout] test module_resolver::tests::test_module_not_found ... ok
[INFO] [stdout] test parser::tests::test_parse_derive_with_solana_attributes ... ok
[INFO] [stdout] test module_resolver::tests::test_use_statement_type_not_found ... ok
[INFO] [stdout] test module_resolver::tests::test_resolve_directory_module ... ok
[INFO] [stdout] test parser::tests::test_parse_array_type ... ok
[INFO] [stdout] test parser::tests::test_parse_derive_on_enum ... ok
[INFO] [stdout] test parser::tests::test_parse_generic_enum ... ok
[INFO] [stdout] test module_resolver::tests::test_resolve_sibling_module ... ok
[INFO] [stdout] test parser::tests::test_parse_generic_nested_in_option ... ok
[INFO] [stdout] test parser::tests::test_parse_derive_with_whitespace ... ok
[INFO] [stdout] test module_resolver::tests::test_use_statement_valid ... ok
[INFO] [stdout] test parser::tests::test_parse_enum_with_version ... ok
[INFO] [stdout] test module_resolver::tests::test_use_statement_private_type ... ok
[INFO] [stdout] test parser::tests::test_parse_generic_struct_multiple_params ... ok
[INFO] [stdout] test module_resolver::tests::test_use_statement_with_super ... ok
[INFO] [stdout] test parser::tests::test_parse_generic_struct_single_param ... ok
[INFO] [stdout] test parser::tests::test_parse_generic_nested_in_vec ... ok
[INFO] [stdout] test module_resolver::tests::test_use_statement_with_crate ... ok
[INFO] [stdout] test parser::tests::test_parse_generic_with_lifetime_should_error ... ok
[INFO] [stdout] test parser::tests::test_parse_generic_with_where_clause_should_error ... ok
[INFO] [stdout] test parser::tests::test_parse_mixed_items ... ok
[INFO] [stdout] test parser::tests::test_parse_multiple_derives ... ok
[INFO] [stdout] test parser::tests::test_parse_generic_with_bounds_should_error ... ok
[INFO] [stdout] test parser::tests::test_parse_generic_with_const_should_error ... ok
[INFO] [stdout] test module_resolver::tests::test_use_statement_nested_modules ... ok
[INFO] [stdout] test parser::tests::test_parse_pub_mod_declaration ... ok
[INFO] [stdout] test parser::tests::test_parse_optional_type ... ok
[INFO] [stdout] test parser::tests::test_parse_simple_struct ... ok
[INFO] [stdout] test parser::tests::test_parse_invalid_version_format ... ok
[INFO] [stdout] test parser::tests::test_parse_struct_with_version ... ok
[INFO] [stdout] test parser::tests::test_parse_single_derive ... ok
[INFO] [stdout] test parser::tests::test_parse_use_with_crate ... ok
[INFO] [stdout] test parser::tests::test_parse_use_group_fails ... ok
[INFO] [stdout] test parser::tests::test_parse_struct_without_version ... ok
[INFO] [stdout] test parser::tests::test_parse_use_simple ... ok
[INFO] [stdout] test parser::tests::test_parse_use_glob_fails ... ok
[INFO] [stdout] test parser::tests::test_parse_mod_declaration ... ok
[INFO] [stdout] test parser::tests::test_parse_version_with_prerelease ... ok
[INFO] [stdout] test parser::tests::test_parse_version_with_build_metadata ... ok
[INFO] [stdout] test parser::tests::test_parse_use_with_alias ... ok
[INFO] [stdout] test module_resolver::tests::test_nested_modules ... ok
[INFO] [stdout] test schema::tests::parse_basic_schema ... ok
[INFO] [stdout] test parser::tests::test_parse_with_attributes ... ok
[INFO] [stdout] test security_analyzer::tests::test_detects_missing_signer ... ok
[INFO] [stdout] test security_analyzer::tests::test_detects_no_discriminator ... ok
[INFO] [stdout] test size_calculator::tests::test_simple_struct_size ... ok
[INFO] [stdout] test transform::tests::test_custom_derives_on_struct ... ok
[INFO] [stdout] test transform::tests::test_deprecated_field_in_enum_variant ... ok
[INFO] [stdout] test tests::it_works ... ok
[INFO] [stdout] test transform::tests::test_deprecated_field_with_message ... ok
[INFO] [stdout] test transform::tests::test_no_custom_derives ... ok
[INFO] [stdout] test transform::tests::test_deprecated_field_without_message ... ok
[INFO] [stdout] test transform::tests::test_transform_array_type ... ok
[INFO] [stdout] test security_analyzer::tests::test_detects_unchecked_arithmetic ... ok
[INFO] [stdout] test security_analyzer::tests::test_no_false_positives_on_safe_struct ... ok
[INFO] [stdout] test security_analyzer::tests::test_strict_mode_more_warnings ... ok
[INFO] [stdout] test size_calculator::tests::test_account_with_discriminator ... ok
[INFO] [stdout] test size_calculator::tests::test_option_size ... ok
[INFO] [stdout] test transform::tests::test_transform_simple_struct ... ok
[INFO] [stdout] test transform::tests::test_transform_optional_field ... ok
[INFO] [stdout] test transform::tests::test_transform_solana_metadata ... ok
[INFO] [stdout] test transform::tests::test_transform_struct_enum ... ok
[INFO] [stdout] test transform::tests::test_transform_unit_enum ... ok
[INFO] [stdout] test parser::tests::test_parse_use_with_self ... ok
[INFO] [stdout] test transform::tests::test_transform_with_type_aliases ... ok
[INFO] [stdout] test transform::tests::test_transform_tuple_enum ... ok
[INFO] [stdout] test transform::tests::test_validate_undefined_type_in_enum_struct_variant ... ok
[INFO] [stdout] test parser::tests::test_parse_use_with_super ... ok
[INFO] [stdout] test transform::tests::test_validate_nested_user_defined_types ... ok
[INFO] [stdout] test transform::tests::test_validate_primitive_types_always_valid ... ok
[INFO] [stdout] test transform::tests::test_validate_undefined_type_in_array ... ok
[INFO] [stdout] test transform::tests::test_validate_undefined_type_in_option ... ok
[INFO] [stdout] test transform::tests::test_validate_undefined_type_in_struct ... ok
[INFO] [stdout] test transform::tests::test_validate_valid_user_defined_types ... ok
[INFO] [stdout] test transform::tests::test_custom_derives_with_solana_attrs ... ok
[INFO] [stdout] test transform::tests::test_custom_derives_on_enum ... ok
[INFO] [stdout] test size_calculator::tests::test_primitive_sizes ... ok
[INFO] [stdout] test transform::tests::test_validate_undefined_type_in_enum_tuple_variant ... ok
[INFO] [stdout] test anchor::idl::tests::test_generate_simple_idl ... ok
[INFO] [stdout] test parser::tests::test_parse_inline_mod_fails ... ok
[INFO] [stdout] 
[INFO] [stdout] test result: ok. 250 passed; 0 failed; 0 ignored; 0 measured; 0 filtered out; finished in 0.05s
[INFO] [stdout] 
[INFO] [stderr]      Running tests/integration_test.rs (/opt/rustwide/target/release/deps/integration_test-5cdad7ff00219189)
[INFO] [stdout] 
[INFO] [stdout] running 5 tests
[INFO] [stdout] test test_parse_nft_marketplace_schema ... FAILED
[INFO] [stdout] test test_parse_token_vesting_schema ... FAILED
[INFO] [stdout] test test_parse_defi_staking_schema ... FAILED
[INFO] [stdout] test test_parse_dao_governance_schema ... FAILED
[INFO] [stdout] test test_parse_gaming_schema ... FAILED
[INFO] [stdout] 
[INFO] [stdout] failures:
[INFO] [stdout] 
[INFO] [stdout] ---- test_parse_nft_marketplace_schema stdout ----
[INFO] [stdout] 
[INFO] [stdout] thread 'test_parse_nft_marketplace_schema' (2736) panicked at tests/integration_test.rs:61:45:
[INFO] [stdout] Failed to read NFT marketplace schema file: Os { code: 2, kind: NotFound, message: "No such file or directory" }
[INFO] [stdout] stack backtrace:
[INFO] [stdout]    0:     0x55e7abf37be1 - <<std[70759c8f55707aa4]::sys::backtrace::BacktraceLock>::print::DisplayBacktrace as core[df12db4294e9bfd3]::fmt::Display>::fmt
[INFO] [stdout]    1:     0x55e7abf4d65a - core[df12db4294e9bfd3]::fmt::write
[INFO] [stdout]    2:     0x55e7abf3c0cc - <alloc[2182bb758b4b3781]::vec::Vec<u8> as core[df12db4294e9bfd3]::io::write::Write>::write_fmt
[INFO] [stdout]    3:     0x55e7abf13c96 - std[70759c8f55707aa4]::panicking::default_hook::{closure#0}
[INFO] [stdout]    4:     0x55e7abf2fe19 - std[70759c8f55707aa4]::panicking::default_hook
[INFO] [stdout]    5:     0x55e7abca2cd0 - test[9d35eded1c95d3be]::test_main_inner::<test[9d35eded1c95d3be]::test_main_static::{closure#0}>::{closure#0}
[INFO] [stdout]    6:     0x55e7abf30142 - std[70759c8f55707aa4]::panicking::panic_with_hook
[INFO] [stdout]    7:     0x55e7abf13d42 - std[70759c8f55707aa4]::panicking::panic_handler::{closure#0}
[INFO] [stdout]    8:     0x55e7abf0c939 - std[70759c8f55707aa4]::sys::backtrace::__rust_end_short_backtrace::<std[70759c8f55707aa4]::panicking::panic_handler::{closure#0}, !>
[INFO] [stdout]    9:     0x55e7abf1493d - __rustc[8fa7c3cbc660c2b3]::rust_begin_unwind
[INFO] [stdout]   10:     0x55e7abf4de3c - core[df12db4294e9bfd3]::panicking::panic_fmt
[INFO] [stdout]   11:     0x55e7abf4dc12 - core[df12db4294e9bfd3]::result::unwrap_failed
[INFO] [stdout]   12:     0x55e7abc95d14 - <integration_test[c1a6c9e8c3d5f472]::test_parse_nft_marketplace_schema::{closure#0} as core[df12db4294e9bfd3]::ops::function::FnOnce<()>>::call_once
[INFO] [stdout]   13:     0x55e7abc95fbb - test[9d35eded1c95d3be]::__rust_begin_short_backtrace::<core[df12db4294e9bfd3]::result::Result<(), alloc[2182bb758b4b3781]::string::String>, fn() -> core[df12db4294e9bfd3]::result::Result<(), alloc[2182bb758b4b3781]::string::String>>
[INFO] [stdout]   14:     0x55e7abca3625 - test[9d35eded1c95d3be]::run_test::{closure#0}
[INFO] [stdout]   15:     0x55e7abc9cee4 - std[70759c8f55707aa4]::sys::backtrace::__rust_begin_short_backtrace::<test[9d35eded1c95d3be]::run_test::{closure#1}, ()>
[INFO] [stdout]   16:     0x55e7abca6782 - <std[70759c8f55707aa4]::thread::lifecycle::spawn_unchecked<test[9d35eded1c95d3be]::run_test::{closure#1}, ()>::{closure#1} as core[df12db4294e9bfd3]::ops::function::FnOnce<()>>::call_once::{shim:vtable#0}
[INFO] [stdout]   17:     0x55e7abf37139 - <std[70759c8f55707aa4]::sys::thread::unix::Thread>::new::thread_start
[INFO] [stdout]   18:     0x7d25c8374dfa - <unknown>
[INFO] [stdout]   19:     0x7d25c84083d4 - clone
[INFO] [stdout]   20:                0x0 - <unknown>
[INFO] [stdout] 
[INFO] [stdout] ---- test_parse_token_vesting_schema stdout ----
[INFO] [stdout] 
[INFO] [stdout] thread 'test_parse_token_vesting_schema' (2737) panicked at tests/integration_test.rs:98:45:
[INFO] [stderr] error: test failed, to rerun pass `--test integration_test`
[INFO] [stdout] Failed to read token vesting schema file: Os { code: 2, kind: NotFound, message: "No such file or directory" }
[INFO] [stdout] stack backtrace:
[INFO] [stdout]    0:     0x55e7abf37be1 - <<std[70759c8f55707aa4]::sys::backtrace::BacktraceLock>::print::DisplayBacktrace as core[df12db4294e9bfd3]::fmt::Display>::fmt
[INFO] [stdout]    1:     0x55e7abf4d65a - core[df12db4294e9bfd3]::fmt::write
[INFO] [stdout]    2:     0x55e7abf3c0cc - <alloc[2182bb758b4b3781]::vec::Vec<u8> as core[df12db4294e9bfd3]::io::write::Write>::write_fmt
[INFO] [stdout]    3:     0x55e7abf13c96 - std[70759c8f55707aa4]::panicking::default_hook::{closure#0}
[INFO] [stdout]    4:     0x55e7abf2fe19 - std[70759c8f55707aa4]::panicking::default_hook
[INFO] [stdout]    5:     0x55e7abca2cd0 - test[9d35eded1c95d3be]::test_main_inner::<test[9d35eded1c95d3be]::test_main_static::{closure#0}>::{closure#0}
[INFO] [stdout]    6:     0x55e7abf30142 - std[70759c8f55707aa4]::panicking::panic_with_hook
[INFO] [stdout]    7:     0x55e7abf13d42 - std[70759c8f55707aa4]::panicking::panic_handler::{closure#0}
[INFO] [stdout]    8:     0x55e7abf0c939 - std[70759c8f55707aa4]::sys::backtrace::__rust_end_short_backtrace::<std[70759c8f55707aa4]::panicking::panic_handler::{closure#0}, !>
[INFO] [stdout]    9:     0x55e7abf1493d - __rustc[8fa7c3cbc660c2b3]::rust_begin_unwind
[INFO] [stdout]   10:     0x55e7abf4de3c - core[df12db4294e9bfd3]::panicking::panic_fmt
[INFO] [stdout]   11:     0x55e7abf4dc12 - core[df12db4294e9bfd3]::result::unwrap_failed
[INFO] [stdout]   12:     0x55e7abc95377 - <integration_test[c1a6c9e8c3d5f472]::test_parse_token_vesting_schema::{closure#0} as core[df12db4294e9bfd3]::ops::function::FnOnce<()>>::call_once
[INFO] [stdout]   13:     0x55e7abc95fbb - test[9d35eded1c95d3be]::__rust_begin_short_backtrace::<core[df12db4294e9bfd3]::result::Result<(), alloc[2182bb758b4b3781]::string::String>, fn() -> core[df12db4294e9bfd3]::result::Result<(), alloc[2182bb758b4b3781]::string::String>>
[INFO] [stdout]   14:     0x55e7abca3625 - test[9d35eded1c95d3be]::run_test::{closure#0}
[INFO] [stdout]   15:     0x55e7abc9cee4 - std[70759c8f55707aa4]::sys::backtrace::__rust_begin_short_backtrace::<test[9d35eded1c95d3be]::run_test::{closure#1}, ()>
[INFO] [stdout]   16:     0x55e7abca6782 - <std[70759c8f55707aa4]::thread::lifecycle::spawn_unchecked<test[9d35eded1c95d3be]::run_test::{closure#1}, ()>::{closure#1} as core[df12db4294e9bfd3]::ops::function::FnOnce<()>>::call_once::{shim:vtable#0}
[INFO] [stdout]   17:     0x55e7abf37139 - <std[70759c8f55707aa4]::sys::thread::unix::Thread>::new::thread_start
[INFO] [stdout]   18:     0x7d25c8374dfa - <unknown>
[INFO] [stdout]   19:     0x7d25c84083d4 - clone
[INFO] [stdout]   20:                0x0 - <unknown>
[INFO] [stdout] 
[INFO] [stdout] ---- test_parse_defi_staking_schema stdout ----
[INFO] [stdout] 
[INFO] [stdout] thread 'test_parse_defi_staking_schema' (2734) panicked at tests/integration_test.rs:80:45:
[INFO] [stdout] Failed to read DeFi staking schema file: Os { code: 2, kind: NotFound, message: "No such file or directory" }
[INFO] [stdout] stack backtrace:
[INFO] [stdout]    0:     0x55e7abf37be1 - <<std[70759c8f55707aa4]::sys::backtrace::BacktraceLock>::print::DisplayBacktrace as core[df12db4294e9bfd3]::fmt::Display>::fmt
[INFO] [stdout]    1:     0x55e7abf4d65a - core[df12db4294e9bfd3]::fmt::write
[INFO] [stdout]    2:     0x55e7abf3c0cc - <alloc[2182bb758b4b3781]::vec::Vec<u8> as core[df12db4294e9bfd3]::io::write::Write>::write_fmt
[INFO] [stdout]    3:     0x55e7abf13c96 - std[70759c8f55707aa4]::panicking::default_hook::{closure#0}
[INFO] [stdout]    4:     0x55e7abf2fe19 - std[70759c8f55707aa4]::panicking::default_hook
[INFO] [stdout]    5:     0x55e7abca2cd0 - test[9d35eded1c95d3be]::test_main_inner::<test[9d35eded1c95d3be]::test_main_static::{closure#0}>::{closure#0}
[INFO] [stdout]    6:     0x55e7abf30142 - std[70759c8f55707aa4]::panicking::panic_with_hook
[INFO] [stdout]    7:     0x55e7abf13d42 - std[70759c8f55707aa4]::panicking::panic_handler::{closure#0}
[INFO] [stdout]    8:     0x55e7abf0c939 - std[70759c8f55707aa4]::sys::backtrace::__rust_end_short_backtrace::<std[70759c8f55707aa4]::panicking::panic_handler::{closure#0}, !>
[INFO] [stdout]    9:     0x55e7abf1493d - __rustc[8fa7c3cbc660c2b3]::rust_begin_unwind
[INFO] [stdout]   10:     0x55e7abf4de3c - core[df12db4294e9bfd3]::panicking::panic_fmt
[INFO] [stdout]   11:     0x55e7abf4dc12 - core[df12db4294e9bfd3]::result::unwrap_failed
[INFO] [stdout]   12:     0x55e7abc94ec7 - <integration_test[c1a6c9e8c3d5f472]::test_parse_defi_staking_schema::{closure#0} as core[df12db4294e9bfd3]::ops::function::FnOnce<()>>::call_once
[INFO] [stdout]   13:     0x55e7abc95fbb - test[9d35eded1c95d3be]::__rust_begin_short_backtrace::<core[df12db4294e9bfd3]::result::Result<(), alloc[2182bb758b4b3781]::string::String>, fn() -> core[df12db4294e9bfd3]::result::Result<(), alloc[2182bb758b4b3781]::string::String>>
[INFO] [stdout]   14:     0x55e7abca3625 - test[9d35eded1c95d3be]::run_test::{closure#0}
[INFO] [stdout]   15:     0x55e7abc9cee4 - std[70759c8f55707aa4]::sys::backtrace::__rust_begin_short_backtrace::<test[9d35eded1c95d3be]::run_test::{closure#1}, ()>
[INFO] [stdout]   16:     0x55e7abca6782 - <std[70759c8f55707aa4]::thread::lifecycle::spawn_unchecked<test[9d35eded1c95d3be]::run_test::{closure#1}, ()>::{closure#1} as core[df12db4294e9bfd3]::ops::function::FnOnce<()>>::call_once::{shim:vtable#0}
[INFO] [stdout]   17:     0x55e7abf37139 - <std[70759c8f55707aa4]::sys::thread::unix::Thread>::new::thread_start
[INFO] [stdout]   18:     0x7d25c8374dfa - <unknown>
[INFO] [stdout]   19:     0x7d25c84083d4 - clone
[INFO] [stdout]   20:                0x0 - <unknown>
[INFO] [stdout] 
[INFO] [stdout] ---- test_parse_dao_governance_schema stdout ----
[INFO] [stdout] 
[INFO] [stdout] thread 'test_parse_dao_governance_schema' (2733) panicked at tests/integration_test.rs:116:45:
[INFO] [stdout] Failed to read DAO governance schema file: Os { code: 2, kind: NotFound, message: "No such file or directory" }
[INFO] [stdout] stack backtrace:
[INFO] [stdout]    0:     0x55e7abf37be1 - <<std[70759c8f55707aa4]::sys::backtrace::BacktraceLock>::print::DisplayBacktrace as core[df12db4294e9bfd3]::fmt::Display>::fmt
[INFO] [stdout]    1:     0x55e7abf4d65a - core[df12db4294e9bfd3]::fmt::write
[INFO] [stdout]    2:     0x55e7abf3c0cc - <alloc[2182bb758b4b3781]::vec::Vec<u8> as core[df12db4294e9bfd3]::io::write::Write>::write_fmt
[INFO] [stdout]    3:     0x55e7abf13c96 - std[70759c8f55707aa4]::panicking::default_hook::{closure#0}
[INFO] [stdout]    4:     0x55e7abf2fe19 - std[70759c8f55707aa4]::panicking::default_hook
[INFO] [stdout]    5:     0x55e7abca2cd0 - test[9d35eded1c95d3be]::test_main_inner::<test[9d35eded1c95d3be]::test_main_static::{closure#0}>::{closure#0}
[INFO] [stdout]    6:     0x55e7abf30142 - std[70759c8f55707aa4]::panicking::panic_with_hook
[INFO] [stdout]    7:     0x55e7abf13d42 - std[70759c8f55707aa4]::panicking::panic_handler::{closure#0}
[INFO] [stdout]    8:     0x55e7abf0c939 - std[70759c8f55707aa4]::sys::backtrace::__rust_end_short_backtrace::<std[70759c8f55707aa4]::panicking::panic_handler::{closure#0}, !>
[INFO] [stdout]    9:     0x55e7abf1493d - __rustc[8fa7c3cbc660c2b3]::rust_begin_unwind
[INFO] [stdout]   10:     0x55e7abf4de3c - core[df12db4294e9bfd3]::panicking::panic_fmt
[INFO] [stdout]   11:     0x55e7abf4dc12 - core[df12db4294e9bfd3]::result::unwrap_failed
[INFO] [stdout]   12:     0x55e7abc95827 - <integration_test[c1a6c9e8c3d5f472]::test_parse_dao_governance_schema::{closure#0} as core[df12db4294e9bfd3]::ops::function::FnOnce<()>>::call_once
[INFO] [stdout]   13:     0x55e7abc95fbb - test[9d35eded1c95d3be]::__rust_begin_short_backtrace::<core[df12db4294e9bfd3]::result::Result<(), alloc[2182bb758b4b3781]::string::String>, fn() -> core[df12db4294e9bfd3]::result::Result<(), alloc[2182bb758b4b3781]::string::String>>
[INFO] [stdout]   14:     0x55e7abca3625 - test[9d35eded1c95d3be]::run_test::{closure#0}
[INFO] [stdout]   15:     0x55e7abc9cee4 - std[70759c8f55707aa4]::sys::backtrace::__rust_begin_short_backtrace::<test[9d35eded1c95d3be]::run_test::{closure#1}, ()>
[INFO] [stdout]   16:     0x55e7abca6782 - <std[70759c8f55707aa4]::thread::lifecycle::spawn_unchecked<test[9d35eded1c95d3be]::run_test::{closure#1}, ()>::{closure#1} as core[df12db4294e9bfd3]::ops::function::FnOnce<()>>::call_once::{shim:vtable#0}
[INFO] [stdout]   17:     0x55e7abf37139 - <std[70759c8f55707aa4]::sys::thread::unix::Thread>::new::thread_start
[INFO] [stdout]   18:     0x7d25c8374dfa - <unknown>
[INFO] [stdout]   19:     0x7d25c84083d4 - clone
[INFO] [stdout]   20:                0x0 - <unknown>
[INFO] [stdout] 
[INFO] [stdout] ---- test_parse_gaming_schema stdout ----
[INFO] [stdout] 
[INFO] [stdout] thread 'test_parse_gaming_schema' (2735) panicked at tests/integration_test.rs:18:45:
[INFO] [stdout] Failed to read gaming schema file: Os { code: 2, kind: NotFound, message: "No such file or directory" }
[INFO] [stdout] stack backtrace:
[INFO] [stdout]    0:     0x55e7abf37be1 - <<std[70759c8f55707aa4]::sys::backtrace::BacktraceLock>::print::DisplayBacktrace as core[df12db4294e9bfd3]::fmt::Display>::fmt
[INFO] [stdout]    1:     0x55e7abf4d65a - core[df12db4294e9bfd3]::fmt::write
[INFO] [stdout]    2:     0x55e7abf3c0cc - <alloc[2182bb758b4b3781]::vec::Vec<u8> as core[df12db4294e9bfd3]::io::write::Write>::write_fmt
[INFO] [stdout]    3:     0x55e7abf13c96 - std[70759c8f55707aa4]::panicking::default_hook::{closure#0}
[INFO] [stdout]    4:     0x55e7abf2fe19 - std[70759c8f55707aa4]::panicking::default_hook
[INFO] [stdout]    5:     0x55e7abca2cd0 - test[9d35eded1c95d3be]::test_main_inner::<test[9d35eded1c95d3be]::test_main_static::{closure#0}>::{closure#0}
[INFO] [stdout]    6:     0x55e7abf30142 - std[70759c8f55707aa4]::panicking::panic_with_hook
[INFO] [stdout]    7:     0x55e7abf13d42 - std[70759c8f55707aa4]::panicking::panic_handler::{closure#0}
[INFO] [stdout]    8:     0x55e7abf0c939 - std[70759c8f55707aa4]::sys::backtrace::__rust_end_short_backtrace::<std[70759c8f55707aa4]::panicking::panic_handler::{closure#0}, !>
[INFO] [stdout]    9:     0x55e7abf1493d - __rustc[8fa7c3cbc660c2b3]::rust_begin_unwind
[INFO] [stdout]   10:     0x55e7abf4de3c - core[df12db4294e9bfd3]::panicking::panic_fmt
[INFO] [stdout]   11:     0x55e7abf4dc12 - core[df12db4294e9bfd3]::result::unwrap_failed
[INFO] [stdout]   12:     0x55e7abc9498b - <integration_test[c1a6c9e8c3d5f472]::test_parse_gaming_schema::{closure#0} as core[df12db4294e9bfd3]::ops::function::FnOnce<()>>::call_once
[INFO] [stdout]   13:     0x55e7abc95fbb - test[9d35eded1c95d3be]::__rust_begin_short_backtrace::<core[df12db4294e9bfd3]::result::Result<(), alloc[2182bb758b4b3781]::string::String>, fn() -> core[df12db4294e9bfd3]::result::Result<(), alloc[2182bb758b4b3781]::string::String>>
[INFO] [stdout]   14:     0x55e7abca3625 - test[9d35eded1c95d3be]::run_test::{closure#0}
[INFO] [stdout]   15:     0x55e7abc9cee4 - std[70759c8f55707aa4]::sys::backtrace::__rust_begin_short_backtrace::<test[9d35eded1c95d3be]::run_test::{closure#1}, ()>
[INFO] [stdout]   16:     0x55e7abca6782 - <std[70759c8f55707aa4]::thread::lifecycle::spawn_unchecked<test[9d35eded1c95d3be]::run_test::{closure#1}, ()>::{closure#1} as core[df12db4294e9bfd3]::ops::function::FnOnce<()>>::call_once::{shim:vtable#0}
[INFO] [stdout]   17:     0x55e7abf37139 - <std[70759c8f55707aa4]::sys::thread::unix::Thread>::new::thread_start
[INFO] [stdout]   18:     0x7d25c8374dfa - <unknown>
[INFO] [stdout]   19:     0x7d25c84083d4 - clone
[INFO] [stdout]   20:                0x0 - <unknown>
[INFO] [stdout] 
[INFO] [stdout] 
[INFO] [stdout] failures:
[INFO] [stdout]     test_parse_dao_governance_schema
[INFO] [stdout]     test_parse_defi_staking_schema
[INFO] [stdout]     test_parse_gaming_schema
[INFO] [stdout]     test_parse_nft_marketplace_schema
[INFO] [stdout]     test_parse_token_vesting_schema
[INFO] [stdout] 
[INFO] [stdout] test result: FAILED. 0 passed; 5 failed; 0 ignored; 0 measured; 0 filtered out; finished in 0.01s
[INFO] [stdout] 
[INFO] running `Command { std: "docker" "inspect" "a314325a268ae1c14b474c1e88fb490f0e114513f6669f105e79bee88191df84", kill_on_drop: false }`
[INFO] running `Command { std: "docker" "rm" "-f" "a314325a268ae1c14b474c1e88fb490f0e114513f6669f105e79bee88191df84", kill_on_drop: false }`
[INFO] [stdout] a314325a268ae1c14b474c1e88fb490f0e114513f6669f105e79bee88191df84
