[INFO] fetching crate lumino-midi-loader 0.2.0-crates-io-preview1...
[INFO] testing lumino-midi-loader-0.2.0-crates-io-preview1 against 1.100.0-beta.1+cargoflags=--release for beta-release-1.100-2
[INFO] extracting crate lumino-midi-loader 0.2.0-crates-io-preview1 into /workspace/builds/worker-6-tc2/source
[INFO] started tweaking crates.io crate lumino-midi-loader 0.2.0-crates-io-preview1
[INFO] finished tweaking crates.io crate lumino-midi-loader 0.2.0-crates-io-preview1
[INFO] tweaked toml for crates.io crate lumino-midi-loader 0.2.0-crates-io-preview1 written to /workspace/builds/worker-6-tc2/source/Cargo.toml
[INFO] validating manifest of crates.io crate lumino-midi-loader 0.2.0-crates-io-preview1 on toolchain 1.100.0-beta.1
[INFO] running `Command { std: CARGO_HOME="/workspace/cargo-home" RUSTUP_HOME="/workspace/rustup-home" "/workspace/cargo-home/bin/cargo" "+1.100.0-beta.1" "metadata" "--manifest-path" "Cargo.toml" "--no-deps", kill_on_drop: false }`
[INFO] crate crates.io crate lumino-midi-loader 0.2.0-crates-io-preview1 already has a lockfile, it will not be regenerated
[INFO] running `Command { std: CARGO_HOME="/workspace/cargo-home" RUSTUP_HOME="/workspace/rustup-home" "/workspace/cargo-home/bin/cargo" "+1.100.0-beta.1" "fetch" "--manifest-path" "Cargo.toml", kill_on_drop: false }`
[INFO] [stderr] warning: `package.homepage` is redundant with `package.repository`
[INFO] [stderr]   --> Cargo.toml:68:12
[INFO] [stderr]    |
[INFO] [stderr] 68 | homepage = "https://github.com/PenguinBMDevs/lumino-rs"
[INFO] [stderr]    |            ^^^^^^^^^^^^^^^^^^^^^^^^^^^^^^^^^^^^^^^^^^^^
[INFO] [stderr] ...
[INFO] [stderr] 72 | repository = "https://github.com/PenguinBMDevs/lumino-rs"
[INFO] [stderr]    |              --------------------------------------------
[INFO] [stderr]    |
[INFO] [stderr]    = note: `cargo::redundant_homepage` is set to `warn` by default
[INFO] [stderr] help: consider removing `package.homepage`
[INFO] [stderr] warning: `lumino-midi-loader` (manifest) generated 1 warning
[INFO] running `Command { std: "docker" "create" "-v" "/var/lib/crater-agent-workspace/builds/worker-6-tc2/source:/opt/rustwide/workdir:ro,Z" "-v" "/var/lib/crater-agent-workspace/builds/worker-6-tc2/target:/opt/rustwide/target:rw,Z" "-v" "/var/lib/crater-agent-workspace/cargo-home:/opt/rustwide/cargo-home:ro,Z" "-v" "/var/lib/crater-agent-workspace/rustup-home:/opt/rustwide/rustup-home:ro,Z" "-m" "1610612736" "--network" "none" "ghcr.io/rust-lang/crates-build-env/linux@sha256:77db811e55d90add9212f6832c23229e3de5f1c1f9905e8cb07319ea15df73ac" "sleep" "infinity", kill_on_drop: false }`
[INFO] [stdout] 857b0e70ef424325f65b8cbd30aabfb0f7c0eda0398905d83e73e01710a97c12
[INFO] running `Command { std: "docker" "start" "857b0e70ef424325f65b8cbd30aabfb0f7c0eda0398905d83e73e01710a97c12", kill_on_drop: false }`
[INFO] running `Command { std: "docker" "inspect" "857b0e70ef424325f65b8cbd30aabfb0f7c0eda0398905d83e73e01710a97c12", kill_on_drop: false }`
[INFO] running `Command { std: "docker" "exec" "-e" "SOURCE_DIR=/opt/rustwide/workdir" "-e" "CARGO_HOME=/opt/rustwide/cargo-home" "-e" "RUSTUP_HOME=/opt/rustwide/rustup-home" "-e" "CARGO_TARGET_DIR=/opt/rustwide/target" "-w" "/opt/rustwide/workdir" "--user" "0:0" "857b0e70ef424325f65b8cbd30aabfb0f7c0eda0398905d83e73e01710a97c12" "/opt/rustwide/cargo-home/bin/cargo" "+1.100.0-beta.1" "metadata" "--no-deps" "--format-version=1", kill_on_drop: false }`
[INFO] running `Command { std: "docker" "inspect" "857b0e70ef424325f65b8cbd30aabfb0f7c0eda0398905d83e73e01710a97c12", kill_on_drop: false }`
[INFO] running `Command { std: "docker" "exec" "-e" "SOURCE_DIR=/opt/rustwide/workdir" "-e" "CARGO_HOME=/opt/rustwide/cargo-home" "-e" "RUSTUP_HOME=/opt/rustwide/rustup-home" "-e" "CARGO_TARGET_DIR=/opt/rustwide/target" "-e" "CARGO_INCREMENTAL=0" "-e" "RUST_BACKTRACE=full" "-e" "RUSTFLAGS=--cap-lints=warn" "-e" "RUSTDOCFLAGS=--cap-lints=warn" "-w" "/opt/rustwide/workdir" "--user" "0:0" "857b0e70ef424325f65b8cbd30aabfb0f7c0eda0398905d83e73e01710a97c12" "/opt/rustwide/cargo-home/bin/cargo" "+1.100.0-beta.1" "build" "--frozen" "--message-format=json" "--release", kill_on_drop: false }`
[INFO] [stderr] warning: `package.homepage` is redundant with `package.repository`
[INFO] [stderr]   --> Cargo.toml:68:12
[INFO] [stderr]    |
[INFO] [stderr] 68 | homepage = "https://github.com/PenguinBMDevs/lumino-rs"
[INFO] [stderr]    |            ^^^^^^^^^^^^^^^^^^^^^^^^^^^^^^^^^^^^^^^^^^^^
[INFO] [stderr] ...
[INFO] [stderr] 72 | repository = "https://github.com/PenguinBMDevs/lumino-rs"
[INFO] [stderr]    |              --------------------------------------------
[INFO] [stderr]    |
[INFO] [stderr]    = note: `cargo::redundant_homepage` is set to `warn` by default
[INFO] [stderr] help: consider removing `package.homepage`
[INFO] [stderr] warning: `lumino-midi-loader` (manifest) generated 1 warning
[INFO] [stderr]    Compiling anyhow v1.0.103
[INFO] [stderr]    Compiling cc v1.2.66
[INFO] [stderr]    Compiling itertools v0.10.5
[INFO] [stderr]    Compiling tokio v1.52.3
[INFO] [stderr]    Compiling syn v2.0.118
[INFO] [stderr]    Compiling rayon v1.12.0
[INFO] [stderr]    Compiling zstd-sys v2.0.16+zstd.1.5.7
[INFO] [stderr]    Compiling libmimalloc-sys v0.1.49
[INFO] [stderr]    Compiling puffin v0.19.1
[INFO] [stderr]    Compiling lumino-midly v0.6.0
[INFO] [stderr]    Compiling tracing-attributes v0.1.31
[INFO] [stderr]    Compiling serde_derive v1.0.228
[INFO] [stderr]    Compiling thiserror-impl v2.0.18
[INFO] [stderr]    Compiling tracing v0.1.44
[INFO] [stderr]    Compiling lumino-memory-monitor v0.2.0-crates-io-preview1
[INFO] [stderr]    Compiling thiserror v2.0.18
[INFO] [stderr]    Compiling mimalloc v0.1.52
[INFO] [stderr]    Compiling lumino-memtrace v0.2.0-crates-io-preview1
[INFO] [stderr]    Compiling serde v1.0.228
[INFO] [stderr]    Compiling bincode v1.3.3
[INFO] [stderr]    Compiling lumino-midi-model v0.2.0-crates-io-preview1
[INFO] [stderr]    Compiling zstd-safe v7.2.4
[INFO] [stderr]    Compiling zstd v0.13.3
[INFO] [stderr]    Compiling lumino-midi-loader v0.2.0-crates-io-preview1 (/opt/rustwide/workdir)
[INFO] [stderr] warning: unused dependency `puffin`
[INFO] [stderr]   --> Cargo.toml:18:15
[INFO] [stderr]    |
[INFO] [stderr] 18 | [dependencies.puffin]
[INFO] [stderr]    |               ^^^^^^^
[INFO] [stderr]    |
[INFO] [stderr]    = note: `cargo::unused_dependencies` is set to `warn` by default
[INFO] [stderr] help: consider removing the dependency on `puffin`
[INFO] [stderr] warning: `lumino-midi-loader` (manifest) generated 1 warning
[INFO] [stderr]     Finished `release` profile [optimized] target(s) in 46.71s
[INFO] running `Command { std: "docker" "inspect" "857b0e70ef424325f65b8cbd30aabfb0f7c0eda0398905d83e73e01710a97c12", kill_on_drop: false }`
[INFO] running `Command { std: "docker" "exec" "-e" "SOURCE_DIR=/opt/rustwide/workdir" "-e" "CARGO_HOME=/opt/rustwide/cargo-home" "-e" "RUSTUP_HOME=/opt/rustwide/rustup-home" "-e" "CARGO_TARGET_DIR=/opt/rustwide/target" "-e" "CARGO_INCREMENTAL=0" "-e" "RUST_BACKTRACE=full" "-e" "RUSTFLAGS=--cap-lints=warn" "-e" "RUSTDOCFLAGS=--cap-lints=warn" "-w" "/opt/rustwide/workdir" "--user" "0:0" "857b0e70ef424325f65b8cbd30aabfb0f7c0eda0398905d83e73e01710a97c12" "/opt/rustwide/cargo-home/bin/cargo" "+1.100.0-beta.1" "test" "--frozen" "--no-run" "--message-format=json" "--release", kill_on_drop: false }`
[INFO] [stderr] warning: `package.homepage` is redundant with `package.repository`
[INFO] [stderr]   --> Cargo.toml:68:12
[INFO] [stderr]    |
[INFO] [stderr] 68 | homepage = "https://github.com/PenguinBMDevs/lumino-rs"
[INFO] [stderr]    |            ^^^^^^^^^^^^^^^^^^^^^^^^^^^^^^^^^^^^^^^^^^^^
[INFO] [stderr] ...
[INFO] [stderr] 72 | repository = "https://github.com/PenguinBMDevs/lumino-rs"
[INFO] [stderr]    |              --------------------------------------------
[INFO] [stderr]    |
[INFO] [stderr]    = note: `cargo::redundant_homepage` is set to `warn` by default
[INFO] [stderr] help: consider removing `package.homepage`
[INFO] [stderr] warning: `lumino-midi-loader` (manifest) generated 1 warning
[INFO] [stderr]    Compiling tokio-macros v2.7.0
[INFO] [stderr]    Compiling tokio v1.52.3
[INFO] [stderr]    Compiling lumino-midi-loader v0.2.0-crates-io-preview1 (/opt/rustwide/workdir)
[INFO] [stderr] warning: unused dependency `puffin`
[INFO] [stderr]   --> Cargo.toml:18:15
[INFO] [stderr]    |
[INFO] [stderr] 18 | [dependencies.puffin]
[INFO] [stderr]    |               ^^^^^^^
[INFO] [stderr]    |
[INFO] [stderr]    = note: `cargo::unused_dependencies` is set to `warn` by default
[INFO] [stderr] help: consider removing the dependency on `puffin`
[INFO] [stderr] warning: `lumino-midi-loader` (manifest) generated 1 warning
[INFO] [stderr]     Finished `release` profile [optimized] target(s) in 8.50s
[INFO] running `Command { std: "docker" "inspect" "857b0e70ef424325f65b8cbd30aabfb0f7c0eda0398905d83e73e01710a97c12", kill_on_drop: false }`
[INFO] running `Command { std: "docker" "exec" "-e" "SOURCE_DIR=/opt/rustwide/workdir" "-e" "CARGO_HOME=/opt/rustwide/cargo-home" "-e" "RUSTUP_HOME=/opt/rustwide/rustup-home" "-e" "CARGO_TARGET_DIR=/opt/rustwide/target" "-e" "CARGO_INCREMENTAL=0" "-e" "RUST_BACKTRACE=full" "-e" "RUSTFLAGS=--cap-lints=warn" "-e" "RUSTDOCFLAGS=--cap-lints=warn" "-w" "/opt/rustwide/workdir" "--user" "0:0" "857b0e70ef424325f65b8cbd30aabfb0f7c0eda0398905d83e73e01710a97c12" "/opt/rustwide/cargo-home/bin/cargo" "+1.100.0-beta.1" "test" "--frozen" "--release", kill_on_drop: false }`
[INFO] [stderr] warning: `package.homepage` is redundant with `package.repository`
[INFO] [stderr]   --> Cargo.toml:68:12
[INFO] [stderr]    |
[INFO] [stderr] 68 | homepage = "https://github.com/PenguinBMDevs/lumino-rs"
[INFO] [stderr]    |            ^^^^^^^^^^^^^^^^^^^^^^^^^^^^^^^^^^^^^^^^^^^^
[INFO] [stderr] ...
[INFO] [stderr] 72 | repository = "https://github.com/PenguinBMDevs/lumino-rs"
[INFO] [stderr]    |              --------------------------------------------
[INFO] [stderr]    |
[INFO] [stderr]    = note: `cargo::redundant_homepage` is set to `warn` by default
[INFO] [stderr] help: consider removing `package.homepage`
[INFO] [stderr] warning: `lumino-midi-loader` (manifest) generated 1 warning
[INFO] [stderr] warning: unused dependency `puffin`
[INFO] [stderr]   --> Cargo.toml:18:15
[INFO] [stderr]    |
[INFO] [stderr] 18 | [dependencies.puffin]
[INFO] [stderr]    |               ^^^^^^^
[INFO] [stderr]    |
[INFO] [stderr]    = note: `cargo::unused_dependencies` is set to `warn` by default
[INFO] [stderr] help: consider removing the dependency on `puffin`
[INFO] [stderr] warning: `lumino-midi-loader` (manifest) generated 1 warning
[INFO] [stderr]     Finished `release` profile [optimized] target(s) in 0.08s
[INFO] [stderr]      Running unittests src/lib.rs (/opt/rustwide/target/release/build/lumino-midi-loader/ebf29c50cdcc8c90/out/lumino_midi_loader-ebf29c50cdcc8c90)
[INFO] [stdout] 
[INFO] [stdout] running 20 tests
[INFO] [stdout] test quantize::tests::test_quantize_grid_sizes ... ok
[INFO] [stdout] test quantize::tests::test_edge_cases ... ok
[INFO] [stdout] test quantize::tests::test_quantize_with_end ... ok
[INFO] [stdout] test document_tests::tempo::test_tempo_changes_uses_file_tempo_at_tick_zero ... ok
[INFO] [stdout] test document_tests::from_notes::test_from_notes_file ... ok
[INFO] [stdout] test streaming::tests::test_events_in_order ... FAILED
[INFO] [stdout] test document_tests::from_notes::test_get_events_in_range ... ok
[INFO] [stdout] test document_tests::tempo::test_tempo_changes_multiple_changes ... ok
[INFO] [stdout] test streaming::tests::test_multi_track_interleave ... FAILED
[INFO] [stdout] test quantize::tests::test_high_precision_grid ... ok
[INFO] [stdout] test quantize::tests::test_default_config ... ok
[INFO] [stdout] test streaming::tests::test_real_midi_parses ... FAILED
[INFO] [stdout] test streaming::tests::test_note_on_events ... FAILED
[INFO] [stdout] test quantize::tests::test_quantize_tick_basic ... ok
[INFO] [stdout] test quantize::tests::test_quantize_notes ... ok
[INFO] [stdout] test quantize::tests::test_partial_strength_interpolation ... ok
[INFO] [stdout] test quantize::tests::test_quantize_preserves_unmodified_notes ... ok
[INFO] [stdout] test document_tests::from_notes::test_track_notes_contiguous_range ... ok
[INFO] [stdout] test quantize::tests::test_quantize_strength ... ok
[INFO] [stdout] test document_tests::tempo::test_tempo_changes_default_120_when_no_tick_zero_tempo ... ok
[INFO] [stdout] 
[INFO] [stdout] failures:
[INFO] [stdout] 
[INFO] [stdout] ---- streaming::tests::test_events_in_order stdout ----
[INFO] [stdout] 
[INFO] [stdout] thread 'streaming::tests::test_events_in_order' (950) panicked at src/streaming.rs:324:50:
[INFO] [stdout] test MIDI file should exist: Os { code: 2, kind: NotFound, message: "No such file or directory" }
[INFO] [stdout] stack backtrace:
[INFO] [stdout]    0:     0x5ebe282cf8b1 - <<std[617be2ca0a6fd877]::sys::backtrace::BacktraceLock>::print::DisplayBacktrace as core[a373ad73a504971]::fmt::Display>::fmt
[INFO] [stdout]    1:     0x5ebe282e40ba - core[a373ad73a504971]::fmt::write
[INFO] [stdout]    2:     0x5ebe282d3b1c - <alloc[2e1b2a31b91974c5]::vec::Vec<u8> as core[a373ad73a504971]::io::write::Write>::write_fmt
[INFO] [stdout]    3:     0x5ebe282aad06 - std[617be2ca0a6fd877]::panicking::default_hook::{closure#0}
[INFO] [stdout]    4:     0x5ebe282c7309 - std[617be2ca0a6fd877]::panicking::default_hook
[INFO] [stdout]    5:     0x5ebe2822ce20 - test[aada8e7e76ba119b]::test_main_inner::{closure#0}
[INFO] [stdout]    6:     0x5ebe282c7632 - std[617be2ca0a6fd877]::panicking::panic_with_hook
[INFO] [stdout]    7:     0x5ebe282aadb2 - std[617be2ca0a6fd877]::panicking::panic_handler::{closure#0}
[INFO] [stdout]    8:     0x5ebe282a3889 - std[617be2ca0a6fd877]::sys::backtrace::__rust_end_short_backtrace::<std[617be2ca0a6fd877]::panicking::panic_handler::{closure#0}, !>
[INFO] [stdout]    9:     0x5ebe282ab9bd - __rustc[ea4f61d10b84890b]::rust_begin_unwind
[INFO] [stdout]   10:     0x5ebe282e481c - core[a373ad73a504971]::panicking::panic_fmt
[INFO] [stdout]   11:     0x5ebe282e45f2 - core[a373ad73a504971]::result::unwrap_failed
[INFO] [stdout]   12:     0x5ebe2821c150 - <lumino_midi_loader[5b8910755a85dff7]::streaming::tests::test_events_in_order::{closure#0} as core[a373ad73a504971]::ops::function::FnOnce<()>>::call_once
[INFO] [stdout]   13:     0x5ebe2822026b - test[aada8e7e76ba119b]::__rust_begin_short_backtrace::<core[a373ad73a504971]::result::Result<(), alloc[2e1b2a31b91974c5]::string::String>, fn() -> core[a373ad73a504971]::result::Result<(), alloc[2e1b2a31b91974c5]::string::String>>
[INFO] [stdout]   14:     0x5ebe2822d445 - test[aada8e7e76ba119b]::run_test::{closure#0}
[INFO] [stdout]   15:     0x5ebe28226d34 - std[617be2ca0a6fd877]::sys::backtrace::__rust_begin_short_backtrace::<test[aada8e7e76ba119b]::run_test::{closure#1}, ()>
[INFO] [stdout]   16:     0x5ebe282304d2 - <std[617be2ca0a6fd877]::thread::lifecycle::spawn_unchecked<test[aada8e7e76ba119b]::run_test::{closure#1}, ()>::{closure#1} as core[a373ad73a504971]::ops::function::FnOnce<()>>::call_once::{shim:vtable#0}
[INFO] [stdout]   17:     0x5ebe282ce87f - <std[617be2ca0a6fd877]::sys::thread::unix::Thread>::new::thread_start
[INFO] [stdout]   18:     0x7bd9eb2fedfa - <unknown>
[INFO] [stdout]   19:     0x7bd9eb3923d4 - clone
[INFO] [stdout]   20:                0x0 - <unknown>
[INFO] [stdout] 
[INFO] [stdout] ---- streaming::tests::test_multi_track_interleave stdout ----
[INFO] [stdout] 
[INFO] [stdout] thread 'streaming::tests::test_multi_track_interleave' (952) panicked at src/streaming.rs:347:50:
[INFO] [stdout] test MIDI file should exist: Os { code: 2, kind: NotFound, message: "No such file or directory" }
[INFO] [stdout] stack backtrace:
[INFO] [stdout]    0:     0x5ebe282cf8b1 - <<std[617be2ca0a6fd877]::sys::backtrace::BacktraceLock>::print::DisplayBacktrace as core[a373ad73a504971]::fmt::Display>::fmt
[INFO] [stdout]    1:     0x5ebe282e40ba - core[a373ad73a504971]::fmt::write
[INFO] [stdout]    2:     0x5ebe282d3b1c - <alloc[2e1b2a31b91974c5]::vec::Vec<u8> as core[a373ad73a504971]::io::write::Write>::write_fmt
[INFO] [stdout]    3:     0x5ebe282aad06 - std[617be2ca0a6fd877]::panicking::default_hook::{closure#0}
[INFO] [stdout]    4:     0x5ebe282c7309 - std[617be2ca0a6fd877]::panicking::default_hook
[INFO] [stdout]    5:     0x5ebe2822ce20 - test[aada8e7e76ba119b]::test_main_inner::{closure#0}
[INFO] [stdout]    6:     0x5ebe282c7632 - std[617be2ca0a6fd877]::panicking::panic_with_hook
[INFO] [stdout]    7:     0x5ebe282aadb2 - std[617be2ca0a6fd877]::panicking::panic_handler::{closure#0}
[INFO] [stdout]    8:     0x5ebe282a3889 - std[617be2ca0a6fd877]::sys::backtrace::__rust_end_short_backtrace::<std[617be2ca0a6fd877]::panicking::panic_handler::{closure#0}, !>
[INFO] [stdout]    9:     0x5ebe282ab9bd - __rustc[ea4f61d10b84890b]::rust_begin_unwind
[INFO] [stdout]   10:     0x5ebe282e481c - core[a373ad73a504971]::panicking::panic_fmt
[INFO] [stdout]   11:     0x5ebe282e45f2 - core[a373ad73a504971]::result::unwrap_failed
[INFO] [stdout]   12:     0x5ebe2821c7a7 - <lumino_midi_loader[5b8910755a85dff7]::streaming::tests::test_multi_track_interleave::{closure#0} as core[a373ad73a504971]::ops::function::FnOnce<()>>::call_once
[INFO] [stdout]   13:     0x5ebe2822026b - test[aada8e7e76ba119b]::__rust_begin_short_backtrace::<core[a373ad73a504971]::result::Result<(), alloc[2e1b2a31b91974c5]::string::String>, fn() -> core[a373ad73a504971]::result::Result<(), alloc[2e1b2a31b91974c5]::string::String>>
[INFO] [stdout]   14:     0x5ebe2822d445 - test[aada8e7e76ba119b]::run_test::{closure#0}
[INFO] [stdout]   15:     0x5ebe28226d34 - std[617be2ca0a6fd877]::sys::backtrace::__rust_begin_short_backtrace::<test[aada8e7e76ba119b]::run_test::{closure#1}, ()>
[INFO] [stdout]   16:     0x5ebe282304d2 - <std[617be2ca0a6fd877]::thread::lifecycle::spawn_unchecked<test[aada8e7e76ba119b]::run_test::{closure#1}, ()>::{closure#1} as core[a373ad73a504971]::ops::function::FnOnce<()>>::call_once::{shim:vtable#0}
[INFO] [stdout]   17:     0x5ebe282ce87f - <std[617be2ca0a6fd877]::sys::thread::unix::Thread>::new::thread_start
[INFO] [stdout]   18:     0x7bd9eb2fedfa - <unknown>
[INFO] [stdout]   19:     0x7bd9eb3923d4 - clone
[INFO] [stdout]   20:                0x0 - <unknown>
[INFO] [stdout] 
[INFO] [stdout] ---- streaming::tests::test_real_midi_parses stdout ----
[INFO] [stdout] 
[INFO] [stdout] thread 'streaming::tests::test_real_midi_parses' (967) panicked at src/streaming.rs:293:50:
[INFO] [stdout] test MIDI file should exist: Os { code: 2, kind: NotFound, message: "No such file or directory" }
[INFO] [stdout] stack backtrace:
[INFO] [stdout]    0:     0x5ebe282cf8b1 - <<std[617be2ca0a6fd877]::sys::backtrace::BacktraceLock>::print::DisplayBacktrace as core[a373ad73a504971]::fmt::Display>::fmt
[INFO] [stdout]    1:     0x5ebe282e40ba - core[a373ad73a504971]::fmt::write
[INFO] [stdout]    2:     0x5ebe282d3b1c - <alloc[2e1b2a31b91974c5]::vec::Vec<u8> as core[a373ad73a504971]::io::write::Write>::write_fmt
[INFO] [stdout]    3:     0x5ebe282aad06 - std[617be2ca0a6fd877]::panicking::default_hook::{closure#0}
[INFO] [stdout]    4:     0x5ebe282c7309 - std[617be2ca0a6fd877]::panicking::default_hook
[INFO] [stdout]    5:     0x5ebe2822ce20 - test[aada8e7e76ba119b]::test_main_inner::{closure#0}
[INFO] [stdout]    6:     0x5ebe282c7632 - std[617be2ca0a6fd877]::panicking::panic_with_hook
[INFO] [stdout]    7:     0x5ebe282aadb2 - std[617be2ca0a6fd877]::panicking::panic_handler::{closure#0}
[INFO] [stdout]    8:     0x5ebe282a3889 - std[617be2ca0a6fd877]::sys::backtrace::__rust_end_short_backtrace::<std[617be2ca0a6fd877]::panicking::panic_handler::{closure#0}, !>
[INFO] [stdout]    9:     0x5ebe282ab9bd - __rustc[ea4f61d10b84890b]::rust_begin_unwind
[INFO] [stdout]   10:     0x5ebe282e481c - core[a373ad73a504971]::panicking::panic_fmt
[INFO] [stdout]   11:     0x5ebe282e45f2 - core[a373ad73a504971]::result::unwrap_failed
[INFO] [stdout]   12:     0x5ebe2821c489 - <lumino_midi_loader[5b8910755a85dff7]::streaming::tests::test_real_midi_parses::{closure#0} as core[a373ad73a504971]::ops::function::FnOnce<()>>::call_once
[INFO] [stdout]   13:     0x5ebe2822026b - test[aada8e7e76ba119b]::__rust_begin_short_backtrace::<core[a373ad73a504971]::result::Result<(), alloc[2e1b2a31b91974c5]::string::String>, fn() -> core[a373ad73a504971]::result::Result<(), alloc[2e1b2a31b91974c5]::string::String>>
[INFO] [stdout]   14:     0x5ebe2822d445 - test[aada8e7e76ba119b]::run_test::{closure#0}
[INFO] [stdout]   15:     0x5ebe28226d34 - std[617be2ca0a6fd877]::sys::backtrace::__rust_begin_short_backtrace::<test[aada8e7e76ba119b]::run_test::{closure#1}, ()>
[INFO] [stdout]   16:     0x5ebe282304d2 - <std[617be2ca0a6fd877]::thread::lifecycle::spawn_unchecked<test[aada8e7e76ba119b]::run_test::{closure#1}, ()>::{closure#1} as core[a373ad73a504971]::ops::function::FnOnce<()>>::call_once::{shim:vtable#0}
[INFO] [stdout]   17:     0x5ebe282ce87f - <std[617be2ca0a6fd877]::sys::thread::unix::Thread>::new::thread_start
[INFO] [stdout]   18:     0x7bd9eb2fedfa - <unknown>
[INFO] [stdout]   19:     0x7bd9eb3923d4 - clone
[INFO] [stdout]   20:                0x0 - <unknown>
[INFO] [stdout] 
[INFO] [stdout] ---- streaming::tests::test_note_on_events stdout ----
[INFO] [stdout] 
[INFO] [stdout] thread 'streaming::tests::test_note_on_events' (966) panicked at src/streaming.rs:377:50:
[INFO] [stdout] test MIDI file should exist: Os { code: 2, kind: NotFound, message: "No such file or directory" }
[INFO] [stdout] stack backtrace:
[INFO] [stdout]    0:     0x5ebe282cf8b1 - <<std[617be2ca0a6fd877]::sys::backtrace::BacktraceLock>::print::DisplayBacktrace as core[a373ad73a504971]::fmt::Display>::fmt
[INFO] [stdout]    1:     0x5ebe282e40ba - core[a373ad73a504971]::fmt::write
[INFO] [stdout]    2:     0x5ebe282d3b1c - <alloc[2e1b2a31b91974c5]::vec::Vec<u8> as core[a373ad73a504971]::io::write::Write>::write_fmt
[INFO] [stdout]    3:     0x5ebe282aad06 - std[617be2ca0a6fd877]::panicking::default_hook::{closure#0}
[INFO] [stdout]    4:     0x5ebe282c7309 - std[617be2ca0a6fd877]::panicking::default_hook
[INFO] [stdout]    5:     0x5ebe2822ce20 - test[aada8e7e76ba119b]::test_main_inner::{closure#0}
[INFO] [stdout]    6:     0x5ebe282c7632 - std[617be2ca0a6fd877]::panicking::panic_with_hook
[INFO] [stdout]    7:     0x5ebe282aadb2 - std[617be2ca0a6fd877]::panicking::panic_handler::{closure#0}
[INFO] [stdout]    8:     0x5ebe282a3889 - std[617be2ca0a6fd877]::sys::backtrace::__rust_end_short_backtrace::<std[617be2ca0a6fd877]::panicking::panic_handler::{closure#0}, !>
[INFO] [stdout]    9:     0x5ebe282ab9bd - __rustc[ea4f61d10b84890b]::rust_begin_unwind
[INFO] [stdout]   10:     0x5ebe282e481c - core[a373ad73a504971]::panicking::panic_fmt
[INFO] [stdout]   11:     0x5ebe282e45f2 - core[a373ad73a504971]::result::unwrap_failed
[INFO] [stdout]   12:     0x5ebe2821be7e - <lumino_midi_loader[5b8910755a85dff7]::streaming::tests::test_note_on_events::{closure#0} as core[a373ad73a504971]::ops::function::FnOnce<()>>::call_once
[INFO] [stdout]   13:     0x5ebe2822026b - test[aada8e7e76ba119b]::__rust_begin_short_backtrace::<core[a373ad73a504971]::result::Result<(), alloc[2e1b2a31b91974c5]::string::String>, fn() -> core[a373ad73a504971]::result::Result<(), alloc[2e1b2a31b91974c5]::string::String>>
[INFO] [stdout]   14:     0x5ebe2822d445 - test[aada8e7e76ba119b]::run_test::{closure#0}
[INFO] [stdout]   15:     0x5ebe28226d34 - std[617be2ca0a6fd877]::sys::backtrace::__rust_begin_short_backtrace::<test[aada8e7e76ba119b]::run_test::{closure#1}, ()>
[INFO] [stdout]   16:     0x5ebe282304d2 - <std[617be2ca0a6fd877]::thread::lifecycle::spawn_unchecked<test[aada8e7e76ba119b]::run_test::{closure#1}, ()>::{closure#1} as core[a373ad73a504971]::ops::function::FnOnce<()>>::call_once::{shim:vtable#0}
[INFO] [stdout]   17:     0x5ebe282ce87f - <std[617be2ca0a6fd877]::sys::thread::unix::Thread>::new::thread_start
[INFO] [stdout]   18:     0x7bd9eb2fedfa - <unknown>
[INFO] [stdout]   19:     0x7bd9eb3923d4 - clone
[INFO] [stdout]   20:                0x0 - <unknown>
[INFO] [stdout] 
[INFO] [stdout] 
[INFO] [stdout] failures:
[INFO] [stdout]     streaming::tests::test_events_in_order
[INFO] [stdout]     streaming::tests::test_multi_track_interleave
[INFO] [stdout]     streaming::tests::test_note_on_events
[INFO] [stdout]     streaming::tests::test_real_midi_parses
[INFO] [stdout] 
[INFO] [stdout] test result: FAILED. 16 passed; 4 failed; 0 ignored; 0 measured; 0 filtered out; finished in 0.01s
[INFO] [stdout] 
[INFO] [stderr] error: test failed, to rerun pass `--lib`
[INFO] running `Command { std: "docker" "inspect" "857b0e70ef424325f65b8cbd30aabfb0f7c0eda0398905d83e73e01710a97c12", kill_on_drop: false }`
[INFO] running `Command { std: "docker" "rm" "-f" "857b0e70ef424325f65b8cbd30aabfb0f7c0eda0398905d83e73e01710a97c12", kill_on_drop: false }`
[INFO] [stdout] 857b0e70ef424325f65b8cbd30aabfb0f7c0eda0398905d83e73e01710a97c12
