[INFO] fetching crate lumin 0.1.16...
[INFO] testing lumin-0.1.16 against 1.99.0-beta.8+cargoflags=--release for beta-release-1.100-2
[INFO] extracting crate lumin 0.1.16 into /workspace/builds/worker-3-tc1/source
[INFO] removed /workspace/builds/worker-3-tc1/source/rust-toolchain.toml
[INFO] started tweaking crates.io crate lumin 0.1.16
[INFO] removed 0 missing tests
[INFO] finished tweaking crates.io crate lumin 0.1.16
[INFO] tweaked toml for crates.io crate lumin 0.1.16 written to /workspace/builds/worker-3-tc1/source/Cargo.toml
[INFO] validating manifest of crates.io crate lumin 0.1.16 on toolchain 1.99.0-beta.8
[INFO] running `Command { std: CARGO_HOME="/workspace/cargo-home" RUSTUP_HOME="/workspace/rustup-home" "/workspace/cargo-home/bin/cargo" "+1.99.0-beta.8" "metadata" "--manifest-path" "Cargo.toml" "--no-deps", kill_on_drop: false }`
[INFO] crate crates.io crate lumin 0.1.16 already has a lockfile, it will not be regenerated
[INFO] running `Command { std: CARGO_HOME="/workspace/cargo-home" RUSTUP_HOME="/workspace/rustup-home" "/workspace/cargo-home/bin/cargo" "+1.99.0-beta.8" "fetch" "--manifest-path" "Cargo.toml", kill_on_drop: false }`
[INFO] [stderr]     Updating crates.io index
[INFO] [stderr]  Downloading crates ...
[INFO] [stderr]   Downloaded grep-regex v0.1.13
[INFO] [stderr]   Downloaded grep-cli v0.1.11
[INFO] [stderr]   Downloaded grep-searcher v0.1.14
[INFO] [stderr]   Downloaded defer v0.1.0
[INFO] [stderr]   Downloaded grep-matcher v0.1.7
[INFO] [stderr]   Downloaded serial_test_derive v2.0.0
[INFO] [stderr]   Downloaded serial_test v2.0.0
[INFO] [stderr]   Downloaded grep-printer v0.2.2
[INFO] [stderr]   Downloaded grep v0.3.2
[INFO] [stderr]   Downloaded clap v4.5.37
[INFO] [stderr]   Downloaded jiff-static v0.2.12
[INFO] [stderr]   Downloaded clap_builder v4.5.37
[INFO] [stderr]   Downloaded jiff v0.2.12
[INFO] running `Command { std: "docker" "create" "-v" "/var/lib/crater-agent-workspace/builds/worker-3-tc1/source:/opt/rustwide/workdir:ro,Z" "-v" "/var/lib/crater-agent-workspace/builds/worker-3-tc1/target:/opt/rustwide/target:rw,Z" "-v" "/var/lib/crater-agent-workspace/cargo-home:/opt/rustwide/cargo-home:ro,Z" "-v" "/var/lib/crater-agent-workspace/rustup-home:/opt/rustwide/rustup-home:ro,Z" "-m" "1610612736" "--network" "none" "ghcr.io/rust-lang/crates-build-env/linux@sha256:77db811e55d90add9212f6832c23229e3de5f1c1f9905e8cb07319ea15df73ac" "sleep" "infinity", kill_on_drop: false }`
[INFO] [stdout] 44daf44c9ae9396d3490ff46a32529ccc8f55111e7c480d7ce45f9ca2115340f
[INFO] running `Command { std: "docker" "start" "44daf44c9ae9396d3490ff46a32529ccc8f55111e7c480d7ce45f9ca2115340f", kill_on_drop: false }`
[INFO] running `Command { std: "docker" "inspect" "44daf44c9ae9396d3490ff46a32529ccc8f55111e7c480d7ce45f9ca2115340f", kill_on_drop: false }`
[INFO] running `Command { std: "docker" "exec" "-e" "SOURCE_DIR=/opt/rustwide/workdir" "-e" "CARGO_HOME=/opt/rustwide/cargo-home" "-e" "RUSTUP_HOME=/opt/rustwide/rustup-home" "-e" "CARGO_TARGET_DIR=/opt/rustwide/target" "-w" "/opt/rustwide/workdir" "--user" "0:0" "44daf44c9ae9396d3490ff46a32529ccc8f55111e7c480d7ce45f9ca2115340f" "/opt/rustwide/cargo-home/bin/cargo" "+1.99.0-beta.8" "metadata" "--no-deps" "--format-version=1", kill_on_drop: false }`
[INFO] running `Command { std: "docker" "inspect" "44daf44c9ae9396d3490ff46a32529ccc8f55111e7c480d7ce45f9ca2115340f", kill_on_drop: false }`
[INFO] running `Command { std: "docker" "exec" "-e" "SOURCE_DIR=/opt/rustwide/workdir" "-e" "CARGO_HOME=/opt/rustwide/cargo-home" "-e" "RUSTUP_HOME=/opt/rustwide/rustup-home" "-e" "CARGO_TARGET_DIR=/opt/rustwide/target" "-e" "CARGO_INCREMENTAL=0" "-e" "RUST_BACKTRACE=full" "-e" "RUSTFLAGS=--cap-lints=warn" "-e" "RUSTDOCFLAGS=--cap-lints=warn" "-w" "/opt/rustwide/workdir" "--user" "0:0" "44daf44c9ae9396d3490ff46a32529ccc8f55111e7c480d7ce45f9ca2115340f" "/opt/rustwide/cargo-home/bin/cargo" "+1.99.0-beta.8" "build" "--frozen" "--message-format=json" "--release", kill_on_drop: false }`
[INFO] [stderr]    Compiling aho-corasick v1.1.3
[INFO] [stderr]    Compiling libc v0.2.172
[INFO] [stderr]    Compiling grep-matcher v0.1.7
[INFO] [stderr]    Compiling uuid v1.16.0
[INFO] [stderr]    Compiling encoding_rs_io v0.1.7
[INFO] [stderr]    Compiling jiff v0.2.12
[INFO] [stderr]    Compiling clap_builder v4.5.37
[INFO] [stderr]    Compiling serde_derive v1.0.219
[INFO] [stderr]    Compiling cfb v0.7.3
[INFO] [stderr]    Compiling memmap2 v0.9.5
[INFO] [stderr]    Compiling infer v0.19.0
[INFO] [stderr]    Compiling regex-automata v0.4.9
[INFO] [stderr]    Compiling serde v1.0.219
[INFO] [stderr]    Compiling clap v4.5.37
[INFO] [stderr]    Compiling bstr v1.12.0
[INFO] [stderr]    Compiling regex v1.11.1
[INFO] [stderr]    Compiling globset v0.4.16
[INFO] [stderr]    Compiling grep-searcher v0.1.14
[INFO] [stderr]    Compiling env_filter v0.1.3
[INFO] [stderr]    Compiling grep-regex v0.1.13
[INFO] [stderr]    Compiling grep-cli v0.1.11
[INFO] [stderr]    Compiling ignore v0.4.23
[INFO] [stderr]    Compiling env_logger v0.11.8
[INFO] [stderr]    Compiling serde_json v1.0.140
[INFO] [stderr]    Compiling grep-printer v0.2.2
[INFO] [stderr]    Compiling grep v0.3.2
[INFO] [stderr]    Compiling lumin v0.1.16 (/opt/rustwide/workdir)
[INFO] [stderr]     Finished `release` profile [optimized] target(s) in 45.26s
[INFO] running `Command { std: "docker" "inspect" "44daf44c9ae9396d3490ff46a32529ccc8f55111e7c480d7ce45f9ca2115340f", kill_on_drop: false }`
[INFO] running `Command { std: "docker" "exec" "-e" "SOURCE_DIR=/opt/rustwide/workdir" "-e" "CARGO_HOME=/opt/rustwide/cargo-home" "-e" "RUSTUP_HOME=/opt/rustwide/rustup-home" "-e" "CARGO_TARGET_DIR=/opt/rustwide/target" "-e" "CARGO_INCREMENTAL=0" "-e" "RUST_BACKTRACE=full" "-e" "RUSTFLAGS=--cap-lints=warn" "-e" "RUSTDOCFLAGS=--cap-lints=warn" "-w" "/opt/rustwide/workdir" "--user" "0:0" "44daf44c9ae9396d3490ff46a32529ccc8f55111e7c480d7ce45f9ca2115340f" "/opt/rustwide/cargo-home/bin/cargo" "+1.99.0-beta.8" "test" "--frozen" "--no-run" "--message-format=json" "--release", kill_on_drop: false }`
[INFO] [stderr]    Compiling smallvec v1.15.0
[INFO] [stderr]    Compiling futures-util v0.3.31
[INFO] [stderr]    Compiling getrandom v0.3.2
[INFO] [stderr]    Compiling rustix v1.0.7
[INFO] [stderr]    Compiling hashbrown v0.14.5
[INFO] [stderr]    Compiling bitflags v2.9.0
[INFO] [stderr]    Compiling linux-raw-sys v0.9.4
[INFO] [stderr]    Compiling serial_test_derive v2.0.0
[INFO] [stderr]    Compiling defer v0.1.0
[INFO] [stderr]    Compiling parking_lot_core v0.9.10
[INFO] [stderr]    Compiling parking_lot v0.12.3
[INFO] [stderr]    Compiling dashmap v5.5.3
[INFO] [stderr]    Compiling tempfile v3.19.1
[INFO] [stderr]    Compiling futures-executor v0.3.31
[INFO] [stderr]    Compiling futures v0.3.31
[INFO] [stderr]    Compiling serial_test v2.0.0
[INFO] [stderr]    Compiling lumin v0.1.16 (/opt/rustwide/workdir)
[INFO] [stdout] warning: unused import: `defer::defer`
[INFO] [stdout]  --> tests/traverse_tests.rs:2:5
[INFO] [stdout]   |
[INFO] [stdout] 2 | use defer::defer;
[INFO] [stdout]   |     ^^^^^^^^^^^^
[INFO] [stdout]   |
[INFO] [stdout]   = note: `#[warn(unused_imports)]` (part of `#[warn(unused)]`) on by default
[INFO] [stdout] 
[INFO] [stdout] 
[INFO] [stdout] warning: unused import: `std::path::Path`
[INFO] [stdout]  --> tests/search_edge_case_tests.rs:6:5
[INFO] [stdout]   |
[INFO] [stdout] 6 | use std::path::Path;
[INFO] [stdout]   |     ^^^^^^^^^^^^^^^
[INFO] [stdout]   |
[INFO] [stdout]   = note: `#[warn(unused_imports)]` (part of `#[warn(unused)]`) on by default
[INFO] [stdout] 
[INFO] [stdout] 
[INFO] [stdout] warning: function `setup_multiple_file_types` is never used
[INFO] [stdout]   --> tests/test_helpers.rs:10:8
[INFO] [stdout]    |
[INFO] [stdout] 10 | pub fn setup_multiple_file_types() -> Result<Vec<PathBuf>> {
[INFO] [stdout]    |        ^^^^^^^^^^^^^^^^^^^^^^^^^
[INFO] [stdout]    |
[INFO] [stdout]    = note: `#[warn(dead_code)]` (part of `#[warn(unused)]`) on by default
[INFO] [stdout] 
[INFO] [stdout] 
[INFO] [stdout] warning: function `setup_multiple_file_types` is never used
[INFO] [stdout]   --> tests/test_helpers.rs:10:8
[INFO] [stdout]    |
[INFO] [stdout] 10 | pub fn setup_multiple_file_types() -> Result<Vec<PathBuf>> {
[INFO] [stdout]    |        ^^^^^^^^^^^^^^^^^^^^^^^^^
[INFO] [stdout]    |
[INFO] [stdout]    = note: `#[warn(dead_code)]` (part of `#[warn(unused)]`) on by default
[INFO] [stdout] 
[INFO] [stdout] 
[INFO] [stdout] warning: function `setup_multiple_file_types` is never used
[INFO] [stdout]   --> tests/test_helpers.rs:10:8
[INFO] [stdout]    |
[INFO] [stdout] 10 | pub fn setup_multiple_file_types() -> Result<Vec<PathBuf>> {
[INFO] [stdout]    |        ^^^^^^^^^^^^^^^^^^^^^^^^^
[INFO] [stdout]    |
[INFO] [stdout]    = note: `#[warn(dead_code)]` (part of `#[warn(unused)]`) on by default
[INFO] [stdout] 
[INFO] [stdout] 
[INFO] [stdout] warning: function `setup_multiple_file_types` is never used
[INFO] [stdout]   --> tests/test_helpers.rs:10:8
[INFO] [stdout]    |
[INFO] [stdout] 10 | pub fn setup_multiple_file_types() -> Result<Vec<PathBuf>> {
[INFO] [stdout]    |        ^^^^^^^^^^^^^^^^^^^^^^^^^
[INFO] [stdout]    |
[INFO] [stdout]    = note: `#[warn(dead_code)]` (part of `#[warn(unused)]`) on by default
[INFO] [stdout] 
[INFO] [stdout] 
[INFO] [stdout] warning: function `setup_multiple_file_types` is never used
[INFO] [stdout]   --> tests/test_helpers.rs:10:8
[INFO] [stdout]    |
[INFO] [stdout] 10 | pub fn setup_multiple_file_types() -> Result<Vec<PathBuf>> {
[INFO] [stdout]    |        ^^^^^^^^^^^^^^^^^^^^^^^^^
[INFO] [stdout]    |
[INFO] [stdout]    = note: `#[warn(dead_code)]` (part of `#[warn(unused)]`) on by default
[INFO] [stdout] 
[INFO] [stdout] 
[INFO] [stdout] warning: unused import: `Path`
[INFO] [stdout]  --> tests/search_sort_tests.rs:6:17
[INFO] [stdout]   |
[INFO] [stdout] 6 | use std::path::{Path, PathBuf};
[INFO] [stdout]   |                 ^^^^
[INFO] [stdout]   |
[INFO] [stdout]   = note: `#[warn(unused_imports)]` (part of `#[warn(unused)]`) on by default
[INFO] [stdout] 
[INFO] [stdout] 
[INFO] [stdout] warning: unused imports: `TEST_DIR` and `TestEnvironment`
[INFO] [stdout]   --> tests/search_sort_tests.rs:10:20
[INFO] [stdout]    |
[INFO] [stdout] 10 | use test_helpers::{TEST_DIR, TestEnvironment};
[INFO] [stdout]    |                    ^^^^^^^^  ^^^^^^^^^^^^^^^
[INFO] [stdout] 
[INFO] [stdout] 
[INFO] [stdout] warning: function `setup_multiple_file_types` is never used
[INFO] [stdout]   --> tests/test_helpers.rs:10:8
[INFO] [stdout]    |
[INFO] [stdout] 10 | pub fn setup_multiple_file_types() -> Result<Vec<PathBuf>> {
[INFO] [stdout]    |        ^^^^^^^^^^^^^^^^^^^^^^^^^
[INFO] [stdout]    |
[INFO] [stdout]    = note: `#[warn(dead_code)]` (part of `#[warn(unused)]`) on by default
[INFO] [stdout] 
[INFO] [stdout] 
[INFO] [stdout] warning: constant `TEST_DIR` is never used
[INFO] [stdout]  --> tests/test_helpers.rs:7:11
[INFO] [stdout]   |
[INFO] [stdout] 7 | pub const TEST_DIR: &str = "tests/test_dir_1";
[INFO] [stdout]   |           ^^^^^^^^
[INFO] [stdout]   |
[INFO] [stdout]   = note: `#[warn(dead_code)]` (part of `#[warn(unused)]`) on by default
[INFO] [stdout] 
[INFO] [stdout] 
[INFO] [stdout] warning: function `setup_multiple_file_types` is never used
[INFO] [stdout]   --> tests/test_helpers.rs:10:8
[INFO] [stdout]    |
[INFO] [stdout] 10 | pub fn setup_multiple_file_types() -> Result<Vec<PathBuf>> {
[INFO] [stdout]    |        ^^^^^^^^^^^^^^^^^^^^^^^^^
[INFO] [stdout] 
[INFO] [stdout] 
[INFO] [stdout] warning: function `setup_ignored_files` is never used
[INFO] [stdout]   --> tests/test_helpers.rs:68:8
[INFO] [stdout]    |
[INFO] [stdout] 68 | pub fn setup_ignored_files() -> Result<Vec<PathBuf>> {
[INFO] [stdout]    |        ^^^^^^^^^^^^^^^^^^^
[INFO] [stdout] 
[INFO] [stdout] 
[INFO] [stdout] warning: function `teardown_ignored_files` is never used
[INFO] [stdout]    --> tests/test_helpers.rs:132:8
[INFO] [stdout]     |
[INFO] [stdout] 132 | pub fn teardown_ignored_files(created_files: &[PathBuf]) -> Result<()> {
[INFO] [stdout]     |        ^^^^^^^^^^^^^^^^^^^^^^
[INFO] [stdout] 
[INFO] [stdout] 
[INFO] [stdout] warning: struct `TestEnvironment` is never constructed
[INFO] [stdout]    --> tests/test_helpers.rs:143:12
[INFO] [stdout]     |
[INFO] [stdout] 143 | pub struct TestEnvironment {
[INFO] [stdout]     |            ^^^^^^^^^^^^^^^
[INFO] [stdout] 
[INFO] [stdout] 
[INFO] [stdout] warning: associated function `setup` is never used
[INFO] [stdout]    --> tests/test_helpers.rs:149:12
[INFO] [stdout]     |
[INFO] [stdout] 147 | impl TestEnvironment {
[INFO] [stdout]     | -------------------- associated function in this implementation
[INFO] [stdout] 148 |     /// Set up a test environment
[INFO] [stdout] 149 |     pub fn setup() -> Result<Self> {
[INFO] [stdout]     |            ^^^^^
[INFO] [stdout] 
[INFO] [stdout] 
[INFO] [stdout] warning: function `setup_multiple_file_types` is never used
[INFO] [stdout]   --> tests/test_helpers.rs:10:8
[INFO] [stdout]    |
[INFO] [stdout] 10 | pub fn setup_multiple_file_types() -> Result<Vec<PathBuf>> {
[INFO] [stdout]    |        ^^^^^^^^^^^^^^^^^^^^^^^^^
[INFO] [stdout]    |
[INFO] [stdout]    = note: `#[warn(dead_code)]` (part of `#[warn(unused)]`) on by default
[INFO] [stdout] 
[INFO] [stdout] 
[INFO] [stdout] warning: function `setup_multiple_file_types` is never used
[INFO] [stdout]   --> tests/test_helpers.rs:10:8
[INFO] [stdout]    |
[INFO] [stdout] 10 | pub fn setup_multiple_file_types() -> Result<Vec<PathBuf>> {
[INFO] [stdout]    |        ^^^^^^^^^^^^^^^^^^^^^^^^^
[INFO] [stdout]    |
[INFO] [stdout]    = note: `#[warn(dead_code)]` (part of `#[warn(unused)]`) on by default
[INFO] [stdout] 
[INFO] [stdout] 
[INFO] [stderr]     Finished `release` profile [optimized] target(s) in 18.48s
[INFO] running `Command { std: "docker" "inspect" "44daf44c9ae9396d3490ff46a32529ccc8f55111e7c480d7ce45f9ca2115340f", kill_on_drop: false }`
[INFO] running `Command { std: "docker" "exec" "-e" "SOURCE_DIR=/opt/rustwide/workdir" "-e" "CARGO_HOME=/opt/rustwide/cargo-home" "-e" "RUSTUP_HOME=/opt/rustwide/rustup-home" "-e" "CARGO_TARGET_DIR=/opt/rustwide/target" "-e" "CARGO_INCREMENTAL=0" "-e" "RUST_BACKTRACE=full" "-e" "RUSTFLAGS=--cap-lints=warn" "-e" "RUSTDOCFLAGS=--cap-lints=warn" "-w" "/opt/rustwide/workdir" "--user" "0:0" "44daf44c9ae9396d3490ff46a32529ccc8f55111e7c480d7ce45f9ca2115340f" "/opt/rustwide/cargo-home/bin/cargo" "+1.99.0-beta.8" "test" "--frozen" "--release", kill_on_drop: false }`
[INFO] [stderr] warning: unused import: `Path`
[INFO] [stderr]  --> tests/search_sort_tests.rs:6:17
[INFO] [stderr]   |
[INFO] [stderr] 6 | use std::path::{Path, PathBuf};
[INFO] [stderr]   |                 ^^^^
[INFO] [stderr]   |
[INFO] [stderr]   = note: `#[warn(unused_imports)]` (part of `#[warn(unused)]`) on by default
[INFO] [stderr] 
[INFO] [stderr] warning: unused imports: `TEST_DIR` and `TestEnvironment`
[INFO] [stderr]   --> tests/search_sort_tests.rs:10:20
[INFO] [stderr]    |
[INFO] [stderr] 10 | use test_helpers::{TEST_DIR, TestEnvironment};
[INFO] [stderr]    |                    ^^^^^^^^  ^^^^^^^^^^^^^^^
[INFO] [stderr] 
[INFO] [stderr] warning: constant `TEST_DIR` is never used
[INFO] [stderr]  --> tests/test_helpers.rs:7:11
[INFO] [stderr]   |
[INFO] [stderr] 7 | pub const TEST_DIR: &str = "tests/test_dir_1";
[INFO] [stderr]   |           ^^^^^^^^
[INFO] [stderr]   |
[INFO] [stderr]   = note: `#[warn(dead_code)]` (part of `#[warn(unused)]`) on by default
[INFO] [stderr] 
[INFO] [stderr] warning: function `setup_multiple_file_types` is never used
[INFO] [stderr]   --> tests/test_helpers.rs:10:8
[INFO] [stderr]    |
[INFO] [stderr] 10 | pub fn setup_multiple_file_types() -> Result<Vec<PathBuf>> {
[INFO] [stderr]    |        ^^^^^^^^^^^^^^^^^^^^^^^^^
[INFO] [stderr] 
[INFO] [stderr] warning: function `setup_ignored_files` is never used
[INFO] [stderr]   --> tests/test_helpers.rs:68:8
[INFO] [stderr]    |
[INFO] [stderr] 68 | pub fn setup_ignored_files() -> Result<Vec<PathBuf>> {
[INFO] [stderr]    |        ^^^^^^^^^^^^^^^^^^^
[INFO] [stderr] 
[INFO] [stderr] warning: function `teardown_ignored_files` is never used
[INFO] [stderr]    --> tests/test_helpers.rs:132:8
[INFO] [stderr]     |
[INFO] [stderr] 132 | pub fn teardown_ignored_files(created_files: &[PathBuf]) -> Result<()> {
[INFO] [stderr]     |        ^^^^^^^^^^^^^^^^^^^^^^
[INFO] [stderr] 
[INFO] [stderr] warning: struct `TestEnvironment` is never constructed
[INFO] [stderr]    --> tests/test_helpers.rs:143:12
[INFO] [stderr]     |
[INFO] [stderr] 143 | pub struct TestEnvironment {
[INFO] [stderr]     |            ^^^^^^^^^^^^^^^
[INFO] [stderr] 
[INFO] [stderr] warning: associated function `setup` is never used
[INFO] [stderr]    --> tests/test_helpers.rs:149:12
[INFO] [stderr]     |
[INFO] [stderr] 147 | impl TestEnvironment {
[INFO] [stderr]     | -------------------- associated function in this implementation
[INFO] [stderr] 148 |     /// Set up a test environment
[INFO] [stderr] 149 |     pub fn setup() -> Result<Self> {
[INFO] [stderr]     |            ^^^^^
[INFO] [stderr] 
[INFO] [stderr] warning: function `setup_multiple_file_types` is never used
[INFO] [stderr]   --> tests/test_helpers.rs:10:8
[INFO] [stderr]    |
[INFO] [stderr] 10 | pub fn setup_multiple_file_types() -> Result<Vec<PathBuf>> {
[INFO] [stderr]    |        ^^^^^^^^^^^^^^^^^^^^^^^^^
[INFO] [stderr]    |
[INFO] [stderr]    = note: `#[warn(dead_code)]` (part of `#[warn(unused)]`) on by default
[INFO] [stderr] 
[INFO] [stderr] warning: unused import: `defer::defer`
[INFO] [stderr]  --> tests/traverse_tests.rs:2:5
[INFO] [stderr]   |
[INFO] [stderr] 2 | use defer::defer;
[INFO] [stderr]   |     ^^^^^^^^^^^^
[INFO] [stderr]   |
[INFO] [stderr]   = note: `#[warn(unused_imports)]` (part of `#[warn(unused)]`) on by default
[INFO] [stderr] 
[INFO] [stderr] warning: `lumin` (test "search_sort_tests") generated 8 warnings (run `cargo fix --test "search_sort_tests" -p lumin` to apply 2 suggestions)
[INFO] [stderr] warning: `lumin` (test "search_after_context_tests") generated 1 warning
[INFO] [stderr] warning: `lumin` (test "search_tests") generated 1 warning (1 duplicate)
[INFO] [stderr] warning: `lumin` (test "search_before_context_tests") generated 1 warning (1 duplicate)
[INFO] [stderr] warning: `lumin` (test "traverse_tests") generated 2 warnings (1 duplicate) (run `cargo fix --test "traverse_tests" -p lumin` to apply 1 suggestion)
[INFO] [stderr] warning: unused import: `std::path::Path`
[INFO] [stderr]  --> tests/search_edge_case_tests.rs:6:5
[INFO] [stderr]   |
[INFO] [stderr] 6 | use std::path::Path;
[INFO] [stderr]   |     ^^^^^^^^^^^^^^^
[INFO] [stderr]   |
[INFO] [stderr]   = note: `#[warn(unused_imports)]` (part of `#[warn(unused)]`) on by default
[INFO] [stderr] 
[INFO] [stderr] warning: `lumin` (test "search_combined_context_tests") generated 1 warning (1 duplicate)
[INFO] [stderr] warning: `lumin` (test "view_tests") generated 1 warning (1 duplicate)
[INFO] [stderr] warning: `lumin` (test "search_edge_case_tests") generated 1 warning (run `cargo fix --test "search_edge_case_tests" -p lumin` to apply 1 suggestion)
[INFO] [stderr] warning: `lumin` (test "tree_tests") generated 1 warning (1 duplicate)
[INFO] [stderr] warning: `lumin` (test "integration_tests") generated 1 warning (1 duplicate)
[INFO] [stderr]     Finished `release` profile [optimized] target(s) in 0.15s
[INFO] [stderr]      Running unittests src/lib.rs (/opt/rustwide/target/release/deps/lumin-2c7476ab83067353)
[INFO] [stdout] 
[INFO] [stdout] running 20 tests
[INFO] [stdout] test traverse::path_prefix_test::test_omit_path_prefix_with_depth_limit ... ok
[INFO] [stdout] test search::pagination_test::tests::test_search_sorting_behavior ... ok
[INFO] [stdout] test paths::tests::test_remove_path_prefix ... ok
[INFO] [stdout] test search::collect_files_test::tests::test_collect_files_basic ... ok
[INFO] [stdout] test traverse::tests::test_omit_path_prefix ... ok
[INFO] [stdout] test traverse::path_prefix_test::test_omit_path_prefix_basic ... ok
[INFO] [stdout] test search::mod_tests::test_collect_files_with_empty_include_glob ... ok
[INFO] [stdout] test traverse::path_prefix_test::test_omit_path_prefix_partial_match ... ok
[INFO] [stdout] test traverse::path_prefix_test::test_omit_path_prefix_with_pattern ... ok
[INFO] [stdout] test search::path_prefix_test::tests::test_path_prefix_removal ... ok
[INFO] [stdout] test search::tests::test_pagination ... ok
[INFO] [stdout] test search::collect_files_test::tests::test_collect_files_nested ... ok
[INFO] [stdout] test tree::path_prefix_test::test_omit_path_prefix_basic ... ok
[INFO] [stdout] test tree::path_prefix_test::test_omit_path_prefix_with_depth_limit ... ok
[INFO] [stdout] test traverse::path_prefix_test::test_omit_path_prefix_without_removal ... ok
[INFO] [stdout] test tree::path_prefix_test::test_omit_path_prefix_partial_match ... ok
[INFO] [stdout] test tree::path_prefix_test::test_omit_path_prefix_without_removal ... ok
[INFO] [stdout] test search::mod_tests::test_collect_files_with_depth_limit ... ok
[INFO] [stdout] test search::pagination_test::tests::test_search_pagination_consistency ... ok
[INFO] [stdout] test search::mod_tests::test_collect_files_with_include_glob ... ok
[INFO] [stdout] 
[INFO] [stdout] test result: ok. 20 passed; 0 failed; 0 ignored; 0 measured; 0 filtered out; finished in 0.06s
[INFO] [stdout] 
[INFO] [stderr]      Running unittests src/main.rs (/opt/rustwide/target/release/deps/lumin-e66cb214b61ad6ca)
[INFO] [stdout] 
[INFO] [stderr]      Running tests/integration_tests.rs (/opt/rustwide/target/release/deps/integration_tests-c02bfec620054ee1)
[INFO] [stdout] running 0 tests
[INFO] [stdout] 
[INFO] [stdout] test result: ok. 0 passed; 0 failed; 0 ignored; 0 measured; 0 filtered out; finished in 0.00s
[INFO] [stdout] 
[INFO] [stdout] 
[INFO] [stdout] running 3 tests
[INFO] [stdout] test integration_tests::test_file_type_handling ... FAILED
[INFO] [stdout] test integration_tests::test_workflow_search_then_view ... FAILED
[INFO] [stdout] test integration_tests::test_workflow_traverse_then_search ... FAILED
[INFO] [stdout] 
[INFO] [stdout] failures:
[INFO] [stdout] 
[INFO] [stdout] ---- integration_tests::test_file_type_handling stdout ----
[INFO] [stdout] Error: Read-only file system (os error 30)
[INFO] [stdout] 
[INFO] [stdout] Stack backtrace:
[INFO] [stdout]    0: <anyhow::Error as core::convert::From<core::io::error::Error>>::from
[INFO] [stdout]    1: <integration_tests::test_helpers::TestEnvironment>::setup
[INFO] [stdout]    2: <integration_tests::integration_tests::test_file_type_handling::{closure#0} as core::ops::function::FnOnce<()>>::call_once
[INFO] [stdout]    3: serial_test::serial_code_lock::local_serial_core_with_return::<anyhow::Error>
[INFO] [stdout]    4: <integration_tests::integration_tests::test_file_type_handling::{closure#0} as core::ops::function::FnOnce<()>>::call_once
[INFO] [stdout]    5: test::__rust_begin_short_backtrace::<core::result::Result<(), alloc::string::String>, fn() -> core::result::Result<(), alloc::string::String>>
[INFO] [stdout]    6: test::run_test::{closure#0}
[INFO] [stdout]    7: std::sys::backtrace::__rust_begin_short_backtrace::<test::run_test::{closure#1}, ()>
[INFO] [stdout]    8: <std::thread::lifecycle::spawn_unchecked<test::run_test::{closure#1}, ()>::{closure#1} as core::ops::function::FnOnce<()>>::call_once::{shim:vtable#0}
[INFO] [stdout]    9: <std::sys::thread::unix::Thread>::new::thread_start
[INFO] [stdout]   10: <unknown>
[INFO] [stdout]   11: clone
[INFO] [stdout] 
[INFO] [stdout] ---- integration_tests::test_workflow_search_then_view stdout ----
[INFO] [stdout] Error: Read-only file system (os error 30)
[INFO] [stdout] 
[INFO] [stdout] Stack backtrace:
[INFO] [stdout]    0: <anyhow::Error as core::convert::From<core::io::error::Error>>::from
[INFO] [stdout]    1: <integration_tests::test_helpers::TestEnvironment>::setup
[INFO] [stdout]    2: <integration_tests::integration_tests::test_workflow_search_then_view::{closure#0} as core::ops::function::FnOnce<()>>::call_once
[INFO] [stderr] error: test failed, to rerun pass `--test integration_tests`
[INFO] [stdout]    3: serial_test::serial_code_lock::local_serial_core_with_return::<anyhow::Error>
[INFO] [stdout]    4: <integration_tests::integration_tests::test_workflow_search_then_view::{closure#0} as core::ops::function::FnOnce<()>>::call_once
[INFO] [stdout]    5: test::__rust_begin_short_backtrace::<core::result::Result<(), alloc::string::String>, fn() -> core::result::Result<(), alloc::string::String>>
[INFO] [stdout]    6: test::run_test::{closure#0}
[INFO] [stdout]    7: std::sys::backtrace::__rust_begin_short_backtrace::<test::run_test::{closure#1}, ()>
[INFO] [stdout]    8: <std::thread::lifecycle::spawn_unchecked<test::run_test::{closure#1}, ()>::{closure#1} as core::ops::function::FnOnce<()>>::call_once::{shim:vtable#0}
[INFO] [stdout]    9: <std::sys::thread::unix::Thread>::new::thread_start
[INFO] [stdout]   10: <unknown>
[INFO] [stdout]   11: clone
[INFO] [stdout] 
[INFO] [stdout] ---- integration_tests::test_workflow_traverse_then_search stdout ----
[INFO] [stdout] Error: Read-only file system (os error 30)
[INFO] [stdout] 
[INFO] [stdout] Stack backtrace:
[INFO] [stdout]    0: <anyhow::Error as core::convert::From<core::io::error::Error>>::from
[INFO] [stdout]    1: <integration_tests::test_helpers::TestEnvironment>::setup
[INFO] [stdout]    2: <integration_tests::integration_tests::test_workflow_traverse_then_search::{closure#0} as core::ops::function::FnOnce<()>>::call_once
[INFO] [stdout]    3: serial_test::serial_code_lock::local_serial_core_with_return::<anyhow::Error>
[INFO] [stdout]    4: <integration_tests::integration_tests::test_workflow_traverse_then_search::{closure#0} as core::ops::function::FnOnce<()>>::call_once
[INFO] [stdout]    5: test::__rust_begin_short_backtrace::<core::result::Result<(), alloc::string::String>, fn() -> core::result::Result<(), alloc::string::String>>
[INFO] [stdout]    6: test::run_test::{closure#0}
[INFO] [stdout]    7: std::sys::backtrace::__rust_begin_short_backtrace::<test::run_test::{closure#1}, ()>
[INFO] [stdout]    8: <std::thread::lifecycle::spawn_unchecked<test::run_test::{closure#1}, ()>::{closure#1} as core::ops::function::FnOnce<()>>::call_once::{shim:vtable#0}
[INFO] [stdout]    9: <std::sys::thread::unix::Thread>::new::thread_start
[INFO] [stdout]   10: <unknown>
[INFO] [stdout]   11: clone
[INFO] [stdout] 
[INFO] [stdout] 
[INFO] [stdout] failures:
[INFO] [stdout]     integration_tests::test_file_type_handling
[INFO] [stdout]     integration_tests::test_workflow_search_then_view
[INFO] [stdout]     integration_tests::test_workflow_traverse_then_search
[INFO] [stdout] 
[INFO] [stdout] test result: FAILED. 0 passed; 3 failed; 0 ignored; 0 measured; 0 filtered out; finished in 0.00s
[INFO] [stdout] 
[INFO] running `Command { std: "docker" "inspect" "44daf44c9ae9396d3490ff46a32529ccc8f55111e7c480d7ce45f9ca2115340f", kill_on_drop: false }`
[INFO] running `Command { std: "docker" "rm" "-f" "44daf44c9ae9396d3490ff46a32529ccc8f55111e7c480d7ce45f9ca2115340f", kill_on_drop: false }`
[INFO] [stdout] 44daf44c9ae9396d3490ff46a32529ccc8f55111e7c480d7ce45f9ca2115340f
