[INFO] fetching crate luck_formatter 0.4.0...
[INFO] testing luck_formatter-0.4.0 against 1.99.0-beta.8+cargoflags=--release for beta-release-1.100-2
[INFO] extracting crate luck_formatter 0.4.0 into /workspace/builds/worker-0-tc1/source
[INFO] started tweaking crates.io crate luck_formatter 0.4.0
[INFO] removed 0 missing tests
[INFO] finished tweaking crates.io crate luck_formatter 0.4.0
[INFO] tweaked toml for crates.io crate luck_formatter 0.4.0 written to /workspace/builds/worker-0-tc1/source/Cargo.toml
[INFO] validating manifest of crates.io crate luck_formatter 0.4.0 on toolchain 1.99.0-beta.8
[INFO] running `Command { std: CARGO_HOME="/workspace/cargo-home" RUSTUP_HOME="/workspace/rustup-home" "/workspace/cargo-home/bin/cargo" "+1.99.0-beta.8" "metadata" "--manifest-path" "Cargo.toml" "--no-deps", kill_on_drop: false }`
[INFO] crate crates.io crate luck_formatter 0.4.0 already has a lockfile, it will not be regenerated
[INFO] running `Command { std: CARGO_HOME="/workspace/cargo-home" RUSTUP_HOME="/workspace/rustup-home" "/workspace/cargo-home/bin/cargo" "+1.99.0-beta.8" "fetch" "--manifest-path" "Cargo.toml", kill_on_drop: false }`
[INFO] [stderr]     Updating crates.io index
[INFO] [stderr]  Downloading crates ...
[INFO] [stderr]   Downloaded compact_str v0.10.0
[INFO] [stderr]   Downloaded ref-cast-impl v1.0.26
[INFO] [stderr]   Downloaded ref-cast v1.0.26
[INFO] [stderr]   Downloaded luck_ast v0.4.0
[INFO] [stderr]   Downloaded luck_core v0.4.0
[INFO] [stderr]   Downloaded luck_token v0.4.0
[INFO] [stderr]   Downloaded luck_lexer v0.4.0
[INFO] [stderr]   Downloaded ec4rs v1.2.0
[INFO] [stderr]   Downloaded globset v0.4.19
[INFO] [stderr]   Downloaded luck_parser v0.4.0
[INFO] [stderr]   Downloaded json5 v1.3.1
[INFO] [stderr]   Downloaded syn v3.0.2
[INFO] [stderr]   Downloaded bstr v1.13.0
[INFO] running `Command { std: "docker" "create" "-v" "/var/lib/crater-agent-workspace/builds/worker-0-tc1/source:/opt/rustwide/workdir:ro,Z" "-v" "/var/lib/crater-agent-workspace/builds/worker-0-tc1/target:/opt/rustwide/target:rw,Z" "-v" "/var/lib/crater-agent-workspace/cargo-home:/opt/rustwide/cargo-home:ro,Z" "-v" "/var/lib/crater-agent-workspace/rustup-home:/opt/rustwide/rustup-home:ro,Z" "-m" "1610612736" "--network" "none" "ghcr.io/rust-lang/crates-build-env/linux@sha256:77db811e55d90add9212f6832c23229e3de5f1c1f9905e8cb07319ea15df73ac" "sleep" "infinity", kill_on_drop: false }`
[INFO] [stdout] 6d9108784700a635909eb778de7fdb2ca0ac0565236d4afc28928c09e64a1bd5
[INFO] running `Command { std: "docker" "start" "6d9108784700a635909eb778de7fdb2ca0ac0565236d4afc28928c09e64a1bd5", kill_on_drop: false }`
[INFO] running `Command { std: "docker" "inspect" "6d9108784700a635909eb778de7fdb2ca0ac0565236d4afc28928c09e64a1bd5", kill_on_drop: false }`
[INFO] running `Command { std: "docker" "exec" "-e" "SOURCE_DIR=/opt/rustwide/workdir" "-e" "CARGO_HOME=/opt/rustwide/cargo-home" "-e" "RUSTUP_HOME=/opt/rustwide/rustup-home" "-e" "CARGO_TARGET_DIR=/opt/rustwide/target" "-w" "/opt/rustwide/workdir" "--user" "0:0" "6d9108784700a635909eb778de7fdb2ca0ac0565236d4afc28928c09e64a1bd5" "/opt/rustwide/cargo-home/bin/cargo" "+1.99.0-beta.8" "metadata" "--no-deps" "--format-version=1", kill_on_drop: false }`
[INFO] running `Command { std: "docker" "inspect" "6d9108784700a635909eb778de7fdb2ca0ac0565236d4afc28928c09e64a1bd5", kill_on_drop: false }`
[INFO] running `Command { std: "docker" "exec" "-e" "SOURCE_DIR=/opt/rustwide/workdir" "-e" "CARGO_HOME=/opt/rustwide/cargo-home" "-e" "RUSTUP_HOME=/opt/rustwide/rustup-home" "-e" "CARGO_TARGET_DIR=/opt/rustwide/target" "-e" "CARGO_INCREMENTAL=0" "-e" "RUST_BACKTRACE=full" "-e" "RUSTFLAGS=--cap-lints=warn" "-e" "RUSTDOCFLAGS=--cap-lints=warn" "-w" "/opt/rustwide/workdir" "--user" "0:0" "6d9108784700a635909eb778de7fdb2ca0ac0565236d4afc28928c09e64a1bd5" "/opt/rustwide/cargo-home/bin/cargo" "+1.99.0-beta.8" "build" "--frozen" "--message-format=json" "--release", kill_on_drop: false }`
[INFO] [stderr]    Compiling zmij v1.0.23
[INFO] [stderr]    Compiling rustversion v1.0.23
[INFO] [stderr]    Compiling serde_core v1.0.229
[INFO] [stderr]    Compiling serde v1.0.229
[INFO] [stderr]    Compiling ref-cast v1.0.26
[INFO] [stderr]    Compiling serde_json v1.0.151
[INFO] [stderr]    Compiling aho-corasick v1.1.4
[INFO] [stderr]    Compiling syn v3.0.2
[INFO] [stderr]    Compiling syn v2.0.119
[INFO] [stderr]    Compiling bstr v1.13.0
[INFO] [stderr]    Compiling log v0.4.33
[INFO] [stderr]    Compiling ucd-trie v0.1.7
[INFO] [stderr]    Compiling rustc-hash v2.1.3
[INFO] [stderr]    Compiling simdutf8 v0.1.5
[INFO] [stderr]    Compiling castaway v0.2.4
[INFO] [stderr]    Compiling compact_str v0.10.0
[INFO] [stderr]    Compiling ec4rs v1.2.0
[INFO] [stderr]    Compiling luck_token v0.4.0
[INFO] [stderr]    Compiling regex-automata v0.4.16
[INFO] [stderr]    Compiling luck_lexer v0.4.0
[INFO] [stderr]    Compiling luck_ast v0.4.0
[INFO] [stderr]    Compiling serde_derive_internals v0.29.1
[INFO] [stderr]    Compiling serde_derive v1.0.229
[INFO] [stderr]    Compiling ref-cast-impl v1.0.26
[INFO] [stderr]    Compiling luck_parser v0.4.0
[INFO] [stderr]    Compiling schemars_derive v1.2.1
[INFO] [stderr]    Compiling globset v0.4.19
[INFO] [stderr]    Compiling json5 v1.3.1
[INFO] [stderr]    Compiling schemars v1.2.1
[INFO] [stderr]    Compiling luck_core v0.4.0
[INFO] [stderr]    Compiling luck_formatter v0.4.0 (/opt/rustwide/workdir)
[INFO] [stderr]     Finished `release` profile [optimized] target(s) in 1m 25s
[INFO] running `Command { std: "docker" "inspect" "6d9108784700a635909eb778de7fdb2ca0ac0565236d4afc28928c09e64a1bd5", kill_on_drop: false }`
[INFO] running `Command { std: "docker" "exec" "-e" "SOURCE_DIR=/opt/rustwide/workdir" "-e" "CARGO_HOME=/opt/rustwide/cargo-home" "-e" "RUSTUP_HOME=/opt/rustwide/rustup-home" "-e" "CARGO_TARGET_DIR=/opt/rustwide/target" "-e" "CARGO_INCREMENTAL=0" "-e" "RUST_BACKTRACE=full" "-e" "RUSTFLAGS=--cap-lints=warn" "-e" "RUSTDOCFLAGS=--cap-lints=warn" "-w" "/opt/rustwide/workdir" "--user" "0:0" "6d9108784700a635909eb778de7fdb2ca0ac0565236d4afc28928c09e64a1bd5" "/opt/rustwide/cargo-home/bin/cargo" "+1.99.0-beta.8" "test" "--frozen" "--no-run" "--message-format=json" "--release", kill_on_drop: false }`
[INFO] [stderr]    Compiling luck_formatter v0.4.0 (/opt/rustwide/workdir)
[INFO] [stderr]     Finished `release` profile [optimized] target(s) in 16.69s
[INFO] running `Command { std: "docker" "inspect" "6d9108784700a635909eb778de7fdb2ca0ac0565236d4afc28928c09e64a1bd5", kill_on_drop: false }`
[INFO] running `Command { std: "docker" "exec" "-e" "SOURCE_DIR=/opt/rustwide/workdir" "-e" "CARGO_HOME=/opt/rustwide/cargo-home" "-e" "RUSTUP_HOME=/opt/rustwide/rustup-home" "-e" "CARGO_TARGET_DIR=/opt/rustwide/target" "-e" "CARGO_INCREMENTAL=0" "-e" "RUST_BACKTRACE=full" "-e" "RUSTFLAGS=--cap-lints=warn" "-e" "RUSTDOCFLAGS=--cap-lints=warn" "-w" "/opt/rustwide/workdir" "--user" "0:0" "6d9108784700a635909eb778de7fdb2ca0ac0565236d4afc28928c09e64a1bd5" "/opt/rustwide/cargo-home/bin/cargo" "+1.99.0-beta.8" "test" "--frozen" "--release", kill_on_drop: false }`
[INFO] [stderr]     Finished `release` profile [optimized] target(s) in 0.07s
[INFO] [stderr]      Running unittests src/lib.rs (/opt/rustwide/target/release/deps/luck_formatter-7b2584b567cfe2d4)
[INFO] [stdout] 
[INFO] [stdout] running 113 tests
[INFO] [stdout] test ast_equiv::tests::call_paren_normalization_is_equivalent ... ok
[INFO] [stdout] test ast_equiv::tests::detects_renamed_identifier ... ok
[INFO] [stdout] test ast_equiv::tests::equivalent_when_formatting_differs ... ok
[INFO] [stdout] test ast_equiv::tests::compact_and_general_type_names_are_equivalent ... ok
[INFO] [stdout] test ast_equiv::tests::detects_differing_annotation_type ... ok
[INFO] [stdout] test ast_equiv::tests::detects_kind_change ... ok
[INFO] [stdout] test ast_equiv::tests::detects_dropped_annotation ... ok
[INFO] [stdout] test ast_equiv::tests::detects_missing_statement ... ok
[INFO] [stdout] test ast_equiv::tests::paren_strip_is_equivalent ... ok
[INFO] [stdout] test ast_equiv::tests::redundant_type_parens_are_equivalent ... ok
[INFO] [stdout] test ast_equiv::tests::identical_type_aliases_are_equivalent ... ok
[INFO] [stdout] test ast_equiv::tests::leading_union_pipe_is_equivalent ... ok
[INFO] [stdout] test ast_equiv::tests::string_singleton_quote_style_is_equivalent ... ok
[INFO] [stdout] test comments::tests::placement_check_sees_a_relocation ... ok
[INFO] [stdout] test comments::tests::sourced_leading_taken_once ... ok
[INFO] [stdout] test comments::tests::synthetic_blank_before_recorded ... ok
[INFO] [stdout] test comments::tests::synthetic_comments_attach_by_anchor ... ok
[INFO] [stdout] test comments::tests::synthetic_dangling_drained_by_anchor ... ok
[INFO] [stdout] test comments::tests::synthetic_remaining_flushes_in_anchor_order ... ok
[INFO] [stdout] test comments::tests::format_disabled_ranges ... ok
[INFO] [stdout] test comments::tests::ignore_directive_detected ... ok
[INFO] [stdout] test comments::tests::placement_check_allows_the_parens_the_formatter_owns ... ok
[INFO] [stdout] test format_block::tests::empty_statements_dropped ... ok
[INFO] [stdout] test format_block::tests::blank_line_between_statements_preserved ... ok
[INFO] [stdout] test format_block::tests::statements_separated_by_newline ... ok
[INFO] [stdout] test format_expr::tests::binary_chain_breaks_before_operator ... ok
[INFO] [stdout] test format_block::tests::newlines_inside_a_token_do_not_separate_lines ... ok
[INFO] [stdout] test format_block::tests::paren_guard_after_call ... ok
[INFO] [stdout] test format_block::tests::return_with_values ... ok
[INFO] [stdout] test format_block::tests::single_newline_stays_single ... ok
[INFO] [stdout] test format_expr::tests::binary_chain_flat_fits ... ok
[INFO] [stdout] test format_expr::tests::if_expression_flat ... ok
[INFO] [stdout] test comments::tests::placement_check_sees_a_comment_pulled_through_a_kept_paren ... ok
[INFO] [stdout] test format_expr::tests::interpolated_string_roundtrips ... ok
[INFO] [stdout] test format_expr::tests::nested_unary_minus_gets_space ... ok
[INFO] [stdout] test format_expr::tests::long_bracket_string_untouched ... ok
[INFO] [stdout] test format_expr::tests::plain_interpolated_string_roundtrips ... ok
[INFO] [stdout] test format_expr::tests::long_field_chain_breaks_per_segment ... ok
[INFO] [stdout] test format_expr::tests::parenthesized_preserved ... ok
[INFO] [stdout] test format_expr::tests::unary_minus_no_space ... ok
[INFO] [stdout] test format_function::tests::typed_parameter ... ok
[INFO] [stdout] test format_stmt::tests::do_block_indents_body ... ok
[INFO] [stdout] test format_expr::tests::unary_not_keeps_keyword_space ... ok
[INFO] [stdout] test format_function::tests::bare_vararg ... ok
[INFO] [stdout] test format_stmt::tests::generic_for_binds_names ... ok
[INFO] [stdout] test format_stmt::tests::local_assignment_round_trips ... ok
[INFO] [stdout] test format_stmt::tests::numeric_for_has_step ... ok
[INFO] [stdout] test format_table::tests::empty_table ... ok
[INFO] [stdout] test format_table::tests::keyed_table_flat ... ok
[INFO] [stdout] test format_table::tests::magic_trailing_comma_forces_break ... ok
[INFO] [stdout] test format_table::tests::positional_table_fills_when_wide ... ok
[INFO] [stdout] test format_table::tests::bracketed_field_flat ... ok
[INFO] [stdout] test format_type::tests::array_shorthand_has_no_trailing_comma ... ok
[INFO] [stdout] test format_table::tests::positional_table_packs_flat ... ok
[INFO] [stdout] test format_stmt::tests::goto_and_label ... ok
[INFO] [stdout] test format_expr::tests::short_field_access_stays_glued ... ok
[INFO] [stdout] test format_expr::tests::string_requoted_to_double ... ok
[INFO] [stdout] test format_stmt::tests::if_else_chain ... ok
[INFO] [stdout] test format_function::tests::plain_parameter ... ok
[INFO] [stdout] test format_type::tests::function_type ... ok
[INFO] [stdout] test format_type::tests::named_type ... ok
[INFO] [stdout] test format_type::tests::optional_is_tight ... ok
[INFO] [stdout] test ir::tests::best_fitting_variants_each_see_the_same_comments ... ok
[INFO] [stdout] test numbers::tests::decimal_exponent_lowered ... ok
[INFO] [stdout] test numbers::tests::digits_follow_config ... ok
[INFO] [stdout] test numbers::tests::hex_float_exponent_lowered_digits_cased ... ok
[INFO] [stdout] test numbers::tests::idempotent ... ok
[INFO] [stdout] test numbers::tests::leading_dot_gains_zero ... ok
[INFO] [stdout] test numbers::tests::prefix_always_lowered ... ok
[INFO] [stdout] test numbers::tests::separators_preserved ... ok
[INFO] [stdout] test printer::tests::best_fitting_falls_back_to_last ... ok
[INFO] [stdout] test printer::tests::best_fitting_picks_first_that_fits ... ok
[INFO] [stdout] test printer::tests::blank_lines_do_not_stack ... ok
[INFO] [stdout] test printer::tests::flat_group_stays_on_one_line ... ok
[INFO] [stdout] test format_type::tests::union_flat_has_spaced_pipes ... ok
[INFO] [stdout] test printer::tests::hard_line_forces_all_enclosing_groups ... ok
[INFO] [stdout] test format_type::tests::variadic_pack_is_tight ... ok
[INFO] [stdout] test printer::tests::if_group_breaks_absent_when_flat ... ok
[INFO] [stdout] test printer::tests::if_group_breaks_by_id ... ok
[INFO] [stdout] test printer::tests::line_suffix_defers_to_line_end ... ok
[INFO] [stdout] test printer::tests::trailing_whitespace_is_trimmed ... ok
[INFO] [stdout] test printer::tests::wide_group_breaks ... ok
[INFO] [stdout] test quotes::tests::already_correct_style ... ok
[INFO] [stdout] test quotes::tests::auto_both_kinds_present_keeps_winner_with_escapes ... ok
[INFO] [stdout] test quotes::tests::auto_is_idempotent ... ok
[INFO] [stdout] test quotes::tests::auto_long_bracket_unchanged ... ok
[INFO] [stdout] test quotes::tests::auto_prefer_double_defaults_to_double ... ok
[INFO] [stdout] test quotes::tests::auto_prefer_double_switches_on_double_heavy_content ... ok
[INFO] [stdout] test quotes::tests::auto_prefer_single_defaults_to_single ... ok
[INFO] [stdout] test quotes::tests::auto_prefer_single_switches_on_single_heavy_content ... ok
[INFO] [stdout] test quotes::tests::auto_tie_keeps_preferred ... ok
[INFO] [stdout] test quotes::tests::empty_string ... ok
[INFO] [stdout] test quotes::tests::keep_current_when_target_in_content ... ok
[INFO] [stdout] test quotes::tests::keep_original_when_both_quotes_in_content ... ok
[INFO] [stdout] test quotes::tests::long_bracket_unchanged ... ok
[INFO] [stdout] test quotes::tests::normalize_to_double ... ok
[INFO] [stdout] test quotes::tests::normalize_to_single ... ok
[INFO] [stdout] test quotes::tests::simple_swap_no_escapes ... ok
[INFO] [stdout] test quotes::tests::swap_when_current_in_content_but_target_not ... ok
[INFO] [stdout] test format_type::tests::generic_args ... ok
[INFO] [stdout] test quotes::tests::unescape_old_delimiter_double_to_single ... ok
[INFO] [stdout] test quotes::tests::unescape_old_delimiter_single_to_double ... ok
[INFO] [stdout] test format_type::tests::intersection_flat_has_spaced_ampersands ... ok
[INFO] [stdout] test format_type::tests::qualified_type ... ok
[INFO] [stdout] test format_type::tests::table_type_flat_has_inner_spaces ... ok
[INFO] [stdout] test sort_requires::tests::mixed_require_and_get_service ... ok
[INFO] [stdout] test sort_requires::tests::multi_binding_is_unsortable ... ok
[INFO] [stdout] test sort_requires::tests::format_off_region_is_preserved ... ok
[INFO] [stdout] test sort_requires::tests::blank_line_breaks_group ... ok
[INFO] [stdout] test sort_requires::tests::nested_function_body_group_sorts ... ok
[INFO] [stdout] test sort_requires::tests::sorts_simple_group ... ok
[INFO] [stdout] test sort_requires::tests::non_require_breaks_group ... ok
[INFO] [stdout] test sort_requires::tests::side_effect_require_is_unsortable ... ok
[INFO] [stdout] 
[INFO] [stdout] test result: ok. 113 passed; 0 failed; 0 ignored; 0 measured; 0 filtered out; finished in 0.03s
[INFO] [stdout] 
[INFO] [stderr]      Running tests/it/main.rs (/opt/rustwide/target/release/deps/it-6e5fbab4ae2ee508)
[INFO] [stdout] 
[INFO] [stdout] running 175 tests
[INFO] [stdout] test comments::blank_line_preserved ... ok
[INFO] [stdout] test comments::an_empty_body_claims_only_the_comments_it_can_reach ... ok
[INFO] [stdout] test comments::comment_at_eof_no_trailing_newline ... ok
[INFO] [stdout] test comments::comment_after_only_empty_statements ... ok
[INFO] [stdout] test comments::a_list_claims_only_the_comments_written_inside_it ... ok
[INFO] [stdout] test comments::block_comment_verbatim ... ok
[INFO] [stdout] test comments::call_arguments_claim_their_own_comments ... ok
[INFO] [stdout] test comments::comment_between_statements ... ok
[INFO] [stdout] test comments::comment_inside_empty_function ... ok
[INFO] [stdout] test comments::format_off_region ... ok
[INFO] [stdout] test comments::comment_on_a_dropped_semicolon_stays_before_the_statement ... ok
[INFO] [stdout] test comments::format_off_unclosed_extends_to_eof ... ok
[INFO] [stdout] test comments::fill_mode_packs_positional_table_entries ... ok
[INFO] [stdout] test comments::format_range_only_formats_selection ... ok
[INFO] [stdout] test comments::format_ignore_single_statement ... ok
[INFO] [stdout] test comments::header_comment_keeps_its_place_and_its_statement_formatted ... ok
[INFO] [stdout] test comments::stalled_comment_stays_above_the_statements_own_leading_comment ... ok
[INFO] [stdout] test comments::table_claims_its_own_comments ... ok
[INFO] [stdout] test comments::trailing_comment ... ok
[INFO] [stdout] test comments::trailing_newline_added ... ok
[INFO] [stdout] test comments::verbatim_statement_is_reindented_to_its_block ... ok
[INFO] [stdout] test comments::verbatim_statement_keeps_long_string_contents ... ok
[INFO] [stdout] test comments::windows_line_endings ... ok
[INFO] [stdout] test expressions::binary_op_expanded ... ok
[INFO] [stdout] test comments::semicolon_before_a_trailing_comment_keeps_it_attached ... ok
[INFO] [stdout] test comments::shebang_preserved ... ok
[INFO] [stdout] test comments::stalled_comment_does_not_duplicate_a_format_off_region ... ok
[INFO] [stdout] test expressions::literals ... ok
[INFO] [stdout] test expressions::multi_assignment ... ok
[INFO] [stdout] test expressions::parenthesized ... ok
[INFO] [stdout] test expressions::unary_op ... ok
[INFO] [stdout] test comments::leading_comment ... ok
[INFO] [stdout] test functions::anonymous_function ... ok
[INFO] [stdout] test comments::interior_comments_never_cross_statement_boundaries ... ok
[INFO] [stdout] test expressions::binary_op_flat ... ok
[INFO] [stdout] test expressions::condition_parens_removed ... ok
[INFO] [stdout] test functions::empty_function_body ... ok
[INFO] [stdout] test comments::multiple_blank_lines_collapsed ... ok
[INFO] [stdout] test functions::bare_string_gets_parens ... ok
[INFO] [stdout] test functions::bare_table_gets_parens ... ok
[INFO] [stdout] test functions::method_call_on_call_result ... ok
[INFO] [stdout] test functions::method_chain_expanded ... ok
[INFO] [stdout] test functions::deeply_nested_calls ... ok
[INFO] [stdout] test functions::single_table_arg_hugged ... ok
[INFO] [stdout] test functions::single_table_arg_hugged_multiline ... ok
[INFO] [stdout] test functions::function_call_flat ... ok
[INFO] [stdout] test fixtures::every_fixture_formats_and_verifies ... FAILED
[INFO] [stdout] test idempotency::comment_inside_statement_then_blank_line ... ok
[INFO] [stdout] test functions::function_def_flat ... ok
[INFO] [stdout] test functions::trailing_callback_uses_uniform_argument_expansion ... ok
[INFO] [stdout] test idempotency::complex_expressions ... ok
[INFO] [stdout] test idempotency::nested_control_flow ... ok
[INFO] [stdout] test luau::export_type_table ... ok
[INFO] [stdout] test luau::interp_expr_starting_with_table_gets_space ... ok
[INFO] [stdout] test luau::luau_params_break_without_trailing_comma ... ok
[INFO] [stdout] test idempotency::empty_constructs ... ok
[INFO] [stdout] test luau::merged_rfc_syntax_roundtrips ... ok
[INFO] [stdout] test idempotency::realistic_module ... ok
[INFO] [stdout] test idempotency::mixed_with_comments ... ok
[INFO] [stdout] test luau::return_type_annotation ... ok
[INFO] [stdout] test luau::type_cast ... ok
[INFO] [stdout] test luau::param_type_annotation_multiple ... ok
[INFO] [stdout] test functions::local_function ... ok
[INFO] [stdout] test functions::method_call ... ok
[INFO] [stdout] test luau::param_type_annotation_simple ... ok
[INFO] [stdout] test luau::type_annotation_optional ... ok
[INFO] [stdout] test luau::type_decl_intersection ... ok
[INFO] [stdout] test luau::type_decl_nested_generic ... ok
[INFO] [stdout] test luau::type_decl_union ... ok
[INFO] [stdout] test luau::type_decl_union_normalizes_whitespace ... ok
[INFO] [stdout] test luau::type_decl_with_generics ... ok
[INFO] [stdout] test luau::type_decl_qualified ... ok
[INFO] [stdout] test luau::type_decl_table_normalizes_whitespace ... ok
[INFO] [stdout] test polish::block_gaps_preserve_keeps_trailing_blank ... ok
[INFO] [stdout] test luau::type_decl_table ... ok
[INFO] [stdout] test polish::block_gaps_never_strips_leading_blank ... ok
[INFO] [stdout] test luau::type_decl_generic ... ok
[INFO] [stdout] test luau::vararg_type_annotation ... ok
[INFO] [stdout] test luau::type_decl_function_type ... ok
[INFO] [stdout] test polish::call_parens_input_preserves_parenthesized_string ... ok
[INFO] [stdout] test polish::block_gaps_preserve_then_branch ... ok
[INFO] [stdout] test polish::call_parens_input_preserves_bare_string ... ok
[INFO] [stdout] test polish::call_parens_input_preserves_bare_table ... ok
[INFO] [stdout] test polish::block_gaps_preserve_function_body ... ok
[INFO] [stdout] test polish::hex_digits_uppered_when_configured ... ok
[INFO] [stdout] test polish::legacy_luck_ignore_still_works ... ok
[INFO] [stdout] test polish::magic_trailing_comma_off_keeps_packed_table ... ok
[INFO] [stdout] test polish::magic_trailing_comma_on_expands_table ... ok
[INFO] [stdout] test polish::number_normalization_verifies ... ok
[INFO] [stdout] test polish::block_gaps_preserve_keeps_leading_blank ... ok
[INFO] [stdout] test polish::sort_requires_format_off_excluded ... ok
[INFO] [stdout] test polish::sort_requires_off_by_default ... ok
[INFO] [stdout] test polish::decimal_exponent_lowered ... ok
[INFO] [stdout] test polish::format_ignore_preserves_next_statement ... ok
[INFO] [stdout] test polish::hex_digits_lowered_when_configured ... ok
[INFO] [stdout] test polish::hex_prefix_lowered_by_default ... ok
[INFO] [stdout] test polish::space_after_fn_definitions_only ... ok
[INFO] [stdout] test polish::magic_trailing_comma_idempotent_after_expand ... ok
[INFO] [stdout] test polish::space_after_fn_never_default ... ok
[INFO] [stdout] test polish::magic_trailing_comma_on_expands_call_args_via_table ... ok
[INFO] [stdout] test polish::sort_requires_verifies_against_the_sorted_buffer ... ok
[INFO] [stdout] test polish::sort_requires_alphabetizes_consecutive ... ok
[INFO] [stdout] test polish::sort_requires_respects_blank_line_break ... ok
[INFO] [stdout] test polish::space_after_fn_always ... ok
[INFO] [stdout] test polish::space_after_fn_calls_only ... ok
[INFO] [stdout] test statements::generic_for ... ok
[INFO] [stdout] test statements::if_statement ... ok
[INFO] [stdout] test statements::leading_attribute_formats_as_distributed_trailing ... ok
[INFO] [stdout] test statements::long_assignment_values_break ... ok
[INFO] [stdout] test statements::do_block ... ok
[INFO] [stdout] test polish::verify_detects_structural_divergence ... ok
[INFO] [stdout] test statements::goto_and_label ... ok
[INFO] [stdout] test polish::verify_passes_on_clean_format ... ok
[INFO] [stdout] test polish::verify_detects_renamed_identifier ... ok
[INFO] [stdout] test statements::empty_statement_stripped ... ok
[INFO] [stdout] test statements::lua54_attributes ... ok
[INFO] [stdout] test statements::luau_compound_assignment ... ok
[INFO] [stdout] test statements::global_declaration_with_initializer ... ok
[INFO] [stdout] test statements::luau_export_type ... ok
[INFO] [stdout] test statements::multi_return ... ok
[INFO] [stdout] test statements::numeric_for ... ok
[INFO] [stdout] test statements::while_loop ... ok
[INFO] [stdout] test statements::spaces_indent ... ok
[INFO] [stdout] test statements::luau_type_declaration ... ok
[INFO] [stdout] test synthetic::attribute_args_roundtrip ... ok
[INFO] [stdout] test statements::numeric_for_with_step ... ok
[INFO] [stdout] test statements::semicolons_stripped ... ok
[INFO] [stdout] test statements::repeat_until ... ok
[INFO] [stdout] test synthetic::attributed_local_roundtrips_in_lua54 ... ok
[INFO] [stdout] test synthetic::chained_cast_roundtrips ... ok
[INFO] [stdout] test synthetic::const_declarations_roundtrip ... ok
[INFO] [stdout] test synthetic::dangling_comment_prints_inside_empty_function ... ok
[INFO] [stdout] test synthetic::field_or_index_roundtrips ... ok
[INFO] [stdout] test synthetic::composite_types_preserve_grouping ... ok
[INFO] [stdout] test synthetic::empty_block_does_not_panic ... ok
[INFO] [stdout] test statements::long_if_condition_breaks ... ok
[INFO] [stdout] test synthetic::cast_before_comparison_roundtrips ... ok
[INFO] [stdout] test synthetic::exponent_number_roundtrips ... ok
[INFO] [stdout] test synthetic::function_attributes_roundtrip ... ok
[INFO] [stdout] test synthetic::call_sugar_roundtrips ... ok
[INFO] [stdout] test synthetic::globals_roundtrip_in_lua55 ... ok
[INFO] [stdout] test synthetic::interpolated_parts_roundtrip ... ok
[INFO] [stdout] test synthetic::long_string_roundtrips ... ok
[INFO] [stdout] test synthetic::long_string_carriage_return_roundtrips ... ok
[INFO] [stdout] test synthetic::luau_pinned_numbers_roundtrip ... ok
[INFO] [stdout] test synthetic::long_string_delimiters_and_bytes_roundtrip ... ok
[INFO] [stdout] test synthetic::mid_block_break_roundtrips_in_lua54 ... ok
[INFO] [stdout] test synthetic::numeric_specials_roundtrip ... ok
[INFO] [stdout] test synthetic::precedence_parens_roundtrip ... ok
[INFO] [stdout] test synthetic::prefix_wrapping_roundtrips ... ok
[INFO] [stdout] test synthetic::requested_blank_lines_separate_statements ... ok
[INFO] [stdout] test synthetic::single_value_truncation_roundtrips ... ok
[INFO] [stdout] test synthetic::string_bytes_roundtrips ... ok
[INFO] [stdout] test synthetic::synthetic_comments_placed_around_statement ... ok
[INFO] [stdout] test synthetic::typed_local_roundtrips ... ok
[INFO] [stdout] test synthetic::goto_roundtrips_in_lua54 ... ok
[INFO] [stdout] test synthetic::luau_type_forms_roundtrip ... ok
[INFO] [stdout] test synthetic::if_expression_operand_roundtrips ... ok
[INFO] [stdout] test tables::bracketed_field ... ok
[INFO] [stdout] test tables::deeply_nested_table ... ok
[INFO] [stdout] test tables::empty_table ... ok
[INFO] [stdout] test synthetic::mixed_statements_roundtrip ... ok
[INFO] [stdout] test synthetic::last_statement_only_roundtrips ... ok
[INFO] [stdout] test synthetic::version_pinned_keyword_field_roundtrips ... ok
[INFO] [stdout] test synthetic::typed_function_roundtrips ... ok
[INFO] [stdout] test tables::expanded_table ... ok
[INFO] [stdout] test tables::fill_entry_with_grouped_dot_chain ... ok
[INFO] [stdout] test tables::flat_table_named ... ok
[INFO] [stdout] test tables::long_single_field_expanded ... ok
[INFO] [stdout] test tables::mixed_positional_and_named_fields ... ok
[INFO] [stdout] test tables::nested_table ... ok
[INFO] [stdout] test tables::long_string_bracket_key_keeps_space ... ok
[INFO] [stdout] test tables::long_string_index_keeps_space ... ok
[INFO] [stdout] test tables::positional_fields ... ok
[INFO] [stdout] test tables::semicolons_to_commas ... ok
[INFO] [stdout] 
[INFO] [stdout] failures:
[INFO] [stdout] 
[INFO] [stdout] ---- fixtures::every_fixture_formats_and_verifies stdout ----
[INFO] [stdout] 
[INFO] [stdout] thread 'fixtures::every_fixture_formats_and_verifies' (1086) panicked at tests/it/fixtures.rs:45:52:
[INFO] [stdout] fixture directory is readable: Os { code: 2, kind: NotFound, message: "No such file or directory" }
[INFO] [stdout] stack backtrace:
[INFO] [stdout]    0:     0x5b2e322bbff1 - <<std[70759c8f55707aa4]::sys::backtrace::BacktraceLock>::print::DisplayBacktrace as core[df12db4294e9bfd3]::fmt::Display>::fmt
[INFO] [stdout]    1:     0x5b2e322d1b9a - core[df12db4294e9bfd3]::fmt::write
[INFO] [stdout]    2:     0x5b2e322c077c - <alloc[2182bb758b4b3781]::vec::Vec<u8> as core[df12db4294e9bfd3]::io::write::Write>::write_fmt
[INFO] [stdout]    3:     0x5b2e32297bd6 - std[70759c8f55707aa4]::panicking::default_hook::{closure#0}
[INFO] [stdout]    4:     0x5b2e322b41d9 - std[70759c8f55707aa4]::panicking::default_hook
[INFO] [stdout]    5:     0x5b2e321b8d80 - test[9d35eded1c95d3be]::test_main_inner::<test[9d35eded1c95d3be]::test_main_static::{closure#0}>::{closure#0}
[INFO] [stdout]    6:     0x5b2e322b4392 - std[70759c8f55707aa4]::panicking::panic_with_hook
[INFO] [stdout]    7:     0x5b2e32297c82 - std[70759c8f55707aa4]::panicking::panic_handler::{closure#0}
[INFO] [stdout]    8:     0x5b2e322907d9 - std[70759c8f55707aa4]::sys::backtrace::__rust_end_short_backtrace::<std[70759c8f55707aa4]::panicking::panic_handler::{closure#0}, !>
[INFO] [stdout]    9:     0x5b2e3229887d - __rustc[8fa7c3cbc660c2b3]::rust_begin_unwind
[INFO] [stdout]   10:     0x5b2e322d22cc - core[df12db4294e9bfd3]::panicking::panic_fmt
[INFO] [stdout]   11:     0x5b2e322d20a2 - core[df12db4294e9bfd3]::result::unwrap_failed
[INFO] [stdout]   12:     0x5b2e321a4d23 - it[9d4655c7d43273db]::fixtures::every_fixture_formats_and_verifies
[INFO] [stdout]   13:     0x5b2e321a14f9 - <it[9d4655c7d43273db]::fixtures::every_fixture_formats_and_verifies::{closure#0} as core[df12db4294e9bfd3]::ops::function::FnOnce<()>>::call_once
[INFO] [stdout]   14:     0x5b2e321ac06b - test[9d35eded1c95d3be]::__rust_begin_short_backtrace::<core[df12db4294e9bfd3]::result::Result<(), alloc[2182bb758b4b3781]::string::String>, fn() -> core[df12db4294e9bfd3]::result::Result<(), alloc[2182bb758b4b3781]::string::String>>
[INFO] [stdout]   15:     0x5b2e321b96d5 - test[9d35eded1c95d3be]::run_test::{closure#0}
[INFO] [stdout]   16:     0x5b2e321b2f94 - std[70759c8f55707aa4]::sys::backtrace::__rust_begin_short_backtrace::<test[9d35eded1c95d3be]::run_test::{closure#1}, ()>
[INFO] [stdout]   17:     0x5b2e321bc832 - <std[70759c8f55707aa4]::thread::lifecycle::spawn_unchecked<test[9d35eded1c95d3be]::run_test::{closure#1}, ()>::{closure#1} as core[df12db4294e9bfd3]::ops::function::FnOnce<()>>::call_once::{shim:vtable#0}
[INFO] [stdout]   18:     0x5b2e322bb559 - <std[70759c8f55707aa4]::sys::thread::unix::Thread>::new::thread_start
[INFO] [stdout]   19:     0x736250c1cdfa - <unknown>
[INFO] [stdout]   20:     0x736250cb03d4 - clone
[INFO] [stdout]   21:                0x0 - <unknown>
[INFO] [stdout] 
[INFO] [stdout] 
[INFO] [stdout] failures:
[INFO] [stdout]     fixtures::every_fixture_formats_and_verifies
[INFO] [stdout] 
[INFO] [stdout] test result: FAILED. 174 passed; 1 failed; 0 ignored; 0 measured; 0 filtered out; finished in 0.04s
[INFO] [stdout] 
[INFO] [stderr] error: test failed, to rerun pass `--test it`
[INFO] running `Command { std: "docker" "inspect" "6d9108784700a635909eb778de7fdb2ca0ac0565236d4afc28928c09e64a1bd5", kill_on_drop: false }`
[INFO] running `Command { std: "docker" "rm" "-f" "6d9108784700a635909eb778de7fdb2ca0ac0565236d4afc28928c09e64a1bd5", kill_on_drop: false }`
[INFO] [stdout] 6d9108784700a635909eb778de7fdb2ca0ac0565236d4afc28928c09e64a1bd5
