[INFO] fetching crate lucide-icons 1.57.0...
[INFO] testing lucide-icons-1.57.0 against 1.100.0-beta.1+cargoflags=--release for beta-release-1.100-2
[INFO] extracting crate lucide-icons 1.57.0 into /workspace/builds/worker-5-tc2/source
[INFO] started tweaking crates.io crate lucide-icons 1.57.0
[INFO] finished tweaking crates.io crate lucide-icons 1.57.0
[INFO] tweaked toml for crates.io crate lucide-icons 1.57.0 written to /workspace/builds/worker-5-tc2/source/Cargo.toml
[INFO] validating manifest of crates.io crate lucide-icons 1.57.0 on toolchain 1.100.0-beta.1
[INFO] running `Command { std: CARGO_HOME="/workspace/cargo-home" RUSTUP_HOME="/workspace/rustup-home" "/workspace/cargo-home/bin/cargo" "+1.100.0-beta.1" "metadata" "--manifest-path" "Cargo.toml" "--no-deps", kill_on_drop: false }`
[INFO] crate crates.io crate lucide-icons 1.57.0 already has a lockfile, it will not be regenerated
[INFO] running `Command { std: CARGO_HOME="/workspace/cargo-home" RUSTUP_HOME="/workspace/rustup-home" "/workspace/cargo-home/bin/cargo" "+1.100.0-beta.1" "fetch" "--manifest-path" "Cargo.toml", kill_on_drop: false }`
[INFO] [stderr] warning: `package.homepage` is redundant with `package.repository`
[INFO] [stderr]   --> Cargo.toml:32:12
[INFO] [stderr]    |
[INFO] [stderr] 32 | homepage = "https://github.com/WhySoBad/lucide-icons-rs"
[INFO] [stderr]    |            ^^^^^^^^^^^^^^^^^^^^^^^^^^^^^^^^^^^^^^^^^^^^^
[INFO] [stderr] ...
[INFO] [stderr] 37 | repository = "https://github.com/WhySoBad/lucide-icons-rs"
[INFO] [stderr]    |              ---------------------------------------------
[INFO] [stderr]    |
[INFO] [stderr]    = note: `cargo::redundant_homepage` is set to `warn` by default
[INFO] [stderr] help: consider removing `package.homepage`
[INFO] [stderr] warning: `lucide-icons` (manifest) generated 1 warning
[INFO] running `Command { std: "docker" "create" "-v" "/var/lib/crater-agent-workspace/builds/worker-5-tc2/source:/opt/rustwide/workdir:ro,Z" "-v" "/var/lib/crater-agent-workspace/builds/worker-5-tc2/target:/opt/rustwide/target:rw,Z" "-v" "/var/lib/crater-agent-workspace/cargo-home:/opt/rustwide/cargo-home:ro,Z" "-v" "/var/lib/crater-agent-workspace/rustup-home:/opt/rustwide/rustup-home:ro,Z" "-m" "1610612736" "--network" "none" "ghcr.io/rust-lang/crates-build-env/linux@sha256:77db811e55d90add9212f6832c23229e3de5f1c1f9905e8cb07319ea15df73ac" "sleep" "infinity", kill_on_drop: false }`
[INFO] [stdout] 2aa7470e5966659daced08602fdb981cdf13557699b524f2d385479ca2f19376
[INFO] running `Command { std: "docker" "start" "2aa7470e5966659daced08602fdb981cdf13557699b524f2d385479ca2f19376", kill_on_drop: false }`
[INFO] running `Command { std: "docker" "inspect" "2aa7470e5966659daced08602fdb981cdf13557699b524f2d385479ca2f19376", kill_on_drop: false }`
[INFO] running `Command { std: "docker" "exec" "-e" "SOURCE_DIR=/opt/rustwide/workdir" "-e" "CARGO_HOME=/opt/rustwide/cargo-home" "-e" "RUSTUP_HOME=/opt/rustwide/rustup-home" "-e" "CARGO_TARGET_DIR=/opt/rustwide/target" "-w" "/opt/rustwide/workdir" "--user" "0:0" "2aa7470e5966659daced08602fdb981cdf13557699b524f2d385479ca2f19376" "/opt/rustwide/cargo-home/bin/cargo" "+1.100.0-beta.1" "metadata" "--no-deps" "--format-version=1", kill_on_drop: false }`
[INFO] running `Command { std: "docker" "inspect" "2aa7470e5966659daced08602fdb981cdf13557699b524f2d385479ca2f19376", kill_on_drop: false }`
[INFO] running `Command { std: "docker" "exec" "-e" "SOURCE_DIR=/opt/rustwide/workdir" "-e" "CARGO_HOME=/opt/rustwide/cargo-home" "-e" "RUSTUP_HOME=/opt/rustwide/rustup-home" "-e" "CARGO_TARGET_DIR=/opt/rustwide/target" "-e" "CARGO_INCREMENTAL=0" "-e" "RUST_BACKTRACE=full" "-e" "RUSTFLAGS=--cap-lints=warn" "-e" "RUSTDOCFLAGS=--cap-lints=warn" "-w" "/opt/rustwide/workdir" "--user" "0:0" "2aa7470e5966659daced08602fdb981cdf13557699b524f2d385479ca2f19376" "/opt/rustwide/cargo-home/bin/cargo" "+1.100.0-beta.1" "build" "--frozen" "--message-format=json" "--release", kill_on_drop: false }`
[INFO] [stderr] warning: `package.homepage` is redundant with `package.repository`
[INFO] [stderr]   --> Cargo.toml:32:12
[INFO] [stderr]    |
[INFO] [stderr] 32 | homepage = "https://github.com/WhySoBad/lucide-icons-rs"
[INFO] [stderr]    |            ^^^^^^^^^^^^^^^^^^^^^^^^^^^^^^^^^^^^^^^^^^^^^
[INFO] [stderr] ...
[INFO] [stderr] 37 | repository = "https://github.com/WhySoBad/lucide-icons-rs"
[INFO] [stderr]    |              ---------------------------------------------
[INFO] [stderr]    |
[INFO] [stderr]    = note: `cargo::redundant_homepage` is set to `warn` by default
[INFO] [stderr] help: consider removing `package.homepage`
[INFO] [stderr] warning: `lucide-icons` (manifest) generated 1 warning
[INFO] [stderr]    Compiling lucide-icons v1.57.0 (/opt/rustwide/workdir)
[INFO] [stderr]     Finished `release` profile [optimized] target(s) in 13.55s
[INFO] running `Command { std: "docker" "inspect" "2aa7470e5966659daced08602fdb981cdf13557699b524f2d385479ca2f19376", kill_on_drop: false }`
[INFO] running `Command { std: "docker" "exec" "-e" "SOURCE_DIR=/opt/rustwide/workdir" "-e" "CARGO_HOME=/opt/rustwide/cargo-home" "-e" "RUSTUP_HOME=/opt/rustwide/rustup-home" "-e" "CARGO_TARGET_DIR=/opt/rustwide/target" "-e" "CARGO_INCREMENTAL=0" "-e" "RUST_BACKTRACE=full" "-e" "RUSTFLAGS=--cap-lints=warn" "-e" "RUSTDOCFLAGS=--cap-lints=warn" "-w" "/opt/rustwide/workdir" "--user" "0:0" "2aa7470e5966659daced08602fdb981cdf13557699b524f2d385479ca2f19376" "/opt/rustwide/cargo-home/bin/cargo" "+1.100.0-beta.1" "test" "--frozen" "--no-run" "--message-format=json" "--release", kill_on_drop: false }`
[INFO] [stderr] warning: `package.homepage` is redundant with `package.repository`
[INFO] [stderr]   --> Cargo.toml:32:12
[INFO] [stderr]    |
[INFO] [stderr] 32 | homepage = "https://github.com/WhySoBad/lucide-icons-rs"
[INFO] [stderr]    |            ^^^^^^^^^^^^^^^^^^^^^^^^^^^^^^^^^^^^^^^^^^^^^
[INFO] [stderr] ...
[INFO] [stderr] 37 | repository = "https://github.com/WhySoBad/lucide-icons-rs"
[INFO] [stderr]    |              ---------------------------------------------
[INFO] [stderr]    |
[INFO] [stderr]    = note: `cargo::redundant_homepage` is set to `warn` by default
[INFO] [stderr] help: consider removing `package.homepage`
[INFO] [stderr] warning: `lucide-icons` (manifest) generated 1 warning
[INFO] [stderr]    Compiling lucide-icons v1.57.0 (/opt/rustwide/workdir)
[INFO] [stderr]     Finished `release` profile [optimized] target(s) in 1.79s
[INFO] running `Command { std: "docker" "inspect" "2aa7470e5966659daced08602fdb981cdf13557699b524f2d385479ca2f19376", kill_on_drop: false }`
[INFO] running `Command { std: "docker" "exec" "-e" "SOURCE_DIR=/opt/rustwide/workdir" "-e" "CARGO_HOME=/opt/rustwide/cargo-home" "-e" "RUSTUP_HOME=/opt/rustwide/rustup-home" "-e" "CARGO_TARGET_DIR=/opt/rustwide/target" "-e" "CARGO_INCREMENTAL=0" "-e" "RUST_BACKTRACE=full" "-e" "RUSTFLAGS=--cap-lints=warn" "-e" "RUSTDOCFLAGS=--cap-lints=warn" "-w" "/opt/rustwide/workdir" "--user" "0:0" "2aa7470e5966659daced08602fdb981cdf13557699b524f2d385479ca2f19376" "/opt/rustwide/cargo-home/bin/cargo" "+1.100.0-beta.1" "test" "--frozen" "--release", kill_on_drop: false }`
[INFO] [stderr] warning: `package.homepage` is redundant with `package.repository`
[INFO] [stderr]   --> Cargo.toml:32:12
[INFO] [stderr]    |
[INFO] [stderr] 32 | homepage = "https://github.com/WhySoBad/lucide-icons-rs"
[INFO] [stderr]    |            ^^^^^^^^^^^^^^^^^^^^^^^^^^^^^^^^^^^^^^^^^^^^^
[INFO] [stderr] ...
[INFO] [stderr] 37 | repository = "https://github.com/WhySoBad/lucide-icons-rs"
[INFO] [stderr]    |              ---------------------------------------------
[INFO] [stderr]    |
[INFO] [stderr]    = note: `cargo::redundant_homepage` is set to `warn` by default
[INFO] [stderr] help: consider removing `package.homepage`
[INFO] [stderr] warning: `lucide-icons` (manifest) generated 1 warning
[INFO] [stderr]     Finished `release` profile [optimized] target(s) in 0.08s
[INFO] [stderr]      Running unittests src/lib.rs (/opt/rustwide/target/release/build/lucide-icons/11d97ad0243c1bba/out/lucide_icons-11d97ad0243c1bba)
[INFO] [stdout] 
[INFO] [stdout] running 0 tests
[INFO] [stdout] 
[INFO] [stdout] test result: ok. 0 passed; 0 failed; 0 ignored; 0 measured; 0 filtered out; finished in 0.00s
[INFO] [stdout] 
[INFO] [stderr]    Doc-tests lucide_icons
[INFO] [stdout] 
[INFO] [stdout] running 4 tests
[INFO] [stdout] test src/lib.rs - (line 48) ... FAILED
[INFO] [stdout] test src/icon.rs - icon::Icon (line 4) ... FAILED
[INFO] [stdout] test src/lib.rs - (line 5) ... ok
[INFO] [stdout] test src/lib.rs - (line 22) ... FAILED
[INFO] [stdout] 
[INFO] [stdout] failures:
[INFO] [stdout] 
[INFO] [stdout] ---- src/lib.rs - (line 48) stdout ----
[INFO] [stdout] error[E0433]: cannot find module or crate `serde` in this scope
[INFO] [stdout]   --> src/lib.rs:52:10
[INFO] [stdout]    |
[INFO] [stdout] 52 | #[derive(serde::Serialize)]
[INFO] [stdout]    |          ^^^^^ use of unresolved module or unlinked crate `serde`
[INFO] [stdout] 
[INFO] [stdout] error[E0433]: cannot find module or crate `serde_json` in this scope
[INFO] [stdout]   --> src/lib.rs:59:15
[INFO] [stdout]    |
[INFO] [stdout] 59 |     let str = serde_json::to_string(&icon).expect("should serialize");
[INFO] [stdout]    |               ^^^^^^^^^^ use of unresolved module or unlinked crate `serde_json`
[INFO] [stdout]    |
[INFO] [stdout]    = help: if you wanted to use a crate named `serde_json`, use `cargo add serde_json` to add it to your `Cargo.toml`
[INFO] [stdout] 
[INFO] [stdout] error: aborting due to 2 previous errors
[INFO] [stdout] 
[INFO] [stdout] For more information about this error, try `rustc --explain E0433`.
[INFO] [stdout] Couldn't compile the test.
[INFO] [stdout] ---- src/icon.rs - icon::Icon (line 4) stdout ----
[INFO] [stdout] error[E0433]: cannot find module or crate `iced` in this scope
[INFO] [stdout]   --> src/icon.rs:19:1
[INFO] [stdout]    |
[INFO] [stdout] 19 | iced::widget::Text::from(Icon::Anvil);
[INFO] [stdout]    | ^^^^ use of unresolved module or unlinked crate `iced`
[INFO] [stdout]    |
[INFO] [stdout] help: to make use of source file src/iced.rs, use `mod iced` in this file to declare the module
[INFO] [stdout]    |
[INFO] [stdout]  4 + mod iced;
[INFO] [stdout]    |
[INFO] [stdout] 
[INFO] [stdout] error[E0433]: cannot find type `Icon` in this scope
[INFO] [stdout]  --> src/icon.rs:5:12
[INFO] [stdout]   |
[INFO] [stdout] 5 | let icon = Icon::Anvil;
[INFO] [stdout]   |            ^^^^ use of undeclared type `Icon`
[INFO] [stdout] 
[INFO] [stdout] error[E0433]: cannot find type `Icon` in this scope
[INFO] [stdout]   --> src/icon.rs:10:15
[INFO] [stdout]    |
[INFO] [stdout] 10 | let unicode = Icon::Anvil.unicode();
[INFO] [stdout]    |               ^^^^ use of undeclared type `Icon`
[INFO] [stdout] 
[INFO] [stdout] error[E0433]: cannot find type `Icon` in this scope
[INFO] [stdout]   --> src/icon.rs:13:1
[INFO] [stdout]    |
[INFO] [stdout] 13 | Icon::try_from("anvil").expect("should be valid icon variant");
[INFO] [stdout]    | ^^^^ use of undeclared type `Icon`
[INFO] [stdout] 
[INFO] [stdout] error[E0433]: cannot find type `Icon` in this scope
[INFO] [stdout]   --> src/icon.rs:16:1
[INFO] [stdout]    |
[INFO] [stdout] 16 | Icon::try_from('\u{e1ad}').expect("should be valid icon variant");
[INFO] [stdout]    | ^^^^ use of undeclared type `Icon`
[INFO] [stdout] 
[INFO] [stdout] error[E0433]: cannot find type `Icon` in this scope
[INFO] [stdout]   --> src/icon.rs:19:26
[INFO] [stdout]    |
[INFO] [stdout] 19 | iced::widget::Text::from(Icon::Anvil);
[INFO] [stdout]    |                          ^^^^ use of undeclared type `Icon`
[INFO] [stdout] 
[INFO] [stdout] error: aborting due to 6 previous errors
[INFO] [stdout] 
[INFO] [stdout] For more information about this error, try `rustc --explain E0433`.
[INFO] [stdout] Couldn't compile the test.
[INFO] [stdout] ---- src/lib.rs - (line 22) stdout ----
[INFO] [stdout] error[E0432]: unresolved import `lucide_icons::iced`
[INFO] [stdout]   --> src/lib.rs:24:39
[INFO] [stdout]    |
[INFO] [stdout] 24 | use lucide_icons::{LUCIDE_FONT_BYTES, iced::icon_anvil};
[INFO] [stdout]    |                                       ^^^^ could not find `iced` in `lucide_icons`
[INFO] [stdout]    |
[INFO] [stdout] note: found an item that was configured out
[INFO] [stdout]   --> src/lib.rs:67:9
[INFO] [stdout]    |
[INFO] [stdout] 66 | #[cfg(feature = "iced")]
[INFO] [stdout]    |       ---------------- the item is gated behind the `iced` feature
[INFO] [stdout] 67 | pub mod iced;
[INFO] [stdout]    |         ^^^^
[INFO] [stdout] 
[INFO] [stdout] error[E0433]: cannot find module or crate `iced` in this scope
[INFO] [stdout]   --> src/lib.rs:37:5
[INFO] [stdout]    |
[INFO] [stdout] 37 |     iced::widget::column![
[INFO] [stdout]    |     ^^^^ use of unresolved module or unlinked crate `iced`
[INFO] [stdout] 
[INFO] [stdout] error[E0106]: missing lifetime specifier
[INFO] [stdout]   --> src/lib.rs:36:28
[INFO] [stdout]    |
[INFO] [stdout] 36 | fn view() -> iced::Element<'_, Message, Theme, iced::Renderer> {
[INFO] [stdout]    |                            ^^ expected named lifetime parameter
[INFO] [stdout]    |
[INFO] [stdout]    = help: this function's return type contains a borrowed value, but there is no value for it to be borrowed from
[INFO] [stdout] help: consider using the `'static` lifetime, but this is uncommon unless you're returning a borrowed value from a `const` or a `static`, or if you will only have owned values
[INFO] [stdout]    |
[INFO] [stdout] 36 - fn view() -> iced::Element<'_, Message, Theme, iced::Renderer> {
[INFO] [stdout] 36 + fn view() -> iced::Element<'static, Message, Theme, iced::Renderer> {
[INFO] [stdout]    |
[INFO] [stdout] 
[INFO] [stdout] error[E0425]: cannot find type `Message` in this scope
[INFO] [stdout]   --> src/lib.rs:36:32
[INFO] [stdout]    |
[INFO] [stdout] 36 | fn view() -> iced::Element<'_, Message, Theme, iced::Renderer> {
[INFO] [stdout]    |                                ^^^^^^^ not found in this scope
[INFO] [stdout]    |
[INFO] [stdout] help: you might be missing a type parameter
[INFO] [stdout]    |
[INFO] [stdout] 36 | fn view<Message>() -> iced::Element<'_, Message, Theme, iced::Renderer> {
[INFO] [stdout]    |        +++++++++
[INFO] [stdout] 
[INFO] [stdout] error[E0425]: cannot find type `Theme` in this scope
[INFO] [stdout]   --> src/lib.rs:36:41
[INFO] [stdout]    |
[INFO] [stdout] 36 | fn view() -> iced::Element<'_, Message, Theme, iced::Renderer> {
[INFO] [stdout]    |                                         ^^^^^ not found in this scope
[INFO] [stdout]    |
[INFO] [stdout] help: you might be missing a type parameter
[INFO] [stdout]    |
[INFO] [stdout] 36 | fn view<Theme>() -> iced::Element<'_, Message, Theme, iced::Renderer> {
[INFO] [stdout]    |        +++++++
[INFO] [stdout] 
[INFO] [stdout] error[E0433]: cannot find module or crate `iced` in this scope
[INFO] [stdout]   --> src/lib.rs:27:20
[INFO] [stdout]    |
[INFO] [stdout] 27 |     let settings = iced::Settings {
[INFO] [stdout]    |                    ^^^^ use of unresolved module or unlinked crate `iced`
[INFO] [stdout]    |
[INFO] [stdout] help: to make use of source file src/iced.rs, use `mod iced` in this file to declare the module
[INFO] [stdout]    |
[INFO] [stdout] 21 + mod iced;
[INFO] [stdout]    |
[INFO] [stdout] 
[INFO] [stdout] error[E0433]: cannot find module or crate `iced` in this scope
[INFO] [stdout]   --> src/lib.rs:36:14
[INFO] [stdout]    |
[INFO] [stdout] 36 | fn view() -> iced::Element<'_, Message, Theme, iced::Renderer> {
[INFO] [stdout]    |              ^^^^ use of unresolved module or unlinked crate `iced`
[INFO] [stdout]    |
[INFO] [stdout] help: to make use of source file src/iced.rs, use `mod iced` in this file to declare the module
[INFO] [stdout]    |
[INFO] [stdout] 21 + mod iced;
[INFO] [stdout]    |
[INFO] [stdout] 
[INFO] [stdout] error[E0433]: cannot find module or crate `iced` in this scope
[INFO] [stdout]   --> src/lib.rs:36:48
[INFO] [stdout]    |
[INFO] [stdout] 36 | fn view() -> iced::Element<'_, Message, Theme, iced::Renderer> {
[INFO] [stdout]    |                                                ^^^^ use of unresolved module or unlinked crate `iced`
[INFO] [stdout]    |
[INFO] [stdout] help: to make use of source file src/iced.rs, use `mod iced` in this file to declare the module
[INFO] [stdout]    |
[INFO] [stdout] 21 + mod iced;
[INFO] [stdout]    |
[INFO] [stdout] 
[INFO] [stdout] error: aborting due to 8 previous errors
[INFO] [stdout] 
[INFO] [stdout] Some errors have detailed explanations: E0106, E0425, E0432, E0433.
[INFO] [stdout] For more information about an error, try `rustc --explain E0106`.
[INFO] [stdout] Couldn't compile the test.
[INFO] [stdout] 
[INFO] [stdout] failures:
[INFO] [stdout]     src/icon.rs - icon::Icon (line 4)
[INFO] [stdout]     src/lib.rs - (line 22)
[INFO] [stdout]     src/lib.rs - (line 48)
[INFO] [stdout] 
[INFO] [stdout] test result: FAILED. 1 passed; 3 failed; 0 ignored; 0 measured; 0 filtered out; finished in 0.34s
[INFO] [stdout] 
[INFO] [stdout] all doctests ran in 0.50s; merged doctests compilation took 0.16s
[INFO] [stderr] error: doctest failed, to rerun pass `--doc`
[INFO] running `Command { std: "docker" "inspect" "2aa7470e5966659daced08602fdb981cdf13557699b524f2d385479ca2f19376", kill_on_drop: false }`
[INFO] running `Command { std: "docker" "rm" "-f" "2aa7470e5966659daced08602fdb981cdf13557699b524f2d385479ca2f19376", kill_on_drop: false }`
[INFO] [stdout] 2aa7470e5966659daced08602fdb981cdf13557699b524f2d385479ca2f19376
