[INFO] fetching crate lt-tokenize 0.2.8...
[INFO] testing lt-tokenize-0.2.8 against 1.99.0-beta.8+cargoflags=--release for beta-release-1.100-2
[INFO] extracting crate lt-tokenize 0.2.8 into /workspace/builds/worker-4-tc1/source
[INFO] started tweaking crates.io crate lt-tokenize 0.2.8
[INFO] finished tweaking crates.io crate lt-tokenize 0.2.8
[INFO] tweaked toml for crates.io crate lt-tokenize 0.2.8 written to /workspace/builds/worker-4-tc1/source/Cargo.toml
[INFO] validating manifest of crates.io crate lt-tokenize 0.2.8 on toolchain 1.99.0-beta.8
[INFO] running `Command { std: CARGO_HOME="/workspace/cargo-home" RUSTUP_HOME="/workspace/rustup-home" "/workspace/cargo-home/bin/cargo" "+1.99.0-beta.8" "metadata" "--manifest-path" "Cargo.toml" "--no-deps", kill_on_drop: false }`
[INFO] crate crates.io crate lt-tokenize 0.2.8 already has a lockfile, it will not be regenerated
[INFO] running `Command { std: CARGO_HOME="/workspace/cargo-home" RUSTUP_HOME="/workspace/rustup-home" "/workspace/cargo-home/bin/cargo" "+1.99.0-beta.8" "fetch" "--manifest-path" "Cargo.toml", kill_on_drop: false }`
[INFO] [stderr]     Updating crates.io index
[INFO] [stderr]  Downloading crates ...
[INFO] [stderr]   Downloaded lt-data v0.2.8
[INFO] [stderr]   Downloaded lt-core v0.2.8
[INFO] running `Command { std: "docker" "create" "-v" "/var/lib/crater-agent-workspace/builds/worker-4-tc1/source:/opt/rustwide/workdir:ro,Z" "-v" "/var/lib/crater-agent-workspace/builds/worker-4-tc1/target:/opt/rustwide/target:rw,Z" "-v" "/var/lib/crater-agent-workspace/cargo-home:/opt/rustwide/cargo-home:ro,Z" "-v" "/var/lib/crater-agent-workspace/rustup-home:/opt/rustwide/rustup-home:ro,Z" "-m" "1610612736" "--network" "none" "ghcr.io/rust-lang/crates-build-env/linux@sha256:77db811e55d90add9212f6832c23229e3de5f1c1f9905e8cb07319ea15df73ac" "sleep" "infinity", kill_on_drop: false }`
[INFO] [stdout] d8bb2133c1a4c95778486a0af4ef74e1d094e53aaf382bcee36b1ea0f364d228
[INFO] running `Command { std: "docker" "start" "d8bb2133c1a4c95778486a0af4ef74e1d094e53aaf382bcee36b1ea0f364d228", kill_on_drop: false }`
[INFO] running `Command { std: "docker" "inspect" "d8bb2133c1a4c95778486a0af4ef74e1d094e53aaf382bcee36b1ea0f364d228", kill_on_drop: false }`
[INFO] running `Command { std: "docker" "exec" "-e" "SOURCE_DIR=/opt/rustwide/workdir" "-e" "CARGO_HOME=/opt/rustwide/cargo-home" "-e" "RUSTUP_HOME=/opt/rustwide/rustup-home" "-e" "CARGO_TARGET_DIR=/opt/rustwide/target" "-w" "/opt/rustwide/workdir" "--user" "0:0" "d8bb2133c1a4c95778486a0af4ef74e1d094e53aaf382bcee36b1ea0f364d228" "/opt/rustwide/cargo-home/bin/cargo" "+1.99.0-beta.8" "metadata" "--no-deps" "--format-version=1", kill_on_drop: false }`
[INFO] running `Command { std: "docker" "inspect" "d8bb2133c1a4c95778486a0af4ef74e1d094e53aaf382bcee36b1ea0f364d228", kill_on_drop: false }`
[INFO] running `Command { std: "docker" "exec" "-e" "SOURCE_DIR=/opt/rustwide/workdir" "-e" "CARGO_HOME=/opt/rustwide/cargo-home" "-e" "RUSTUP_HOME=/opt/rustwide/rustup-home" "-e" "CARGO_TARGET_DIR=/opt/rustwide/target" "-e" "CARGO_INCREMENTAL=0" "-e" "RUST_BACKTRACE=full" "-e" "RUSTFLAGS=--cap-lints=warn" "-e" "RUSTDOCFLAGS=--cap-lints=warn" "-w" "/opt/rustwide/workdir" "--user" "0:0" "d8bb2133c1a4c95778486a0af4ef74e1d094e53aaf382bcee36b1ea0f364d228" "/opt/rustwide/cargo-home/bin/cargo" "+1.99.0-beta.8" "build" "--frozen" "--message-format=json" "--release", kill_on_drop: false }`
[INFO] [stderr]    Compiling syn v3.0.5
[INFO] [stderr]    Compiling regex-automata v0.4.18
[INFO] [stderr]    Compiling crc32fast v1.5.2
[INFO] [stderr]    Compiling quick-xml v0.37.5
[INFO] [stderr]    Compiling miniz_oxide v0.9.1
[INFO] [stderr]    Compiling flate2 v1.1.10
[INFO] [stderr]    Compiling serde_derive v1.0.229
[INFO] [stderr]    Compiling thiserror-impl v2.0.20
[INFO] [stderr]    Compiling thiserror v2.0.20
[INFO] [stderr]    Compiling serde v1.0.229
[INFO] [stderr]    Compiling fancy-regex v0.14.0
[INFO] [stderr]    Compiling regex v1.13.1
[INFO] [stderr]    Compiling lt-core v0.2.8
[INFO] [stderr]    Compiling lt-data v0.2.8
[INFO] [stderr]    Compiling lt-tokenize v0.2.8 (/opt/rustwide/workdir)
[INFO] [stderr]     Finished `release` profile [optimized] target(s) in 23.22s
[INFO] running `Command { std: "docker" "inspect" "d8bb2133c1a4c95778486a0af4ef74e1d094e53aaf382bcee36b1ea0f364d228", kill_on_drop: false }`
[INFO] running `Command { std: "docker" "exec" "-e" "SOURCE_DIR=/opt/rustwide/workdir" "-e" "CARGO_HOME=/opt/rustwide/cargo-home" "-e" "RUSTUP_HOME=/opt/rustwide/rustup-home" "-e" "CARGO_TARGET_DIR=/opt/rustwide/target" "-e" "CARGO_INCREMENTAL=0" "-e" "RUST_BACKTRACE=full" "-e" "RUSTFLAGS=--cap-lints=warn" "-e" "RUSTDOCFLAGS=--cap-lints=warn" "-w" "/opt/rustwide/workdir" "--user" "0:0" "d8bb2133c1a4c95778486a0af4ef74e1d094e53aaf382bcee36b1ea0f364d228" "/opt/rustwide/cargo-home/bin/cargo" "+1.99.0-beta.8" "test" "--frozen" "--no-run" "--message-format=json" "--release", kill_on_drop: false }`
[INFO] [stderr]    Compiling lt-tokenize v0.2.8 (/opt/rustwide/workdir)
[INFO] [stderr]     Finished `release` profile [optimized] target(s) in 6.11s
[INFO] running `Command { std: "docker" "inspect" "d8bb2133c1a4c95778486a0af4ef74e1d094e53aaf382bcee36b1ea0f364d228", kill_on_drop: false }`
[INFO] running `Command { std: "docker" "exec" "-e" "SOURCE_DIR=/opt/rustwide/workdir" "-e" "CARGO_HOME=/opt/rustwide/cargo-home" "-e" "RUSTUP_HOME=/opt/rustwide/rustup-home" "-e" "CARGO_TARGET_DIR=/opt/rustwide/target" "-e" "CARGO_INCREMENTAL=0" "-e" "RUST_BACKTRACE=full" "-e" "RUSTFLAGS=--cap-lints=warn" "-e" "RUSTDOCFLAGS=--cap-lints=warn" "-w" "/opt/rustwide/workdir" "--user" "0:0" "d8bb2133c1a4c95778486a0af4ef74e1d094e53aaf382bcee36b1ea0f364d228" "/opt/rustwide/cargo-home/bin/cargo" "+1.99.0-beta.8" "test" "--frozen" "--release", kill_on_drop: false }`
[INFO] [stderr]     Finished `release` profile [optimized] target(s) in 0.04s
[INFO] [stderr]      Running unittests src/lib.rs (/opt/rustwide/target/release/deps/lt_tokenize-577d1bb585a7007d)
[INFO] [stdout] 
[INFO] [stdout] running 37 tests
[INFO] [stdout] test german_compound::tests::splits_known_compounds ... ok
[INFO] [stdout] test german_compound::tests::get_all_splits_matches_jwordsplitter ... ok
[INFO] [stdout] test german_compound::tests::applies_exception_splits_case_insensitively ... ok
[INFO] [stdout] test german::tests::joins_url_with_protocol ... ok
[INFO] [stdout] test german::tests::single_quotation_mark_is_a_delimiter ... ok
[INFO] [stdout] test german::tests::splits_like_the_java_base_tokenizer ... ok
[INFO] [stdout] test german::tests::underscore_is_a_delimiter_in_german ... ok
[INFO] [stdout] test greek::tests::splits_on_greek_delimiters ... ok
[INFO] [stdout] test greek::tests::keeps_oti_together ... ok
[INFO] [stdout] test galician::tests::splits_punctuation_like_string_tokenizer ... ok
[INFO] [stdout] test polish::tests::splits_on_polish_delimiters ... ok
[INFO] [stdout] test galician::tests::tokenizes_decimals_and_dates ... ok
[INFO] [stdout] test english::tests::variation_selectors_join_previous ... ok
[INFO] [stdout] test srx::tests::srx_handles_newline_paragraphs_for_en_two ... ok
[INFO] [stdout] test english::tests::delimiters_are_single_tokens ... ok
[INFO] [stdout] test romanian::tests::splits_on_romanian_delimiters ... ok
[INFO] [stdout] test srx::tests::srx_splits_basic_sentences ... ok
[INFO] [stdout] test tests::no_split_on_abbreviations_yet_but_offsets_stay_valid ... ok
[INFO] [stdout] test tests::empty_text_yields_no_sentences ... ok
[INFO] [stdout] test srx::tests::unmapped_language_gets_generic_sentence_break ... ok
[INFO] [stdout] test tests::splits_simple_sentences ... ok
[INFO] [stdout] test wordtokenizer::tests::joins_urls_like_java ... ok
[INFO] [stdout] test srx::debug_tests::debug_rules ... FAILED
[INFO] [stdout] test tests::tokenize_offsets_are_byte_accurate ... ok
[INFO] [stdout] test tests::tokenizer_keeps_intra_word_apostrophes ... ok
[INFO] [stdout] test wordtokenizer::tests::string_tokenizer_keeps_delimiters ... ok
[INFO] [stdout] test srx::tests::de_merges_blank_segments_without_linebreak_into_next_sentence ... ok
[INFO] [stdout] test srx::tests::srx_respects_abbreviations ... ok
[INFO] [stdout] test spanish::tests::tokenizes_decimals_and_ordinals ... ok
[INFO] [stdout] test spanish::tests::splits_unknown_hyphenated_words ... ok
[INFO] [stdout] test french::tests::re_joins_numbers ... ok
[INFO] [stdout] test french::tests::keeps_no_split_words ... ok
[INFO] [stdout] test french::tests::splits_unknown_hyphenated_words ... ok
[INFO] [stdout] test french::tests::splits_elisions ... ok
[INFO] [stdout] test ukrainian::tests::uk_tokenizer_apostrophes_and_entities ... ok
[INFO] [stdout] test ukrainian::tests::uk_tokenizer_java_probed_samples ... ok
[INFO] [stdout] test portuguese::tests::tokenizes_numbers_dates_and_hyphens ... ok
[INFO] [stdout] 
[INFO] [stdout] failures:
[INFO] [stdout] 
[INFO] [stdout] ---- srx::debug_tests::debug_rules stdout ----
[INFO] [stdout] 
[INFO] [stdout] thread 'srx::debug_tests::debug_rules' (549) panicked at src/srx.rs:754:48:
[INFO] [stdout] called `Result::unwrap()` on an `Err` value: Data("cannot open /opt/rustwide/workdir/../../data/core/segment.srx: No such file or directory (os error 2)")
[INFO] [stdout] stack backtrace:
[INFO] [stdout]    0:     0x62687c3fce31 - <<std[70759c8f55707aa4]::sys::backtrace::BacktraceLock>::print::DisplayBacktrace as core[df12db4294e9bfd3]::fmt::Display>::fmt
[INFO] [stdout]    1:     0x62687c41345a - core[df12db4294e9bfd3]::fmt::write
[INFO] [stdout]    2:     0x62687c40139c - <alloc[2182bb758b4b3781]::vec::Vec<u8> as core[df12db4294e9bfd3]::io::write::Write>::write_fmt
[INFO] [stdout]    3:     0x62687c3d8ec6 - std[70759c8f55707aa4]::panicking::default_hook::{closure#0}
[INFO] [stdout]    4:     0x62687c3f5279 - std[70759c8f55707aa4]::panicking::default_hook
[INFO] [stdout]    5:     0x62687c2849a0 - test[9d35eded1c95d3be]::test_main_inner::<test[9d35eded1c95d3be]::test_main_static::{closure#0}>::{closure#0}
[INFO] [stdout]    6:     0x62687c3f5432 - std[70759c8f55707aa4]::panicking::panic_with_hook
[INFO] [stdout]    7:     0x62687c3d8f72 - std[70759c8f55707aa4]::panicking::panic_handler::{closure#0}
[INFO] [stdout]    8:     0x62687c3d1b39 - std[70759c8f55707aa4]::sys::backtrace::__rust_end_short_backtrace::<std[70759c8f55707aa4]::panicking::panic_handler::{closure#0}, !>
[INFO] [stdout]    9:     0x62687c3d9b6d - __rustc[8fa7c3cbc660c2b3]::rust_begin_unwind
[INFO] [stdout]   10:     0x62687c413c3c - core[df12db4294e9bfd3]::panicking::panic_fmt
[INFO] [stdout]   11:     0x62687c413a12 - core[df12db4294e9bfd3]::result::unwrap_failed
[INFO] [stdout]   12:     0x62687c260642 - lt_tokenize[1539fed8b389bc36]::srx::debug_tests::debug_rules
[INFO] [stdout]   13:     0x62687c270c99 - <lt_tokenize[1539fed8b389bc36]::srx::debug_tests::debug_rules::{closure#0} as core[df12db4294e9bfd3]::ops::function::FnOnce<()>>::call_once
[INFO] [stdout]   14:     0x62687c277c8b - test[9d35eded1c95d3be]::__rust_begin_short_backtrace::<core[df12db4294e9bfd3]::result::Result<(), alloc[2182bb758b4b3781]::string::String>, fn() -> core[df12db4294e9bfd3]::result::Result<(), alloc[2182bb758b4b3781]::string::String>>
[INFO] [stdout]   15:     0x62687c2852f5 - test[9d35eded1c95d3be]::run_test::{closure#0}
[INFO] [stdout]   16:     0x62687c27ebb4 - std[70759c8f55707aa4]::sys::backtrace::__rust_begin_short_backtrace::<test[9d35eded1c95d3be]::run_test::{closure#1}, ()>
[INFO] [stdout]   17:     0x62687c288452 - <std[70759c8f55707aa4]::thread::lifecycle::spawn_unchecked<test[9d35eded1c95d3be]::run_test::{closure#1}, ()>::{closure#1} as core[df12db4294e9bfd3]::ops::function::FnOnce<()>>::call_once::{shim:vtable#0}
[INFO] [stdout]   18:     0x62687c3fc3e9 - <std[70759c8f55707aa4]::sys::thread::unix::Thread>::new::thread_start
[INFO] [stdout]   19:     0x717fba5e3dfa - <unknown>
[INFO] [stdout]   20:     0x717fba6773d4 - clone
[INFO] [stdout]   21:                0x0 - <unknown>
[INFO] [stdout] 
[INFO] [stdout] 
[INFO] [stdout] failures:
[INFO] [stdout]     srx::debug_tests::debug_rules
[INFO] [stdout] 
[INFO] [stdout] test result: FAILED. 36 passed; 1 failed; 0 ignored; 0 measured; 0 filtered out; finished in 0.13s
[INFO] [stdout] 
[INFO] [stderr] error: test failed, to rerun pass `--lib`
[INFO] running `Command { std: "docker" "inspect" "d8bb2133c1a4c95778486a0af4ef74e1d094e53aaf382bcee36b1ea0f364d228", kill_on_drop: false }`
[INFO] running `Command { std: "docker" "rm" "-f" "d8bb2133c1a4c95778486a0af4ef74e1d094e53aaf382bcee36b1ea0f364d228", kill_on_drop: false }`
[INFO] [stdout] d8bb2133c1a4c95778486a0af4ef74e1d094e53aaf382bcee36b1ea0f364d228
