[INFO] fetching crate lt-core 0.2.8...
[INFO] testing lt-core-0.2.8 against 1.100.0-beta.1+cargoflags=--release for beta-release-1.100-2
[INFO] extracting crate lt-core 0.2.8 into /workspace/builds/worker-4-tc2/source
[INFO] started tweaking crates.io crate lt-core 0.2.8
[INFO] removed 0 missing tests
[INFO] finished tweaking crates.io crate lt-core 0.2.8
[INFO] tweaked toml for crates.io crate lt-core 0.2.8 written to /workspace/builds/worker-4-tc2/source/Cargo.toml
[INFO] validating manifest of crates.io crate lt-core 0.2.8 on toolchain 1.100.0-beta.1
[INFO] running `Command { std: CARGO_HOME="/workspace/cargo-home" RUSTUP_HOME="/workspace/rustup-home" "/workspace/cargo-home/bin/cargo" "+1.100.0-beta.1" "metadata" "--manifest-path" "Cargo.toml" "--no-deps", kill_on_drop: false }`
[INFO] crate crates.io crate lt-core 0.2.8 already has a lockfile, it will not be regenerated
[INFO] running `Command { std: CARGO_HOME="/workspace/cargo-home" RUSTUP_HOME="/workspace/rustup-home" "/workspace/cargo-home/bin/cargo" "+1.100.0-beta.1" "fetch" "--manifest-path" "Cargo.toml", kill_on_drop: false }`
[INFO] running `Command { std: "docker" "create" "-v" "/var/lib/crater-agent-workspace/builds/worker-4-tc2/source:/opt/rustwide/workdir:ro,Z" "-v" "/var/lib/crater-agent-workspace/builds/worker-4-tc2/target:/opt/rustwide/target:rw,Z" "-v" "/var/lib/crater-agent-workspace/cargo-home:/opt/rustwide/cargo-home:ro,Z" "-v" "/var/lib/crater-agent-workspace/rustup-home:/opt/rustwide/rustup-home:ro,Z" "-m" "1610612736" "--network" "none" "ghcr.io/rust-lang/crates-build-env/linux@sha256:77db811e55d90add9212f6832c23229e3de5f1c1f9905e8cb07319ea15df73ac" "sleep" "infinity", kill_on_drop: false }`
[INFO] [stdout] e2862b2b4b475530a6a48fb208d18bcfd0f3ba65cf21fb3358e8aad05245aa86
[INFO] running `Command { std: "docker" "start" "e2862b2b4b475530a6a48fb208d18bcfd0f3ba65cf21fb3358e8aad05245aa86", kill_on_drop: false }`
[INFO] running `Command { std: "docker" "inspect" "e2862b2b4b475530a6a48fb208d18bcfd0f3ba65cf21fb3358e8aad05245aa86", kill_on_drop: false }`
[INFO] running `Command { std: "docker" "exec" "-e" "SOURCE_DIR=/opt/rustwide/workdir" "-e" "CARGO_HOME=/opt/rustwide/cargo-home" "-e" "RUSTUP_HOME=/opt/rustwide/rustup-home" "-e" "CARGO_TARGET_DIR=/opt/rustwide/target" "-w" "/opt/rustwide/workdir" "--user" "0:0" "e2862b2b4b475530a6a48fb208d18bcfd0f3ba65cf21fb3358e8aad05245aa86" "/opt/rustwide/cargo-home/bin/cargo" "+1.100.0-beta.1" "metadata" "--no-deps" "--format-version=1", kill_on_drop: false }`
[INFO] running `Command { std: "docker" "inspect" "e2862b2b4b475530a6a48fb208d18bcfd0f3ba65cf21fb3358e8aad05245aa86", kill_on_drop: false }`
[INFO] running `Command { std: "docker" "exec" "-e" "SOURCE_DIR=/opt/rustwide/workdir" "-e" "CARGO_HOME=/opt/rustwide/cargo-home" "-e" "RUSTUP_HOME=/opt/rustwide/rustup-home" "-e" "CARGO_TARGET_DIR=/opt/rustwide/target" "-e" "CARGO_INCREMENTAL=0" "-e" "RUST_BACKTRACE=full" "-e" "RUSTFLAGS=--cap-lints=warn" "-e" "RUSTDOCFLAGS=--cap-lints=warn" "-w" "/opt/rustwide/workdir" "--user" "0:0" "e2862b2b4b475530a6a48fb208d18bcfd0f3ba65cf21fb3358e8aad05245aa86" "/opt/rustwide/cargo-home/bin/cargo" "+1.100.0-beta.1" "build" "--frozen" "--message-format=json" "--release", kill_on_drop: false }`
[INFO] [stderr]    Compiling bit-vec v0.8.0
[INFO] [stderr]    Compiling regex-automata v0.4.18
[INFO] [stderr]    Compiling syn v3.0.5
[INFO] [stderr]    Compiling bit-set v0.8.0
[INFO] [stderr]    Compiling serde_derive v1.0.229
[INFO] [stderr]    Compiling thiserror-impl v2.0.20
[INFO] [stderr]    Compiling thiserror v2.0.20
[INFO] [stderr]    Compiling fancy-regex v0.14.0
[INFO] [stderr]    Compiling regex v1.13.1
[INFO] [stderr]    Compiling serde v1.0.229
[INFO] [stderr]    Compiling lt-core v0.2.8 (/opt/rustwide/workdir)
[INFO] [stderr]     Finished `release` profile [optimized] target(s) in 33.71s
[INFO] running `Command { std: "docker" "inspect" "e2862b2b4b475530a6a48fb208d18bcfd0f3ba65cf21fb3358e8aad05245aa86", kill_on_drop: false }`
[INFO] running `Command { std: "docker" "exec" "-e" "SOURCE_DIR=/opt/rustwide/workdir" "-e" "CARGO_HOME=/opt/rustwide/cargo-home" "-e" "RUSTUP_HOME=/opt/rustwide/rustup-home" "-e" "CARGO_TARGET_DIR=/opt/rustwide/target" "-e" "CARGO_INCREMENTAL=0" "-e" "RUST_BACKTRACE=full" "-e" "RUSTFLAGS=--cap-lints=warn" "-e" "RUSTDOCFLAGS=--cap-lints=warn" "-w" "/opt/rustwide/workdir" "--user" "0:0" "e2862b2b4b475530a6a48fb208d18bcfd0f3ba65cf21fb3358e8aad05245aa86" "/opt/rustwide/cargo-home/bin/cargo" "+1.100.0-beta.1" "test" "--frozen" "--no-run" "--message-format=json" "--release", kill_on_drop: false }`
[INFO] [stderr]    Compiling serde_json v1.0.151
[INFO] [stderr]    Compiling lt-core v0.2.8 (/opt/rustwide/workdir)
[INFO] [stderr]     Finished `release` profile [optimized] target(s) in 6.86s
[INFO] running `Command { std: "docker" "inspect" "e2862b2b4b475530a6a48fb208d18bcfd0f3ba65cf21fb3358e8aad05245aa86", kill_on_drop: false }`
[INFO] running `Command { std: "docker" "exec" "-e" "SOURCE_DIR=/opt/rustwide/workdir" "-e" "CARGO_HOME=/opt/rustwide/cargo-home" "-e" "RUSTUP_HOME=/opt/rustwide/rustup-home" "-e" "CARGO_TARGET_DIR=/opt/rustwide/target" "-e" "CARGO_INCREMENTAL=0" "-e" "RUST_BACKTRACE=full" "-e" "RUSTFLAGS=--cap-lints=warn" "-e" "RUSTDOCFLAGS=--cap-lints=warn" "-w" "/opt/rustwide/workdir" "--user" "0:0" "e2862b2b4b475530a6a48fb208d18bcfd0f3ba65cf21fb3358e8aad05245aa86" "/opt/rustwide/cargo-home/bin/cargo" "+1.100.0-beta.1" "test" "--frozen" "--release", kill_on_drop: false }`
[INFO] [stderr]     Finished `release` profile [optimized] target(s) in 0.06s
[INFO] [stdout] 
[INFO] [stderr]      Running unittests src/lib.rs (/opt/rustwide/target/release/build/lt-core/908f8a658c2b36f9/out/lt_core-908f8a658c2b36f9)
[INFO] [stdout] running 20 tests
[INFO] [stdout] test detect::tests::a_refiner_replaces_the_ranking ... ok
[INFO] [stdout] test detect::tests::a_refiner_that_declines_leaves_the_ranking_alone ... ok
[INFO] [stdout] test detect::tests::clear_winner_is_accepted ... ok
[INFO] [stdout] test detect::tests::cleared_candidates_gates_an_existing_ranking ... ok
[INFO] [stdout] test detect::tests::lexicon_does_not_claim_other_languages ... ok
[INFO] [stdout] test detect::tests::lexicon_identifies_nordum ... ok
[INFO] [stdout] test detect::tests::lexicon_loads_past_comments_and_blank_lines ... ok
[INFO] [stdout] test detect::tests::lexicon_overrides_the_model ... ok
[INFO] [stdout] test detect::tests::low_confidence_abstains ... ok
[INFO] [stdout] test detect::tests::model_covers_aliases ... ok
[INFO] [stdout] test detect::tests::no_model_and_no_markers_yields_nothing ... ok
[INFO] [stdout] test detect::tests::short_text_is_enough_for_a_lexicon_hit ... ok
[INFO] [stdout] test detect::tests::the_length_gate_applies_to_a_refiner_too ... ok
[INFO] [stdout] test detect::tests::tokenizer_keeps_diacritics ... ok
[INFO] [stdout] test detect::tests::tokenizer_splits_on_punctuation_and_digits ... ok
[INFO] [stdout] test detect::tests::unknown_model_labels_are_dropped ... ok
[INFO] [stdout] test detect::tests::close_call_abstains ... ok
[INFO] [stdout] test tests::language_info_matches_lt_names ... ok
[INFO] [stdout] test tests::parses_long_codes ... ok
[INFO] [stderr]      Running tests/detect.rs (/opt/rustwide/target/release/build/lt-core/9eacbe1575a75342/out/detect-9eacbe1575a75342)
[INFO] [stdout] test regex_util::tests::bounds_unbounded_lookbehind ... ok
[INFO] [stdout] 
[INFO] [stdout] test result: ok. 20 passed; 0 failed; 0 ignored; 0 measured; 0 filtered out; finished in 0.04s
[INFO] [stdout] 
[INFO] [stdout] 
[INFO] [stdout] running 5 tests
[INFO] [stdout] test gate_defaults_are_unchanged ... ok
[INFO] [stdout] test the_length_gate_applies_to_the_model_path_only ... FAILED
[INFO] [stdout] test model_answers_are_gated_not_taken_at_face_value ... ok
[INFO] [stdout] test nordum_is_identified_by_lexicon_alone ... FAILED
[INFO] [stderr] error: test failed, to rerun pass `--test detect`
[INFO] [stdout] test nordum_markers_do_not_fire_on_other_languages ... FAILED
[INFO] [stdout] 
[INFO] [stdout] failures:
[INFO] [stdout] 
[INFO] [stdout] ---- the_length_gate_applies_to_the_model_path_only stdout ----
[INFO] [stdout] 
[INFO] [stdout] thread 'the_length_gate_applies_to_the_model_path_only' (453) panicked at tests/detect.rs:38:45:
[INFO] [stdout] markers.txt; run tools/detection/generate.py: Os { code: 2, kind: NotFound, message: "No such file or directory" }
[INFO] [stdout] stack backtrace:
[INFO] [stdout]    0:     0x562a24e07fb1 - <<std[617be2ca0a6fd877]::sys::backtrace::BacktraceLock>::print::DisplayBacktrace as core[a373ad73a504971]::fmt::Display>::fmt
[INFO] [stdout]    1:     0x562a24e1dfda - core[a373ad73a504971]::fmt::write
[INFO] [stdout]    2:     0x562a24e0c1cc - <alloc[2e1b2a31b91974c5]::vec::Vec<u8> as core[a373ad73a504971]::io::write::Write>::write_fmt
[INFO] [stdout]    3:     0x562a24de40b6 - std[617be2ca0a6fd877]::panicking::default_hook::{closure#0}
[INFO] [stdout]    4:     0x562a24e002e9 - std[617be2ca0a6fd877]::panicking::default_hook
[INFO] [stdout]    5:     0x562a24d94520 - test[aada8e7e76ba119b]::test_main_inner::{closure#0}
[INFO] [stdout]    6:     0x562a24e004a2 - std[617be2ca0a6fd877]::panicking::panic_with_hook
[INFO] [stdout]    7:     0x562a24de4162 - std[617be2ca0a6fd877]::panicking::panic_handler::{closure#0}
[INFO] [stdout]    8:     0x562a24ddcce9 - std[617be2ca0a6fd877]::sys::backtrace::__rust_end_short_backtrace::<std[617be2ca0a6fd877]::panicking::panic_handler::{closure#0}, !>
[INFO] [stdout]    9:     0x562a24de4d6d - __rustc[ea4f61d10b84890b]::rust_begin_unwind
[INFO] [stdout]   10:     0x562a24e1e70c - core[a373ad73a504971]::panicking::panic_fmt
[INFO] [stdout]   11:     0x562a24e1e4e2 - core[a373ad73a504971]::result::unwrap_failed
[INFO] [stdout]   12:     0x562a24d7e1a6 - detect[db43b29ef265281e]::nordum_lexicon
[INFO] [stdout]   13:     0x562a24d7f1fe - <detect[db43b29ef265281e]::the_length_gate_applies_to_the_model_path_only::{closure#0} as core[a373ad73a504971]::ops::function::FnOnce<()>>::call_once
[INFO] [stdout]   14:     0x562a24d8796b - test[aada8e7e76ba119b]::__rust_begin_short_backtrace::<core[a373ad73a504971]::result::Result<(), alloc[2e1b2a31b91974c5]::string::String>, fn() -> core[a373ad73a504971]::result::Result<(), alloc[2e1b2a31b91974c5]::string::String>>
[INFO] [stdout]   15:     0x562a24d94b45 - test[aada8e7e76ba119b]::run_test::{closure#0}
[INFO] [stdout]   16:     0x562a24d8e434 - std[617be2ca0a6fd877]::sys::backtrace::__rust_begin_short_backtrace::<test[aada8e7e76ba119b]::run_test::{closure#1}, ()>
[INFO] [stdout]   17:     0x562a24d97bd2 - <std[617be2ca0a6fd877]::thread::lifecycle::spawn_unchecked<test[aada8e7e76ba119b]::run_test::{closure#1}, ()>::{closure#1} as core[a373ad73a504971]::ops::function::FnOnce<()>>::call_once::{shim:vtable#0}
[INFO] [stdout]   18:     0x562a24e074af - <std[617be2ca0a6fd877]::sys::thread::unix::Thread>::new::thread_start
[INFO] [stdout]   19:     0x7c5da40ecdfa - <unknown>
[INFO] [stdout]   20:     0x7c5da41803d4 - clone
[INFO] [stdout]   21:                0x0 - <unknown>
[INFO] [stdout] 
[INFO] [stdout] ---- nordum_is_identified_by_lexicon_alone stdout ----
[INFO] [stdout] 
[INFO] [stdout] thread 'nordum_is_identified_by_lexicon_alone' (451) panicked at tests/detect.rs:38:45:
[INFO] [stdout] markers.txt; run tools/detection/generate.py: Os { code: 2, kind: NotFound, message: "No such file or directory" }
[INFO] [stdout] stack backtrace:
[INFO] [stdout]    0:     0x562a24e07fb1 - <<std[617be2ca0a6fd877]::sys::backtrace::BacktraceLock>::print::DisplayBacktrace as core[a373ad73a504971]::fmt::Display>::fmt
[INFO] [stdout]    1:     0x562a24e1dfda - core[a373ad73a504971]::fmt::write
[INFO] [stdout]    2:     0x562a24e0c1cc - <alloc[2e1b2a31b91974c5]::vec::Vec<u8> as core[a373ad73a504971]::io::write::Write>::write_fmt
[INFO] [stdout]    3:     0x562a24de40b6 - std[617be2ca0a6fd877]::panicking::default_hook::{closure#0}
[INFO] [stdout]    4:     0x562a24e002e9 - std[617be2ca0a6fd877]::panicking::default_hook
[INFO] [stdout]    5:     0x562a24d94520 - test[aada8e7e76ba119b]::test_main_inner::{closure#0}
[INFO] [stdout]    6:     0x562a24e004a2 - std[617be2ca0a6fd877]::panicking::panic_with_hook
[INFO] [stdout]    7:     0x562a24de4162 - std[617be2ca0a6fd877]::panicking::panic_handler::{closure#0}
[INFO] [stdout]    8:     0x562a24ddcce9 - std[617be2ca0a6fd877]::sys::backtrace::__rust_end_short_backtrace::<std[617be2ca0a6fd877]::panicking::panic_handler::{closure#0}, !>
[INFO] [stdout]    9:     0x562a24de4d6d - __rustc[ea4f61d10b84890b]::rust_begin_unwind
[INFO] [stdout]   10:     0x562a24e1e70c - core[a373ad73a504971]::panicking::panic_fmt
[INFO] [stdout]   11:     0x562a24e1e4e2 - core[a373ad73a504971]::result::unwrap_failed
[INFO] [stdout]   12:     0x562a24d7e1a6 - detect[db43b29ef265281e]::nordum_lexicon
[INFO] [stdout]   13:     0x562a24d7e8d4 - <detect[db43b29ef265281e]::nordum_is_identified_by_lexicon_alone::{closure#0} as core[a373ad73a504971]::ops::function::FnOnce<()>>::call_once
[INFO] [stdout]   14:     0x562a24d8796b - test[aada8e7e76ba119b]::__rust_begin_short_backtrace::<core[a373ad73a504971]::result::Result<(), alloc[2e1b2a31b91974c5]::string::String>, fn() -> core[a373ad73a504971]::result::Result<(), alloc[2e1b2a31b91974c5]::string::String>>
[INFO] [stdout]   15:     0x562a24d94b45 - test[aada8e7e76ba119b]::run_test::{closure#0}
[INFO] [stdout]   16:     0x562a24d8e434 - std[617be2ca0a6fd877]::sys::backtrace::__rust_begin_short_backtrace::<test[aada8e7e76ba119b]::run_test::{closure#1}, ()>
[INFO] [stdout]   17:     0x562a24d97bd2 - <std[617be2ca0a6fd877]::thread::lifecycle::spawn_unchecked<test[aada8e7e76ba119b]::run_test::{closure#1}, ()>::{closure#1} as core[a373ad73a504971]::ops::function::FnOnce<()>>::call_once::{shim:vtable#0}
[INFO] [stdout]   18:     0x562a24e074af - <std[617be2ca0a6fd877]::sys::thread::unix::Thread>::new::thread_start
[INFO] [stdout]   19:     0x7c5da40ecdfa - <unknown>
[INFO] [stdout]   20:     0x7c5da41803d4 - clone
[INFO] [stdout]   21:                0x0 - <unknown>
[INFO] [stdout] 
[INFO] [stdout] ---- nordum_markers_do_not_fire_on_other_languages stdout ----
[INFO] [stdout] 
[INFO] [stdout] thread 'nordum_markers_do_not_fire_on_other_languages' (452) panicked at tests/detect.rs:38:45:
[INFO] [stdout] markers.txt; run tools/detection/generate.py: Os { code: 2, kind: NotFound, message: "No such file or directory" }
[INFO] [stdout] stack backtrace:
[INFO] [stdout]    0:     0x562a24e07fb1 - <<std[617be2ca0a6fd877]::sys::backtrace::BacktraceLock>::print::DisplayBacktrace as core[a373ad73a504971]::fmt::Display>::fmt
[INFO] [stdout]    1:     0x562a24e1dfda - core[a373ad73a504971]::fmt::write
[INFO] [stdout]    2:     0x562a24e0c1cc - <alloc[2e1b2a31b91974c5]::vec::Vec<u8> as core[a373ad73a504971]::io::write::Write>::write_fmt
[INFO] [stdout]    3:     0x562a24de40b6 - std[617be2ca0a6fd877]::panicking::default_hook::{closure#0}
[INFO] [stdout]    4:     0x562a24e002e9 - std[617be2ca0a6fd877]::panicking::default_hook
[INFO] [stdout]    5:     0x562a24d94520 - test[aada8e7e76ba119b]::test_main_inner::{closure#0}
[INFO] [stdout]    6:     0x562a24e004a2 - std[617be2ca0a6fd877]::panicking::panic_with_hook
[INFO] [stdout]    7:     0x562a24de4162 - std[617be2ca0a6fd877]::panicking::panic_handler::{closure#0}
[INFO] [stdout]    8:     0x562a24ddcce9 - std[617be2ca0a6fd877]::sys::backtrace::__rust_end_short_backtrace::<std[617be2ca0a6fd877]::panicking::panic_handler::{closure#0}, !>
[INFO] [stdout]    9:     0x562a24de4d6d - __rustc[ea4f61d10b84890b]::rust_begin_unwind
[INFO] [stdout]   10:     0x562a24e1e70c - core[a373ad73a504971]::panicking::panic_fmt
[INFO] [stdout]   11:     0x562a24e1e4e2 - core[a373ad73a504971]::result::unwrap_failed
[INFO] [stdout]   12:     0x562a24d7e1a6 - detect[db43b29ef265281e]::nordum_lexicon
[INFO] [stdout]   13:     0x562a24d7ed51 - <detect[db43b29ef265281e]::nordum_markers_do_not_fire_on_other_languages::{closure#0} as core[a373ad73a504971]::ops::function::FnOnce<()>>::call_once
[INFO] [stdout]   14:     0x562a24d8796b - test[aada8e7e76ba119b]::__rust_begin_short_backtrace::<core[a373ad73a504971]::result::Result<(), alloc[2e1b2a31b91974c5]::string::String>, fn() -> core[a373ad73a504971]::result::Result<(), alloc[2e1b2a31b91974c5]::string::String>>
[INFO] [stdout]   15:     0x562a24d94b45 - test[aada8e7e76ba119b]::run_test::{closure#0}
[INFO] [stdout]   16:     0x562a24d8e434 - std[617be2ca0a6fd877]::sys::backtrace::__rust_begin_short_backtrace::<test[aada8e7e76ba119b]::run_test::{closure#1}, ()>
[INFO] [stdout]   17:     0x562a24d97bd2 - <std[617be2ca0a6fd877]::thread::lifecycle::spawn_unchecked<test[aada8e7e76ba119b]::run_test::{closure#1}, ()>::{closure#1} as core[a373ad73a504971]::ops::function::FnOnce<()>>::call_once::{shim:vtable#0}
[INFO] [stdout]   18:     0x562a24e074af - <std[617be2ca0a6fd877]::sys::thread::unix::Thread>::new::thread_start
[INFO] [stdout]   19:     0x7c5da40ecdfa - <unknown>
[INFO] [stdout]   20:     0x7c5da41803d4 - clone
[INFO] [stdout]   21:                0x0 - <unknown>
[INFO] [stdout] 
[INFO] [stdout] 
[INFO] [stdout] failures:
[INFO] [stdout]     nordum_is_identified_by_lexicon_alone
[INFO] [stdout]     nordum_markers_do_not_fire_on_other_languages
[INFO] [stdout]     the_length_gate_applies_to_the_model_path_only
[INFO] [stdout] 
[INFO] [stdout] test result: FAILED. 2 passed; 3 failed; 0 ignored; 0 measured; 0 filtered out; finished in 0.01s
[INFO] [stdout] 
[INFO] running `Command { std: "docker" "inspect" "e2862b2b4b475530a6a48fb208d18bcfd0f3ba65cf21fb3358e8aad05245aa86", kill_on_drop: false }`
[INFO] running `Command { std: "docker" "rm" "-f" "e2862b2b4b475530a6a48fb208d18bcfd0f3ba65cf21fb3358e8aad05245aa86", kill_on_drop: false }`
[INFO] [stdout] e2862b2b4b475530a6a48fb208d18bcfd0f3ba65cf21fb3358e8aad05245aa86
