[INFO] fetching crate lspgraph-core 0.1.2...
[INFO] testing lspgraph-core-0.1.2 against 1.100.0-beta.1+cargoflags=--release for beta-release-1.100-2
[INFO] extracting crate lspgraph-core 0.1.2 into /workspace/builds/worker-5-tc2/source
[INFO] started tweaking crates.io crate lspgraph-core 0.1.2
[INFO] removed 0 missing examples
[INFO] removed 0 missing tests
[INFO] finished tweaking crates.io crate lspgraph-core 0.1.2
[INFO] tweaked toml for crates.io crate lspgraph-core 0.1.2 written to /workspace/builds/worker-5-tc2/source/Cargo.toml
[INFO] validating manifest of crates.io crate lspgraph-core 0.1.2 on toolchain 1.100.0-beta.1
[INFO] running `Command { std: CARGO_HOME="/workspace/cargo-home" RUSTUP_HOME="/workspace/rustup-home" "/workspace/cargo-home/bin/cargo" "+1.100.0-beta.1" "metadata" "--manifest-path" "Cargo.toml" "--no-deps", kill_on_drop: false }`
[INFO] crate crates.io crate lspgraph-core 0.1.2 already has a lockfile, it will not be regenerated
[INFO] running `Command { std: CARGO_HOME="/workspace/cargo-home" RUSTUP_HOME="/workspace/rustup-home" "/workspace/cargo-home/bin/cargo" "+1.100.0-beta.1" "fetch" "--manifest-path" "Cargo.toml", kill_on_drop: false }`
[INFO] [stderr] warning: `package.homepage` is redundant with `package.repository`
[INFO] [stderr]   --> Cargo.toml:41:12
[INFO] [stderr]    |
[INFO] [stderr] 41 | homepage = "https://github.com/kpanuragh/lspgraph"
[INFO] [stderr]    |            ^^^^^^^^^^^^^^^^^^^^^^^^^^^^^^^^^^^^^^^
[INFO] [stderr] ...
[INFO] [stderr] 46 | repository = "https://github.com/kpanuragh/lspgraph"
[INFO] [stderr]    |              ---------------------------------------
[INFO] [stderr]    |
[INFO] [stderr]    = note: `cargo::redundant_homepage` is set to `warn` by default
[INFO] [stderr] help: consider removing `package.homepage`
[INFO] [stderr] warning: `lspgraph-core` (manifest) generated 1 warning
[INFO] running `Command { std: "docker" "create" "-v" "/var/lib/crater-agent-workspace/builds/worker-5-tc2/source:/opt/rustwide/workdir:ro,Z" "-v" "/var/lib/crater-agent-workspace/builds/worker-5-tc2/target:/opt/rustwide/target:rw,Z" "-v" "/var/lib/crater-agent-workspace/cargo-home:/opt/rustwide/cargo-home:ro,Z" "-v" "/var/lib/crater-agent-workspace/rustup-home:/opt/rustwide/rustup-home:ro,Z" "-m" "1610612736" "--network" "none" "ghcr.io/rust-lang/crates-build-env/linux@sha256:77db811e55d90add9212f6832c23229e3de5f1c1f9905e8cb07319ea15df73ac" "sleep" "infinity", kill_on_drop: false }`
[INFO] [stdout] 666868267cd3d6626ef17f7c77020f6e558a361daa5285138d2f879b90ef4222
[INFO] running `Command { std: "docker" "start" "666868267cd3d6626ef17f7c77020f6e558a361daa5285138d2f879b90ef4222", kill_on_drop: false }`
[INFO] running `Command { std: "docker" "inspect" "666868267cd3d6626ef17f7c77020f6e558a361daa5285138d2f879b90ef4222", kill_on_drop: false }`
[INFO] running `Command { std: "docker" "exec" "-e" "SOURCE_DIR=/opt/rustwide/workdir" "-e" "CARGO_HOME=/opt/rustwide/cargo-home" "-e" "RUSTUP_HOME=/opt/rustwide/rustup-home" "-e" "CARGO_TARGET_DIR=/opt/rustwide/target" "-w" "/opt/rustwide/workdir" "--user" "0:0" "666868267cd3d6626ef17f7c77020f6e558a361daa5285138d2f879b90ef4222" "/opt/rustwide/cargo-home/bin/cargo" "+1.100.0-beta.1" "metadata" "--no-deps" "--format-version=1", kill_on_drop: false }`
[INFO] running `Command { std: "docker" "inspect" "666868267cd3d6626ef17f7c77020f6e558a361daa5285138d2f879b90ef4222", kill_on_drop: false }`
[INFO] running `Command { std: "docker" "exec" "-e" "SOURCE_DIR=/opt/rustwide/workdir" "-e" "CARGO_HOME=/opt/rustwide/cargo-home" "-e" "RUSTUP_HOME=/opt/rustwide/rustup-home" "-e" "CARGO_TARGET_DIR=/opt/rustwide/target" "-e" "CARGO_INCREMENTAL=0" "-e" "RUST_BACKTRACE=full" "-e" "RUSTFLAGS=--cap-lints=warn" "-e" "RUSTDOCFLAGS=--cap-lints=warn" "-w" "/opt/rustwide/workdir" "--user" "0:0" "666868267cd3d6626ef17f7c77020f6e558a361daa5285138d2f879b90ef4222" "/opt/rustwide/cargo-home/bin/cargo" "+1.100.0-beta.1" "build" "--frozen" "--message-format=json" "--release", kill_on_drop: false }`
[INFO] [stderr] warning: `package.homepage` is redundant with `package.repository`
[INFO] [stderr]   --> Cargo.toml:41:12
[INFO] [stderr]    |
[INFO] [stderr] 41 | homepage = "https://github.com/kpanuragh/lspgraph"
[INFO] [stderr]    |            ^^^^^^^^^^^^^^^^^^^^^^^^^^^^^^^^^^^^^^^
[INFO] [stderr] ...
[INFO] [stderr] 46 | repository = "https://github.com/kpanuragh/lspgraph"
[INFO] [stderr]    |              ---------------------------------------
[INFO] [stderr]    |
[INFO] [stderr]    = note: `cargo::redundant_homepage` is set to `warn` by default
[INFO] [stderr] help: consider removing `package.homepage`
[INFO] [stderr] warning: `lspgraph-core` (manifest) generated 1 warning
[INFO] [stderr]    Compiling smallvec v1.16.1
[INFO] [stderr]    Compiling syn v3.0.5
[INFO] [stderr]    Compiling syn v2.0.119
[INFO] [stderr]    Compiling dirs-sys v0.4.1
[INFO] [stderr]    Compiling dirs v5.0.1
[INFO] [stderr]    Compiling thiserror-impl v1.0.69
[INFO] [stderr]    Compiling synstructure v0.14.0
[INFO] [stderr]    Compiling zerofrom-derive v0.1.8
[INFO] [stderr]    Compiling yoke-derive v0.8.3
[INFO] [stderr]    Compiling zerovec-derive v0.11.6
[INFO] [stderr]    Compiling displaydoc v0.2.7
[INFO] [stderr]    Compiling serde_derive v1.0.229
[INFO] [stderr]    Compiling serde_repr v0.1.21
[INFO] [stderr]    Compiling thiserror v1.0.69
[INFO] [stderr]    Compiling zerofrom v0.1.8
[INFO] [stderr]    Compiling yoke v0.8.3
[INFO] [stderr]    Compiling zerovec v0.11.8
[INFO] [stderr]    Compiling zerotrie v0.2.5
[INFO] [stderr]    Compiling tinystr v0.8.4
[INFO] [stderr]    Compiling potential_utf v0.1.6
[INFO] [stderr]    Compiling icu_locale_core v2.3.0
[INFO] [stderr]    Compiling icu_collections v2.3.0
[INFO] [stderr]    Compiling serde v1.0.229
[INFO] [stderr]    Compiling icu_provider v2.3.1
[INFO] [stderr]    Compiling icu_normalizer v2.3.0
[INFO] [stderr]    Compiling icu_properties v2.3.0
[INFO] [stderr]    Compiling toml_datetime v0.6.11
[INFO] [stderr]    Compiling serde_spanned v0.6.9
[INFO] [stderr]    Compiling toml_edit v0.22.27
[INFO] [stderr]    Compiling idna_adapter v1.2.2
[INFO] [stderr]    Compiling idna v1.1.0
[INFO] [stderr]    Compiling url v2.5.8
[INFO] [stderr]    Compiling lsp-types v0.95.1
[INFO] [stderr]    Compiling toml v0.8.23
[INFO] [stderr]    Compiling lspgraph-core v0.1.2 (/opt/rustwide/workdir)
[INFO] [stderr]     Finished `release` profile [optimized] target(s) in 37.16s
[INFO] running `Command { std: "docker" "inspect" "666868267cd3d6626ef17f7c77020f6e558a361daa5285138d2f879b90ef4222", kill_on_drop: false }`
[INFO] running `Command { std: "docker" "exec" "-e" "SOURCE_DIR=/opt/rustwide/workdir" "-e" "CARGO_HOME=/opt/rustwide/cargo-home" "-e" "RUSTUP_HOME=/opt/rustwide/rustup-home" "-e" "CARGO_TARGET_DIR=/opt/rustwide/target" "-e" "CARGO_INCREMENTAL=0" "-e" "RUST_BACKTRACE=full" "-e" "RUSTFLAGS=--cap-lints=warn" "-e" "RUSTDOCFLAGS=--cap-lints=warn" "-w" "/opt/rustwide/workdir" "--user" "0:0" "666868267cd3d6626ef17f7c77020f6e558a361daa5285138d2f879b90ef4222" "/opt/rustwide/cargo-home/bin/cargo" "+1.100.0-beta.1" "test" "--frozen" "--no-run" "--message-format=json" "--release", kill_on_drop: false }`
[INFO] [stderr] warning: `package.homepage` is redundant with `package.repository`
[INFO] [stderr]   --> Cargo.toml:41:12
[INFO] [stderr]    |
[INFO] [stderr] 41 | homepage = "https://github.com/kpanuragh/lspgraph"
[INFO] [stderr]    |            ^^^^^^^^^^^^^^^^^^^^^^^^^^^^^^^^^^^^^^^
[INFO] [stderr] ...
[INFO] [stderr] 46 | repository = "https://github.com/kpanuragh/lspgraph"
[INFO] [stderr]    |              ---------------------------------------
[INFO] [stderr]    |
[INFO] [stderr]    = note: `cargo::redundant_homepage` is set to `warn` by default
[INFO] [stderr] help: consider removing `package.homepage`
[INFO] [stderr] warning: `lspgraph-core` (manifest) generated 1 warning
[INFO] [stderr]    Compiling lspgraph-core v0.1.2 (/opt/rustwide/workdir)
[INFO] [stderr]     Finished `release` profile [optimized] target(s) in 9.31s
[INFO] running `Command { std: "docker" "inspect" "666868267cd3d6626ef17f7c77020f6e558a361daa5285138d2f879b90ef4222", kill_on_drop: false }`
[INFO] running `Command { std: "docker" "exec" "-e" "SOURCE_DIR=/opt/rustwide/workdir" "-e" "CARGO_HOME=/opt/rustwide/cargo-home" "-e" "RUSTUP_HOME=/opt/rustwide/rustup-home" "-e" "CARGO_TARGET_DIR=/opt/rustwide/target" "-e" "CARGO_INCREMENTAL=0" "-e" "RUST_BACKTRACE=full" "-e" "RUSTFLAGS=--cap-lints=warn" "-e" "RUSTDOCFLAGS=--cap-lints=warn" "-w" "/opt/rustwide/workdir" "--user" "0:0" "666868267cd3d6626ef17f7c77020f6e558a361daa5285138d2f879b90ef4222" "/opt/rustwide/cargo-home/bin/cargo" "+1.100.0-beta.1" "test" "--frozen" "--release", kill_on_drop: false }`
[INFO] [stderr] warning: `package.homepage` is redundant with `package.repository`
[INFO] [stderr]   --> Cargo.toml:41:12
[INFO] [stderr]    |
[INFO] [stderr] 41 | homepage = "https://github.com/kpanuragh/lspgraph"
[INFO] [stderr]    |            ^^^^^^^^^^^^^^^^^^^^^^^^^^^^^^^^^^^^^^^
[INFO] [stderr] ...
[INFO] [stderr] 46 | repository = "https://github.com/kpanuragh/lspgraph"
[INFO] [stderr]    |              ---------------------------------------
[INFO] [stderr]    |
[INFO] [stderr]    = note: `cargo::redundant_homepage` is set to `warn` by default
[INFO] [stderr] help: consider removing `package.homepage`
[INFO] [stderr] warning: `lspgraph-core` (manifest) generated 1 warning
[INFO] [stderr]     Finished `release` profile [optimized] target(s) in 0.07s
[INFO] [stderr]      Running unittests src/lib.rs (/opt/rustwide/target/release/build/lspgraph-core/6daa6e900e5d264f/out/lspgraph_core-6daa6e900e5d264f)
[INFO] [stdout] 
[INFO] [stdout] running 78 tests
[INFO] [stdout] test cache::tests::cache_dir_is_stable_and_repo_specific ... ok
[INFO] [stdout] test cache::tests::missing_cache_is_not_an_error ... ok
[INFO] [stdout] test config::tests::applies_documented_defaults ... ok
[INFO] [stdout] test engine::tests::unresolved_nodes_are_recorded_not_dropped ... ok
[INFO] [stdout] test cache::tests::round_trips_through_disk ... ok
[INFO] [stdout] test graph::tests::remove_file_strips_dangling_references_from_surviving_nodes ... ok
[INFO] [stdout] test cache::tests::a_deleted_file_counts_as_stale ... ok
[INFO] [stdout] test graph::tests::remove_file_drops_nodes_and_their_edges ... ok
[INFO] [stdout] test config::tests::splits_command_into_program_and_args ... ok
[INFO] [stdout] test graph::tests::upsert_preserves_existing_state ... ok
[INFO] [stdout] test cache::tests::detects_a_changed_file ... ok
[INFO] [stdout] test graph::tests::call_graph_round_trips_through_json ... ok
[INFO] [stdout] test graph::tests::identity_distinguishes_same_name_at_different_positions ... ok
[INFO] [stdout] test graph::tests::records_edges_in_both_directions ... ok
[INFO] [stdout] test graph::tests::transient_content_modified_has_distinct_display_text ... ok
[INFO] [stdout] test config::tests::parses_servers ... ok
[INFO] [stdout] test graph::tests::unresolved_reason_is_human_readable ... ok
[INFO] [stdout] test readiness::tests::a_configured_ready_timeout_reaches_the_readiness_config ... ok
[INFO] [stdout] test cache::tests::stale_files_output_can_invalidate_graph_nodes ... ok
[INFO] [stdout] test readiness::tests::stride_spreads_at_a_realistic_repository_ratio ... ok
[INFO] [stdout] test readiness::tests::zero_candidates_reports_no_candidates_not_a_zero_timeout ... ok
[INFO] [stdout] test server::tests::builds_a_file_uri ... ok
[INFO] [stdout] test readiness::tests::remaining_budget_is_none_at_or_past_the_deadline ... ok
[INFO] [stdout] test readiness::tests::defaults_match_the_spec ... ok
[INFO] [stdout] test readiness::tests::stride_returns_everything_when_under_the_cap ... ok
[INFO] [stdout] test config::tests::resolves_extension_to_language ... ok
[INFO] [stdout] test readiness::tests::remaining_budget_reports_time_left_when_deadline_is_ahead ... ok
[INFO] [stdout] test server::tests::unwrapping_a_non_array_yields_nothing ... ok
[INFO] [stdout] test config::tests::reports_malformed_toml ... ok
[INFO] [stdout] test symbols::tests::accepts_plain_identifiers ... ok
[INFO] [stdout] test readiness::tests::stride_spreads_across_the_whole_slice ... ok
[INFO] [stdout] test graph::tests::unexpanded_node_has_no_edge_entries ... ok
[INFO] [stdout] test server::tests::unwraps_incoming_call_endpoints ... ok
[INFO] [stdout] test symbols::tests::a_qualified_name_still_rejects_callback_noise ... ok
[INFO] [stdout] test symbols::tests::accepts_unicode_identifiers ... ok
[INFO] [stdout] test symbols::tests::accepts_methods ... ok
[INFO] [stdout] test symbols::tests::rejects_empty_and_leading_digit ... ok
[INFO] [stdout] test symbols::tests::accepts_qualified_method_names ... ok
[INFO] [stdout] test symbols::workspace_symbol_tests::a_decorated_name_still_rejects_callback_noise ... ok
[INFO] [stdout] test cache::tests::discards_a_mismatched_schema ... ok
[INFO] [stdout] test symbols::workspace_symbol_tests::converts_to_a_named_callable ... ok
[INFO] [stdout] test readiness::tests::stride_handles_empty_and_zero_max ... ok
[INFO] [stdout] test symbols::workspace_symbol_tests::a_null_or_non_array_result_is_empty_not_a_panic ... ok
[INFO] [stdout] test symbols::tests::rejects_empty_segments_and_stray_punctuation ... ok
[INFO] [stdout] test symbols::workspace_symbol_tests::keeps_named_callables ... ok
[INFO] [stdout] test symbols::tests::rejects_non_callable_kinds ... ok
[INFO] [stdout] test symbols::tests::rejects_synthesized_callback_names ... ok
[INFO] [stdout] test transport::codec::tests::header_line_without_colon_is_error_and_later_message_recovers ... ok
[INFO] [stdout] test transport::codec::tests::decodes_a_single_message ... ok
[INFO] [stdout] test symbols::workspace_symbol_tests::vtsls_decorated_names_are_accepted_and_normalized ... ok
[INFO] [stdout] test transport::codec::tests::decodes_two_messages_from_one_chunk ... ok
[INFO] [stdout] test transport::codec::tests::encodes_with_content_length ... ok
[INFO] [stdout] test transport::codec::tests::ignores_unknown_headers_and_is_case_insensitive ... ok
[INFO] [stdout] test transport::codec::tests::missing_content_length_header_is_error ... ok
[INFO] [stdout] test transport::codec::tests::waits_for_a_message_split_mid_body ... ok
[INFO] [stdout] test transport::codec::tests::waits_for_a_message_split_mid_header ... ok
[INFO] [stdout] test symbols::workspace_symbol_tests::rejects_synthesized_callbacks_and_non_callables ... ok
[INFO] [stdout] test symbols::workspace_symbol_tests::undecorating_is_a_no_op_for_plain_names ... ok
[INFO] [stdout] test transport::tests::a_null_id_is_treated_as_a_notification ... ok
[INFO] [stdout] test transport::codec::tests::invalid_utf8_in_header_is_error ... ok
[INFO] [stdout] test transport::tests::content_modified_error_code_is_distinguished_from_protocol_errors ... ok
[INFO] [stdout] test transport::tests::resolves_a_response_by_id ... ok
[INFO] [stdout] test transport::tests::surfaces_an_error_response ... ok
[INFO] [stdout] test transport::tests::answers_server_initiated_requests ... ok
[INFO] [stdout] test transport::tests::answers_a_server_request_carrying_a_string_id ... ok
[INFO] [stdout] test transport::tests::other_error_codes_still_surface_as_protocol_errors ... ok
[INFO] [stdout] test transport::tests::routes_notifications_to_the_channel ... ok
[INFO] [stdout] test graph::tests::remove_file_leaves_other_files_alone ... ok
[INFO] [stdout] test transport::tests::reader_death_resolves_inflight_requests_as_server_exited ... ok
[INFO] [stdout] test server::tests::process_lifecycle::dropping_an_engine_kills_the_wrapped_server ... ok
[INFO] [stdout] test server::tests::process_lifecycle::dropping_a_started_server_kills_the_child_process ... ok
[INFO] [stdout] test symbols::tests::collects_recursively_and_filters ... ok
[INFO] [stdout] test server::tests::process_lifecycle::failed_start_does_not_leak_the_child_process ... ok
[INFO] [stdout] test transport::tests::times_out_when_no_response_arrives ... ok
[INFO] [stdout] test server::tests::process_lifecycle::explicit_shutdown_kills_the_child_and_the_later_drop_is_a_no_op ... ok
[INFO] [stdout] test server::tests::process_lifecycle::engine_shutdown_kills_the_wrapped_server ... ok
[INFO] [stdout] test server::tests::process_lifecycle::into_server_hands_the_server_back ... ok
[INFO] [stdout] test engine::tests::a_persistently_content_modified_symbol_is_recorded_as_unresolved ... ok
[INFO] [stdout] 
[INFO] [stdout] test result: ok. 78 passed; 0 failed; 0 ignored; 0 measured; 0 filtered out; finished in 5.56s
[INFO] [stdout] 
[INFO] [stderr]      Running tests/integration_servers.rs (/opt/rustwide/target/release/build/lspgraph-core/d4e6d7573ac28d47/out/integration_servers-d4e6d7573ac28d47)
[INFO] [stdout] 
[INFO] [stdout] running 6 tests
[INFO] [stdout] test typescript_call_chain ... FAILED
[INFO] [stdout] test typescript_unresolvable_symbols_are_recorded_not_dropped ... FAILED
[INFO] [stdout] test rust_call_chain ... FAILED
[INFO] [stdout] test go_call_chain ... FAILED
[INFO] [stdout] test python_call_chain ... FAILED
[INFO] [stdout] test c_call_chain ... FAILED
[INFO] [stdout] 
[INFO] [stdout] failures:
[INFO] [stdout] 
[INFO] [stdout] ---- typescript_call_chain stdout ----
[INFO] [stdout] 
[INFO] [stdout] thread 'typescript_call_chain' (1052) panicked at tests/integration_servers.rs:28:29:
[INFO] [stdout] cannot read /opt/rustwide/workdir/../../servers.toml: No such file or directory (os error 2)
[INFO] [stdout] stack backtrace:
[INFO] [stdout]    0:     0x5efca4e719b1 - <<std[617be2ca0a6fd877]::sys::backtrace::BacktraceLock>::print::DisplayBacktrace as core[a373ad73a504971]::fmt::Display>::fmt
[INFO] [stdout]    1:     0x5efca4e86e7a - core[a373ad73a504971]::fmt::write
[INFO] [stdout]    2:     0x5efca4e75fac - <alloc[2e1b2a31b91974c5]::vec::Vec<u8> as core[a373ad73a504971]::io::write::Write>::write_fmt
[INFO] [stdout]    3:     0x5efca4e4c7b6 - std[617be2ca0a6fd877]::panicking::default_hook::{closure#0}
[INFO] [stdout]    4:     0x5efca4e69839 - std[617be2ca0a6fd877]::panicking::default_hook
[INFO] [stdout]    5:     0x5efca4d801b0 - test[aada8e7e76ba119b]::test_main_inner::{closure#0}
[INFO] [stdout]    6:     0x5efca4e699f2 - std[617be2ca0a6fd877]::panicking::panic_with_hook
[INFO] [stdout]    7:     0x5efca4e4c862 - std[617be2ca0a6fd877]::panicking::panic_handler::{closure#0}
[INFO] [stdout]    8:     0x5efca4e45349 - std[617be2ca0a6fd877]::sys::backtrace::__rust_end_short_backtrace::<std[617be2ca0a6fd877]::panicking::panic_handler::{closure#0}, !>
[INFO] [stdout]    9:     0x5efca4e4d46d - __rustc[ea4f61d10b84890b]::rust_begin_unwind
[INFO] [stdout]   10:     0x5efca4e875ac - core[a373ad73a504971]::panicking::panic_fmt
[INFO] [stdout]   11:     0x5efca4d6a639 - integration_servers[59cc85263584282e]::servers_toml::{closure#1}
[INFO] [stdout]   12:     0x5efca4d6a8ec - integration_servers[59cc85263584282e]::servers_toml
[INFO] [stdout]   13:     0x5efca4d6b0e2 - integration_servers[59cc85263584282e]::assert_three_level_chain
[INFO] [stdout]   14:     0x5efca4d6d9ee - <integration_servers[59cc85263584282e]::typescript_call_chain::{closure#0} as core[a373ad73a504971]::ops::function::FnOnce<()>>::call_once
[INFO] [stdout]   15:     0x5efca4d735fb - test[aada8e7e76ba119b]::__rust_begin_short_backtrace::<core[a373ad73a504971]::result::Result<(), alloc[2e1b2a31b91974c5]::string::String>, fn() -> core[a373ad73a504971]::result::Result<(), alloc[2e1b2a31b91974c5]::string::String>>
[INFO] [stdout]   16:     0x5efca4d807d5 - test[aada8e7e76ba119b]::run_test::{closure#0}
[INFO] [stdout]   17:     0x5efca4d7a0c4 - std[617be2ca0a6fd877]::sys::backtrace::__rust_begin_short_backtrace::<test[aada8e7e76ba119b]::run_test::{closure#1}, ()>
[INFO] [stdout]   18:     0x5efca4d83862 - <std[617be2ca0a6fd877]::thread::lifecycle::spawn_unchecked<test[aada8e7e76ba119b]::run_test::{closure#1}, ()>::{closure#1} as core[a373ad73a504971]::ops::function::FnOnce<()>>::call_once::{shim:vtable#0}
[INFO] [stdout]   19:     0x5efca4e70ccf - <std[617be2ca0a6fd877]::sys::thread::unix::Thread>::new::thread_start
[INFO] [stdout]   20:     0x79a0925b1dfa - <unknown>
[INFO] [stdout]   21:     0x79a0926453d4 - clone
[INFO] [stdout]   22:                0x0 - <unknown>
[INFO] [stdout] 
[INFO] [stdout] ---- typescript_unresolvable_symbols_are_recorded_not_dropped stdout ----
[INFO] [stdout] 
[INFO] [stdout] thread 'typescript_unresolvable_symbols_are_recorded_not_dropped' (1053) panicked at tests/integration_servers.rs:28:29:
[INFO] [stdout] cannot read /opt/rustwide/workdir/../../servers.toml: No such file or directory (os error 2)
[INFO] [stdout] stack backtrace:
[INFO] [stdout]    0:     0x5efca4e719b1 - <<std[617be2ca0a6fd877]::sys::backtrace::BacktraceLock>::print::DisplayBacktrace as core[a373ad73a504971]::fmt::Display>::fmt
[INFO] [stdout]    1:     0x5efca4e86e7a - core[a373ad73a504971]::fmt::write
[INFO] [stdout]    2:     0x5efca4e75fac - <alloc[2e1b2a31b91974c5]::vec::Vec<u8> as core[a373ad73a504971]::io::write::Write>::write_fmt
[INFO] [stdout]    3:     0x5efca4e4c7b6 - std[617be2ca0a6fd877]::panicking::default_hook::{closure#0}
[INFO] [stdout]    4:     0x5efca4e69839 - std[617be2ca0a6fd877]::panicking::default_hook
[INFO] [stdout]    5:     0x5efca4d801b0 - test[aada8e7e76ba119b]::test_main_inner::{closure#0}
[INFO] [stdout]    6:     0x5efca4e699f2 - std[617be2ca0a6fd877]::panicking::panic_with_hook
[INFO] [stdout]    7:     0x5efca4e4c862 - std[617be2ca0a6fd877]::panicking::panic_handler::{closure#0}
[INFO] [stdout]    8:     0x5efca4e45349 - std[617be2ca0a6fd877]::sys::backtrace::__rust_end_short_backtrace::<std[617be2ca0a6fd877]::panicking::panic_handler::{closure#0}, !>
[INFO] [stdout]    9:     0x5efca4e4d46d - __rustc[ea4f61d10b84890b]::rust_begin_unwind
[INFO] [stdout]   10:     0x5efca4e875ac - core[a373ad73a504971]::panicking::panic_fmt
[INFO] [stdout]   11:     0x5efca4d6a639 - integration_servers[59cc85263584282e]::servers_toml::{closure#1}
[INFO] [stdout]   12:     0x5efca4d6a8ec - integration_servers[59cc85263584282e]::servers_toml
[INFO] [stdout]   13:     0x5efca4d6da26 - <integration_servers[59cc85263584282e]::typescript_unresolvable_symbols_are_recorded_not_dropped::{closure#0} as core[a373ad73a504971]::ops::function::FnOnce<()>>::call_once
[INFO] [stdout]   14:     0x5efca4d735fb - test[aada8e7e76ba119b]::__rust_begin_short_backtrace::<core[a373ad73a504971]::result::Result<(), alloc[2e1b2a31b91974c5]::string::String>, fn() -> core[a373ad73a504971]::result::Result<(), alloc[2e1b2a31b91974c5]::string::String>>
[INFO] [stdout]   15:     0x5efca4d807d5 - test[aada8e7e76ba119b]::run_test::{closure#0}
[INFO] [stdout]   16:     0x5efca4d7a0c4 - std[617be2ca0a6fd877]::sys::backtrace::__rust_begin_short_backtrace::<test[aada8e7e76ba119b]::run_test::{closure#1}, ()>
[INFO] [stdout]   17:     0x5efca4d83862 - <std[617be2ca0a6fd877]::thread::lifecycle::spawn_unchecked<test[aada8e7e76ba119b]::run_test::{closure#1}, ()>::{closure#1} as core[a373ad73a504971]::ops::function::FnOnce<()>>::call_once::{shim:vtable#0}
[INFO] [stdout]   18:     0x5efca4e70ccf - <std[617be2ca0a6fd877]::sys::thread::unix::Thread>::new::thread_start
[INFO] [stdout]   19:     0x79a0925b1dfa - <unknown>
[INFO] [stdout]   20:     0x79a0926453d4 - clone
[INFO] [stdout]   21:                0x0 - <unknown>
[INFO] [stdout] 
[INFO] [stdout] ---- rust_call_chain stdout ----
[INFO] [stdout] 
[INFO] [stdout] thread 'rust_call_chain' (1051) panicked at tests/integration_servers.rs:28:29:
[INFO] [stdout] cannot read /opt/rustwide/workdir/../../servers.toml: No such file or directory (os error 2)
[INFO] [stdout] stack backtrace:
[INFO] [stdout]    0:     0x5efca4e719b1 - <<std[617be2ca0a6fd877]::sys::backtrace::BacktraceLock>::print::DisplayBacktrace as core[a373ad73a504971]::fmt::Display>::fmt
[INFO] [stdout]    1:     0x5efca4e86e7a - core[a373ad73a504971]::fmt::write
[INFO] [stdout]    2:     0x5efca4e75fac - <alloc[2e1b2a31b91974c5]::vec::Vec<u8> as core[a373ad73a504971]::io::write::Write>::write_fmt
[INFO] [stdout]    3:     0x5efca4e4c7b6 - std[617be2ca0a6fd877]::panicking::default_hook::{closure#0}
[INFO] [stdout]    4:     0x5efca4e69839 - std[617be2ca0a6fd877]::panicking::default_hook
[INFO] [stdout]    5:     0x5efca4d801b0 - test[aada8e7e76ba119b]::test_main_inner::{closure#0}
[INFO] [stdout]    6:     0x5efca4e699f2 - std[617be2ca0a6fd877]::panicking::panic_with_hook
[INFO] [stdout]    7:     0x5efca4e4c862 - std[617be2ca0a6fd877]::panicking::panic_handler::{closure#0}
[INFO] [stdout]    8:     0x5efca4e45349 - std[617be2ca0a6fd877]::sys::backtrace::__rust_end_short_backtrace::<std[617be2ca0a6fd877]::panicking::panic_handler::{closure#0}, !>
[INFO] [stdout]    9:     0x5efca4e4d46d - __rustc[ea4f61d10b84890b]::rust_begin_unwind
[INFO] [stdout]   10:     0x5efca4e875ac - core[a373ad73a504971]::panicking::panic_fmt
[INFO] [stdout]   11:     0x5efca4d6a639 - integration_servers[59cc85263584282e]::servers_toml::{closure#1}
[INFO] [stdout]   12:     0x5efca4d6a8ec - integration_servers[59cc85263584282e]::servers_toml
[INFO] [stdout]   13:     0x5efca4d6b0e2 - integration_servers[59cc85263584282e]::assert_three_level_chain
[INFO] [stdout]   14:     0x5efca4d6d96e - <integration_servers[59cc85263584282e]::rust_call_chain::{closure#0} as core[a373ad73a504971]::ops::function::FnOnce<()>>::call_once
[INFO] [stdout]   15:     0x5efca4d735fb - test[aada8e7e76ba119b]::__rust_begin_short_backtrace::<core[a373ad73a504971]::result::Result<(), alloc[2e1b2a31b91974c5]::string::String>, fn() -> core[a373ad73a504971]::result::Result<(), alloc[2e1b2a31b91974c5]::string::String>>
[INFO] [stdout]   16:     0x5efca4d807d5 - test[aada8e7e76ba119b]::run_test::{closure#0}
[INFO] [stdout]   17:     0x5efca4d7a0c4 - std[617be2ca0a6fd877]::sys::backtrace::__rust_begin_short_backtrace::<test[aada8e7e76ba119b]::run_test::{closure#1}, ()>
[INFO] [stdout]   18:     0x5efca4d83862 - <std[617be2ca0a6fd877]::thread::lifecycle::spawn_unchecked<test[aada8e7e76ba119b]::run_test::{closure#1}, ()>::{closure#1} as core[a373ad73a504971]::ops::function::FnOnce<()>>::call_once::{shim:vtable#0}
[INFO] [stdout]   19:     0x5efca4e70ccf - <std[617be2ca0a6fd877]::sys::thread::unix::Thread>::new::thread_start
[INFO] [stdout]   20:     0x79a0925b1dfa - <unknown>
[INFO] [stdout]   21:     0x79a0926453d4 - clone
[INFO] [stdout]   22:                0x0 - <unknown>
[INFO] [stdout] 
[INFO] [stdout] ---- go_call_chain stdout ----
[INFO] [stdout] 
[INFO] [stdout] thread 'go_call_chain' (1049) panicked at tests/integration_servers.rs:28:29:
[INFO] [stdout] cannot read /opt/rustwide/workdir/../../servers.toml: No such file or directory (os error 2)
[INFO] [stdout] stack backtrace:
[INFO] [stdout]    0:     0x5efca4e719b1 - <<std[617be2ca0a6fd877]::sys::backtrace::BacktraceLock>::print::DisplayBacktrace as core[a373ad73a504971]::fmt::Display>::fmt
[INFO] [stdout]    1:     0x5efca4e86e7a - core[a373ad73a504971]::fmt::write
[INFO] [stdout]    2:     0x5efca4e75fac - <alloc[2e1b2a31b91974c5]::vec::Vec<u8> as core[a373ad73a504971]::io::write::Write>::write_fmt
[INFO] [stdout]    3:     0x5efca4e4c7b6 - std[617be2ca0a6fd877]::panicking::default_hook::{closure#0}
[INFO] [stdout]    4:     0x5efca4e69839 - std[617be2ca0a6fd877]::panicking::default_hook
[INFO] [stdout]    5:     0x5efca4d801b0 - test[aada8e7e76ba119b]::test_main_inner::{closure#0}
[INFO] [stdout]    6:     0x5efca4e699f2 - std[617be2ca0a6fd877]::panicking::panic_with_hook
[INFO] [stdout]    7:     0x5efca4e4c862 - std[617be2ca0a6fd877]::panicking::panic_handler::{closure#0}
[INFO] [stdout]    8:     0x5efca4e45349 - std[617be2ca0a6fd877]::sys::backtrace::__rust_end_short_backtrace::<std[617be2ca0a6fd877]::panicking::panic_handler::{closure#0}, !>
[INFO] [stdout]    9:     0x5efca4e4d46d - __rustc[ea4f61d10b84890b]::rust_begin_unwind
[INFO] [stdout]   10:     0x5efca4e875ac - core[a373ad73a504971]::panicking::panic_fmt
[INFO] [stdout]   11:     0x5efca4d6a639 - integration_servers[59cc85263584282e]::servers_toml::{closure#1}
[INFO] [stdout]   12:     0x5efca4d6a8ec - integration_servers[59cc85263584282e]::servers_toml
[INFO] [stdout]   13:     0x5efca4d6b0e2 - integration_servers[59cc85263584282e]::assert_three_level_chain
[INFO] [stdout]   14:     0x5efca4d6d90f - <integration_servers[59cc85263584282e]::go_call_chain::{closure#0} as core[a373ad73a504971]::ops::function::FnOnce<()>>::call_once
[INFO] [stdout]   15:     0x5efca4d735fb - test[aada8e7e76ba119b]::__rust_begin_short_backtrace::<core[a373ad73a504971]::result::Result<(), alloc[2e1b2a31b91974c5]::string::String>, fn() -> core[a373ad73a504971]::result::Result<(), alloc[2e1b2a31b91974c5]::string::String>>
[INFO] [stdout]   16:     0x5efca4d807d5 - test[aada8e7e76ba119b]::run_test::{closure#0}
[INFO] [stdout]   17:     0x5efca4d7a0c4 - std[617be2ca0a6fd877]::sys::backtrace::__rust_begin_short_backtrace::<test[aada8e7e76ba119b]::run_test::{closure#1}, ()>
[INFO] [stdout]   18:     0x5efca4d83862 - <std[617be2ca0a6fd877]::thread::lifecycle::spawn_unchecked<test[aada8e7e76ba119b]::run_test::{closure#1}, ()>::{closure#1} as core[a373ad73a504971]::ops::function::FnOnce<()>>::call_once::{shim:vtable#0}
[INFO] [stdout]   19:     0x5efca4e70ccf - <std[617be2ca0a6fd877]::sys::thread::unix::Thread>::new::thread_start
[INFO] [stdout]   20:     0x79a0925b1dfa - <unknown>
[INFO] [stdout]   21:     0x79a0926453d4 - clone
[INFO] [stdout]   22:                0x0 - <unknown>
[INFO] [stdout] 
[INFO] [stdout] ---- python_call_chain stdout ----
[INFO] [stdout] 
[INFO] [stdout] thread 'python_call_chain' (1050) panicked at tests/integration_servers.rs:28:29:
[INFO] [stdout] cannot read /opt/rustwide/workdir/../../servers.toml: No such file or directory (os error 2)
[INFO] [stdout] stack backtrace:
[INFO] [stdout]    0:     0x5efca4e719b1 - <<std[617be2ca0a6fd877]::sys::backtrace::BacktraceLock>::print::DisplayBacktrace as core[a373ad73a504971]::fmt::Display>::fmt
[INFO] [stdout]    1:     0x5efca4e86e7a - core[a373ad73a504971]::fmt::write
[INFO] [stdout]    2:     0x5efca4e75fac - <alloc[2e1b2a31b91974c5]::vec::Vec<u8> as core[a373ad73a504971]::io::write::Write>::write_fmt
[INFO] [stdout]    3:     0x5efca4e4c7b6 - std[617be2ca0a6fd877]::panicking::default_hook::{closure#0}
[INFO] [stdout]    4:     0x5efca4e69839 - std[617be2ca0a6fd877]::panicking::default_hook
[INFO] [stdout]    5:     0x5efca4d801b0 - test[aada8e7e76ba119b]::test_main_inner::{closure#0}
[INFO] [stdout]    6:     0x5efca4e699f2 - std[617be2ca0a6fd877]::panicking::panic_with_hook
[INFO] [stdout]    7:     0x5efca4e4c862 - std[617be2ca0a6fd877]::panicking::panic_handler::{closure#0}
[INFO] [stdout]    8:     0x5efca4e45349 - std[617be2ca0a6fd877]::sys::backtrace::__rust_end_short_backtrace::<std[617be2ca0a6fd877]::panicking::panic_handler::{closure#0}, !>
[INFO] [stdout]    9:     0x5efca4e4d46d - __rustc[ea4f61d10b84890b]::rust_begin_unwind
[INFO] [stdout]   10:     0x5efca4e875ac - core[a373ad73a504971]::panicking::panic_fmt
[INFO] [stdout]   11:     0x5efca4d6a639 - integration_servers[59cc85263584282e]::servers_toml::{closure#1}
[INFO] [stdout]   12:     0x5efca4d6a8ec - integration_servers[59cc85263584282e]::servers_toml
[INFO] [stdout]   13:     0x5efca4d6b0e2 - integration_servers[59cc85263584282e]::assert_three_level_chain
[INFO] [stdout]   14:     0x5efca4d6d9ae - <integration_servers[59cc85263584282e]::python_call_chain::{closure#0} as core[a373ad73a504971]::ops::function::FnOnce<()>>::call_once
[INFO] [stdout]   15:     0x5efca4d735fb - test[aada8e7e76ba119b]::__rust_begin_short_backtrace::<core[a373ad73a504971]::result::Result<(), alloc[2e1b2a31b91974c5]::string::String>, fn() -> core[a373ad73a504971]::result::Result<(), alloc[2e1b2a31b91974c5]::string::String>>
[INFO] [stdout]   16:     0x5efca4d807d5 - test[aada8e7e76ba119b]::run_test::{closure#0}
[INFO] [stdout]   17:     0x5efca4d7a0c4 - std[617be2ca0a6fd877]::sys::backtrace::__rust_begin_short_backtrace::<test[aada8e7e76ba119b]::run_test::{closure#1}, ()>
[INFO] [stdout]   18:     0x5efca4d83862 - <std[617be2ca0a6fd877]::thread::lifecycle::spawn_unchecked<test[aada8e7e76ba119b]::run_test::{closure#1}, ()>::{closure#1} as core[a373ad73a504971]::ops::function::FnOnce<()>>::call_once::{shim:vtable#0}
[INFO] [stdout]   19:     0x5efca4e70ccf - <std[617be2ca0a6fd877]::sys::thread::unix::Thread>::new::thread_start
[INFO] [stdout]   20:     0x79a0925b1dfa - <unknown>
[INFO] [stdout]   21:     0x79a0926453d4 - clone
[INFO] [stdout]   22:                0x0 - <unknown>
[INFO] [stdout] 
[INFO] [stdout] ---- c_call_chain stdout ----
[INFO] [stdout] 
[INFO] [stdout] thread 'c_call_chain' (1048) panicked at tests/integration_servers.rs:226:10:
[INFO] [stdout] write compile_commands.json: Os { code: 30, kind: ReadOnlyFilesystem, message: "Read-only file system" }
[INFO] [stdout] stack backtrace:
[INFO] [stdout]    0:     0x5efca4e719b1 - <<std[617be2ca0a6fd877]::sys::backtrace::BacktraceLock>::print::DisplayBacktrace as core[a373ad73a504971]::fmt::Display>::fmt
[INFO] [stdout]    1:     0x5efca4e86e7a - core[a373ad73a504971]::fmt::write
[INFO] [stdout]    2:     0x5efca4e75fac - <alloc[2e1b2a31b91974c5]::vec::Vec<u8> as core[a373ad73a504971]::io::write::Write>::write_fmt
[INFO] [stdout]    3:     0x5efca4e4c7b6 - std[617be2ca0a6fd877]::panicking::default_hook::{closure#0}
[INFO] [stdout]    4:     0x5efca4e69839 - std[617be2ca0a6fd877]::panicking::default_hook
[INFO] [stdout]    5:     0x5efca4d801b0 - test[aada8e7e76ba119b]::test_main_inner::{closure#0}
[INFO] [stdout]    6:     0x5efca4e699f2 - std[617be2ca0a6fd877]::panicking::panic_with_hook
[INFO] [stdout]    7:     0x5efca4e4c862 - std[617be2ca0a6fd877]::panicking::panic_handler::{closure#0}
[INFO] [stdout]    8:     0x5efca4e45349 - std[617be2ca0a6fd877]::sys::backtrace::__rust_end_short_backtrace::<std[617be2ca0a6fd877]::panicking::panic_handler::{closure#0}, !>
[INFO] [stdout]    9:     0x5efca4e4d46d - __rustc[ea4f61d10b84890b]::rust_begin_unwind
[INFO] [stdout]   10:     0x5efca4e875ac - core[a373ad73a504971]::panicking::panic_fmt
[INFO] [stdout]   11:     0x5efca4e87382 - core[a373ad73a504971]::result::unwrap_failed
[INFO] [stdout]   12:     0x5efca4d6d81a - <integration_servers[59cc85263584282e]::c_call_chain::{closure#0} as core[a373ad73a504971]::ops::function::FnOnce<()>>::call_once
[INFO] [stdout]   13:     0x5efca4d735fb - test[aada8e7e76ba119b]::__rust_begin_short_backtrace::<core[a373ad73a504971]::result::Result<(), alloc[2e1b2a31b91974c5]::string::String>, fn() -> core[a373ad73a504971]::result::Result<(), alloc[2e1b2a31b91974c5]::string::String>>
[INFO] [stdout]   14:     0x5efca4d807d5 - test[aada8e7e76ba119b]::run_test::{closure#0}
[INFO] [stdout]   15:     0x5efca4d7a0c4 - std[617be2ca0a6fd877]::sys::backtrace::__rust_begin_short_backtrace::<test[aada8e7e76ba119b]::run_test::{closure#1}, ()>
[INFO] [stdout]   16:     0x5efca4d83862 - <std[617be2ca0a6fd877]::thread::lifecycle::spawn_unchecked<test[aada8e7e76ba119b]::run_test::{closure#1}, ()>::{closure#1} as core[a373ad73a504971]::ops::function::FnOnce<()>>::call_once::{shim:vtable#0}
[INFO] [stdout]   17:     0x5efca4e70ccf - <std[617be2ca0a6fd877]::sys::thread::unix::Thread>::new::thread_start
[INFO] [stdout]   18:     0x79a0925b1dfa - <unknown>
[INFO] [stdout]   19:     0x79a0926453d4 - clone
[INFO] [stdout]   20:                0x0 - <unknown>
[INFO] [stdout] 
[INFO] [stdout] 
[INFO] [stdout] failures:
[INFO] [stdout]     c_call_chain
[INFO] [stdout]     go_call_chain
[INFO] [stdout]     python_call_chain
[INFO] [stdout]     rust_call_chain
[INFO] [stdout]     typescript_call_chain
[INFO] [stdout]     typescript_unresolvable_symbols_are_recorded_not_dropped
[INFO] [stdout] 
[INFO] [stdout] test result: FAILED. 0 passed; 6 failed; 0 ignored; 0 measured; 0 filtered out; finished in 0.26s
[INFO] [stdout] 
[INFO] [stderr] error: test failed, to rerun pass `--test integration_servers`
[INFO] running `Command { std: "docker" "inspect" "666868267cd3d6626ef17f7c77020f6e558a361daa5285138d2f879b90ef4222", kill_on_drop: false }`
[INFO] running `Command { std: "docker" "rm" "-f" "666868267cd3d6626ef17f7c77020f6e558a361daa5285138d2f879b90ef4222", kill_on_drop: false }`
[INFO] [stdout] 666868267cd3d6626ef17f7c77020f6e558a361daa5285138d2f879b90ef4222
