[INFO] fetching crate lox-itur 0.1.0-alpha.7...
[INFO] testing lox-itur-0.1.0-alpha.7 against 1.99.0-beta.8+cargoflags=--release for beta-release-1.100-2
[INFO] extracting crate lox-itur 0.1.0-alpha.7 into /workspace/builds/worker-2-tc1/source
[INFO] started tweaking crates.io crate lox-itur 0.1.0-alpha.7
[INFO] finished tweaking crates.io crate lox-itur 0.1.0-alpha.7
[INFO] tweaked toml for crates.io crate lox-itur 0.1.0-alpha.7 written to /workspace/builds/worker-2-tc1/source/Cargo.toml
[INFO] validating manifest of crates.io crate lox-itur 0.1.0-alpha.7 on toolchain 1.99.0-beta.8
[INFO] running `Command { std: CARGO_HOME="/workspace/cargo-home" RUSTUP_HOME="/workspace/rustup-home" "/workspace/cargo-home/bin/cargo" "+1.99.0-beta.8" "metadata" "--manifest-path" "Cargo.toml" "--no-deps", kill_on_drop: false }`
[INFO] crate crates.io crate lox-itur 0.1.0-alpha.7 already has a lockfile, it will not be regenerated
[INFO] running `Command { std: CARGO_HOME="/workspace/cargo-home" RUSTUP_HOME="/workspace/rustup-home" "/workspace/cargo-home/bin/cargo" "+1.99.0-beta.8" "fetch" "--manifest-path" "Cargo.toml", kill_on_drop: false }`
[INFO] [stderr]     Updating crates.io index
[INFO] [stderr]  Downloading crates ...
[INFO] [stderr]   Downloaded lox-core v0.1.0-alpha.16
[INFO] [stderr]   Downloaded lox-derive v0.1.0-alpha.13
[INFO] [stderr]   Downloaded lox-approx v0.1.2
[INFO] [stderr]   Downloaded codspeed-divan-compat-macros v4.7.0
[INFO] [stderr]   Downloaded codspeed-divan-compat v4.7.0
[INFO] [stderr]   Downloaded codspeed-divan-compat-walltime v4.7.0
[INFO] [stderr]   Downloaded zip v9.0.2
[INFO] [stderr]   Downloaded codspeed v4.7.0
[INFO] [stderr]   Downloaded glam v0.34.1
[INFO] running `Command { std: "docker" "create" "-v" "/var/lib/crater-agent-workspace/builds/worker-2-tc1/source:/opt/rustwide/workdir:ro,Z" "-v" "/var/lib/crater-agent-workspace/builds/worker-2-tc1/target:/opt/rustwide/target:rw,Z" "-v" "/var/lib/crater-agent-workspace/cargo-home:/opt/rustwide/cargo-home:ro,Z" "-v" "/var/lib/crater-agent-workspace/rustup-home:/opt/rustwide/rustup-home:ro,Z" "-m" "1610612736" "--network" "none" "ghcr.io/rust-lang/crates-build-env/linux@sha256:77db811e55d90add9212f6832c23229e3de5f1c1f9905e8cb07319ea15df73ac" "sleep" "infinity", kill_on_drop: false }`
[INFO] [stdout] 8ef9035888642860e1f1551e516a41066498e416106d93ed17203c2bf5a80a83
[INFO] running `Command { std: "docker" "start" "8ef9035888642860e1f1551e516a41066498e416106d93ed17203c2bf5a80a83", kill_on_drop: false }`
[INFO] running `Command { std: "docker" "inspect" "8ef9035888642860e1f1551e516a41066498e416106d93ed17203c2bf5a80a83", kill_on_drop: false }`
[INFO] running `Command { std: "docker" "exec" "-e" "SOURCE_DIR=/opt/rustwide/workdir" "-e" "CARGO_HOME=/opt/rustwide/cargo-home" "-e" "RUSTUP_HOME=/opt/rustwide/rustup-home" "-e" "CARGO_TARGET_DIR=/opt/rustwide/target" "-w" "/opt/rustwide/workdir" "--user" "0:0" "8ef9035888642860e1f1551e516a41066498e416106d93ed17203c2bf5a80a83" "/opt/rustwide/cargo-home/bin/cargo" "+1.99.0-beta.8" "metadata" "--no-deps" "--format-version=1", kill_on_drop: false }`
[INFO] running `Command { std: "docker" "inspect" "8ef9035888642860e1f1551e516a41066498e416106d93ed17203c2bf5a80a83", kill_on_drop: false }`
[INFO] running `Command { std: "docker" "exec" "-e" "SOURCE_DIR=/opt/rustwide/workdir" "-e" "CARGO_HOME=/opt/rustwide/cargo-home" "-e" "RUSTUP_HOME=/opt/rustwide/rustup-home" "-e" "CARGO_TARGET_DIR=/opt/rustwide/target" "-e" "CARGO_INCREMENTAL=0" "-e" "RUST_BACKTRACE=full" "-e" "RUSTFLAGS=--cap-lints=warn" "-e" "RUSTDOCFLAGS=--cap-lints=warn" "-w" "/opt/rustwide/workdir" "--user" "0:0" "8ef9035888642860e1f1551e516a41066498e416106d93ed17203c2bf5a80a83" "/opt/rustwide/cargo-home/bin/cargo" "+1.99.0-beta.8" "build" "--frozen" "--message-format=json" "--release", kill_on_drop: false }`
[INFO] [stderr]    Compiling syn v2.0.118
[INFO] [stderr]    Compiling thiserror v2.0.18
[INFO] [stderr]    Compiling syn v3.0.8
[INFO] [stderr]    Compiling simd-adler32 v0.3.9
[INFO] [stderr]    Compiling hybrid-array v0.4.13
[INFO] [stderr]    Compiling glam v0.34.1
[INFO] [stderr]    Compiling flate2 v1.1.9
[INFO] [stderr]    Compiling nom v8.0.0
[INFO] [stderr]    Compiling serde_json v1.0.154
[INFO] [stderr]    Compiling zopfli v0.8.3
[INFO] [stderr]    Compiling crypto-common v0.2.2
[INFO] [stderr]    Compiling block-buffer v0.12.1
[INFO] [stderr]    Compiling zip v9.0.2
[INFO] [stderr]    Compiling serde_derive v1.0.229
[INFO] [stderr]    Compiling digest v0.11.3
[INFO] [stderr]    Compiling sha2 v0.11.0
[INFO] [stderr]    Compiling lox-derive v0.1.0-alpha.13
[INFO] [stderr]    Compiling thiserror-impl v2.0.18
[INFO] [stderr]    Compiling lox-approx v0.1.2
[INFO] [stderr]    Compiling lox-core v0.1.0-alpha.16
[INFO] [stderr]    Compiling serde v1.0.229
[INFO] [stderr]    Compiling lox-itur v0.1.0-alpha.7 (/opt/rustwide/workdir)
[INFO] [stderr]     Finished `release` profile [optimized] target(s) in 20.57s
[INFO] running `Command { std: "docker" "inspect" "8ef9035888642860e1f1551e516a41066498e416106d93ed17203c2bf5a80a83", kill_on_drop: false }`
[INFO] running `Command { std: "docker" "exec" "-e" "SOURCE_DIR=/opt/rustwide/workdir" "-e" "CARGO_HOME=/opt/rustwide/cargo-home" "-e" "RUSTUP_HOME=/opt/rustwide/rustup-home" "-e" "CARGO_TARGET_DIR=/opt/rustwide/target" "-e" "CARGO_INCREMENTAL=0" "-e" "RUST_BACKTRACE=full" "-e" "RUSTFLAGS=--cap-lints=warn" "-e" "RUSTDOCFLAGS=--cap-lints=warn" "-w" "/opt/rustwide/workdir" "--user" "0:0" "8ef9035888642860e1f1551e516a41066498e416106d93ed17203c2bf5a80a83" "/opt/rustwide/cargo-home/bin/cargo" "+1.99.0-beta.8" "test" "--frozen" "--no-run" "--message-format=json" "--release", kill_on_drop: false }`
[INFO] [stderr]    Compiling syn v2.0.118
[INFO] [stderr]    Compiling rustix v1.1.4
[INFO] [stderr]    Compiling cc v1.2.66
[INFO] [stderr]    Compiling nix v0.31.3
[INFO] [stderr]    Compiling colored v2.2.0
[INFO] [stderr]    Compiling getrandom v0.2.17
[INFO] [stderr]    Compiling approx v0.5.1
[INFO] [stderr]    Compiling glob v0.3.3
[INFO] [stderr]    Compiling either v1.16.0
[INFO] [stderr]    Compiling codspeed-divan-compat v4.7.0
[INFO] [stderr]    Compiling condtype v1.3.0
[INFO] [stderr]    Compiling regex-lite v0.1.9
[INFO] [stderr]    Compiling getrandom v0.4.3
[INFO] [stderr]    Compiling regex v1.12.4
[INFO] [stderr]    Compiling statrs v0.18.0
[INFO] [stderr]    Compiling itertools v0.14.0
[INFO] [stderr]    Compiling codspeed v4.7.0
[INFO] [stderr]    Compiling terminal_size v0.4.4
[INFO] [stderr]    Compiling tempfile v3.27.0
[INFO] [stderr]    Compiling clap_builder v4.6.0
[INFO] [stderr]    Compiling divan-macros v0.1.17
[INFO] [stderr]    Compiling thiserror-impl v2.0.18
[INFO] [stderr]    Compiling lox-derive v0.1.0-alpha.13
[INFO] [stderr]    Compiling lox-approx v0.1.2
[INFO] [stderr]    Compiling codspeed-divan-compat-macros v4.7.0
[INFO] [stderr]    Compiling thiserror v2.0.18
[INFO] [stderr]    Compiling lox-core v0.1.0-alpha.16
[INFO] [stderr]    Compiling clap v4.6.1
[INFO] [stderr]    Compiling codspeed-divan-compat-walltime v4.7.0
[INFO] [stderr]    Compiling lox-itur v0.1.0-alpha.7 (/opt/rustwide/workdir)
[INFO] [stderr]     Finished `release` profile [optimized] target(s) in 27.62s
[INFO] running `Command { std: "docker" "inspect" "8ef9035888642860e1f1551e516a41066498e416106d93ed17203c2bf5a80a83", kill_on_drop: false }`
[INFO] running `Command { std: "docker" "exec" "-e" "SOURCE_DIR=/opt/rustwide/workdir" "-e" "CARGO_HOME=/opt/rustwide/cargo-home" "-e" "RUSTUP_HOME=/opt/rustwide/rustup-home" "-e" "CARGO_TARGET_DIR=/opt/rustwide/target" "-e" "CARGO_INCREMENTAL=0" "-e" "RUST_BACKTRACE=full" "-e" "RUSTFLAGS=--cap-lints=warn" "-e" "RUSTDOCFLAGS=--cap-lints=warn" "-w" "/opt/rustwide/workdir" "--user" "0:0" "8ef9035888642860e1f1551e516a41066498e416106d93ed17203c2bf5a80a83" "/opt/rustwide/cargo-home/bin/cargo" "+1.99.0-beta.8" "test" "--frozen" "--release", kill_on_drop: false }`
[INFO] [stderr]     Finished `release` profile [optimized] target(s) in 0.25s
[INFO] [stderr]      Running unittests src/lib.rs (/opt/rustwide/target/release/deps/lox_itur-1104ee5604d99a65)
[INFO] [stdout] 
[INFO] [stdout] running 121 tests
[INFO] [stdout] test p453::tests::test_dry_term_refractivity ... ok
[INFO] [stdout] test npz::tests::parses_minimal_2d ... ok
[INFO] [stdout] test grid::tests::test_longitude_wrapping ... ok
[INFO] [stdout] test grid::tests::test_nearest ... ok
[INFO] [stdout] test grid::tests::test_latitude_clamping ... ok
[INFO] [stdout] test grid::tests::test_bilinear_midpoint ... ok
[INFO] [stdout] test npz::tests::grid_from_npy_no_flip ... ok
[INFO] [stdout] test p453::tests::test_saturation_vapour_pressure_at_20c ... ok
[INFO] [stdout] test npz::tests::grid_from_npy_with_flip ... ok
[INFO] [stdout] test manifest::tests::parses_valid_manifest ... ok
[INFO] [stdout] test p453::tests::test_refractive_index_near_unity ... ok
[INFO] [stdout] test manifest::tests::round_trip ... ok
[INFO] [stdout] test p453::tests::test_unitful_api_consistency ... ok
[INFO] [stdout] test grid::tests::test_grid_node_values ... ok
[INFO] [stdout] test p453::tests::test_saturation_vapour_pressure_at_0c ... ok
[INFO] [stdout] test npz::tests::rejects_bad_magic ... ok
[INFO] [stdout] test p453::tests::test_unitful_dry_term ... ok
[INFO] [stdout] test p453::tests::test_unitful_radio_refractive_index ... ok
[INFO] [stdout] test p453::tests::test_map_wet_term_radio_refractivity ... FAILED
[INFO] [stdout] test manifest::tests::rejects_malformed_json ... ok
[INFO] [stdout] test p453::tests::test_map_wet_term_radio_refractivity_interpolated ... FAILED
[INFO] [stdout] test p453::tests::test_saturation_vapour_pressure_ice ... ok
[INFO] [stdout] test p453::tests::test_wet_term_refractivity ... ok
[INFO] [stdout] test p618::tests::test_rain_attenuation_madrid ... FAILED
[INFO] [stdout] test p453::tests::test_unitful_saturation_vapour_pressure_ice ... ok
[INFO] [stdout] test manifest::tests::rejects_version_mismatch ... ok
[INFO] [stdout] test p618::tests::test_rain_attenuation_different_probabilities ... FAILED
[INFO] [stdout] test p453::tests::test_unitful_water_vapour_pressure ... ok
[INFO] [stdout] test p453::tests::test_water_vapour_pressure ... ok
[INFO] [stdout] test p618::tests::test_scintillation_reasonable_values ... FAILED
[INFO] [stdout] test p618::tests::test_rain_attenuation_high_latitude ... FAILED
[INFO] [stdout] test p618::tests::test_rain_attenuation_low_elevation ... FAILED
[INFO] [stdout] test p618::tests::test_scintillation_large_antenna ... FAILED
[INFO] [stdout] test p618::tests::test_rain_attenuation_station_above_rain_height ... FAILED
[INFO] [stdout] test p618::tests::test_scintillation_decreases_with_elevation ... FAILED
[INFO] [stdout] test p618::tests::test_scintillation_increases_with_frequency ... FAILED
[INFO] [stdout] test p618::tests::test_xpd_4_to_6_ghz_scaling ... ok
[INFO] [stdout] test p618::tests::test_xpd_canting_angle_branches ... ok
[INFO] [stdout] test p618::tests::test_xpd_reasonable_values ... ok
[INFO] [stdout] test p618::tests::test_xpd_increases_with_frequency ... ok
[INFO] [stdout] test p618::tests::test_unitful_rain_attenuation ... FAILED
[INFO] [stdout] test p618::tests::test_unitful_scintillation ... FAILED
[INFO] [stdout] test p618::tests::test_unitful_scintillation_sigma ... ok
[INFO] [stdout] test p618::tests::test_unitful_xpd ... ok
[INFO] [stdout] test p618::tests::test_xpd_high_frequency ... ok
[INFO] [stdout] test p676::tests::test_equivalent_heights_reasonable ... ok
[INFO] [stdout] test p676::tests::test_gamma0_sea_level ... ok
[INFO] [stdout] test p676::tests::test_gamma0_at_various_pressures ... ok
[INFO] [stdout] test p676::tests::test_gamma0_low_at_window_freq ... ok
[INFO] [stdout] test p676::tests::test_gammaw_22ghz ... ok
[INFO] [stdout] test p618::tests::test_scintillation_with_n_wet_lookup ... FAILED
[INFO] [stdout] test p835::tests::test_latitude_dispatcher_high_summer ... ok
[INFO] [stdout] test p676::tests::test_unitful_gamma0 ... ok
[INFO] [stdout] test p835::tests::test_high_latitude_winter_all_layers ... ok
[INFO] [stdout] test p835::tests::test_high_latitude_winter_water_vapour ... ok
[INFO] [stdout] test p835::tests::test_latitude_dispatcher_mid_summer ... ok
[INFO] [stdout] test p835::tests::test_latitude_dispatcher_low ... ok
[INFO] [stdout] test p835::tests::test_high_latitude_summer_all_layers ... ok
[INFO] [stdout] test p835::tests::test_high_latitude_summer_pressure ... ok
[INFO] [stdout] test p835::tests::test_latitude_dispatcher_mid_winter ... ok
[INFO] [stdout] test p835::tests::test_high_latitude_summer_water_vapour ... ok
[INFO] [stdout] test p835::tests::test_low_latitude_pressure_all_layers ... ok
[INFO] [stdout] test p835::tests::test_high_latitude_winter_pressure ... ok
[INFO] [stdout] test p835::tests::test_latitude_dispatcher_high_winter ... ok
[INFO] [stdout] test p676::tests::test_interp_h0_coeff_clamping ... ok
[INFO] [stdout] test p676::tests::test_unitful_gammaw ... ok
[INFO] [stdout] test p676::tests::test_equivalent_heights_edge_frequencies ... ok
[INFO] [stdout] test p676::tests::test_unitful_gaseous_attenuation_slant_path ... ok
[INFO] [stdout] test p676::tests::test_slant_path_attenuation ... ok
[INFO] [stdout] test p676::tests::test_unitful_equivalent_heights ... ok
[INFO] [stdout] test p676::tests::test_gammaw_at_various_humidity ... ok
[INFO] [stdout] test p835::tests::test_low_latitude_temperature_all_layers ... ok
[INFO] [stdout] test p835::tests::test_mid_latitude_summer_all_layers ... ok
[INFO] [stdout] test p835::tests::test_mid_latitude_winter_pressure ... ok
[INFO] [stdout] test p835::tests::test_mid_latitude_winter_water_vapour ... ok
[INFO] [stdout] test p835::tests::test_pressure_dispatchers ... ok
[INFO] [stdout] test p835::tests::test_standard_pressure_decreases_with_height ... ok
[INFO] [stdout] test p835::tests::test_standard_temperature_sea_level ... ok
[INFO] [stdout] test p835::tests::test_standard_temperature_tropopause ... ok
[INFO] [stdout] test p835::tests::test_standard_water_vapour_pressure ... ok
[INFO] [stdout] test p835::tests::test_water_vapour_decreases_with_height ... ok
[INFO] [stdout] test p836::tests::test_surface_water_vapour_density_below_range ... FAILED
[INFO] [stdout] test p836::tests::test_surface_water_vapour_density_exact_prob ... FAILED
[INFO] [stdout] test p837::tests::test_rainfall_rate_other_probability ... FAILED
[INFO] [stdout] test p837::tests::test_rainfall_probability ... FAILED
[INFO] [stdout] test p835::tests::test_low_latitude_water_vapour ... ok
[INFO] [stdout] test p835::tests::test_mid_latitude_summer_pressure ... ok
[INFO] [stdout] test p835::tests::test_mid_latitude_summer_water_vapour ... ok
[INFO] [stdout] test p835::tests::test_mid_latitude_winter_all_layers ... ok
[INFO] [stdout] test p837::tests::test_rainfall_rate_at_001_equals_r001 ... FAILED
[INFO] [stdout] test p835::tests::test_standard_temperature_high_altitude ... ok
[INFO] [stdout] test p835::tests::test_standard_pressure_high_altitude ... ok
[INFO] [stdout] test p838::tests::test_unitful_coefficients ... ok
[INFO] [stdout] test p835::tests::test_standard_pressure_sea_level ... ok
[INFO] [stdout] test p835::tests::test_water_vapour_dispatchers ... ok
[INFO] [stdout] test p837::tests::test_rainfall_rate_r001_madrid ... FAILED
[INFO] [stdout] test p838::tests::test_circular_polarisation_averages_h_v ... ok
[INFO] [stdout] test p839::tests::test_isotherm_0c_height ... FAILED
[INFO] [stdout] test p836::tests::test_total_water_vapour_content ... FAILED
[INFO] [stdout] test p837::tests::test_q_function ... ok
[INFO] [stdout] test p840::tests::test_specific_attenuation_increases_with_frequency ... ok
[INFO] [stdout] test p840::tests::test_columnar_content_reduced_liquid ... FAILED
[INFO] [stdout] test p840::tests::test_specific_attenuation_at_10ghz ... ok
[INFO] [stdout] test p838::tests::test_coefficients_at_various_frequencies ... ok
[INFO] [stdout] test provider::tests::open_reads_manifest_upstream ... ok
[INFO] [stdout] test p838::tests::test_rain_attenuation_increases_with_rate ... ok
[INFO] [stdout] test provider::tests::open_rejects_missing_manifest ... ok
[INFO] [stdout] test p838::tests::test_rain_coefficients_14ghz ... ok
[INFO] [stdout] test provider::tests::grid_loads_and_caches ... ok
[INFO] [stdout] test p839::tests::test_rain_height ... FAILED
[INFO] [stdout] test p840::tests::test_cloud_liquid_mass_absorption_coefficient ... ok
[INFO] [stdout] test provider::tests::open_rejects_nonexistent_file ... ok
[INFO] [stdout] test p836::tests::test_surface_water_vapour_density_interpolated_prob ... FAILED
[INFO] [stdout] test p838::tests::test_unitful_api ... ok
[INFO] [stdout] test p835::tests::test_standard_pressure_all_layers ... ok
[INFO] [stdout] test p840::tests::test_lognormal_coefficients ... FAILED
[INFO] [stdout] test provider::tests::grid_missing_entry ... ok
[INFO] [stdout] test p840::tests::test_cloud_attenuation_positive ... FAILED
[INFO] [stdout] test tests::test_propagation_losses_madrid_matches_p618_combination ... FAILED
[INFO] [stdout] test provider::tests::slot_ids_match_specs ... ok
[INFO] [stdout] test provider::tests::open_rejects_bad_manifest_version ... ok
[INFO] [stdout] 
[INFO] [stdout] failures:
[INFO] [stdout] 
[INFO] [stdout] ---- p453::tests::test_map_wet_term_radio_refractivity stdout ----
[INFO] [stdout] 
[INFO] [stdout] thread 'p453::tests::test_map_wet_term_radio_refractivity' (1341) panicked at src/provider.rs:734:18:
[INFO] [stdout] tests need target/lox-itur-data.npz; run `just lox-itur-pack <wheel>` or set LOX_ITUR_BUNDLE.
[INFO] [stdout] stack backtrace:
[INFO] [stdout]    0:     0x5a960eae5be1 - <<std[70759c8f55707aa4]::sys::backtrace::BacktraceLock>::print::DisplayBacktrace as core[df12db4294e9bfd3]::fmt::Display>::fmt
[INFO] [stdout]    1:     0x5a960eafadfa - core[df12db4294e9bfd3]::fmt::write
[INFO] [stdout]    2:     0x5a960eaea1ec - <alloc[2182bb758b4b3781]::vec::Vec<u8> as core[df12db4294e9bfd3]::io::write::Write>::write_fmt
[INFO] [stdout]    3:     0x5a960eac1bc6 - std[70759c8f55707aa4]::panicking::default_hook::{closure#0}
[INFO] [stdout]    4:     0x5a960eade179 - std[70759c8f55707aa4]::panicking::default_hook
[INFO] [stdout]    5:     0x5a960ea4ffc0 - test[9d35eded1c95d3be]::test_main_inner::<test[9d35eded1c95d3be]::test_main_static::{closure#0}>::{closure#0}
[INFO] [stdout]    6:     0x5a960eade332 - std[70759c8f55707aa4]::panicking::panic_with_hook
[INFO] [stdout]    7:     0x5a960eac1c72 - std[70759c8f55707aa4]::panicking::panic_handler::{closure#0}
[INFO] [stdout]    8:     0x5a960eaba949 - std[70759c8f55707aa4]::sys::backtrace::__rust_end_short_backtrace::<std[70759c8f55707aa4]::panicking::panic_handler::{closure#0}, !>
[INFO] [stdout]    9:     0x5a960eac286d - __rustc[8fa7c3cbc660c2b3]::rust_begin_unwind
[INFO] [stdout]   10:     0x5a960eafb52c - core[df12db4294e9bfd3]::panicking::panic_fmt
[INFO] [stdout]   11:     0x5a960eafb284 - core[df12db4294e9bfd3]::option::expect_failed
[INFO] [stdout]   12:     0x5a960ea20c0a - <std[70759c8f55707aa4]::sync::once::Once>::call_once_force::<<std[70759c8f55707aa4]::sync::once_lock::OnceLock<lox_itur[e46105176508ba1a]::provider::ItuProvider>>::initialize<<std[70759c8f55707aa4]::sync::once_lock::OnceLock<lox_itur[e46105176508ba1a]::provider::ItuProvider>>::get_or_init<lox_itur[e46105176508ba1a]::provider::test_fixture::provider::{closure#0}>::{closure#0}, !>::{closure#0}>::{closure#0}
[INFO] [stdout]   13:     0x5a960eac7809 - <std[70759c8f55707aa4]::sys::sync::once::futex::Once>::call
[INFO] [stdout]   14:     0x5a960ea2044c - <std[70759c8f55707aa4]::sync::once_lock::OnceLock<lox_itur[e46105176508ba1a]::provider::ItuProvider>>::initialize::<<std[70759c8f55707aa4]::sync::once_lock::OnceLock<lox_itur[e46105176508ba1a]::provider::ItuProvider>>::get_or_init<lox_itur[e46105176508ba1a]::provider::test_fixture::provider::{closure#0}>::{closure#0}, !>
[INFO] [stdout]   15:     0x5a960ea2e714 - lox_itur[e46105176508ba1a]::p453::tests::test_map_wet_term_radio_refractivity
[INFO] [stdout]   16:     0x5a960ea0c609 - <lox_itur[e46105176508ba1a]::p453::tests::test_map_wet_term_radio_refractivity::{closure#0} as core[df12db4294e9bfd3]::ops::function::FnOnce<()>>::call_once
[INFO] [stdout]   17:     0x5a960ea432ab - test[9d35eded1c95d3be]::__rust_begin_short_backtrace::<core[df12db4294e9bfd3]::result::Result<(), alloc[2182bb758b4b3781]::string::String>, fn() -> core[df12db4294e9bfd3]::result::Result<(), alloc[2182bb758b4b3781]::string::String>>
[INFO] [stdout]   18:     0x5a960ea50915 - test[9d35eded1c95d3be]::run_test::{closure#0}
[INFO] [stdout]   19:     0x5a960ea4a1d4 - std[70759c8f55707aa4]::sys::backtrace::__rust_begin_short_backtrace::<test[9d35eded1c95d3be]::run_test::{closure#1}, ()>
[INFO] [stdout]   20:     0x5a960ea53a72 - <std[70759c8f55707aa4]::thread::lifecycle::spawn_unchecked<test[9d35eded1c95d3be]::run_test::{closure#1}, ()>::{closure#1} as core[df12db4294e9bfd3]::ops::function::FnOnce<()>>::call_once::{shim:vtable#0}
[INFO] [stdout]   21:     0x5a960eae54b9 - <std[70759c8f55707aa4]::sys::thread::unix::Thread>::new::thread_start
[INFO] [stdout]   22:     0x7e4f35991dfa - <unknown>
[INFO] [stdout]   23:     0x7e4f35a253d4 - clone
[INFO] [stdout]   24:                0x0 - <unknown>
[INFO] [stdout] 
[INFO] [stdout] ---- p453::tests::test_map_wet_term_radio_refractivity_interpolated stdout ----
[INFO] [stdout] 
[INFO] [stdout] thread 'p453::tests::test_map_wet_term_radio_refractivity_interpolated' (1342) panicked at src/provider.rs:734:18:
[INFO] [stdout] tests need target/lox-itur-data.npz; run `just lox-itur-pack <wheel>` or set LOX_ITUR_BUNDLE.
[INFO] [stdout] stack backtrace:
[INFO] [stdout]    0:     0x5a960eae5be1 - <<std[70759c8f55707aa4]::sys::backtrace::BacktraceLock>::print::DisplayBacktrace as core[df12db4294e9bfd3]::fmt::Display>::fmt
[INFO] [stdout]    1:     0x5a960eafadfa - core[df12db4294e9bfd3]::fmt::write
[INFO] [stdout]    2:     0x5a960eaea1ec - <alloc[2182bb758b4b3781]::vec::Vec<u8> as core[df12db4294e9bfd3]::io::write::Write>::write_fmt
[INFO] [stdout]    3:     0x5a960eac1bc6 - std[70759c8f55707aa4]::panicking::default_hook::{closure#0}
[INFO] [stdout]    4:     0x5a960eade179 - std[70759c8f55707aa4]::panicking::default_hook
[INFO] [stdout]    5:     0x5a960ea4ffc0 - test[9d35eded1c95d3be]::test_main_inner::<test[9d35eded1c95d3be]::test_main_static::{closure#0}>::{closure#0}
[INFO] [stdout]    6:     0x5a960eade332 - std[70759c8f55707aa4]::panicking::panic_with_hook
[INFO] [stdout]    7:     0x5a960eac1c72 - std[70759c8f55707aa4]::panicking::panic_handler::{closure#0}
[INFO] [stdout]    8:     0x5a960eaba949 - std[70759c8f55707aa4]::sys::backtrace::__rust_end_short_backtrace::<std[70759c8f55707aa4]::panicking::panic_handler::{closure#0}, !>
[INFO] [stdout]    9:     0x5a960eac286d - __rustc[8fa7c3cbc660c2b3]::rust_begin_unwind
[INFO] [stdout]   10:     0x5a960eafb52c - core[df12db4294e9bfd3]::panicking::panic_fmt
[INFO] [stdout]   11:     0x5a960eafb284 - core[df12db4294e9bfd3]::option::expect_failed
[INFO] [stdout]   12:     0x5a960ea20c0a - <std[70759c8f55707aa4]::sync::once::Once>::call_once_force::<<std[70759c8f55707aa4]::sync::once_lock::OnceLock<lox_itur[e46105176508ba1a]::provider::ItuProvider>>::initialize<<std[70759c8f55707aa4]::sync::once_lock::OnceLock<lox_itur[e46105176508ba1a]::provider::ItuProvider>>::get_or_init<lox_itur[e46105176508ba1a]::provider::test_fixture::provider::{closure#0}>::{closure#0}, !>::{closure#0}>::{closure#0}
[INFO] [stdout]   13:     0x5a960eac7809 - <std[70759c8f55707aa4]::sys::sync::once::futex::Once>::call
[INFO] [stdout]   14:     0x5a960ea2044c - <std[70759c8f55707aa4]::sync::once_lock::OnceLock<lox_itur[e46105176508ba1a]::provider::ItuProvider>>::initialize::<<std[70759c8f55707aa4]::sync::once_lock::OnceLock<lox_itur[e46105176508ba1a]::provider::ItuProvider>>::get_or_init<lox_itur[e46105176508ba1a]::provider::test_fixture::provider::{closure#0}>::{closure#0}, !>
[INFO] [stdout]   15:     0x5a960ea2e8ec - lox_itur[e46105176508ba1a]::p453::tests::test_map_wet_term_radio_refractivity_interpolated
[INFO] [stdout]   16:     0x5a960ea0c629 - <lox_itur[e46105176508ba1a]::p453::tests::test_map_wet_term_radio_refractivity_interpolated::{closure#0} as core[df12db4294e9bfd3]::ops::function::FnOnce<()>>::call_once
[INFO] [stdout]   17:     0x5a960ea432ab - test[9d35eded1c95d3be]::__rust_begin_short_backtrace::<core[df12db4294e9bfd3]::result::Result<(), alloc[2182bb758b4b3781]::string::String>, fn() -> core[df12db4294e9bfd3]::result::Result<(), alloc[2182bb758b4b3781]::string::String>>
[INFO] [stdout]   18:     0x5a960ea50915 - test[9d35eded1c95d3be]::run_test::{closure#0}
[INFO] [stdout]   19:     0x5a960ea4a1d4 - std[70759c8f55707aa4]::sys::backtrace::__rust_begin_short_backtrace::<test[9d35eded1c95d3be]::run_test::{closure#1}, ()>
[INFO] [stdout]   20:     0x5a960ea53a72 - <std[70759c8f55707aa4]::thread::lifecycle::spawn_unchecked<test[9d35eded1c95d3be]::run_test::{closure#1}, ()>::{closure#1} as core[df12db4294e9bfd3]::ops::function::FnOnce<()>>::call_once::{shim:vtable#0}
[INFO] [stdout]   21:     0x5a960eae54b9 - <std[70759c8f55707aa4]::sys::thread::unix::Thread>::new::thread_start
[INFO] [stdout]   22:     0x7e4f35991dfa - <unknown>
[INFO] [stdout]   23:     0x7e4f35a253d4 - clone
[INFO] [stdout]   24:                0x0 - <unknown>
[INFO] [stdout] 
[INFO] [stdout] ---- p618::tests::test_rain_attenuation_madrid stdout ----
[INFO] [stdout] 
[INFO] [stdout] thread 'p618::tests::test_rain_attenuation_madrid' (1357) panicked at src/provider.rs:734:18:
[INFO] [stdout] tests need target/lox-itur-data.npz; run `just lox-itur-pack <wheel>` or set LOX_ITUR_BUNDLE.
[INFO] [stdout] stack backtrace:
[INFO] [stdout]    0:     0x5a960eae5be1 - <<std[70759c8f55707aa4]::sys::backtrace::BacktraceLock>::print::DisplayBacktrace as core[df12db4294e9bfd3]::fmt::Display>::fmt
[INFO] [stdout]    1:     0x5a960eafadfa - core[df12db4294e9bfd3]::fmt::write
[INFO] [stdout]    2:     0x5a960eaea1ec - <alloc[2182bb758b4b3781]::vec::Vec<u8> as core[df12db4294e9bfd3]::io::write::Write>::write_fmt
[INFO] [stdout]    3:     0x5a960eac1bc6 - std[70759c8f55707aa4]::panicking::default_hook::{closure#0}
[INFO] [stdout]    4:     0x5a960eade179 - std[70759c8f55707aa4]::panicking::default_hook
[INFO] [stdout]    5:     0x5a960ea4ffc0 - test[9d35eded1c95d3be]::test_main_inner::<test[9d35eded1c95d3be]::test_main_static::{closure#0}>::{closure#0}
[INFO] [stdout]    6:     0x5a960eade332 - std[70759c8f55707aa4]::panicking::panic_with_hook
[INFO] [stdout]    7:     0x5a960eac1c72 - std[70759c8f55707aa4]::panicking::panic_handler::{closure#0}
[INFO] [stdout]    8:     0x5a960eaba949 - std[70759c8f55707aa4]::sys::backtrace::__rust_end_short_backtrace::<std[70759c8f55707aa4]::panicking::panic_handler::{closure#0}, !>
[INFO] [stdout]    9:     0x5a960eac286d - __rustc[8fa7c3cbc660c2b3]::rust_begin_unwind
[INFO] [stdout]   10:     0x5a960eafb52c - core[df12db4294e9bfd3]::panicking::panic_fmt
[INFO] [stdout]   11:     0x5a960eafb284 - core[df12db4294e9bfd3]::option::expect_failed
[INFO] [stdout]   12:     0x5a960ea20c0a - <std[70759c8f55707aa4]::sync::once::Once>::call_once_force::<<std[70759c8f55707aa4]::sync::once_lock::OnceLock<lox_itur[e46105176508ba1a]::provider::ItuProvider>>::initialize<<std[70759c8f55707aa4]::sync::once_lock::OnceLock<lox_itur[e46105176508ba1a]::provider::ItuProvider>>::get_or_init<lox_itur[e46105176508ba1a]::provider::test_fixture::provider::{closure#0}>::{closure#0}, !>::{closure#0}>::{closure#0}
[INFO] [stdout]   13:     0x5a960eac7809 - <std[70759c8f55707aa4]::sys::sync::once::futex::Once>::call
[INFO] [stdout]   14:     0x5a960ea2044c - <std[70759c8f55707aa4]::sync::once_lock::OnceLock<lox_itur[e46105176508ba1a]::provider::ItuProvider>>::initialize::<<std[70759c8f55707aa4]::sync::once_lock::OnceLock<lox_itur[e46105176508ba1a]::provider::ItuProvider>>::get_or_init<lox_itur[e46105176508ba1a]::provider::test_fixture::provider::{closure#0}>::{closure#0}, !>
[INFO] [stdout]   15:     0x5a960ea17e46 - lox_itur[e46105176508ba1a]::p618::tests::test_rain_attenuation_madrid
[INFO] [stdout]   16:     0x5a960ea0c889 - <lox_itur[e46105176508ba1a]::p618::tests::test_rain_attenuation_madrid::{closure#0} as core[df12db4294e9bfd3]::ops::function::FnOnce<()>>::call_once
[INFO] [stdout]   17:     0x5a960ea432ab - test[9d35eded1c95d3be]::__rust_begin_short_backtrace::<core[df12db4294e9bfd3]::result::Result<(), alloc[2182bb758b4b3781]::string::String>, fn() -> core[df12db4294e9bfd3]::result::Result<(), alloc[2182bb758b4b3781]::string::String>>
[INFO] [stdout]   18:     0x5a960ea50915 - test[9d35eded1c95d3be]::run_test::{closure#0}
[INFO] [stdout]   19:     0x5a960ea4a1d4 - std[70759c8f55707aa4]::sys::backtrace::__rust_begin_short_backtrace::<test[9d35eded1c95d3be]::run_test::{closure#1}, ()>
[INFO] [stdout]   20:     0x5a960ea53a72 - <std[70759c8f55707aa4]::thread::lifecycle::spawn_unchecked<test[9d35eded1c95d3be]::run_test::{closure#1}, ()>::{closure#1} as core[df12db4294e9bfd3]::ops::function::FnOnce<()>>::call_once::{shim:vtable#0}
[INFO] [stdout]   21:     0x5a960eae54b9 - <std[70759c8f55707aa4]::sys::thread::unix::Thread>::new::thread_start
[INFO] [stdout]   22:     0x7e4f35991dfa - <unknown>
[INFO] [stdout]   23:     0x7e4f35a253d4 - clone
[INFO] [stdout]   24:                0x0 - <unknown>
[INFO] [stdout] 
[INFO] [stdout] ---- p618::tests::test_rain_attenuation_different_probabilities stdout ----
[INFO] [stdout] 
[INFO] [stdout] thread 'p618::tests::test_rain_attenuation_different_probabilities' (1354) panicked at src/provider.rs:734:18:
[INFO] [stdout] tests need target/lox-itur-data.npz; run `just lox-itur-pack <wheel>` or set LOX_ITUR_BUNDLE.
[INFO] [stdout] stack backtrace:
[INFO] [stdout]    0:     0x5a960eae5be1 - <<std[70759c8f55707aa4]::sys::backtrace::BacktraceLock>::print::DisplayBacktrace as core[df12db4294e9bfd3]::fmt::Display>::fmt
[INFO] [stdout]    1:     0x5a960eafadfa - core[df12db4294e9bfd3]::fmt::write
[INFO] [stdout]    2:     0x5a960eaea1ec - <alloc[2182bb758b4b3781]::vec::Vec<u8> as core[df12db4294e9bfd3]::io::write::Write>::write_fmt
[INFO] [stdout]    3:     0x5a960eac1bc6 - std[70759c8f55707aa4]::panicking::default_hook::{closure#0}
[INFO] [stdout]    4:     0x5a960eade179 - std[70759c8f55707aa4]::panicking::default_hook
[INFO] [stdout]    5:     0x5a960ea4ffc0 - test[9d35eded1c95d3be]::test_main_inner::<test[9d35eded1c95d3be]::test_main_static::{closure#0}>::{closure#0}
[INFO] [stdout]    6:     0x5a960eade332 - std[70759c8f55707aa4]::panicking::panic_with_hook
[INFO] [stdout]    7:     0x5a960eac1c72 - std[70759c8f55707aa4]::panicking::panic_handler::{closure#0}
[INFO] [stdout]    8:     0x5a960eaba949 - std[70759c8f55707aa4]::sys::backtrace::__rust_end_short_backtrace::<std[70759c8f55707aa4]::panicking::panic_handler::{closure#0}, !>
[INFO] [stdout]    9:     0x5a960eac286d - __rustc[8fa7c3cbc660c2b3]::rust_begin_unwind
[INFO] [stdout]   10:     0x5a960eafb52c - core[df12db4294e9bfd3]::panicking::panic_fmt
[INFO] [stdout]   11:     0x5a960eafb284 - core[df12db4294e9bfd3]::option::expect_failed
[INFO] [stdout]   12:     0x5a960ea20c0a - <std[70759c8f55707aa4]::sync::once::Once>::call_once_force::<<std[70759c8f55707aa4]::sync::once_lock::OnceLock<lox_itur[e46105176508ba1a]::provider::ItuProvider>>::initialize<<std[70759c8f55707aa4]::sync::once_lock::OnceLock<lox_itur[e46105176508ba1a]::provider::ItuProvider>>::get_or_init<lox_itur[e46105176508ba1a]::provider::test_fixture::provider::{closure#0}>::{closure#0}, !>::{closure#0}>::{closure#0}
[INFO] [stdout]   13:     0x5a960eac7809 - <std[70759c8f55707aa4]::sys::sync::once::futex::Once>::call
[INFO] [stdout]   14:     0x5a960ea2044c - <std[70759c8f55707aa4]::sync::once_lock::OnceLock<lox_itur[e46105176508ba1a]::provider::ItuProvider>>::initialize::<<std[70759c8f55707aa4]::sync::once_lock::OnceLock<lox_itur[e46105176508ba1a]::provider::ItuProvider>>::get_or_init<lox_itur[e46105176508ba1a]::provider::test_fixture::provider::{closure#0}>::{closure#0}, !>
[INFO] [stdout]   15:     0x5a960ea184d8 - lox_itur[e46105176508ba1a]::p618::tests::test_rain_attenuation_different_probabilities
[INFO] [stdout]   16:     0x5a960ea0cab9 - <lox_itur[e46105176508ba1a]::p618::tests::test_rain_attenuation_different_probabilities::{closure#0} as core[df12db4294e9bfd3]::ops::function::FnOnce<()>>::call_once
[INFO] [stdout]   17:     0x5a960ea432ab - test[9d35eded1c95d3be]::__rust_begin_short_backtrace::<core[df12db4294e9bfd3]::result::Result<(), alloc[2182bb758b4b3781]::string::String>, fn() -> core[df12db4294e9bfd3]::result::Result<(), alloc[2182bb758b4b3781]::string::String>>
[INFO] [stdout]   18:     0x5a960ea50915 - test[9d35eded1c95d3be]::run_test::{closure#0}
[INFO] [stdout]   19:     0x5a960ea4a1d4 - std[70759c8f55707aa4]::sys::backtrace::__rust_begin_short_backtrace::<test[9d35eded1c95d3be]::run_test::{closure#1}, ()>
[INFO] [stdout]   20:     0x5a960ea53a72 - <std[70759c8f55707aa4]::thread::lifecycle::spawn_unchecked<test[9d35eded1c95d3be]::run_test::{closure#1}, ()>::{closure#1} as core[df12db4294e9bfd3]::ops::function::FnOnce<()>>::call_once::{shim:vtable#0}
[INFO] [stdout]   21:     0x5a960eae54b9 - <std[70759c8f55707aa4]::sys::thread::unix::Thread>::new::thread_start
[INFO] [stdout]   22:     0x7e4f35991dfa - <unknown>
[INFO] [stdout]   23:     0x7e4f35a253d4 - clone
[INFO] [stdout]   24:                0x0 - <unknown>
[INFO] [stdout] 
[INFO] [stdout] ---- p618::tests::test_scintillation_reasonable_values stdout ----
[INFO] [stdout] 
[INFO] [stdout] thread 'p618::tests::test_scintillation_reasonable_values' (1362) panicked at src/provider.rs:734:18:
[INFO] [stdout] tests need target/lox-itur-data.npz; run `just lox-itur-pack <wheel>` or set LOX_ITUR_BUNDLE.
[INFO] [stdout] stack backtrace:
[INFO] [stdout]    0:     0x5a960eae5be1 - <<std[70759c8f55707aa4]::sys::backtrace::BacktraceLock>::print::DisplayBacktrace as core[df12db4294e9bfd3]::fmt::Display>::fmt
[INFO] [stdout]    1:     0x5a960eafadfa - core[df12db4294e9bfd3]::fmt::write
[INFO] [stdout]    2:     0x5a960eaea1ec - <alloc[2182bb758b4b3781]::vec::Vec<u8> as core[df12db4294e9bfd3]::io::write::Write>::write_fmt
[INFO] [stdout]    3:     0x5a960eac1bc6 - std[70759c8f55707aa4]::panicking::default_hook::{closure#0}
[INFO] [stdout]    4:     0x5a960eade179 - std[70759c8f55707aa4]::panicking::default_hook
[INFO] [stdout]    5:     0x5a960ea4ffc0 - test[9d35eded1c95d3be]::test_main_inner::<test[9d35eded1c95d3be]::test_main_static::{closure#0}>::{closure#0}
[INFO] [stdout]    6:     0x5a960eade332 - std[70759c8f55707aa4]::panicking::panic_with_hook
[INFO] [stdout]    7:     0x5a960eac1c72 - std[70759c8f55707aa4]::panicking::panic_handler::{closure#0}
[INFO] [stdout]    8:     0x5a960eaba949 - std[70759c8f55707aa4]::sys::backtrace::__rust_end_short_backtrace::<std[70759c8f55707aa4]::panicking::panic_handler::{closure#0}, !>
[INFO] [stdout]    9:     0x5a960eac286d - __rustc[8fa7c3cbc660c2b3]::rust_begin_unwind
[INFO] [stdout]   10:     0x5a960eafb52c - core[df12db4294e9bfd3]::panicking::panic_fmt
[INFO] [stdout]   11:     0x5a960eafb284 - core[df12db4294e9bfd3]::option::expect_failed
[INFO] [stdout]   12:     0x5a960ea20c0a - <std[70759c8f55707aa4]::sync::once::Once>::call_once_force::<<std[70759c8f55707aa4]::sync::once_lock::OnceLock<lox_itur[e46105176508ba1a]::provider::ItuProvider>>::initialize<<std[70759c8f55707aa4]::sync::once_lock::OnceLock<lox_itur[e46105176508ba1a]::provider::ItuProvider>>::get_or_init<lox_itur[e46105176508ba1a]::provider::test_fixture::provider::{closure#0}>::{closure#0}, !>::{closure#0}>::{closure#0}
[INFO] [stdout]   13:     0x5a960eac7809 - <std[70759c8f55707aa4]::sys::sync::once::futex::Once>::call
[INFO] [stdout]   14:     0x5a960ea2044c - <std[70759c8f55707aa4]::sync::once_lock::OnceLock<lox_itur[e46105176508ba1a]::provider::ItuProvider>>::initialize::<<std[70759c8f55707aa4]::sync::once_lock::OnceLock<lox_itur[e46105176508ba1a]::provider::ItuProvider>>::get_or_init<lox_itur[e46105176508ba1a]::provider::test_fixture::provider::{closure#0}>::{closure#0}, !>
[INFO] [stdout]   15:     0x5a960ea0c905 - <lox_itur[e46105176508ba1a]::p618::tests::test_scintillation_large_antenna::{closure#0} as core[df12db4294e9bfd3]::ops::function::FnOnce<()>>::call_once
[INFO] [stdout]   16:     0x5a960ea432ab - test[9d35eded1c95d3be]::__rust_begin_short_backtrace::<core[df12db4294e9bfd3]::result::Result<(), alloc[2182bb758b4b3781]::string::String>, fn() -> core[df12db4294e9bfd3]::result::Result<(), alloc[2182bb758b4b3781]::string::String>>
[INFO] [stdout]   17:     0x5a960ea50915 - test[9d35eded1c95d3be]::run_test::{closure#0}
[INFO] [stdout]   18:     0x5a960ea4a1d4 - std[70759c8f55707aa4]::sys::backtrace::__rust_begin_short_backtrace::<test[9d35eded1c95d3be]::run_test::{closure#1}, ()>
[INFO] [stdout]   19:     0x5a960ea53a72 - <std[70759c8f55707aa4]::thread::lifecycle::spawn_unchecked<test[9d35eded1c95d3be]::run_test::{closure#1}, ()>::{closure#1} as core[df12db4294e9bfd3]::ops::function::FnOnce<()>>::call_once::{shim:vtable#0}
[INFO] [stdout]   20:     0x5a960eae54b9 - <std[70759c8f55707aa4]::sys::thread::unix::Thread>::new::thread_start
[INFO] [stdout]   21:     0x7e4f35991dfa - <unknown>
[INFO] [stdout]   22:     0x7e4f35a253d4 - clone
[INFO] [stdout]   23:                0x0 - <unknown>
[INFO] [stdout] 
[INFO] [stdout] ---- p618::tests::test_rain_attenuation_high_latitude stdout ----
[INFO] [stdout] 
[INFO] [stdout] thread 'p618::tests::test_rain_attenuation_high_latitude' (1355) panicked at src/provider.rs:734:18:
[INFO] [stdout] tests need target/lox-itur-data.npz; run `just lox-itur-pack <wheel>` or set LOX_ITUR_BUNDLE.
[INFO] [stdout] stack backtrace:
[INFO] [stdout]    0:     0x5a960eae5be1 - <<std[70759c8f55707aa4]::sys::backtrace::BacktraceLock>::print::DisplayBacktrace as core[df12db4294e9bfd3]::fmt::Display>::fmt
[INFO] [stdout]    1:     0x5a960eafadfa - core[df12db4294e9bfd3]::fmt::write
[INFO] [stdout]    2:     0x5a960eaea1ec - <alloc[2182bb758b4b3781]::vec::Vec<u8> as core[df12db4294e9bfd3]::io::write::Write>::write_fmt
[INFO] [stdout]    3:     0x5a960eac1bc6 - std[70759c8f55707aa4]::panicking::default_hook::{closure#0}
[INFO] [stdout]    4:     0x5a960eade179 - std[70759c8f55707aa4]::panicking::default_hook
[INFO] [stdout]    5:     0x5a960ea4ffc0 - test[9d35eded1c95d3be]::test_main_inner::<test[9d35eded1c95d3be]::test_main_static::{closure#0}>::{closure#0}
[INFO] [stdout]    6:     0x5a960eade332 - std[70759c8f55707aa4]::panicking::panic_with_hook
[INFO] [stdout]    7:     0x5a960eac1c72 - std[70759c8f55707aa4]::panicking::panic_handler::{closure#0}
[INFO] [stdout]    8:     0x5a960eaba949 - std[70759c8f55707aa4]::sys::backtrace::__rust_end_short_backtrace::<std[70759c8f55707aa4]::panicking::panic_handler::{closure#0}, !>
[INFO] [stdout]    9:     0x5a960eac286d - __rustc[8fa7c3cbc660c2b3]::rust_begin_unwind
[INFO] [stdout]   10:     0x5a960eafb52c - core[df12db4294e9bfd3]::panicking::panic_fmt
[INFO] [stdout]   11:     0x5a960eafb284 - core[df12db4294e9bfd3]::option::expect_failed
[INFO] [stdout]   12:     0x5a960ea20c0a - <std[70759c8f55707aa4]::sync::once::Once>::call_once_force::<<std[70759c8f55707aa4]::sync::once_lock::OnceLock<lox_itur[e46105176508ba1a]::provider::ItuProvider>>::initialize<<std[70759c8f55707aa4]::sync::once_lock::OnceLock<lox_itur[e46105176508ba1a]::provider::ItuProvider>>::get_or_init<lox_itur[e46105176508ba1a]::provider::test_fixture::provider::{closure#0}>::{closure#0}, !>::{closure#0}>::{closure#0}
[INFO] [stdout]   13:     0x5a960eac7809 - <std[70759c8f55707aa4]::sys::sync::once::futex::Once>::call
[INFO] [stdout]   14:     0x5a960ea2044c - <std[70759c8f55707aa4]::sync::once_lock::OnceLock<lox_itur[e46105176508ba1a]::provider::ItuProvider>>::initialize::<<std[70759c8f55707aa4]::sync::once_lock::OnceLock<lox_itur[e46105176508ba1a]::provider::ItuProvider>>::get_or_init<lox_itur[e46105176508ba1a]::provider::test_fixture::provider::{closure#0}>::{closure#0}, !>
[INFO] [stdout]   15:     0x5a960ea1804a - lox_itur[e46105176508ba1a]::p618::tests::test_rain_attenuation_high_latitude
[INFO] [stdout]   16:     0x5a960ea0c9f9 - <lox_itur[e46105176508ba1a]::p618::tests::test_rain_attenuation_high_latitude::{closure#0} as core[df12db4294e9bfd3]::ops::function::FnOnce<()>>::call_once
[INFO] [stdout]   17:     0x5a960ea432ab - test[9d35eded1c95d3be]::__rust_begin_short_backtrace::<core[df12db4294e9bfd3]::result::Result<(), alloc[2182bb758b4b3781]::string::String>, fn() -> core[df12db4294e9bfd3]::result::Result<(), alloc[2182bb758b4b3781]::string::String>>
[INFO] [stdout]   18:     0x5a960ea50915 - test[9d35eded1c95d3be]::run_test::{closure#0}
[INFO] [stdout]   19:     0x5a960ea4a1d4 - std[70759c8f55707aa4]::sys::backtrace::__rust_begin_short_backtrace::<test[9d35eded1c95d3be]::run_test::{closure#1}, ()>
[INFO] [stdout]   20:     0x5a960ea53a72 - <std[70759c8f55707aa4]::thread::lifecycle::spawn_unchecked<test[9d35eded1c95d3be]::run_test::{closure#1}, ()>::{closure#1} as core[df12db4294e9bfd3]::ops::function::FnOnce<()>>::call_once::{shim:vtable#0}
[INFO] [stdout]   21:     0x5a960eae54b9 - <std[70759c8f55707aa4]::sys::thread::unix::Thread>::new::thread_start
[INFO] [stdout]   22:     0x7e4f35991dfa - <unknown>
[INFO] [stdout]   23:     0x7e4f35a253d4 - clone
[INFO] [stdout]   24:                0x0 - <unknown>
[INFO] [stdout] 
[INFO] [stdout] ---- p618::tests::test_rain_attenuation_low_elevation stdout ----
[INFO] [stdout] 
[INFO] [stdout] thread 'p618::tests::test_rain_attenuation_low_elevation' (1356) panicked at src/provider.rs:734:18:
[INFO] [stdout] tests need target/lox-itur-data.npz; run `just lox-itur-pack <wheel>` or set LOX_ITUR_BUNDLE.
[INFO] [stdout] stack backtrace:
[INFO] [stdout]    0:     0x5a960eae5be1 - <<std[70759c8f55707aa4]::sys::backtrace::BacktraceLock>::print::DisplayBacktrace as core[df12db4294e9bfd3]::fmt::Display>::fmt
[INFO] [stdout]    1:     0x5a960eafadfa - core[df12db4294e9bfd3]::fmt::write
[INFO] [stdout]    2:     0x5a960eaea1ec - <alloc[2182bb758b4b3781]::vec::Vec<u8> as core[df12db4294e9bfd3]::io::write::Write>::write_fmt
[INFO] [stdout]    3:     0x5a960eac1bc6 - std[70759c8f55707aa4]::panicking::default_hook::{closure#0}
[INFO] [stdout]    4:     0x5a960eade179 - std[70759c8f55707aa4]::panicking::default_hook
[INFO] [stdout]    5:     0x5a960ea4ffc0 - test[9d35eded1c95d3be]::test_main_inner::<test[9d35eded1c95d3be]::test_main_static::{closure#0}>::{closure#0}
[INFO] [stdout]    6:     0x5a960eade332 - std[70759c8f55707aa4]::panicking::panic_with_hook
[INFO] [stdout]    7:     0x5a960eac1c72 - std[70759c8f55707aa4]::panicking::panic_handler::{closure#0}
[INFO] [stdout]    8:     0x5a960eaba949 - std[70759c8f55707aa4]::sys::backtrace::__rust_end_short_backtrace::<std[70759c8f55707aa4]::panicking::panic_handler::{closure#0}, !>
[INFO] [stdout]    9:     0x5a960eac286d - __rustc[8fa7c3cbc660c2b3]::rust_begin_unwind
[INFO] [stdout]   10:     0x5a960eafb52c - core[df12db4294e9bfd3]::panicking::panic_fmt
[INFO] [stdout]   11:     0x5a960eafb284 - core[df12db4294e9bfd3]::option::expect_failed
[INFO] [stdout]   12:     0x5a960ea20c0a - <std[70759c8f55707aa4]::sync::once::Once>::call_once_force::<<std[70759c8f55707aa4]::sync::once_lock::OnceLock<lox_itur[e46105176508ba1a]::provider::ItuProvider>>::initialize<<std[70759c8f55707aa4]::sync::once_lock::OnceLock<lox_itur[e46105176508ba1a]::provider::ItuProvider>>::get_or_init<lox_itur[e46105176508ba1a]::provider::test_fixture::provider::{closure#0}>::{closure#0}, !>::{closure#0}>::{closure#0}
[INFO] [stdout]   13:     0x5a960eac7809 - <std[70759c8f55707aa4]::sys::sync::once::futex::Once>::call
[INFO] [stdout]   14:     0x5a960ea2044c - <std[70759c8f55707aa4]::sync::once_lock::OnceLock<lox_itur[e46105176508ba1a]::provider::ItuProvider>>::initialize::<<std[70759c8f55707aa4]::sync::once_lock::OnceLock<lox_itur[e46105176508ba1a]::provider::ItuProvider>>::get_or_init<lox_itur[e46105176508ba1a]::provider::test_fixture::provider::{closure#0}>::{closure#0}, !>
[INFO] [stdout]   15:     0x5a960ea1815d - lox_itur[e46105176508ba1a]::p618::tests::test_rain_attenuation_low_elevation
[INFO] [stdout]   16:     0x5a960ea0ca19 - <lox_itur[e46105176508ba1a]::p618::tests::test_rain_attenuation_low_elevation::{closure#0} as core[df12db4294e9bfd3]::ops::function::FnOnce<()>>::call_once
[INFO] [stdout]   17:     0x5a960ea432ab - test[9d35eded1c95d3be]::__rust_begin_short_backtrace::<core[df12db4294e9bfd3]::result::Result<(), alloc[2182bb758b4b3781]::string::String>, fn() -> core[df12db4294e9bfd3]::result::Result<(), alloc[2182bb758b4b3781]::string::String>>
[INFO] [stdout]   18:     0x5a960ea50915 - test[9d35eded1c95d3be]::run_test::{closure#0}
[INFO] [stdout]   19:     0x5a960ea4a1d4 - std[70759c8f55707aa4]::sys::backtrace::__rust_begin_short_backtrace::<test[9d35eded1c95d3be]::run_test::{closure#1}, ()>
[INFO] [stdout]   20:     0x5a960ea53a72 - <std[70759c8f55707aa4]::thread::lifecycle::spawn_unchecked<test[9d35eded1c95d3be]::run_test::{closure#1}, ()>::{closure#1} as core[df12db4294e9bfd3]::ops::function::FnOnce<()>>::call_once::{shim:vtable#0}
[INFO] [stdout]   21:     0x5a960eae54b9 - <std[70759c8f55707aa4]::sys::thread::unix::Thread>::new::thread_start
[INFO] [stdout]   22:     0x7e4f35991dfa - <unknown>
[INFO] [stdout]   23:     0x7e4f35a253d4 - clone
[INFO] [stdout]   24:                0x0 - <unknown>
[INFO] [stdout] 
[INFO] [stdout] ---- p618::tests::test_scintillation_large_antenna stdout ----
[INFO] [stdout] 
[INFO] [stdout] thread 'p618::tests::test_scintillation_large_antenna' (1361) panicked at src/provider.rs:734:18:
[INFO] [stdout] tests need target/lox-itur-data.npz; run `just lox-itur-pack <wheel>` or set LOX_ITUR_BUNDLE.
[INFO] [stdout] stack backtrace:
[INFO] [stdout]    0:     0x5a960eae5be1 - <<std[70759c8f55707aa4]::sys::backtrace::BacktraceLock>::print::DisplayBacktrace as core[df12db4294e9bfd3]::fmt::Display>::fmt
[INFO] [stdout]    1:     0x5a960eafadfa - core[df12db4294e9bfd3]::fmt::write
[INFO] [stdout]    2:     0x5a960eaea1ec - <alloc[2182bb758b4b3781]::vec::Vec<u8> as core[df12db4294e9bfd3]::io::write::Write>::write_fmt
[INFO] [stdout]    3:     0x5a960eac1bc6 - std[70759c8f55707aa4]::panicking::default_hook::{closure#0}
[INFO] [stdout]    4:     0x5a960eade179 - std[70759c8f55707aa4]::panicking::default_hook
[INFO] [stdout]    5:     0x5a960ea4ffc0 - test[9d35eded1c95d3be]::test_main_inner::<test[9d35eded1c95d3be]::test_main_static::{closure#0}>::{closure#0}
[INFO] [stdout]    6:     0x5a960eade332 - std[70759c8f55707aa4]::panicking::panic_with_hook
[INFO] [stdout]    7:     0x5a960eac1c72 - std[70759c8f55707aa4]::panicking::panic_handler::{closure#0}
[INFO] [stdout]    8:     0x5a960eaba949 - std[70759c8f55707aa4]::sys::backtrace::__rust_end_short_backtrace::<std[70759c8f55707aa4]::panicking::panic_handler::{closure#0}, !>
[INFO] [stdout]    9:     0x5a960eac286d - __rustc[8fa7c3cbc660c2b3]::rust_begin_unwind
[INFO] [stdout]   10:     0x5a960eafb52c - core[df12db4294e9bfd3]::panicking::panic_fmt
[INFO] [stdout]   11:     0x5a960eafb284 - core[df12db4294e9bfd3]::option::expect_failed
[INFO] [stdout]   12:     0x5a960ea20c0a - <std[70759c8f55707aa4]::sync::once::Once>::call_once_force::<<std[70759c8f55707aa4]::sync::once_lock::OnceLock<lox_itur[e46105176508ba1a]::provider::ItuProvider>>::initialize<<std[70759c8f55707aa4]::sync::once_lock::OnceLock<lox_itur[e46105176508ba1a]::provider::ItuProvider>>::get_or_init<lox_itur[e46105176508ba1a]::provider::test_fixture::provider::{closure#0}>::{closure#0}, !>::{closure#0}>::{closure#0}
[INFO] [stdout]   13:     0x5a960eac7809 - <std[70759c8f55707aa4]::sys::sync::once::futex::Once>::call
[INFO] [stdout]   14:     0x5a960ea2044c - <std[70759c8f55707aa4]::sync::once_lock::OnceLock<lox_itur[e46105176508ba1a]::provider::ItuProvider>>::initialize::<<std[70759c8f55707aa4]::sync::once_lock::OnceLock<lox_itur[e46105176508ba1a]::provider::ItuProvider>>::get_or_init<lox_itur[e46105176508ba1a]::provider::test_fixture::provider::{closure#0}>::{closure#0}, !>
[INFO] [stdout]   15:     0x5a960ea0c905 - <lox_itur[e46105176508ba1a]::p618::tests::test_scintillation_large_antenna::{closure#0} as core[df12db4294e9bfd3]::ops::function::FnOnce<()>>::call_once
[INFO] [stdout]   16:     0x5a960ea432ab - test[9d35eded1c95d3be]::__rust_begin_short_backtrace::<core[df12db4294e9bfd3]::result::Result<(), alloc[2182bb758b4b3781]::string::String>, fn() -> core[df12db4294e9bfd3]::result::Result<(), alloc[2182bb758b4b3781]::string::String>>
[INFO] [stdout]   17:     0x5a960ea50915 - test[9d35eded1c95d3be]::run_test::{closure#0}
[INFO] [stdout]   18:     0x5a960ea4a1d4 - std[70759c8f55707aa4]::sys::backtrace::__rust_begin_short_backtrace::<test[9d35eded1c95d3be]::run_test::{closure#1}, ()>
[INFO] [stdout]   19:     0x5a960ea53a72 - <std[70759c8f55707aa4]::thread::lifecycle::spawn_unchecked<test[9d35eded1c95d3be]::run_test::{closure#1}, ()>::{closure#1} as core[df12db4294e9bfd3]::ops::function::FnOnce<()>>::call_once::{shim:vtable#0}
[INFO] [stdout]   20:     0x5a960eae54b9 - <std[70759c8f55707aa4]::sys::thread::unix::Thread>::new::thread_start
[INFO] [stdout]   21:     0x7e4f35991dfa - <unknown>
[INFO] [stdout]   22:     0x7e4f35a253d4 - clone
[INFO] [stdout]   23:                0x0 - <unknown>
[INFO] [stdout] 
[INFO] [stdout] ---- p618::tests::test_rain_attenuation_station_above_rain_height stdout ----
[INFO] [stdout] 
[INFO] [stdout] thread 'p618::tests::test_rain_attenuation_station_above_rain_height' (1358) panicked at src/provider.rs:734:18:
[INFO] [stdout] tests need target/lox-itur-data.npz; run `just lox-itur-pack <wheel>` or set LOX_ITUR_BUNDLE.
[INFO] [stdout] stack backtrace:
[INFO] [stdout]    0:     0x5a960eae5be1 - <<std[70759c8f55707aa4]::sys::backtrace::BacktraceLock>::print::DisplayBacktrace as core[df12db4294e9bfd3]::fmt::Display>::fmt
[INFO] [stdout]    1:     0x5a960eafadfa - core[df12db4294e9bfd3]::fmt::write
[INFO] [stdout]    2:     0x5a960eaea1ec - <alloc[2182bb758b4b3781]::vec::Vec<u8> as core[df12db4294e9bfd3]::io::write::Write>::write_fmt
[INFO] [stdout]    3:     0x5a960eac1bc6 - std[70759c8f55707aa4]::panicking::default_hook::{closure#0}
[INFO] [stdout]    4:     0x5a960eade179 - std[70759c8f55707aa4]::panicking::default_hook
[INFO] [stdout]    5:     0x5a960ea4ffc0 - test[9d35eded1c95d3be]::test_main_inner::<test[9d35eded1c95d3be]::test_main_static::{closure#0}>::{closure#0}
[INFO] [stdout]    6:     0x5a960eade332 - std[70759c8f55707aa4]::panicking::panic_with_hook
[INFO] [stdout]    7:     0x5a960eac1c72 - std[70759c8f55707aa4]::panicking::panic_handler::{closure#0}
[INFO] [stdout]    8:     0x5a960eaba949 - std[70759c8f55707aa4]::sys::backtrace::__rust_end_short_backtrace::<std[70759c8f55707aa4]::panicking::panic_handler::{closure#0}, !>
[INFO] [stdout]    9:     0x5a960eac286d - __rustc[8fa7c3cbc660c2b3]::rust_begin_unwind
[INFO] [stdout]   10:     0x5a960eafb52c - core[df12db4294e9bfd3]::panicking::panic_fmt
[INFO] [stdout]   11:     0x5a960eafb284 - core[df12db4294e9bfd3]::option::expect_failed
[INFO] [stdout]   12:     0x5a960ea20c0a - <std[70759c8f55707aa4]::sync::once::Once>::call_once_force::<<std[70759c8f55707aa4]::sync::once_lock::OnceLock<lox_itur[e46105176508ba1a]::provider::ItuProvider>>::initialize<<std[70759c8f55707aa4]::sync::once_lock::OnceLock<lox_itur[e46105176508ba1a]::provider::ItuProvider>>::get_or_init<lox_itur[e46105176508ba1a]::provider::test_fixture::provider::{closure#0}>::{closure#0}, !>::{closure#0}>::{closure#0}
[INFO] [stdout]   13:     0x5a960eac7809 - <std[70759c8f55707aa4]::sys::sync::once::futex::Once>::call
[INFO] [stdout]   14:     0x5a960ea2044c - <std[70759c8f55707aa4]::sync::once_lock::OnceLock<lox_itur[e46105176508ba1a]::provider::ItuProvider>>::initialize::<<std[70759c8f55707aa4]::sync::once_lock::OnceLock<lox_itur[e46105176508ba1a]::provider::ItuProvider>>::get_or_init<lox_itur[e46105176508ba1a]::provider::test_fixture::provider::{closure#0}>::{closure#0}, !>
[INFO] [stdout]   15:     0x5a960ea1872e - lox_itur[e46105176508ba1a]::p618::tests::test_rain_attenuation_station_above_rain_height
[INFO] [stdout]   16:     0x5a960ea0cad9 - <lox_itur[e46105176508ba1a]::p618::tests::test_rain_attenuation_station_above_rain_height::{closure#0} as core[df12db4294e9bfd3]::ops::function::FnOnce<()>>::call_once
[INFO] [stdout]   17:     0x5a960ea432ab - test[9d35eded1c95d3be]::__rust_begin_short_backtrace::<core[df12db4294e9bfd3]::result::Result<(), alloc[2182bb758b4b3781]::string::String>, fn() -> core[df12db4294e9bfd3]::result::Result<(), alloc[2182bb758b4b3781]::string::String>>
[INFO] [stdout]   18:     0x5a960ea50915 - test[9d35eded1c95d3be]::run_test::{closure#0}
[INFO] [stdout]   19:     0x5a960ea4a1d4 - std[70759c8f55707aa4]::sys::backtrace::__rust_begin_short_backtrace::<test[9d35eded1c95d3be]::run_test::{closure#1}, ()>
[INFO] [stdout]   20:     0x5a960ea53a72 - <std[70759c8f55707aa4]::thread::lifecycle::spawn_unchecked<test[9d35eded1c95d3be]::run_test::{closure#1}, ()>::{closure#1} as core[df12db4294e9bfd3]::ops::function::FnOnce<()>>::call_once::{shim:vtable#0}
[INFO] [stdout]   21:     0x5a960eae54b9 - <std[70759c8f55707aa4]::sys::thread::unix::Thread>::new::thread_start
[INFO] [stdout]   22:     0x7e4f35991dfa - <unknown>
[INFO] [stdout]   23:     0x7e4f35a253d4 - clone
[INFO] [stdout]   24:                0x0 - <unknown>
[INFO] [stdout] 
[INFO] [stdout] ---- p618::tests::test_scintillation_decreases_with_elevation stdout ----
[INFO] [stdout] 
[INFO] [stdout] thread 'p618::tests::test_scintillation_decreases_with_elevation' (1359) panicked at src/provider.rs:734:18:
[INFO] [stdout] tests need target/lox-itur-data.npz; run `just lox-itur-pack <wheel>` or set LOX_ITUR_BUNDLE.
[INFO] [stdout] stack backtrace:
[INFO] [stdout]    0:     0x5a960eae5be1 - <<std[70759c8f55707aa4]::sys::backtrace::BacktraceLock>::print::DisplayBacktrace as core[df12db4294e9bfd3]::fmt::Display>::fmt
[INFO] [stdout]    1:     0x5a960eafadfa - core[df12db4294e9bfd3]::fmt::write
[INFO] [stdout]    2:     0x5a960eaea1ec - <alloc[2182bb758b4b3781]::vec::Vec<u8> as core[df12db4294e9bfd3]::io::write::Write>::write_fmt
[INFO] [stdout]    3:     0x5a960eac1bc6 - std[70759c8f55707aa4]::panicking::default_hook::{closure#0}
[INFO] [stdout]    4:     0x5a960eade179 - std[70759c8f55707aa4]::panicking::default_hook
[INFO] [stdout]    5:     0x5a960ea4ffc0 - test[9d35eded1c95d3be]::test_main_inner::<test[9d35eded1c95d3be]::test_main_static::{closure#0}>::{closure#0}
[INFO] [stdout]    6:     0x5a960eade332 - std[70759c8f55707aa4]::panicking::panic_with_hook
[INFO] [stdout]    7:     0x5a960eac1c72 - std[70759c8f55707aa4]::panicking::panic_handler::{closure#0}
[INFO] [stdout]    8:     0x5a960eaba949 - std[70759c8f55707aa4]::sys::backtrace::__rust_end_short_backtrace::<std[70759c8f55707aa4]::panicking::panic_handler::{closure#0}, !>
[INFO] [stdout]    9:     0x5a960eac286d - __rustc[8fa7c3cbc660c2b3]::rust_begin_unwind
[INFO] [stdout]   10:     0x5a960eafb52c - core[df12db4294e9bfd3]::panicking::panic_fmt
[INFO] [stdout]   11:     0x5a960eafb284 - core[df12db4294e9bfd3]::option::expect_failed
[INFO] [stdout]   12:     0x5a960ea20c0a - <std[70759c8f55707aa4]::sync::once::Once>::call_once_force::<<std[70759c8f55707aa4]::sync::once_lock::OnceLock<lox_itur[e46105176508ba1a]::provider::ItuProvider>>::initialize<<std[70759c8f55707aa4]::sync::once_lock::OnceLock<lox_itur[e46105176508ba1a]::provider::ItuProvider>>::get_or_init<lox_itur[e46105176508ba1a]::provider::test_fixture::provider::{closure#0}>::{closure#0}, !>::{closure#0}>::{closure#0}
[INFO] [stdout]   13:     0x5a960eac7809 - <std[70759c8f55707aa4]::sys::sync::once::futex::Once>::call
[INFO] [stdout]   14:     0x5a960ea2044c - <std[70759c8f55707aa4]::sync::once_lock::OnceLock<lox_itur[e46105176508ba1a]::provider::ItuProvider>>::initialize::<<std[70759c8f55707aa4]::sync::once_lock::OnceLock<lox_itur[e46105176508ba1a]::provider::ItuProvider>>::get_or_init<lox_itur[e46105176508ba1a]::provider::test_fixture::provider::{closure#0}>::{closure#0}, !>
[INFO] [stdout]   15:     0x5a960ea0ca80 - <lox_itur[e46105176508ba1a]::p618::tests::test_scintillation_decreases_with_elevation::{closure#0} as core[df12db4294e9bfd3]::ops::function::FnOnce<()>>::call_once
[INFO] [stdout]   16:     0x5a960ea432ab - test[9d35eded1c95d3be]::__rust_begin_short_backtrace::<core[df12db4294e9bfd3]::result::Result<(), alloc[2182bb758b4b3781]::string::String>, fn() -> core[df12db4294e9bfd3]::result::Result<(), alloc[2182bb758b4b3781]::string::String>>
[INFO] [stdout]   17:     0x5a960ea50915 - test[9d35eded1c95d3be]::run_test::{closure#0}
[INFO] [stdout]   18:     0x5a960ea4a1d4 - std[70759c8f55707aa4]::sys::backtrace::__rust_begin_short_backtrace::<test[9d35eded1c95d3be]::run_test::{closure#1}, ()>
[INFO] [stdout]   19:     0x5a960ea53a72 - <std[70759c8f55707aa4]::thread::lifecycle::spawn_unchecked<test[9d35eded1c95d3be]::run_test::{closure#1}, ()>::{closure#1} as core[df12db4294e9bfd3]::ops::function::FnOnce<()>>::call_once::{shim:vtable#0}
[INFO] [stdout]   20:     0x5a960eae54b9 - <std[70759c8f55707aa4]::sys::thread::unix::Thread>::new::thread_start
[INFO] [stdout]   21:     0x7e4f35991dfa - <unknown>
[INFO] [stdout]   22:     0x7e4f35a253d4 - clone
[INFO] [stdout]   23:                0x0 - <unknown>
[INFO] [stdout] 
[INFO] [stdout] ---- p618::tests::test_scintillation_increases_with_frequency stdout ----
[INFO] [stdout] 
[INFO] [stdout] thread 'p618::tests::test_scintillation_increases_with_frequency' (1360) panicked at src/provider.rs:734:18:
[INFO] [stdout] tests need target/lox-itur-data.npz; run `just lox-itur-pack <wheel>` or set LOX_ITUR_BUNDLE.
[INFO] [stdout] stack backtrace:
[INFO] [stdout]    0:     0x5a960eae5be1 - <<std[70759c8f55707aa4]::sys::backtrace::BacktraceLock>::print::DisplayBacktrace as core[df12db4294e9bfd3]::fmt::Display>::fmt
[INFO] [stdout]    1:     0x5a960eafadfa - core[df12db4294e9bfd3]::fmt::write
[INFO] [stdout]    2:     0x5a960eaea1ec - <alloc[2182bb758b4b3781]::vec::Vec<u8> as core[df12db4294e9bfd3]::io::write::Write>::write_fmt
[INFO] [stdout]    3:     0x5a960eac1bc6 - std[70759c8f55707aa4]::panicking::default_hook::{closure#0}
[INFO] [stdout]    4:     0x5a960eade179 - std[70759c8f55707aa4]::panicking::default_hook
[INFO] [stdout]    5:     0x5a960ea4ffc0 - test[9d35eded1c95d3be]::test_main_inner::<test[9d35eded1c95d3be]::test_main_static::{closure#0}>::{closure#0}
[INFO] [stdout]    6:     0x5a960eade332 - std[70759c8f55707aa4]::panicking::panic_with_hook
[INFO] [stdout]    7:     0x5a960eac1c72 - std[70759c8f55707aa4]::panicking::panic_handler::{closure#0}
[INFO] [stdout]    8:     0x5a960eaba949 - std[70759c8f55707aa4]::sys::backtrace::__rust_end_short_backtrace::<std[70759c8f55707aa4]::panicking::panic_handler::{closure#0}, !>
[INFO] [stdout]    9:     0x5a960eac286d - __rustc[8fa7c3cbc660c2b3]::rust_begin_unwind
[INFO] [stdout]   10:     0x5a960eafb52c - core[df12db4294e9bfd3]::panicking::panic_fmt
[INFO] [stdout]   11:     0x5a960eafb284 - core[df12db4294e9bfd3]::option::expect_failed
[INFO] [stdout]   12:     0x5a960ea20c0a - <std[70759c8f55707aa4]::sync::once::Once>::call_once_force::<<std[70759c8f55707aa4]::sync::once_lock::OnceLock<lox_itur[e46105176508ba1a]::provider::ItuProvider>>::initialize<<std[70759c8f55707aa4]::sync::once_lock::OnceLock<lox_itur[e46105176508ba1a]::provider::ItuProvider>>::get_or_init<lox_itur[e46105176508ba1a]::provider::test_fixture::provider::{closure#0}>::{closure#0}, !>::{closure#0}>::{closure#0}
[INFO] [stdout]   13:     0x5a960eac7809 - <std[70759c8f55707aa4]::sys::sync::once::futex::Once>::call
[INFO] [stdout]   14:     0x5a960ea2044c - <std[70759c8f55707aa4]::sync::once_lock::OnceLock<lox_itur[e46105176508ba1a]::provider::ItuProvider>>::initialize::<<std[70759c8f55707aa4]::sync::once_lock::OnceLock<lox_itur[e46105176508ba1a]::provider::ItuProvider>>::get_or_init<lox_itur[e46105176508ba1a]::provider::test_fixture::provider::{closure#0}>::{closure#0}, !>
[INFO] [stdout]   15:     0x5a960ea0ca80 - <lox_itur[e46105176508ba1a]::p618::tests::test_scintillation_decreases_with_elevation::{closure#0} as core[df12db4294e9bfd3]::ops::function::FnOnce<()>>::call_once
[INFO] [stdout]   16:     0x5a960ea432ab - test[9d35eded1c95d3be]::__rust_begin_short_backtrace::<core[df12db4294e9bfd3]::result::Result<(), alloc[2182bb758b4b3781]::string::String>, fn() -> core[df12db4294e9bfd3]::result::Result<(), alloc[2182bb758b4b3781]::string::String>>
[INFO] [stdout]   17:     0x5a960ea50915 - test[9d35eded1c95d3be]::run_test::{closure#0}
[INFO] [stdout]   18:     0x5a960ea4a1d4 - std[70759c8f55707aa4]::sys::backtrace::__rust_begin_short_backtrace::<test[9d35eded1c95d3be]::run_test::{closure#1}, ()>
[INFO] [stdout]   19:     0x5a960ea53a72 - <std[70759c8f55707aa4]::thread::lifecycle::spawn_unchecked<test[9d35eded1c95d3be]::run_test::{closure#1}, ()>::{closure#1} as core[df12db4294e9bfd3]::ops::function::FnOnce<()>>::call_once::{shim:vtable#0}
[INFO] [stdout]   20:     0x5a960eae54b9 - <std[70759c8f55707aa4]::sys::thread::unix::Thread>::new::thread_start
[INFO] [stdout]   21:     0x7e4f35991dfa - <unknown>
[INFO] [stdout]   22:     0x7e4f35a253d4 - clone
[INFO] [stdout]   23:                0x0 - <unknown>
[INFO] [stdout] 
[INFO] [stdout] ---- p618::tests::test_unitful_rain_attenuation stdout ----
[INFO] [stdout] 
[INFO] [stdout] thread 'p618::tests::test_unitful_rain_attenuation' (1364) panicked at src/provider.rs:734:18:
[INFO] [stdout] tests need target/lox-itur-data.npz; run `just lox-itur-pack <wheel>` or set LOX_ITUR_BUNDLE.
[INFO] [stdout] stack backtrace:
[INFO] [stdout]    0:     0x5a960eae5be1 - <<std[70759c8f55707aa4]::sys::backtrace::BacktraceLock>::print::DisplayBacktrace as core[df12db4294e9bfd3]::fmt::Display>::fmt
[INFO] [stdout]    1:     0x5a960eafadfa - core[df12db4294e9bfd3]::fmt::write
[INFO] [stdout]    2:     0x5a960eaea1ec - <alloc[2182bb758b4b3781]::vec::Vec<u8> as core[df12db4294e9bfd3]::io::write::Write>::write_fmt
[INFO] [stdout]    3:     0x5a960eac1bc6 - std[70759c8f55707aa4]::panicking::default_hook::{closure#0}
[INFO] [stdout]    4:     0x5a960eade179 - std[70759c8f55707aa4]::panicking::default_hook
[INFO] [stdout]    5:     0x5a960ea4ffc0 - test[9d35eded1c95d3be]::test_main_inner::<test[9d35eded1c95d3be]::test_main_static::{closure#0}>::{closure#0}
[INFO] [stdout]    6:     0x5a960eade332 - std[70759c8f55707aa4]::panicking::panic_with_hook
[INFO] [stdout]    7:     0x5a960eac1c72 - std[70759c8f55707aa4]::panicking::panic_handler::{closure#0}
[INFO] [stdout]    8:     0x5a960eaba949 - std[70759c8f55707aa4]::sys::backtrace::__rust_end_short_backtrace::<std[70759c8f55707aa4]::panicking::panic_handler::{closure#0}, !>
[INFO] [stdout]    9:     0x5a960eac286d - __rustc[8fa7c3cbc660c2b3]::rust_begin_unwind
[INFO] [stdout]   10:     0x5a960eafb52c - core[df12db4294e9bfd3]::panicking::panic_fmt
[INFO] [stdout]   11:     0x5a960eafb284 - core[df12db4294e9bfd3]::option::expect_failed
[INFO] [stdout]   12:     0x5a960ea20c0a - <std[70759c8f55707aa4]::sync::once::Once>::call_once_force::<<std[70759c8f55707aa4]::sync::once_lock::OnceLock<lox_itur[e46105176508ba1a]::provider::ItuProvider>>::initialize<<std[70759c8f55707aa4]::sync::once_lock::OnceLock<lox_itur[e46105176508ba1a]::provider::ItuProvider>>::get_or_init<lox_itur[e46105176508ba1a]::provider::test_fixture::provider::{closure#0}>::{closure#0}, !>::{closure#0}>::{closure#0}
[INFO] [stdout]   13:     0x5a960eac7809 - <std[70759c8f55707aa4]::sys::sync::once::futex::Once>::call
[INFO] [stdout]   14:     0x5a960ea2044c - <std[70759c8f55707aa4]::sync::once_lock::OnceLock<lox_itur[e46105176508ba1a]::provider::ItuProvider>>::initialize::<<std[70759c8f55707aa4]::sync::once_lock::OnceLock<lox_itur[e46105176508ba1a]::provider::ItuProvider>>::get_or_init<lox_itur[e46105176508ba1a]::provider::test_fixture::provider::{closure#0}>::{closure#0}, !>
[INFO] [stdout]   15:     0x5a960ea17f3a - lox_itur[e46105176508ba1a]::p618::tests::test_unitful_rain_attenuation
[INFO] [stdout]   16:     0x5a960ea0c8a9 - <lox_itur[e46105176508ba1a]::p618::tests::test_unitful_rain_attenuation::{closure#0} as core[df12db4294e9bfd3]::ops::function::FnOnce<()>>::call_once
[INFO] [stdout]   17:     0x5a960ea432ab - test[9d35eded1c95d3be]::__rust_begin_short_backtrace::<core[df12db4294e9bfd3]::result::Result<(), alloc[2182bb758b4b3781]::string::String>, fn() -> core[df12db4294e9bfd3]::result::Result<(), alloc[2182bb758b4b3781]::string::String>>
[INFO] [stdout]   18:     0x5a960ea50915 - test[9d35eded1c95d3be]::run_test::{closure#0}
[INFO] [stdout]   19:     0x5a960ea4a1d4 - std[70759c8f55707aa4]::sys::backtrace::__rust_begin_short_backtrace::<test[9d35eded1c95d3be]::run_test::{closure#1}, ()>
[INFO] [stdout]   20:     0x5a960ea53a72 - <std[70759c8f55707aa4]::thread::lifecycle::spawn_unchecked<test[9d35eded1c95d3be]::run_test::{closure#1}, ()>::{closure#1} as core[df12db4294e9bfd3]::ops::function::FnOnce<()>>::call_once::{shim:vtable#0}
[INFO] [stdout]   21:     0x5a960eae54b9 - <std[70759c8f55707aa4]::sys::thread::unix::Thread>::new::thread_start
[INFO] [stdout]   22:     0x7e4f35991dfa - <unknown>
[INFO] [stdout]   23:     0x7e4f35a253d4 - clone
[INFO] [stdout]   24:                0x0 - <unknown>
[INFO] [stdout] 
[INFO] [stdout] ---- p618::tests::test_unitful_scintillation stdout ----
[INFO] [stdout] 
[INFO] [stdout] thread 'p618::tests::test_unitful_scintillation' (1365) panicked at src/provider.rs:734:18:
[INFO] [stdout] tests need target/lox-itur-data.npz; run `just lox-itur-pack <wheel>` or set LOX_ITUR_BUNDLE.
[INFO] [stdout] stack backtrace:
[INFO] [stdout]    0:     0x5a960eae5be1 - <<std[70759c8f55707aa4]::sys::backtrace::BacktraceLock>::print::DisplayBacktrace as core[df12db4294e9bfd3]::fmt::Display>::fmt
[INFO] [stdout]    1:     0x5a960eafadfa - core[df12db4294e9bfd3]::fmt::write
[INFO] [stdout]    2:     0x5a960eaea1ec - <alloc[2182bb758b4b3781]::vec::Vec<u8> as core[df12db4294e9bfd3]::io::write::Write>::write_fmt
[INFO] [stdout]    3:     0x5a960eac1bc6 - std[70759c8f55707aa4]::panicking::default_hook::{closure#0}
[INFO] [stdout]    4:     0x5a960eade179 - std[70759c8f55707aa4]::panicking::default_hook
[INFO] [stdout]    5:     0x5a960ea4ffc0 - test[9d35eded1c95d3be]::test_main_inner::<test[9d35eded1c95d3be]::test_main_static::{closure#0}>::{closure#0}
[INFO] [stdout]    6:     0x5a960eade332 - std[70759c8f55707aa4]::panicking::panic_with_hook
[INFO] [stdout]    7:     0x5a960eac1c72 - std[70759c8f55707aa4]::panicking::panic_handler::{closure#0}
[INFO] [stdout]    8:     0x5a960eaba949 - std[70759c8f55707aa4]::sys::backtrace::__rust_end_short_backtrace::<std[70759c8f55707aa4]::panicking::panic_handler::{closure#0}, !>
[INFO] [stdout]    9:     0x5a960eac286d - __rustc[8fa7c3cbc660c2b3]::rust_begin_unwind
[INFO] [stdout]   10:     0x5a960eafb52c - core[df12db4294e9bfd3]::panicking::panic_fmt
[INFO] [stdout]   11:     0x5a960eafb284 - core[df12db4294e9bfd3]::option::expect_failed
[INFO] [stdout]   12:     0x5a960ea20c0a - <std[70759c8f55707aa4]::sync::once::Once>::call_once_force::<<std[70759c8f55707aa4]::sync::once_lock::OnceLock<lox_itur[e46105176508ba1a]::provider::ItuProvider>>::initialize<<std[70759c8f55707aa4]::sync::once_lock::OnceLock<lox_itur[e46105176508ba1a]::provider::ItuProvider>>::get_or_init<lox_itur[e46105176508ba1a]::provider::test_fixture::provider::{closure#0}>::{closure#0}, !>::{closure#0}>::{closure#0}
[INFO] [stdout]   13:     0x5a960eac7809 - <std[70759c8f55707aa4]::sys::sync::once::futex::Once>::call
[INFO] [stdout]   14:     0x5a960ea2044c - <std[70759c8f55707aa4]::sync::once_lock::OnceLock<lox_itur[e46105176508ba1a]::provider::ItuProvider>>::initialize::<<std[70759c8f55707aa4]::sync::once_lock::OnceLock<lox_itur[e46105176508ba1a]::provider::ItuProvider>>::get_or_init<lox_itur[e46105176508ba1a]::provider::test_fixture::provider::{closure#0}>::{closure#0}, !>
[INFO] [stdout]   15:     0x5a960ea17cfa - lox_itur[e46105176508ba1a]::p618::tests::test_unitful_scintillation
[INFO] [stdout]   16:     0x5a960ea0c739 - <lox_itur[e46105176508ba1a]::p618::tests::test_unitful_scintillation::{closure#0} as core[df12db4294e9bfd3]::ops::function::FnOnce<()>>::call_once
[INFO] [stdout]   17:     0x5a960ea432ab - test[9d35eded1c95d3be]::__rust_begin_short_backtrace::<core[df12db4294e9bfd3]::result::Result<(), alloc[2182bb758b4b3781]::string::String>, fn() -> core[df12db4294e9bfd3]::result::Result<(), alloc[2182bb758b4b3781]::string::String>>
[INFO] [stdout]   18:     0x5a960ea50915 - test[9d35eded1c95d3be]::run_test::{closure#0}
[INFO] [stdout]   19:     0x5a960ea4a1d4 - std[70759c8f55707aa4]::sys::backtrace::__rust_begin_short_backtrace::<test[9d35eded1c95d3be]::run_test::{closure#1}, ()>
[INFO] [stdout]   20:     0x5a960ea53a72 - <std[70759c8f55707aa4]::thread::lifecycle::spawn_unchecked<test[9d35eded1c95d3be]::run_test::{closure#1}, ()>::{closure#1} as core[df12db4294e9bfd3]::ops::function::FnOnce<()>>::call_once::{shim:vtable#0}
[INFO] [stdout]   21:     0x5a960eae54b9 - <std[70759c8f55707aa4]::sys::thread::unix::Thread>::new::thread_start
[INFO] [stdout]   22:     0x7e4f35991dfa - <unknown>
[INFO] [stdout]   23:     0x7e4f35a253d4 - clone
[INFO] [stdout]   24:                0x0 - <unknown>
[INFO] [stdout] 
[INFO] [stdout] ---- p618::tests::test_scintillation_with_n_wet_lookup stdout ----
[INFO] [stdout] 
[INFO] [stdout] thread 'p618::tests::test_scintillation_with_n_wet_lookup' (1363) panicked at src/provider.rs:734:18:
[INFO] [stdout] tests need target/lox-itur-data.npz; run `just lox-itur-pack <wheel>` or set LOX_ITUR_BUNDLE.
[INFO] [stdout] stack backtrace:
[INFO] [stdout]    0:     0x5a960eae5be1 - <<std[70759c8f55707aa4]::sys::backtrace::BacktraceLock>::print::DisplayBacktrace as core[df12db4294e9bfd3]::fmt::Display>::fmt
[INFO] [stdout]    1:     0x5a960eafadfa - core[df12db4294e9bfd3]::fmt::write
[INFO] [stdout]    2:     0x5a960eaea1ec - <alloc[2182bb758b4b3781]::vec::Vec<u8> as core[df12db4294e9bfd3]::io::write::Write>::write_fmt
[INFO] [stdout]    3:     0x5a960eac1bc6 - std[70759c8f55707aa4]::panicking::default_hook::{closure#0}
[INFO] [stdout]    4:     0x5a960eade179 - std[70759c8f55707aa4]::panicking::default_hook
[INFO] [stdout]    5:     0x5a960ea4ffc0 - test[9d35eded1c95d3be]::test_main_inner::<test[9d35eded1c95d3be]::test_main_static::{closure#0}>::{closure#0}
[INFO] [stdout]    6:     0x5a960eade332 - std[70759c8f55707aa4]::panicking::panic_with_hook
[INFO] [stdout]    7:     0x5a960eac1c72 - std[70759c8f55707aa4]::panicking::panic_handler::{closure#0}
[INFO] [stdout]    8:     0x5a960eaba949 - std[70759c8f55707aa4]::sys::backtrace::__rust_end_short_backtrace::<std[70759c8f55707aa4]::panicking::panic_handler::{closure#0}, !>
[INFO] [stdout]    9:     0x5a960eac286d - __rustc[8fa7c3cbc660c2b3]::rust_begin_unwind
[INFO] [stdout]   10:     0x5a960eafb52c - core[df12db4294e9bfd3]::panicking::panic_fmt
[INFO] [stdout]   11:     0x5a960eafb284 - core[df12db4294e9bfd3]::option::expect_failed
[INFO] [stdout]   12:     0x5a960ea20c0a - <std[70759c8f55707aa4]::sync::once::Once>::call_once_force::<<std[70759c8f55707aa4]::sync::once_lock::OnceLock<lox_itur[e46105176508ba1a]::provider::ItuProvider>>::initialize<<std[70759c8f55707aa4]::sync::once_lock::OnceLock<lox_itur[e46105176508ba1a]::provider::ItuProvider>>::get_or_init<lox_itur[e46105176508ba1a]::provider::test_fixture::provider::{closure#0}>::{closure#0}, !>::{closure#0}>::{closure#0}
[INFO] [stdout]   13:     0x5a960eac7809 - <std[70759c8f55707aa4]::sys::sync::once::futex::Once>::call
[INFO] [stdout]   14:     0x5a960ea2044c - <std[70759c8f55707aa4]::sync::once_lock::OnceLock<lox_itur[e46105176508ba1a]::provider::ItuProvider>>::initialize::<<std[70759c8f55707aa4]::sync::once_lock::OnceLock<lox_itur[e46105176508ba1a]::provider::ItuProvider>>::get_or_init<lox_itur[e46105176508ba1a]::provider::test_fixture::provider::{closure#0}>::{closure#0}, !>
[INFO] [stdout]   15:     0x5a960ea18297 - lox_itur[e46105176508ba1a]::p618::tests::test_scintillation_with_n_wet_lookup
[INFO] [stdout]   16:     0x5a960ea0ca39 - <lox_itur[e46105176508ba1a]::p618::tests::test_scintillation_with_n_wet_lookup::{closure#0} as core[df12db4294e9bfd3]::ops::function::FnOnce<()>>::call_once
[INFO] [stdout]   17:     0x5a960ea432ab - test[9d35eded1c95d3be]::__rust_begin_short_backtrace::<core[df12db4294e9bfd3]::result::Result<(), alloc[2182bb758b4b3781]::string::String>, fn() -> core[df12db4294e9bfd3]::result::Result<(), alloc[2182bb758b4b3781]::string::String>>
[INFO] [stdout]   18:     0x5a960ea50915 - test[9d35eded1c95d3be]::run_test::{closure#0}
[INFO] [stdout]   19:     0x5a960ea4a1d4 - std[70759c8f55707aa4]::sys::backtrace::__rust_begin_short_backtrace::<test[9d35eded1c95d3be]::run_test::{closure#1}, ()>
[INFO] [stdout]   20:     0x5a960ea53a72 - <std[70759c8f55707aa4]::thread::lifecycle::spawn_unchecked<test[9d35eded1c95d3be]::run_test::{closure#1}, ()>::{closure#1} as core[df12db4294e9bfd3]::ops::function::FnOnce<()>>::call_once::{shim:vtable#0}
[INFO] [stdout]   21:     0x5a960eae54b9 - <std[70759c8f55707aa4]::sys::thread::unix::Thread>::new::thread_start
[INFO] [stdout]   22:     0x7e4f35991dfa - <unknown>
[INFO] [stdout]   23:     0x7e4f35a253d4 - clone
[INFO] [stdout]   24:                0x0 - <unknown>
[INFO] [stdout] 
[INFO] [stdout] ---- p836::tests::test_surface_water_vapour_density_below_range stdout ----
[INFO] [stdout] 
[INFO] [stdout] thread 'p836::tests::test_surface_water_vapour_density_below_range' (1417) panicked at src/provider.rs:734:18:
[INFO] [stdout] tests need target/lox-itur-data.npz; run `just lox-itur-pack <wheel>` or set LOX_ITUR_BUNDLE.
[INFO] [stdout] stack backtrace:
[INFO] [stdout]    0:     0x5a960eae5be1 - <<std[70759c8f55707aa4]::sys::backtrace::BacktraceLock>::print::DisplayBacktrace as core[df12db4294e9bfd3]::fmt::Display>::fmt
[INFO] [stdout]    1:     0x5a960eafadfa - core[df12db4294e9bfd3]::fmt::write
[INFO] [stdout]    2:     0x5a960eaea1ec - <alloc[2182bb758b4b3781]::vec::Vec<u8> as core[df12db4294e9bfd3]::io::write::Write>::write_fmt
[INFO] [stdout]    3:     0x5a960eac1bc6 - std[70759c8f55707aa4]::panicking::default_hook::{closure#0}
[INFO] [stdout]    4:     0x5a960eade179 - std[70759c8f55707aa4]::panicking::default_hook
[INFO] [stdout]    5:     0x5a960ea4ffc0 - test[9d35eded1c95d3be]::test_main_inner::<test[9d35eded1c95d3be]::test_main_static::{closure#0}>::{closure#0}
[INFO] [stdout]    6:     0x5a960eade332 - std[70759c8f55707aa4]::panicking::panic_with_hook
[INFO] [stdout]    7:     0x5a960eac1c72 - std[70759c8f55707aa4]::panicking::panic_handler::{closure#0}
[INFO] [stdout]    8:     0x5a960eaba949 - std[70759c8f55707aa4]::sys::backtrace::__rust_end_short_backtrace::<std[70759c8f55707aa4]::panicking::panic_handler::{closure#0}, !>
[INFO] [stdout]    9:     0x5a960eac286d - __rustc[8fa7c3cbc660c2b3]::rust_begin_unwind
[INFO] [stdout]   10:     0x5a960eafb52c - core[df12db4294e9bfd3]::panicking::panic_fmt
[INFO] [stdout]   11:     0x5a960eafb284 - core[df12db4294e9bfd3]::option::expect_failed
[INFO] [stdout]   12:     0x5a960ea20c0a - <std[70759c8f55707aa4]::sync::once::Once>::call_once_force::<<std[70759c8f55707aa4]::sync::once_lock::OnceLock<lox_itur[e46105176508ba1a]::provider::ItuProvider>>::initialize<<std[70759c8f55707aa4]::sync::once_lock::OnceLock<lox_itur[e46105176508ba1a]::provider::ItuProvider>>::get_or_init<lox_itur[e46105176508ba1a]::provider::test_fixture::provider::{closure#0}>::{closure#0}, !>::{closure#0}>::{closure#0}
[INFO] [stdout]   13:     0x5a960eac7809 - <std[70759c8f55707aa4]::sys::sync::once::futex::Once>::call
[INFO] [stdout]   14:     0x5a960ea2044c - <std[70759c8f55707aa4]::sync::once_lock::OnceLock<lox_itur[e46105176508ba1a]::provider::ItuProvider>>::initialize::<<std[70759c8f55707aa4]::sync::once_lock::OnceLock<lox_itur[e46105176508ba1a]::provider::ItuProvider>>::get_or_init<lox_itur[e46105176508ba1a]::provider::test_fixture::provider::{closure#0}>::{closure#0}, !>
[INFO] [stdout]   15:     0x5a960ea2159d - lox_itur[e46105176508ba1a]::p836::tests::test_surface_water_vapour_density_below_range
[INFO] [stdout]   16:     0x5a960ea0d309 - <lox_itur[e46105176508ba1a]::p836::tests::test_surface_water_vapour_density_below_range::{closure#0} as core[df12db4294e9bfd3]::ops::function::FnOnce<()>>::call_once
[INFO] [stdout]   17:     0x5a960ea432ab - test[9d35eded1c95d3be]::__rust_begin_short_backtrace::<core[df12db4294e9bfd3]::result::Result<(), alloc[2182bb758b4b3781]::string::String>, fn() -> core[df12db4294e9bfd3]::result::Result<(), alloc[2182bb758b4b3781]::string::String>>
[INFO] [stdout]   18:     0x5a960ea50915 - test[9d35eded1c95d3be]::run_test::{closure#0}
[INFO] [stdout]   19:     0x5a960ea4a1d4 - std[70759c8f55707aa4]::sys::backtrace::__rust_begin_short_backtrace::<test[9d35eded1c95d3be]::run_test::{closure#1}, ()>
[INFO] [stdout]   20:     0x5a960ea53a72 - <std[70759c8f55707aa4]::thread::lifecycle::spawn_unchecked<test[9d35eded1c95d3be]::run_test::{closure#1}, ()>::{closure#1} as core[df12db4294e9bfd3]::ops::function::FnOnce<()>>::call_once::{shim:vtable#0}
[INFO] [stdout]   21:     0x5a960eae54b9 - <std[70759c8f55707aa4]::sys::thread::unix::Thread>::new::thread_start
[INFO] [stdout]   22:     0x7e4f35991dfa - <unknown>
[INFO] [stdout]   23:     0x7e4f35a253d4 - clone
[INFO] [stdout]   24:                0x0 - <unknown>
[INFO] [stdout] 
[INFO] [stdout] ---- p836::tests::test_surface_water_vapour_density_exact_prob stdout ----
[INFO] [stdout] 
[INFO] [stdout] thread 'p836::tests::test_surface_water_vapour_density_exact_prob' (1418) panicked at src/provider.rs:734:18:
[INFO] [stdout] tests need target/lox-itur-data.npz; run `just lox-itur-pack <wheel>` or set LOX_ITUR_BUNDLE.
[INFO] [stdout] stack backtrace:
[INFO] [stdout]    0:     0x5a960eae5be1 - <<std[70759c8f55707aa4]::sys::backtrace::BacktraceLock>::print::DisplayBacktrace as core[df12db4294e9bfd3]::fmt::Display>::fmt
[INFO] [stdout]    1:     0x5a960eafadfa - core[df12db4294e9bfd3]::fmt::write
[INFO] [stdout]    2:     0x5a960eaea1ec - <alloc[2182bb758b4b3781]::vec::Vec<u8> as core[df12db4294e9bfd3]::io::write::Write>::write_fmt
[INFO] [stdout]    3:     0x5a960eac1bc6 - std[70759c8f55707aa4]::panicking::default_hook::{closure#0}
[INFO] [stdout]    4:     0x5a960eade179 - std[70759c8f55707aa4]::panicking::default_hook
[INFO] [stdout]    5:     0x5a960ea4ffc0 - test[9d35eded1c95d3be]::test_main_inner::<test[9d35eded1c95d3be]::test_main_static::{closure#0}>::{closure#0}
[INFO] [stdout]    6:     0x5a960eade332 - std[70759c8f55707aa4]::panicking::panic_with_hook
[INFO] [stdout]    7:     0x5a960eac1c72 - std[70759c8f55707aa4]::panicking::panic_handler::{closure#0}
[INFO] [stdout]    8:     0x5a960eaba949 - std[70759c8f55707aa4]::sys::backtrace::__rust_end_short_backtrace::<std[70759c8f55707aa4]::panicking::panic_handler::{closure#0}, !>
[INFO] [stdout]    9:     0x5a960eac286d - __rustc[8fa7c3cbc660c2b3]::rust_begin_unwind
[INFO] [stdout]   10:     0x5a960eafb52c - core[df12db4294e9bfd3]::panicking::panic_fmt
[INFO] [stdout]   11:     0x5a960eafb284 - core[df12db4294e9bfd3]::option::expect_failed
[INFO] [stdout]   12:     0x5a960ea20c0a - <std[70759c8f55707aa4]::sync::once::Once>::call_once_force::<<std[70759c8f55707aa4]::sync::once_lock::OnceLock<lox_itur[e46105176508ba1a]::provider::ItuProvider>>::initialize<<std[70759c8f55707aa4]::sync::once_lock::OnceLock<lox_itur[e46105176508ba1a]::provider::ItuProvider>>::get_or_init<lox_itur[e46105176508ba1a]::provider::test_fixture::provider::{closure#0}>::{closure#0}, !>::{closure#0}>::{closure#0}
[INFO] [stdout]   13:     0x5a960eac7809 - <std[70759c8f55707aa4]::sys::sync::once::futex::Once>::call
[INFO] [stdout]   14:     0x5a960ea2044c - <std[70759c8f55707aa4]::sync::once_lock::OnceLock<lox_itur[e46105176508ba1a]::provider::ItuProvider>>::initialize::<<std[70759c8f55707aa4]::sync::once_lock::OnceLock<lox_itur[e46105176508ba1a]::provider::ItuProvider>>::get_or_init<lox_itur[e46105176508ba1a]::provider::test_fixture::provider::{closure#0}>::{closure#0}, !>
[INFO] [stdout]   15:     0x5a960ea21493 - lox_itur[e46105176508ba1a]::p836::tests::test_surface_water_vapour_density_exact_prob
[INFO] [stdout]   16:     0x5a960ea0d2e9 - <lox_itur[e46105176508ba1a]::p836::tests::test_surface_water_vapour_density_exact_prob::{closure#0} as core[df12db4294e9bfd3]::ops::function::FnOnce<()>>::call_once
[INFO] [stdout]   17:     0x5a960ea432ab - test[9d35eded1c95d3be]::__rust_begin_short_backtrace::<core[df12db4294e9bfd3]::result::Result<(), alloc[2182bb758b4b3781]::string::String>, fn() -> core[df12db4294e9bfd3]::result::Result<(), alloc[2182bb758b4b3781]::string::String>>
[INFO] [stdout]   18:     0x5a960ea50915 - test[9d35eded1c95d3be]::run_test::{closure#0}
[INFO] [stdout]   19:     0x5a960ea4a1d4 - std[70759c8f55707aa4]::sys::backtrace::__rust_begin_short_backtrace::<test[9d35eded1c95d3be]::run_test::{closure#1}, ()>
[INFO] [stdout]   20:     0x5a960ea53a72 - <std[70759c8f55707aa4]::thread::lifecycle::spawn_unchecked<test[9d35eded1c95d3be]::run_test::{closure#1}, ()>::{closure#1} as core[df12db4294e9bfd3]::ops::function::FnOnce<()>>::call_once::{shim:vtable#0}
[INFO] [stdout]   21:     0x5a960eae54b9 - <std[70759c8f55707aa4]::sys::thread::unix::Thread>::new::thread_start
[INFO] [stdout]   22:     0x7e4f35991dfa - <unknown>
[INFO] [stdout]   23:     0x7e4f35a253d4 - clone
[INFO] [stdout]   24:                0x0 - <unknown>
[INFO] [stdout] 
[INFO] [stdout] ---- p837::tests::test_rainfall_rate_other_probability stdout ----
[INFO] [stdout] 
[INFO] [stdout] thread 'p837::tests::test_rainfall_rate_other_probability' (1424) panicked at src/provider.rs:734:18:
[INFO] [stdout] tests need target/lox-itur-data.npz; run `just lox-itur-pack <wheel>` or set LOX_ITUR_BUNDLE.
[INFO] [stdout] stack backtrace:
[INFO] [stdout]    0:     0x5a960eae5be1 - <<std[70759c8f55707aa4]::sys::backtrace::BacktraceLock>::print::DisplayBacktrace as core[df12db4294e9bfd3]::fmt::Display>::fmt
[INFO] [stdout]    1:     0x5a960eafadfa - core[df12db4294e9bfd3]::fmt::write
[INFO] [stdout]    2:     0x5a960eaea1ec - <alloc[2182bb758b4b3781]::vec::Vec<u8> as core[df12db4294e9bfd3]::io::write::Write>::write_fmt
[INFO] [stdout]    3:     0x5a960eac1bc6 - std[70759c8f55707aa4]::panicking::default_hook::{closure#0}
[INFO] [stdout]    4:     0x5a960eade179 - std[70759c8f55707aa4]::panicking::default_hook
[INFO] [stdout]    5:     0x5a960ea4ffc0 - test[9d35eded1c95d3be]::test_main_inner::<test[9d35eded1c95d3be]::test_main_static::{closure#0}>::{closure#0}
[INFO] [stdout]    6:     0x5a960eade332 - std[70759c8f55707aa4]::panicking::panic_with_hook
[INFO] [stdout]    7:     0x5a960eac1c72 - std[70759c8f55707aa4]::panicking::panic_handler::{closure#0}
[INFO] [stdout]    8:     0x5a960eaba949 - std[70759c8f55707aa4]::sys::backtrace::__rust_end_short_backtrace::<std[70759c8f55707aa4]::panicking::panic_handler::{closure#0}, !>
[INFO] [stdout]    9:     0x5a960eac286d - __rustc[8fa7c3cbc660c2b3]::rust_begin_unwind
[INFO] [stdout]   10:     0x5a960eafb52c - core[df12db4294e9bfd3]::panicking::panic_fmt
[INFO] [stdout]   11:     0x5a960eafb284 - core[df12db4294e9bfd3]::option::expect_failed
[INFO] [stdout]   12:     0x5a960ea20c0a - <std[70759c8f55707aa4]::sync::once::Once>::call_once_force::<<std[70759c8f55707aa4]::sync::once_lock::OnceLock<lox_itur[e46105176508ba1a]::provider::ItuProvider>>::initialize<<std[70759c8f55707aa4]::sync::once_lock::OnceLock<lox_itur[e46105176508ba1a]::provider::ItuProvider>>::get_or_init<lox_itur[e46105176508ba1a]::provider::test_fixture::provider::{closure#0}>::{closure#0}, !>::{closure#0}>::{closure#0}
[INFO] [stdout]   13:     0x5a960eac7809 - <std[70759c8f55707aa4]::sys::sync::once::futex::Once>::call
[INFO] [stdout]   14:     0x5a960ea2044c - <std[70759c8f55707aa4]::sync::once_lock::OnceLock<lox_itur[e46105176508ba1a]::provider::ItuProvider>>::initialize::<<std[70759c8f55707aa4]::sync::once_lock::OnceLock<lox_itur[e46105176508ba1a]::provider::ItuProvider>>::get_or_init<lox_itur[e46105176508ba1a]::provider::test_fixture::provider::{closure#0}>::{closure#0}, !>
[INFO] [stdout]   15:     0x5a960ea3ae9c - lox_itur[e46105176508ba1a]::p837::tests::test_rainfall_rate_other_probability
[INFO] [stdout]   16:     0x5a960ea0d429 - <lox_itur[e46105176508ba1a]::p837::tests::test_rainfall_rate_other_probability::{closure#0} as core[df12db4294e9bfd3]::ops::function::FnOnce<()>>::call_once
[INFO] [stdout]   17:     0x5a960ea432ab - test[9d35eded1c95d3be]::__rust_begin_short_backtrace::<core[df12db4294e9bfd3]::result::Result<(), alloc[2182bb758b4b3781]::string::String>, fn() -> core[df12db4294e9bfd3]::result::Result<(), alloc[2182bb758b4b3781]::string::String>>
[INFO] [stdout]   18:     0x5a960ea50915 - test[9d35eded1c95d3be]::run_test::{closure#0}
[INFO] [stdout]   19:     0x5a960ea4a1d4 - std[70759c8f55707aa4]::sys::backtrace::__rust_begin_short_backtrace::<test[9d35eded1c95d3be]::run_test::{closure#1}, ()>
[INFO] [stdout]   20:     0x5a960ea53a72 - <std[70759c8f55707aa4]::thread::lifecycle::spawn_unchecked<test[9d35eded1c95d3be]::run_test::{closure#1}, ()>::{closure#1} as core[df12db4294e9bfd3]::ops::function::FnOnce<()>>::call_once::{shim:vtable#0}
[INFO] [stdout]   21:     0x5a960eae54b9 - <std[70759c8f55707aa4]::sys::thread::unix::Thread>::new::thread_start
[INFO] [stdout]   22:     0x7e4f35991dfa - <unknown>
[INFO] [stdout]   23:     0x7e4f35a253d4 - clone
[INFO] [stdout]   24:                0x0 - <unknown>
[INFO] [stdout] 
[INFO] [stdout] ---- p837::tests::test_rainfall_probability stdout ----
[INFO] [stdout] 
[INFO] [stdout] thread 'p837::tests::test_rainfall_probability' (1422) panicked at src/provider.rs:734:18:
[INFO] [stdout] tests need target/lox-itur-data.npz; run `just lox-itur-pack <wheel>` or set LOX_ITUR_BUNDLE.
[INFO] [stdout] stack backtrace:
[INFO] [stdout]    0:     0x5a960eae5be1 - <<std[70759c8f55707aa4]::sys::backtrace::BacktraceLock>::print::DisplayBacktrace as core[df12db4294e9bfd3]::fmt::Display>::fmt
[INFO] [stdout]    1:     0x5a960eafadfa - core[df12db4294e9bfd3]::fmt::write
[INFO] [stdout]    2:     0x5a960eaea1ec - <alloc[2182bb758b4b3781]::vec::Vec<u8> as core[df12db4294e9bfd3]::io::write::Write>::write_fmt
[INFO] [stdout]    3:     0x5a960eac1bc6 - std[70759c8f55707aa4]::panicking::default_hook::{closure#0}
[INFO] [stdout]    4:     0x5a960eade179 - std[70759c8f55707aa4]::panicking::default_hook
[INFO] [stdout]    5:     0x5a960ea4ffc0 - test[9d35eded1c95d3be]::test_main_inner::<test[9d35eded1c95d3be]::test_main_static::{closure#0}>::{closure#0}
[INFO] [stdout]    6:     0x5a960eade332 - std[70759c8f55707aa4]::panicking::panic_with_hook
[INFO] [stdout]    7:     0x5a960eac1c72 - std[70759c8f55707aa4]::panicking::panic_handler::{closure#0}
[INFO] [stdout]    8:     0x5a960eaba949 - std[70759c8f55707aa4]::sys::backtrace::__rust_end_short_backtrace::<std[70759c8f55707aa4]::panicking::panic_handler::{closure#0}, !>
[INFO] [stdout]    9:     0x5a960eac286d - __rustc[8fa7c3cbc660c2b3]::rust_begin_unwind
[INFO] [stdout]   10:     0x5a960eafb52c - core[df12db4294e9bfd3]::panicking::panic_fmt
[INFO] [stdout]   11:     0x5a960eafb284 - core[df12db4294e9bfd3]::option::expect_failed
[INFO] [stdout]   12:     0x5a960ea20c0a - <std[70759c8f55707aa4]::sync::once::Once>::call_once_force::<<std[70759c8f55707aa4]::sync::once_lock::OnceLock<lox_itur[e46105176508ba1a]::provider::ItuProvider>>::initialize<<std[70759c8f55707aa4]::sync::once_lock::OnceLock<lox_itur[e46105176508ba1a]::provider::ItuProvider>>::get_or_init<lox_itur[e46105176508ba1a]::provider::test_fixture::provider::{closure#0}>::{closure#0}, !>::{closure#0}>::{closure#0}
[INFO] [stdout]   13:     0x5a960eac7809 - <std[70759c8f55707aa4]::sys::sync::once::futex::Once>::call
[INFO] [stdout]   14:     0x5a960ea2044c - <std[70759c8f55707aa4]::sync::once_lock::OnceLock<lox_itur[e46105176508ba1a]::provider::ItuProvider>>::initialize::<<std[70759c8f55707aa4]::sync::once_lock::OnceLock<lox_itur[e46105176508ba1a]::provider::ItuProvider>>::get_or_init<lox_itur[e46105176508ba1a]::provider::test_fixture::provider::{closure#0}>::{closure#0}, !>
[INFO] [stdout]   15:     0x5a960ea3ac23 - lox_itur[e46105176508ba1a]::p837::tests::test_rainfall_probability
[INFO] [stdout]   16:     0x5a960ea0d3e9 - <lox_itur[e46105176508ba1a]::p837::tests::test_rainfall_probability::{closure#0} as core[df12db4294e9bfd3]::ops::function::FnOnce<()>>::call_once
[INFO] [stdout]   17:     0x5a960ea432ab - test[9d35eded1c95d3be]::__rust_begin_short_backtrace::<core[df12db4294e9bfd3]::result::Result<(), alloc[2182bb758b4b3781]::string::String>, fn() -> core[df12db4294e9bfd3]::result::Result<(), alloc[2182bb758b4b3781]::string::String>>
[INFO] [stdout]   18:     0x5a960ea50915 - test[9d35eded1c95d3be]::run_test::{closure#0}
[INFO] [stdout]   19:     0x5a960ea4a1d4 - std[70759c8f55707aa4]::sys::backtrace::__rust_begin_short_backtrace::<test[9d35eded1c95d3be]::run_test::{closure#1}, ()>
[INFO] [stdout]   20:     0x5a960ea53a72 - <std[70759c8f55707aa4]::thread::lifecycle::spawn_unchecked<test[9d35eded1c95d3be]::run_test::{closure#1}, ()>::{closure#1} as core[df12db4294e9bfd3]::ops::function::FnOnce<()>>::call_once::{shim:vtable#0}
[INFO] [stdout]   21:     0x5a960eae54b9 - <std[70759c8f55707aa4]::sys::thread::unix::Thread>::new::thread_start
[INFO] [stdout]   22:     0x7e4f35991dfa - <unknown>
[INFO] [stdout]   23:     0x7e4f35a253d4 - clone
[INFO] [stdout]   24:                0x0 - <unknown>
[INFO] [stdout] 
[INFO] [stdout] ---- p837::tests::test_rainfall_rate_at_001_equals_r001 stdout ----
[INFO] [stdout] 
[INFO] [stdout] thread 'p837::tests::test_rainfall_rate_at_001_equals_r001' (1423) panicked at src/provider.rs:734:18:
[INFO] [stdout] tests need target/lox-itur-data.npz; run `just lox-itur-pack <wheel>` or set LOX_ITUR_BUNDLE.
[INFO] [stdout] stack backtrace:
[INFO] [stdout]    0:     0x5a960eae5be1 - <<std[70759c8f55707aa4]::sys::backtrace::BacktraceLock>::print::DisplayBacktrace as core[df12db4294e9bfd3]::fmt::Display>::fmt
[INFO] [stdout]    1:     0x5a960eafadfa - core[df12db4294e9bfd3]::fmt::write
[INFO] [stdout]    2:     0x5a960eaea1ec - <alloc[2182bb758b4b3781]::vec::Vec<u8> as core[df12db4294e9bfd3]::io::write::Write>::write_fmt
[INFO] [stdout]    3:     0x5a960eac1bc6 - std[70759c8f55707aa4]::panicking::default_hook::{closure#0}
[INFO] [stdout]    4:     0x5a960eade179 - std[70759c8f55707aa4]::panicking::default_hook
[INFO] [stdout]    5:     0x5a960ea4ffc0 - test[9d35eded1c95d3be]::test_main_inner::<test[9d35eded1c95d3be]::test_main_static::{closure#0}>::{closure#0}
[INFO] [stdout]    6:     0x5a960eade332 - std[70759c8f55707aa4]::panicking::panic_with_hook
[INFO] [stdout]    7:     0x5a960eac1c72 - std[70759c8f55707aa4]::panicking::panic_handler::{closure#0}
[INFO] [stdout]    8:     0x5a960eaba949 - std[70759c8f55707aa4]::sys::backtrace::__rust_end_short_backtrace::<std[70759c8f55707aa4]::panicking::panic_handler::{closure#0}, !>
[INFO] [stdout]    9:     0x5a960eac286d - __rustc[8fa7c3cbc660c2b3]::rust_begin_unwind
[INFO] [stdout]   10:     0x5a960eafb52c - core[df12db4294e9bfd3]::panicking::panic_fmt
[INFO] [stdout]   11:     0x5a960eafb284 - core[df12db4294e9bfd3]::option::expect_failed
[INFO] [stdout]   12:     0x5a960ea20c0a - <std[70759c8f55707aa4]::sync::once::Once>::call_once_force::<<std[70759c8f55707aa4]::sync::once_lock::OnceLock<lox_itur[e46105176508ba1a]::provider::ItuProvider>>::initialize<<std[70759c8f55707aa4]::sync::once_lock::OnceLock<lox_itur[e46105176508ba1a]::provider::ItuProvider>>::get_or_init<lox_itur[e46105176508ba1a]::provider::test_fixture::provider::{closure#0}>::{closure#0}, !>::{closure#0}>::{closure#0}
[INFO] [stdout]   13:     0x5a960eac7809 - <std[70759c8f55707aa4]::sys::sync::once::futex::Once>::call
[INFO] [stdout]   14:     0x5a960ea2044c - <std[70759c8f55707aa4]::sync::once_lock::OnceLock<lox_itur[e46105176508ba1a]::provider::ItuProvider>>::initialize::<<std[70759c8f55707aa4]::sync::once_lock::OnceLock<lox_itur[e46105176508ba1a]::provider::ItuProvider>>::get_or_init<lox_itur[e46105176508ba1a]::provider::test_fixture::provider::{closure#0}>::{closure#0}, !>
[INFO] [stdout]   15:     0x5a960ea3afb1 - lox_itur[e46105176508ba1a]::p837::tests::test_rainfall_rate_at_001_equals_r001
[INFO] [stdout]   16:     0x5a960ea0d449 - <lox_itur[e46105176508ba1a]::p837::tests::test_rainfall_rate_at_001_equals_r001::{closure#0} as core[df12db4294e9bfd3]::ops::function::FnOnce<()>>::call_once
[INFO] [stdout]   17:     0x5a960ea432ab - test[9d35eded1c95d3be]::__rust_begin_short_backtrace::<core[df12db4294e9bfd3]::result::Result<(), alloc[2182bb758b4b3781]::string::String>, fn() -> core[df12db4294e9bfd3]::result::Result<(), alloc[2182bb758b4b3781]::string::String>>
[INFO] [stdout]   18:     0x5a960ea50915 - test[9d35eded1c95d3be]::run_test::{closure#0}
[INFO] [stdout]   19:     0x5a960ea4a1d4 - std[70759c8f55707aa4]::sys::backtrace::__rust_begin_short_backtrace::<test[9d35eded1c95d3be]::run_test::{closure#1}, ()>
[INFO] [stdout]   20:     0x5a960ea53a72 - <std[70759c8f55707aa4]::thread::lifecycle::spawn_unchecked<test[9d35eded1c95d3be]::run_test::{closure#1}, ()>::{closure#1} as core[df12db4294e9bfd3]::ops::function::FnOnce<()>>::call_once::{shim:vtable#0}
[INFO] [stdout]   21:     0x5a960eae54b9 - <std[70759c8f55707aa4]::sys::thread::unix::Thread>::new::thread_start
[INFO] [stdout]   22:     0x7e4f35991dfa - <unknown>
[INFO] [stdout]   23:     0x7e4f35a253d4 - clone
[INFO] [stdout]   24:                0x0 - <unknown>
[INFO] [stdout] 
[INFO] [stdout] ---- p837::tests::test_rainfall_rate_r001_madrid stdout ----
[INFO] [stdout] 
[INFO] [stdout] thread 'p837::tests::test_rainfall_rate_r001_madrid' (1425) panicked at src/provider.rs:734:18:
[INFO] [stdout] tests need target/lox-itur-data.npz; run `just lox-itur-pack <wheel>` or set LOX_ITUR_BUNDLE.
[INFO] [stdout] stack backtrace:
[INFO] [stdout]    0:     0x5a960eae5be1 - <<std[70759c8f55707aa4]::sys::backtrace::BacktraceLock>::print::DisplayBacktrace as core[df12db4294e9bfd3]::fmt::Display>::fmt
[INFO] [stdout]    1:     0x5a960eafadfa - core[df12db4294e9bfd3]::fmt::write
[INFO] [stdout]    2:     0x5a960eaea1ec - <alloc[2182bb758b4b3781]::vec::Vec<u8> as core[df12db4294e9bfd3]::io::write::Write>::write_fmt
[INFO] [stdout]    3:     0x5a960eac1bc6 - std[70759c8f55707aa4]::panicking::default_hook::{closure#0}
[INFO] [stdout]    4:     0x5a960eade179 - std[70759c8f55707aa4]::panicking::default_hook
[INFO] [stdout]    5:     0x5a960ea4ffc0 - test[9d35eded1c95d3be]::test_main_inner::<test[9d35eded1c95d3be]::test_main_static::{closure#0}>::{closure#0}
[INFO] [stdout]    6:     0x5a960eade332 - std[70759c8f55707aa4]::panicking::panic_with_hook
[INFO] [stdout]    7:     0x5a960eac1c72 - std[70759c8f55707aa4]::panicking::panic_handler::{closure#0}
[INFO] [stdout]    8:     0x5a960eaba949 - std[70759c8f55707aa4]::sys::backtrace::__rust_end_short_backtrace::<std[70759c8f55707aa4]::panicking::panic_handler::{closure#0}, !>
[INFO] [stdout]    9:     0x5a960eac286d - __rustc[8fa7c3cbc660c2b3]::rust_begin_unwind
[INFO] [stdout]   10:     0x5a960eafb52c - core[df12db4294e9bfd3]::panicking::panic_fmt
[INFO] [stdout]   11:     0x5a960eafb284 - core[df12db4294e9bfd3]::option::expect_failed
[INFO] [stdout]   12:     0x5a960ea20c0a - <std[70759c8f55707aa4]::sync::once::Once>::call_once_force::<<std[70759c8f55707aa4]::sync::once_lock::OnceLock<lox_itur[e46105176508ba1a]::provider::ItuProvider>>::initialize<<std[70759c8f55707aa4]::sync::once_lock::OnceLock<lox_itur[e46105176508ba1a]::provider::ItuProvider>>::get_or_init<lox_itur[e46105176508ba1a]::provider::test_fixture::provider::{closure#0}>::{closure#0}, !>::{closure#0}>::{closure#0}
[INFO] [stdout]   13:     0x5a960eac7809 - <std[70759c8f55707aa4]::sys::sync::once::futex::Once>::call
[INFO] [stdout]   14:     0x5a960ea2044c - <std[70759c8f55707aa4]::sync::once_lock::OnceLock<lox_itur[e46105176508ba1a]::provider::ItuProvider>>::initialize::<<std[70759c8f55707aa4]::sync::once_lock::OnceLock<lox_itur[e46105176508ba1a]::provider::ItuProvider>>::get_or_init<lox_itur[e46105176508ba1a]::provider::test_fixture::provider::{closure#0}>::{closure#0}, !>
[INFO] [stdout]   15:     0x5a960ea3acfa - lox_itur[e46105176508ba1a]::p837::tests::test_rainfall_rate_r001_madrid
[INFO] [stdout]   16:     0x5a960ea0d409 - <lox_itur[e46105176508ba1a]::p837::tests::test_rainfall_rate_r001_madrid::{closure#0} as core[df12db4294e9bfd3]::ops::function::FnOnce<()>>::call_once
[INFO] [stdout]   17:     0x5a960ea432ab - test[9d35eded1c95d3be]::__rust_begin_short_backtrace::<core[df12db4294e9bfd3]::result::Result<(), alloc[2182bb758b4b3781]::string::String>, fn() -> core[df12db4294e9bfd3]::result::Result<(), alloc[2182bb758b4b3781]::string::String>>
[INFO] [stdout]   18:     0x5a960ea50915 - test[9d35eded1c95d3be]::run_test::{closure#0}
[INFO] [stdout]   19:     0x5a960ea4a1d4 - std[70759c8f55707aa4]::sys::backtrace::__rust_begin_short_backtrace::<test[9d35eded1c95d3be]::run_test::{closure#1}, ()>
[INFO] [stdout]   20:     0x5a960ea53a72 - <std[70759c8f55707aa4]::thread::lifecycle::spawn_unchecked<test[9d35eded1c95d3be]::run_test::{closure#1}, ()>::{closure#1} as core[df12db4294e9bfd3]::ops::function::FnOnce<()>>::call_once::{shim:vtable#0}
[INFO] [stdout]   21:     0x5a960eae54b9 - <std[70759c8f55707aa4]::sys::thread::unix::Thread>::new::thread_start
[INFO] [stdout]   22:     0x7e4f35991dfa - <unknown>
[INFO] [stdout]   23:     0x7e4f35a253d4 - clone
[INFO] [stdout]   24:                0x0 - <unknown>
[INFO] [stdout] 
[INFO] [stdout] ---- p839::tests::test_isotherm_0c_height stdout ----
[INFO] [stdout] 
[INFO] [stdout] thread 'p839::tests::test_isotherm_0c_height' (1432) panicked at src/provider.rs:734:18:
[INFO] [stdout] tests need target/lox-itur-data.npz; run `just lox-itur-pack <wheel>` or set LOX_ITUR_BUNDLE.
[INFO] [stdout] stack backtrace:
[INFO] [stdout]    0:     0x5a960eae5be1 - <<std[70759c8f55707aa4]::sys::backtrace::BacktraceLock>::print::DisplayBacktrace as core[df12db4294e9bfd3]::fmt::Display>::fmt
[INFO] [stdout]    1:     0x5a960eafadfa - core[df12db4294e9bfd3]::fmt::write
[INFO] [stdout]    2:     0x5a960eaea1ec - <alloc[2182bb758b4b3781]::vec::Vec<u8> as core[df12db4294e9bfd3]::io::write::Write>::write_fmt
[INFO] [stdout]    3:     0x5a960eac1bc6 - std[70759c8f55707aa4]::panicking::default_hook::{closure#0}
[INFO] [stdout]    4:     0x5a960eade179 - std[70759c8f55707aa4]::panicking::default_hook
[INFO] [stdout]    5:     0x5a960ea4ffc0 - test[9d35eded1c95d3be]::test_main_inner::<test[9d35eded1c95d3be]::test_main_static::{closure#0}>::{closure#0}
[INFO] [stdout]    6:     0x5a960eade332 - std[70759c8f55707aa4]::panicking::panic_with_hook
[INFO] [stdout]    7:     0x5a960eac1c72 - std[70759c8f55707aa4]::panicking::panic_handler::{closure#0}
[INFO] [stdout]    8:     0x5a960eaba949 - std[70759c8f55707aa4]::sys::backtrace::__rust_end_short_backtrace::<std[70759c8f55707aa4]::panicking::panic_handler::{closure#0}, !>
[INFO] [stdout]    9:     0x5a960eac286d - __rustc[8fa7c3cbc660c2b3]::rust_begin_unwind
[INFO] [stdout]   10:     0x5a960eafb52c - core[df12db4294e9bfd3]::panicking::panic_fmt
[INFO] [stdout]   11:     0x5a960eafb284 - core[df12db4294e9bfd3]::option::expect_failed
[INFO] [stdout]   12:     0x5a960ea20c0a - <std[70759c8f55707aa4]::sync::once::Once>::call_once_force::<<std[70759c8f55707aa4]::sync::once_lock::OnceLock<lox_itur[e46105176508ba1a]::provider::ItuProvider>>::initialize<<std[70759c8f55707aa4]::sync::once_lock::OnceLock<lox_itur[e46105176508ba1a]::provider::ItuProvider>>::get_or_init<lox_itur[e46105176508ba1a]::provider::test_fixture::provider::{closure#0}>::{closure#0}, !>::{closure#0}>::{closure#0}
[INFO] [stdout]   13:     0x5a960eac7809 - <std[70759c8f55707aa4]::sys::sync::once::futex::Once>::call
[INFO] [stdout]   14:     0x5a960ea2044c - <std[70759c8f55707aa4]::sync::once_lock::OnceLock<lox_itur[e46105176508ba1a]::provider::ItuProvider>>::initialize::<<std[70759c8f55707aa4]::sync::once_lock::OnceLock<lox_itur[e46105176508ba1a]::provider::ItuProvider>>::get_or_init<lox_itur[e46105176508ba1a]::provider::test_fixture::provider::{closure#0}>::{closure#0}, !>
[INFO] [stdout]   15:     0x5a960ea3ddd1 - lox_itur[e46105176508ba1a]::p839::tests::test_isotherm_0c_height
[INFO] [stdout]   16:     0x5a960ea0d6c9 - <lox_itur[e46105176508ba1a]::p839::tests::test_isotherm_0c_height::{closure#0} as core[df12db4294e9bfd3]::ops::function::FnOnce<()>>::call_once
[INFO] [stdout]   17:     0x5a960ea432ab - test[9d35eded1c95d3be]::__rust_begin_short_backtrace::<core[df12db4294e9bfd3]::result::Result<(), alloc[2182bb758b4b3781]::string::String>, fn() -> core[df12db4294e9bfd3]::result::Result<(), alloc[2182bb758b4b3781]::string::String>>
[INFO] [stdout]   18:     0x5a960ea50915 - test[9d35eded1c95d3be]::run_test::{closure#0}
[INFO] [stdout]   19:     0x5a960ea4a1d4 - std[70759c8f55707aa4]::sys::backtrace::__rust_begin_short_backtrace::<test[9d35eded1c95d3be]::run_test::{closure#1}, ()>
[INFO] [stdout]   20:     0x5a960ea53a72 - <std[70759c8f55707aa4]::thread::lifecycle::spawn_unchecked<test[9d35eded1c95d3be]::run_test::{closure#1}, ()>::{closure#1} as core[df12db4294e9bfd3]::ops::function::FnOnce<()>>::call_once::{shim:vtable#0}
[INFO] [stdout]   21:     0x5a960eae54b9 - <std[70759c8f55707aa4]::sys::thread::unix::Thread>::new::thread_start
[INFO] [stdout]   22:     0x7e4f35991dfa - <unknown>
[INFO] [stdout]   23:     0x7e4f35a253d4 - clone
[INFO] [stdout]   24:                0x0 - <unknown>
[INFO] [stdout] 
[INFO] [stdout] ---- p836::tests::test_total_water_vapour_content stdout ----
[INFO] [stdout] 
[INFO] [stdout] thread 'p836::tests::test_total_water_vapour_content' (1420) panicked at src/provider.rs:734:18:
[INFO] [stdout] tests need target/lox-itur-data.npz; run `just lox-itur-pack <wheel>` or set LOX_ITUR_BUNDLE.
[INFO] [stdout] stack backtrace:
[INFO] [stdout]    0:     0x5a960eae5be1 - <<std[70759c8f55707aa4]::sys::backtrace::BacktraceLock>::print::DisplayBacktrace as core[df12db4294e9bfd3]::fmt::Display>::fmt
[INFO] [stdout]    1:     0x5a960eafadfa - core[df12db4294e9bfd3]::fmt::write
[INFO] [stdout]    2:     0x5a960eaea1ec - <alloc[2182bb758b4b3781]::vec::Vec<u8> as core[df12db4294e9bfd3]::io::write::Write>::write_fmt
[INFO] [stdout]    3:     0x5a960eac1bc6 - std[70759c8f55707aa4]::panicking::default_hook::{closure#0}
[INFO] [stdout]    4:     0x5a960eade179 - std[70759c8f55707aa4]::panicking::default_hook
[INFO] [stdout]    5:     0x5a960ea4ffc0 - test[9d35eded1c95d3be]::test_main_inner::<test[9d35eded1c95d3be]::test_main_static::{closure#0}>::{closure#0}
[INFO] [stdout]    6:     0x5a960eade332 - std[70759c8f55707aa4]::panicking::panic_with_hook
[INFO] [stdout]    7:     0x5a960eac1c72 - std[70759c8f55707aa4]::panicking::panic_handler::{closure#0}
[INFO] [stdout]    8:     0x5a960eaba949 - std[70759c8f55707aa4]::sys::backtrace::__rust_end_short_backtrace::<std[70759c8f55707aa4]::panicking::panic_handler::{closure#0}, !>
[INFO] [stdout]    9:     0x5a960eac286d - __rustc[8fa7c3cbc660c2b3]::rust_begin_unwind
[INFO] [stdout]   10:     0x5a960eafb52c - core[df12db4294e9bfd3]::panicking::panic_fmt
[INFO] [stdout]   11:     0x5a960eafb284 - core[df12db4294e9bfd3]::option::expect_failed
[INFO] [stdout]   12:     0x5a960ea20c0a - <std[70759c8f55707aa4]::sync::once::Once>::call_once_force::<<std[70759c8f55707aa4]::sync::once_lock::OnceLock<lox_itur[e46105176508ba1a]::provider::ItuProvider>>::initialize<<std[70759c8f55707aa4]::sync::once_lock::OnceLock<lox_itur[e46105176508ba1a]::provider::ItuProvider>>::get_or_init<lox_itur[e46105176508ba1a]::provider::test_fixture::provider::{closure#0}>::{closure#0}, !>::{closure#0}>::{closure#0}
[INFO] [stdout]   13:     0x5a960eac7809 - <std[70759c8f55707aa4]::sys::sync::once::futex::Once>::call
[INFO] [stdout]   14:     0x5a960ea2044c - <std[70759c8f55707aa4]::sync::once_lock::OnceLock<lox_itur[e46105176508ba1a]::provider::ItuProvider>>::initialize::<<std[70759c8f55707aa4]::sync::once_lock::OnceLock<lox_itur[e46105176508ba1a]::provider::ItuProvider>>::get_or_init<lox_itur[e46105176508ba1a]::provider::test_fixture::provider::{closure#0}>::{closure#0}, !>
[INFO] [stdout]   15:     0x5a960ea21383 - lox_itur[e46105176508ba1a]::p836::tests::test_total_water_vapour_content
[INFO] [stderr] error: test failed, to rerun pass `--lib`
[INFO] [stdout]   16:     0x5a960ea0d2c9 - <lox_itur[e46105176508ba1a]::p836::tests::test_total_water_vapour_content::{closure#0} as core[df12db4294e9bfd3]::ops::function::FnOnce<()>>::call_once
[INFO] [stdout]   17:     0x5a960ea432ab - test[9d35eded1c95d3be]::__rust_begin_short_backtrace::<core[df12db4294e9bfd3]::result::Result<(), alloc[2182bb758b4b3781]::string::String>, fn() -> core[df12db4294e9bfd3]::result::Result<(), alloc[2182bb758b4b3781]::string::String>>
[INFO] [stdout]   18:     0x5a960ea50915 - test[9d35eded1c95d3be]::run_test::{closure#0}
[INFO] [stdout]   19:     0x5a960ea4a1d4 - std[70759c8f55707aa4]::sys::backtrace::__rust_begin_short_backtrace::<test[9d35eded1c95d3be]::run_test::{closure#1}, ()>
[INFO] [stdout]   20:     0x5a960ea53a72 - <std[70759c8f55707aa4]::thread::lifecycle::spawn_unchecked<test[9d35eded1c95d3be]::run_test::{closure#1}, ()>::{closure#1} as core[df12db4294e9bfd3]::ops::function::FnOnce<()>>::call_once::{shim:vtable#0}
[INFO] [stdout]   21:     0x5a960eae54b9 - <std[70759c8f55707aa4]::sys::thread::unix::Thread>::new::thread_start
[INFO] [stdout]   22:     0x7e4f35991dfa - <unknown>
[INFO] [stdout]   23:     0x7e4f35a253d4 - clone
[INFO] [stdout]   24:                0x0 - <unknown>
[INFO] [stdout] 
[INFO] [stdout] ---- p840::tests::test_columnar_content_reduced_liquid stdout ----
[INFO] [stdout] 
[INFO] [stdout] thread 'p840::tests::test_columnar_content_reduced_liquid' (1436) panicked at src/provider.rs:734:18:
[INFO] [stdout] tests need target/lox-itur-data.npz; run `just lox-itur-pack <wheel>` or set LOX_ITUR_BUNDLE.
[INFO] [stdout] stack backtrace:
[INFO] [stdout]    0:     0x5a960eae5be1 - <<std[70759c8f55707aa4]::sys::backtrace::BacktraceLock>::print::DisplayBacktrace as core[df12db4294e9bfd3]::fmt::Display>::fmt
[INFO] [stdout]    1:     0x5a960eafadfa - core[df12db4294e9bfd3]::fmt::write
[INFO] [stdout]    2:     0x5a960eaea1ec - <alloc[2182bb758b4b3781]::vec::Vec<u8> as core[df12db4294e9bfd3]::io::write::Write>::write_fmt
[INFO] [stdout]    3:     0x5a960eac1bc6 - std[70759c8f55707aa4]::panicking::default_hook::{closure#0}
[INFO] [stdout]    4:     0x5a960eade179 - std[70759c8f55707aa4]::panicking::default_hook
[INFO] [stdout]    5:     0x5a960ea4ffc0 - test[9d35eded1c95d3be]::test_main_inner::<test[9d35eded1c95d3be]::test_main_static::{closure#0}>::{closure#0}
[INFO] [stdout]    6:     0x5a960eade332 - std[70759c8f55707aa4]::panicking::panic_with_hook
[INFO] [stdout]    7:     0x5a960eac1c72 - std[70759c8f55707aa4]::panicking::panic_handler::{closure#0}
[INFO] [stdout]    8:     0x5a960eaba949 - std[70759c8f55707aa4]::sys::backtrace::__rust_end_short_backtrace::<std[70759c8f55707aa4]::panicking::panic_handler::{closure#0}, !>
[INFO] [stdout]    9:     0x5a960eac286d - __rustc[8fa7c3cbc660c2b3]::rust_begin_unwind
[INFO] [stdout]   10:     0x5a960eafb52c - core[df12db4294e9bfd3]::panicking::panic_fmt
[INFO] [stdout]   11:     0x5a960eafb284 - core[df12db4294e9bfd3]::option::expect_failed
[INFO] [stdout]   12:     0x5a960ea20c0a - <std[70759c8f55707aa4]::sync::once::Once>::call_once_force::<<std[70759c8f55707aa4]::sync::once_lock::OnceLock<lox_itur[e46105176508ba1a]::provider::ItuProvider>>::initialize<<std[70759c8f55707aa4]::sync::once_lock::OnceLock<lox_itur[e46105176508ba1a]::provider::ItuProvider>>::get_or_init<lox_itur[e46105176508ba1a]::provider::test_fixture::provider::{closure#0}>::{closure#0}, !>::{closure#0}>::{closure#0}
[INFO] [stdout]   13:     0x5a960eac7809 - <std[70759c8f55707aa4]::sys::sync::once::futex::Once>::call
[INFO] [stdout]   14:     0x5a960ea2044c - <std[70759c8f55707aa4]::sync::once_lock::OnceLock<lox_itur[e46105176508ba1a]::provider::ItuProvider>>::initialize::<<std[70759c8f55707aa4]::sync::once_lock::OnceLock<lox_itur[e46105176508ba1a]::provider::ItuProvider>>::get_or_init<lox_itur[e46105176508ba1a]::provider::test_fixture::provider::{closure#0}>::{closure#0}, !>
[INFO] [stdout]   15:     0x5a960ea21b93 - lox_itur[e46105176508ba1a]::p840::tests::test_columnar_content_reduced_liquid
[INFO] [stdout]   16:     0x5a960ea0d729 - <lox_itur[e46105176508ba1a]::p840::tests::test_columnar_content_reduced_liquid::{closure#0} as core[df12db4294e9bfd3]::ops::function::FnOnce<()>>::call_once
[INFO] [stdout]   17:     0x5a960ea432ab - test[9d35eded1c95d3be]::__rust_begin_short_backtrace::<core[df12db4294e9bfd3]::result::Result<(), alloc[2182bb758b4b3781]::string::String>, fn() -> core[df12db4294e9bfd3]::result::Result<(), alloc[2182bb758b4b3781]::string::String>>
[INFO] [stdout]   18:     0x5a960ea50915 - test[9d35eded1c95d3be]::run_test::{closure#0}
[INFO] [stdout]   19:     0x5a960ea4a1d4 - std[70759c8f55707aa4]::sys::backtrace::__rust_begin_short_backtrace::<test[9d35eded1c95d3be]::run_test::{closure#1}, ()>
[INFO] [stdout]   20:     0x5a960ea53a72 - <std[70759c8f55707aa4]::thread::lifecycle::spawn_unchecked<test[9d35eded1c95d3be]::run_test::{closure#1}, ()>::{closure#1} as core[df12db4294e9bfd3]::ops::function::FnOnce<()>>::call_once::{shim:vtable#0}
[INFO] [stdout]   21:     0x5a960eae54b9 - <std[70759c8f55707aa4]::sys::thread::unix::Thread>::new::thread_start
[INFO] [stdout]   22:     0x7e4f35991dfa - <unknown>
[INFO] [stdout]   23:     0x7e4f35a253d4 - clone
[INFO] [stdout]   24:                0x0 - <unknown>
[INFO] [stdout] 
[INFO] [stdout] ---- p839::tests::test_rain_height stdout ----
[INFO] [stdout] 
[INFO] [stdout] thread 'p839::tests::test_rain_height' (1433) panicked at src/provider.rs:734:18:
[INFO] [stdout] tests need target/lox-itur-data.npz; run `just lox-itur-pack <wheel>` or set LOX_ITUR_BUNDLE.
[INFO] [stdout] stack backtrace:
[INFO] [stdout]    0:     0x5a960eae5be1 - <<std[70759c8f55707aa4]::sys::backtrace::BacktraceLock>::print::DisplayBacktrace as core[df12db4294e9bfd3]::fmt::Display>::fmt
[INFO] [stdout]    1:     0x5a960eafadfa - core[df12db4294e9bfd3]::fmt::write
[INFO] [stdout]    2:     0x5a960eaea1ec - <alloc[2182bb758b4b3781]::vec::Vec<u8> as core[df12db4294e9bfd3]::io::write::Write>::write_fmt
[INFO] [stdout]    3:     0x5a960eac1bc6 - std[70759c8f55707aa4]::panicking::default_hook::{closure#0}
[INFO] [stdout]    4:     0x5a960eade179 - std[70759c8f55707aa4]::panicking::default_hook
[INFO] [stdout]    5:     0x5a960ea4ffc0 - test[9d35eded1c95d3be]::test_main_inner::<test[9d35eded1c95d3be]::test_main_static::{closure#0}>::{closure#0}
[INFO] [stdout]    6:     0x5a960eade332 - std[70759c8f55707aa4]::panicking::panic_with_hook
[INFO] [stdout]    7:     0x5a960eac1c72 - std[70759c8f55707aa4]::panicking::panic_handler::{closure#0}
[INFO] [stdout]    8:     0x5a960eaba949 - std[70759c8f55707aa4]::sys::backtrace::__rust_end_short_backtrace::<std[70759c8f55707aa4]::panicking::panic_handler::{closure#0}, !>
[INFO] [stdout]    9:     0x5a960eac286d - __rustc[8fa7c3cbc660c2b3]::rust_begin_unwind
[INFO] [stdout]   10:     0x5a960eafb52c - core[df12db4294e9bfd3]::panicking::panic_fmt
[INFO] [stdout]   11:     0x5a960eafb284 - core[df12db4294e9bfd3]::option::expect_failed
[INFO] [stdout]   12:     0x5a960ea20c0a - <std[70759c8f55707aa4]::sync::once::Once>::call_once_force::<<std[70759c8f55707aa4]::sync::once_lock::OnceLock<lox_itur[e46105176508ba1a]::provider::ItuProvider>>::initialize<<std[70759c8f55707aa4]::sync::once_lock::OnceLock<lox_itur[e46105176508ba1a]::provider::ItuProvider>>::get_or_init<lox_itur[e46105176508ba1a]::provider::test_fixture::provider::{closure#0}>::{closure#0}, !>::{closure#0}>::{closure#0}
[INFO] [stdout]   13:     0x5a960eac7809 - <std[70759c8f55707aa4]::sys::sync::once::futex::Once>::call
[INFO] [stdout]   14:     0x5a960ea2044c - <std[70759c8f55707aa4]::sync::once_lock::OnceLock<lox_itur[e46105176508ba1a]::provider::ItuProvider>>::initialize::<<std[70759c8f55707aa4]::sync::once_lock::OnceLock<lox_itur[e46105176508ba1a]::provider::ItuProvider>>::get_or_init<lox_itur[e46105176508ba1a]::provider::test_fixture::provider::{closure#0}>::{closure#0}, !>
[INFO] [stdout]   15:     0x5a960ea3dc36 - lox_itur[e46105176508ba1a]::p839::tests::test_rain_height
[INFO] [stdout]   16:     0x5a960ea0d6a9 - <lox_itur[e46105176508ba1a]::p839::tests::test_rain_height::{closure#0} as core[df12db4294e9bfd3]::ops::function::FnOnce<()>>::call_once
[INFO] [stdout]   17:     0x5a960ea432ab - test[9d35eded1c95d3be]::__rust_begin_short_backtrace::<core[df12db4294e9bfd3]::result::Result<(), alloc[2182bb758b4b3781]::string::String>, fn() -> core[df12db4294e9bfd3]::result::Result<(), alloc[2182bb758b4b3781]::string::String>>
[INFO] [stdout]   18:     0x5a960ea50915 - test[9d35eded1c95d3be]::run_test::{closure#0}
[INFO] [stdout]   19:     0x5a960ea4a1d4 - std[70759c8f55707aa4]::sys::backtrace::__rust_begin_short_backtrace::<test[9d35eded1c95d3be]::run_test::{closure#1}, ()>
[INFO] [stdout]   20:     0x5a960ea53a72 - <std[70759c8f55707aa4]::thread::lifecycle::spawn_unchecked<test[9d35eded1c95d3be]::run_test::{closure#1}, ()>::{closure#1} as core[df12db4294e9bfd3]::ops::function::FnOnce<()>>::call_once::{shim:vtable#0}
[INFO] [stdout]   21:     0x5a960eae54b9 - <std[70759c8f55707aa4]::sys::thread::unix::Thread>::new::thread_start
[INFO] [stdout]   22:     0x7e4f35991dfa - <unknown>
[INFO] [stdout]   23:     0x7e4f35a253d4 - clone
[INFO] [stdout]   24:                0x0 - <unknown>
[INFO] [stdout] 
[INFO] [stdout] ---- p836::tests::test_surface_water_vapour_density_interpolated_prob stdout ----
[INFO] [stdout] 
[INFO] [stdout] thread 'p836::tests::test_surface_water_vapour_density_interpolated_prob' (1419) panicked at src/provider.rs:734:18:
[INFO] [stdout] tests need target/lox-itur-data.npz; run `just lox-itur-pack <wheel>` or set LOX_ITUR_BUNDLE.
[INFO] [stdout] stack backtrace:
[INFO] [stdout]    0:     0x5a960eae5be1 - <<std[70759c8f55707aa4]::sys::backtrace::BacktraceLock>::print::DisplayBacktrace as core[df12db4294e9bfd3]::fmt::Display>::fmt
[INFO] [stdout]    1:     0x5a960eafadfa - core[df12db4294e9bfd3]::fmt::write
[INFO] [stdout]    2:     0x5a960eaea1ec - <alloc[2182bb758b4b3781]::vec::Vec<u8> as core[df12db4294e9bfd3]::io::write::Write>::write_fmt
[INFO] [stdout]    3:     0x5a960eac1bc6 - std[70759c8f55707aa4]::panicking::default_hook::{closure#0}
[INFO] [stdout]    4:     0x5a960eade179 - std[70759c8f55707aa4]::panicking::default_hook
[INFO] [stdout]    5:     0x5a960ea4ffc0 - test[9d35eded1c95d3be]::test_main_inner::<test[9d35eded1c95d3be]::test_main_static::{closure#0}>::{closure#0}
[INFO] [stdout]    6:     0x5a960eade332 - std[70759c8f55707aa4]::panicking::panic_with_hook
[INFO] [stdout]    7:     0x5a960eac1c72 - std[70759c8f55707aa4]::panicking::panic_handler::{closure#0}
[INFO] [stdout]    8:     0x5a960eaba949 - std[70759c8f55707aa4]::sys::backtrace::__rust_end_short_backtrace::<std[70759c8f55707aa4]::panicking::panic_handler::{closure#0}, !>
[INFO] [stdout]    9:     0x5a960eac286d - __rustc[8fa7c3cbc660c2b3]::rust_begin_unwind
[INFO] [stdout]   10:     0x5a960eafb52c - core[df12db4294e9bfd3]::panicking::panic_fmt
[INFO] [stdout]   11:     0x5a960eafb284 - core[df12db4294e9bfd3]::option::expect_failed
[INFO] [stdout]   12:     0x5a960ea20c0a - <std[70759c8f55707aa4]::sync::once::Once>::call_once_force::<<std[70759c8f55707aa4]::sync::once_lock::OnceLock<lox_itur[e46105176508ba1a]::provider::ItuProvider>>::initialize<<std[70759c8f55707aa4]::sync::once_lock::OnceLock<lox_itur[e46105176508ba1a]::provider::ItuProvider>>::get_or_init<lox_itur[e46105176508ba1a]::provider::test_fixture::provider::{closure#0}>::{closure#0}, !>::{closure#0}>::{closure#0}
[INFO] [stdout]   13:     0x5a960eac7809 - <std[70759c8f55707aa4]::sys::sync::once::futex::Once>::call
[INFO] [stdout]   14:     0x5a960ea2044c - <std[70759c8f55707aa4]::sync::once_lock::OnceLock<lox_itur[e46105176508ba1a]::provider::ItuProvider>>::initialize::<<std[70759c8f55707aa4]::sync::once_lock::OnceLock<lox_itur[e46105176508ba1a]::provider::ItuProvider>>::get_or_init<lox_itur[e46105176508ba1a]::provider::test_fixture::provider::{closure#0}>::{closure#0}, !>
[INFO] [stdout]   15:     0x5a960ea2178c - lox_itur[e46105176508ba1a]::p836::tests::test_surface_water_vapour_density_interpolated_prob
[INFO] [stdout]   16:     0x5a960ea0d329 - <lox_itur[e46105176508ba1a]::p836::tests::test_surface_water_vapour_density_interpolated_prob::{closure#0} as core[df12db4294e9bfd3]::ops::function::FnOnce<()>>::call_once
[INFO] [stdout]   17:     0x5a960ea432ab - test[9d35eded1c95d3be]::__rust_begin_short_backtrace::<core[df12db4294e9bfd3]::result::Result<(), alloc[2182bb758b4b3781]::string::String>, fn() -> core[df12db4294e9bfd3]::result::Result<(), alloc[2182bb758b4b3781]::string::String>>
[INFO] [stdout]   18:     0x5a960ea50915 - test[9d35eded1c95d3be]::run_test::{closure#0}
[INFO] [stdout]   19:     0x5a960ea4a1d4 - std[70759c8f55707aa4]::sys::backtrace::__rust_begin_short_backtrace::<test[9d35eded1c95d3be]::run_test::{closure#1}, ()>
[INFO] [stdout]   20:     0x5a960ea53a72 - <std[70759c8f55707aa4]::thread::lifecycle::spawn_unchecked<test[9d35eded1c95d3be]::run_test::{closure#1}, ()>::{closure#1} as core[df12db4294e9bfd3]::ops::function::FnOnce<()>>::call_once::{shim:vtable#0}
[INFO] [stdout]   21:     0x5a960eae54b9 - <std[70759c8f55707aa4]::sys::thread::unix::Thread>::new::thread_start
[INFO] [stdout]   22:     0x7e4f35991dfa - <unknown>
[INFO] [stdout]   23:     0x7e4f35a253d4 - clone
[INFO] [stdout]   24:                0x0 - <unknown>
[INFO] [stdout] 
[INFO] [stdout] ---- p840::tests::test_lognormal_coefficients stdout ----
[INFO] [stdout] 
[INFO] [stdout] thread 'p840::tests::test_lognormal_coefficients' (1437) panicked at src/provider.rs:734:18:
[INFO] [stdout] tests need target/lox-itur-data.npz; run `just lox-itur-pack <wheel>` or set LOX_ITUR_BUNDLE.
[INFO] [stdout] stack backtrace:
[INFO] [stdout]    0:     0x5a960eae5be1 - <<std[70759c8f55707aa4]::sys::backtrace::BacktraceLock>::print::DisplayBacktrace as core[df12db4294e9bfd3]::fmt::Display>::fmt
[INFO] [stdout]    1:     0x5a960eafadfa - core[df12db4294e9bfd3]::fmt::write
[INFO] [stdout]    2:     0x5a960eaea1ec - <alloc[2182bb758b4b3781]::vec::Vec<u8> as core[df12db4294e9bfd3]::io::write::Write>::write_fmt
[INFO] [stdout]    3:     0x5a960eac1bc6 - std[70759c8f55707aa4]::panicking::default_hook::{closure#0}
[INFO] [stdout]    4:     0x5a960eade179 - std[70759c8f55707aa4]::panicking::default_hook
[INFO] [stdout]    5:     0x5a960ea4ffc0 - test[9d35eded1c95d3be]::test_main_inner::<test[9d35eded1c95d3be]::test_main_static::{closure#0}>::{closure#0}
[INFO] [stdout]    6:     0x5a960eade332 - std[70759c8f55707aa4]::panicking::panic_with_hook
[INFO] [stdout]    7:     0x5a960eac1c72 - std[70759c8f55707aa4]::panicking::panic_handler::{closure#0}
[INFO] [stdout]    8:     0x5a960eaba949 - std[70759c8f55707aa4]::sys::backtrace::__rust_end_short_backtrace::<std[70759c8f55707aa4]::panicking::panic_handler::{closure#0}, !>
[INFO] [stdout]    9:     0x5a960eac286d - __rustc[8fa7c3cbc660c2b3]::rust_begin_unwind
[INFO] [stdout]   10:     0x5a960eafb52c - core[df12db4294e9bfd3]::panicking::panic_fmt
[INFO] [stdout]   11:     0x5a960eafb284 - core[df12db4294e9bfd3]::option::expect_failed
[INFO] [stdout]   12:     0x5a960ea20c0a - <std[70759c8f55707aa4]::sync::once::Once>::call_once_force::<<std[70759c8f55707aa4]::sync::once_lock::OnceLock<lox_itur[e46105176508ba1a]::provider::ItuProvider>>::initialize<<std[70759c8f55707aa4]::sync::once_lock::OnceLock<lox_itur[e46105176508ba1a]::provider::ItuProvider>>::get_or_init<lox_itur[e46105176508ba1a]::provider::test_fixture::provider::{closure#0}>::{closure#0}, !>::{closure#0}>::{closure#0}
[INFO] [stdout]   13:     0x5a960eac7809 - <std[70759c8f55707aa4]::sys::sync::once::futex::Once>::call
[INFO] [stdout]   14:     0x5a960ea2044c - <std[70759c8f55707aa4]::sync::once_lock::OnceLock<lox_itur[e46105176508ba1a]::provider::ItuProvider>>::initialize::<<std[70759c8f55707aa4]::sync::once_lock::OnceLock<lox_itur[e46105176508ba1a]::provider::ItuProvider>>::get_or_init<lox_itur[e46105176508ba1a]::provider::test_fixture::provider::{closure#0}>::{closure#0}, !>
[INFO] [stdout]   15:     0x5a960ea21984 - lox_itur[e46105176508ba1a]::p840::tests::test_lognormal_coefficients
[INFO] [stdout]   16:     0x5a960ea0d6e9 - <lox_itur[e46105176508ba1a]::p840::tests::test_lognormal_coefficients::{closure#0} as core[df12db4294e9bfd3]::ops::function::FnOnce<()>>::call_once
[INFO] [stdout]   17:     0x5a960ea432ab - test[9d35eded1c95d3be]::__rust_begin_short_backtrace::<core[df12db4294e9bfd3]::result::Result<(), alloc[2182bb758b4b3781]::string::String>, fn() -> core[df12db4294e9bfd3]::result::Result<(), alloc[2182bb758b4b3781]::string::String>>
[INFO] [stdout]   18:     0x5a960ea50915 - test[9d35eded1c95d3be]::run_test::{closure#0}
[INFO] [stdout]   19:     0x5a960ea4a1d4 - std[70759c8f55707aa4]::sys::backtrace::__rust_begin_short_backtrace::<test[9d35eded1c95d3be]::run_test::{closure#1}, ()>
[INFO] [stdout]   20:     0x5a960ea53a72 - <std[70759c8f55707aa4]::thread::lifecycle::spawn_unchecked<test[9d35eded1c95d3be]::run_test::{closure#1}, ()>::{closure#1} as core[df12db4294e9bfd3]::ops::function::FnOnce<()>>::call_once::{shim:vtable#0}
[INFO] [stdout]   21:     0x5a960eae54b9 - <std[70759c8f55707aa4]::sys::thread::unix::Thread>::new::thread_start
[INFO] [stdout]   22:     0x7e4f35991dfa - <unknown>
[INFO] [stdout]   23:     0x7e4f35a253d4 - clone
[INFO] [stdout]   24:                0x0 - <unknown>
[INFO] [stdout] 
[INFO] [stdout] ---- p840::tests::test_cloud_attenuation_positive stdout ----
[INFO] [stdout] 
[INFO] [stdout] thread 'p840::tests::test_cloud_attenuation_positive' (1434) panicked at src/provider.rs:734:18:
[INFO] [stdout] tests need target/lox-itur-data.npz; run `just lox-itur-pack <wheel>` or set LOX_ITUR_BUNDLE.
[INFO] [stdout] stack backtrace:
[INFO] [stdout]    0:     0x5a960eae5be1 - <<std[70759c8f55707aa4]::sys::backtrace::BacktraceLock>::print::DisplayBacktrace as core[df12db4294e9bfd3]::fmt::Display>::fmt
[INFO] [stdout]    1:     0x5a960eafadfa - core[df12db4294e9bfd3]::fmt::write
[INFO] [stdout]    2:     0x5a960eaea1ec - <alloc[2182bb758b4b3781]::vec::Vec<u8> as core[df12db4294e9bfd3]::io::write::Write>::write_fmt
[INFO] [stdout]    3:     0x5a960eac1bc6 - std[70759c8f55707aa4]::panicking::default_hook::{closure#0}
[INFO] [stdout]    4:     0x5a960eade179 - std[70759c8f55707aa4]::panicking::default_hook
[INFO] [stdout]    5:     0x5a960ea4ffc0 - test[9d35eded1c95d3be]::test_main_inner::<test[9d35eded1c95d3be]::test_main_static::{closure#0}>::{closure#0}
[INFO] [stdout]    6:     0x5a960eade332 - std[70759c8f55707aa4]::panicking::panic_with_hook
[INFO] [stdout]    7:     0x5a960eac1c72 - std[70759c8f55707aa4]::panicking::panic_handler::{closure#0}
[INFO] [stdout]    8:     0x5a960eaba949 - std[70759c8f55707aa4]::sys::backtrace::__rust_end_short_backtrace::<std[70759c8f55707aa4]::panicking::panic_handler::{closure#0}, !>
[INFO] [stdout]    9:     0x5a960eac286d - __rustc[8fa7c3cbc660c2b3]::rust_begin_unwind
[INFO] [stdout]   10:     0x5a960eafb52c - core[df12db4294e9bfd3]::panicking::panic_fmt
[INFO] [stdout]   11:     0x5a960eafb284 - core[df12db4294e9bfd3]::option::expect_failed
[INFO] [stdout]   12:     0x5a960ea20c0a - <std[70759c8f55707aa4]::sync::once::Once>::call_once_force::<<std[70759c8f55707aa4]::sync::once_lock::OnceLock<lox_itur[e46105176508ba1a]::provider::ItuProvider>>::initialize<<std[70759c8f55707aa4]::sync::once_lock::OnceLock<lox_itur[e46105176508ba1a]::provider::ItuProvider>>::get_or_init<lox_itur[e46105176508ba1a]::provider::test_fixture::provider::{closure#0}>::{closure#0}, !>::{closure#0}>::{closure#0}
[INFO] [stdout]   13:     0x5a960eac7809 - <std[70759c8f55707aa4]::sys::sync::once::futex::Once>::call
[INFO] [stdout]   14:     0x5a960ea2044c - <std[70759c8f55707aa4]::sync::once_lock::OnceLock<lox_itur[e46105176508ba1a]::provider::ItuProvider>>::initialize::<<std[70759c8f55707aa4]::sync::once_lock::OnceLock<lox_itur[e46105176508ba1a]::provider::ItuProvider>>::get_or_init<lox_itur[e46105176508ba1a]::provider::test_fixture::provider::{closure#0}>::{closure#0}, !>
[INFO] [stdout]   15:     0x5a960ea21a7f - lox_itur[e46105176508ba1a]::p840::tests::test_cloud_attenuation_positive
[INFO] [stdout]   16:     0x5a960ea0d709 - <lox_itur[e46105176508ba1a]::p840::tests::test_cloud_attenuation_positive::{closure#0} as core[df12db4294e9bfd3]::ops::function::FnOnce<()>>::call_once
[INFO] [stdout]   17:     0x5a960ea432ab - test[9d35eded1c95d3be]::__rust_begin_short_backtrace::<core[df12db4294e9bfd3]::result::Result<(), alloc[2182bb758b4b3781]::string::String>, fn() -> core[df12db4294e9bfd3]::result::Result<(), alloc[2182bb758b4b3781]::string::String>>
[INFO] [stdout]   18:     0x5a960ea50915 - test[9d35eded1c95d3be]::run_test::{closure#0}
[INFO] [stdout]   19:     0x5a960ea4a1d4 - std[70759c8f55707aa4]::sys::backtrace::__rust_begin_short_backtrace::<test[9d35eded1c95d3be]::run_test::{closure#1}, ()>
[INFO] [stdout]   20:     0x5a960ea53a72 - <std[70759c8f55707aa4]::thread::lifecycle::spawn_unchecked<test[9d35eded1c95d3be]::run_test::{closure#1}, ()>::{closure#1} as core[df12db4294e9bfd3]::ops::function::FnOnce<()>>::call_once::{shim:vtable#0}
[INFO] [stdout]   21:     0x5a960eae54b9 - <std[70759c8f55707aa4]::sys::thread::unix::Thread>::new::thread_start
[INFO] [stdout]   22:     0x7e4f35991dfa - <unknown>
[INFO] [stdout]   23:     0x7e4f35a253d4 - clone
[INFO] [stdout]   24:                0x0 - <unknown>
[INFO] [stdout] 
[INFO] [stdout] ---- tests::test_propagation_losses_madrid_matches_p618_combination stdout ----
[INFO] [stdout] 
[INFO] [stdout] thread 'tests::test_propagation_losses_madrid_matches_p618_combination' (1447) panicked at src/provider.rs:734:18:
[INFO] [stdout] tests need target/lox-itur-data.npz; run `just lox-itur-pack <wheel>` or set LOX_ITUR_BUNDLE.
[INFO] [stdout] stack backtrace:
[INFO] [stdout]    0:     0x5a960eae5be1 - <<std[70759c8f55707aa4]::sys::backtrace::BacktraceLock>::print::DisplayBacktrace as core[df12db4294e9bfd3]::fmt::Display>::fmt
[INFO] [stdout]    1:     0x5a960eafadfa - core[df12db4294e9bfd3]::fmt::write
[INFO] [stdout]    2:     0x5a960eaea1ec - <alloc[2182bb758b4b3781]::vec::Vec<u8> as core[df12db4294e9bfd3]::io::write::Write>::write_fmt
[INFO] [stdout]    3:     0x5a960eac1bc6 - std[70759c8f55707aa4]::panicking::default_hook::{closure#0}
[INFO] [stdout]    4:     0x5a960eade179 - std[70759c8f55707aa4]::panicking::default_hook
[INFO] [stdout]    5:     0x5a960ea4ffc0 - test[9d35eded1c95d3be]::test_main_inner::<test[9d35eded1c95d3be]::test_main_static::{closure#0}>::{closure#0}
[INFO] [stdout]    6:     0x5a960eade332 - std[70759c8f55707aa4]::panicking::panic_with_hook
[INFO] [stdout]    7:     0x5a960eac1c72 - std[70759c8f55707aa4]::panicking::panic_handler::{closure#0}
[INFO] [stdout]    8:     0x5a960eaba949 - std[70759c8f55707aa4]::sys::backtrace::__rust_end_short_backtrace::<std[70759c8f55707aa4]::panicking::panic_handler::{closure#0}, !>
[INFO] [stdout]    9:     0x5a960eac286d - __rustc[8fa7c3cbc660c2b3]::rust_begin_unwind
[INFO] [stdout]   10:     0x5a960eafb52c - core[df12db4294e9bfd3]::panicking::panic_fmt
[INFO] [stdout]   11:     0x5a960eafb284 - core[df12db4294e9bfd3]::option::expect_failed
[INFO] [stdout]   12:     0x5a960ea20c0a - <std[70759c8f55707aa4]::sync::once::Once>::call_once_force::<<std[70759c8f55707aa4]::sync::once_lock::OnceLock<lox_itur[e46105176508ba1a]::provider::ItuProvider>>::initialize<<std[70759c8f55707aa4]::sync::once_lock::OnceLock<lox_itur[e46105176508ba1a]::provider::ItuProvider>>::get_or_init<lox_itur[e46105176508ba1a]::provider::test_fixture::provider::{closure#0}>::{closure#0}, !>::{closure#0}>::{closure#0}
[INFO] [stdout]   13:     0x5a960eac7809 - <std[70759c8f55707aa4]::sys::sync::once::futex::Once>::call
[INFO] [stdout]   14:     0x5a960ea2044c - <std[70759c8f55707aa4]::sync::once_lock::OnceLock<lox_itur[e46105176508ba1a]::provider::ItuProvider>>::initialize::<<std[70759c8f55707aa4]::sync::once_lock::OnceLock<lox_itur[e46105176508ba1a]::provider::ItuProvider>>::get_or_init<lox_itur[e46105176508ba1a]::provider::test_fixture::provider::{closure#0}>::{closure#0}, !>
[INFO] [stdout]   15:     0x5a960ea2d688 - lox_itur[e46105176508ba1a]::tests::test_propagation_losses_madrid_matches_p618_combination
[INFO] [stdout]   16:     0x5a960ea0c469 - <lox_itur[e46105176508ba1a]::tests::test_propagation_losses_madrid_matches_p618_combination::{closure#0} as core[df12db4294e9bfd3]::ops::function::FnOnce<()>>::call_once
[INFO] [stdout]   17:     0x5a960ea432ab - test[9d35eded1c95d3be]::__rust_begin_short_backtrace::<core[df12db4294e9bfd3]::result::Result<(), alloc[2182bb758b4b3781]::string::String>, fn() -> core[df12db4294e9bfd3]::result::Result<(), alloc[2182bb758b4b3781]::string::String>>
[INFO] [stdout]   18:     0x5a960ea50915 - test[9d35eded1c95d3be]::run_test::{closure#0}
[INFO] [stdout]   19:     0x5a960ea4a1d4 - std[70759c8f55707aa4]::sys::backtrace::__rust_begin_short_backtrace::<test[9d35eded1c95d3be]::run_test::{closure#1}, ()>
[INFO] [stdout]   20:     0x5a960ea53a72 - <std[70759c8f55707aa4]::thread::lifecycle::spawn_unchecked<test[9d35eded1c95d3be]::run_test::{closure#1}, ()>::{closure#1} as core[df12db4294e9bfd3]::ops::function::FnOnce<()>>::call_once::{shim:vtable#0}
[INFO] [stdout]   21:     0x5a960eae54b9 - <std[70759c8f55707aa4]::sys::thread::unix::Thread>::new::thread_start
[INFO] [stdout]   22:     0x7e4f35991dfa - <unknown>
[INFO] [stdout]   23:     0x7e4f35a253d4 - clone
[INFO] [stdout]   24:                0x0 - <unknown>
[INFO] [stdout] 
[INFO] [stdout] 
[INFO] [stdout] failures:
[INFO] [stdout]     p453::tests::test_map_wet_term_radio_refractivity
[INFO] [stdout]     p453::tests::test_map_wet_term_radio_refractivity_interpolated
[INFO] [stdout]     p618::tests::test_rain_attenuation_different_probabilities
[INFO] [stdout]     p618::tests::test_rain_attenuation_high_latitude
[INFO] [stdout]     p618::tests::test_rain_attenuation_low_elevation
[INFO] [stdout]     p618::tests::test_rain_attenuation_madrid
[INFO] [stdout]     p618::tests::test_rain_attenuation_station_above_rain_height
[INFO] [stdout]     p618::tests::test_scintillation_decreases_with_elevation
[INFO] [stdout]     p618::tests::test_scintillation_increases_with_frequency
[INFO] [stdout]     p618::tests::test_scintillation_large_antenna
[INFO] [stdout]     p618::tests::test_scintillation_reasonable_values
[INFO] [stdout]     p618::tests::test_scintillation_with_n_wet_lookup
[INFO] [stdout]     p618::tests::test_unitful_rain_attenuation
[INFO] [stdout]     p618::tests::test_unitful_scintillation
[INFO] [stdout]     p836::tests::test_surface_water_vapour_density_below_range
[INFO] [stdout]     p836::tests::test_surface_water_vapour_density_exact_prob
[INFO] [stdout]     p836::tests::test_surface_water_vapour_density_interpolated_prob
[INFO] [stdout]     p836::tests::test_total_water_vapour_content
[INFO] [stdout]     p837::tests::test_rainfall_probability
[INFO] [stdout]     p837::tests::test_rainfall_rate_at_001_equals_r001
[INFO] [stdout]     p837::tests::test_rainfall_rate_other_probability
[INFO] [stdout]     p837::tests::test_rainfall_rate_r001_madrid
[INFO] [stdout]     p839::tests::test_isotherm_0c_height
[INFO] [stdout]     p839::tests::test_rain_height
[INFO] [stdout]     p840::tests::test_cloud_attenuation_positive
[INFO] [stdout]     p840::tests::test_columnar_content_reduced_liquid
[INFO] [stdout]     p840::tests::test_lognormal_coefficients
[INFO] [stdout]     tests::test_propagation_losses_madrid_matches_p618_combination
[INFO] [stdout] 
[INFO] [stdout] test result: FAILED. 93 passed; 28 failed; 0 ignored; 0 measured; 0 filtered out; finished in 0.03s
[INFO] [stdout] 
[INFO] running `Command { std: "docker" "inspect" "8ef9035888642860e1f1551e516a41066498e416106d93ed17203c2bf5a80a83", kill_on_drop: false }`
[INFO] running `Command { std: "docker" "rm" "-f" "8ef9035888642860e1f1551e516a41066498e416106d93ed17203c2bf5a80a83", kill_on_drop: false }`
[INFO] [stdout] 8ef9035888642860e1f1551e516a41066498e416106d93ed17203c2bf5a80a83
