[INFO] fetching crate lore-engine 0.1.0...
[INFO] testing lore-engine-0.1.0 against 1.100.0-beta.1+cargoflags=--release for beta-release-1.100-2
[INFO] extracting crate lore-engine 0.1.0 into /workspace/builds/worker-3-tc2/source
[INFO] started tweaking crates.io crate lore-engine 0.1.0
[INFO] removed 0 missing tests
[INFO] finished tweaking crates.io crate lore-engine 0.1.0
[INFO] tweaked toml for crates.io crate lore-engine 0.1.0 written to /workspace/builds/worker-3-tc2/source/Cargo.toml
[INFO] validating manifest of crates.io crate lore-engine 0.1.0 on toolchain 1.100.0-beta.1
[INFO] running `Command { std: CARGO_HOME="/workspace/cargo-home" RUSTUP_HOME="/workspace/rustup-home" "/workspace/cargo-home/bin/cargo" "+1.100.0-beta.1" "metadata" "--manifest-path" "Cargo.toml" "--no-deps", kill_on_drop: false }`
[INFO] crate crates.io crate lore-engine 0.1.0 already has a lockfile, it will not be regenerated
[INFO] running `Command { std: CARGO_HOME="/workspace/cargo-home" RUSTUP_HOME="/workspace/rustup-home" "/workspace/cargo-home/bin/cargo" "+1.100.0-beta.1" "fetch" "--manifest-path" "Cargo.toml", kill_on_drop: false }`
[INFO] running `Command { std: "docker" "create" "-v" "/var/lib/crater-agent-workspace/builds/worker-3-tc2/source:/opt/rustwide/workdir:ro,Z" "-v" "/var/lib/crater-agent-workspace/builds/worker-3-tc2/target:/opt/rustwide/target:rw,Z" "-v" "/var/lib/crater-agent-workspace/cargo-home:/opt/rustwide/cargo-home:ro,Z" "-v" "/var/lib/crater-agent-workspace/rustup-home:/opt/rustwide/rustup-home:ro,Z" "-m" "1610612736" "--network" "none" "ghcr.io/rust-lang/crates-build-env/linux@sha256:77db811e55d90add9212f6832c23229e3de5f1c1f9905e8cb07319ea15df73ac" "sleep" "infinity", kill_on_drop: false }`
[INFO] [stdout] a70e0e15789fe9b534475bbdf7424f1af75fa235b13651eea72f910862127a6f
[INFO] running `Command { std: "docker" "start" "a70e0e15789fe9b534475bbdf7424f1af75fa235b13651eea72f910862127a6f", kill_on_drop: false }`
[INFO] running `Command { std: "docker" "inspect" "a70e0e15789fe9b534475bbdf7424f1af75fa235b13651eea72f910862127a6f", kill_on_drop: false }`
[INFO] running `Command { std: "docker" "exec" "-e" "SOURCE_DIR=/opt/rustwide/workdir" "-e" "CARGO_HOME=/opt/rustwide/cargo-home" "-e" "RUSTUP_HOME=/opt/rustwide/rustup-home" "-e" "CARGO_TARGET_DIR=/opt/rustwide/target" "-w" "/opt/rustwide/workdir" "--user" "0:0" "a70e0e15789fe9b534475bbdf7424f1af75fa235b13651eea72f910862127a6f" "/opt/rustwide/cargo-home/bin/cargo" "+1.100.0-beta.1" "metadata" "--no-deps" "--format-version=1", kill_on_drop: false }`
[INFO] running `Command { std: "docker" "inspect" "a70e0e15789fe9b534475bbdf7424f1af75fa235b13651eea72f910862127a6f", kill_on_drop: false }`
[INFO] running `Command { std: "docker" "exec" "-e" "SOURCE_DIR=/opt/rustwide/workdir" "-e" "CARGO_HOME=/opt/rustwide/cargo-home" "-e" "RUSTUP_HOME=/opt/rustwide/rustup-home" "-e" "CARGO_TARGET_DIR=/opt/rustwide/target" "-e" "CARGO_INCREMENTAL=0" "-e" "RUST_BACKTRACE=full" "-e" "RUSTFLAGS=--cap-lints=warn" "-e" "RUSTDOCFLAGS=--cap-lints=warn" "-w" "/opt/rustwide/workdir" "--user" "0:0" "a70e0e15789fe9b534475bbdf7424f1af75fa235b13651eea72f910862127a6f" "/opt/rustwide/cargo-home/bin/cargo" "+1.100.0-beta.1" "build" "--frozen" "--message-format=json" "--release", kill_on_drop: false }`
[INFO] [stderr]    Compiling libc v0.2.183
[INFO] [stderr]    Compiling proc-macro2 v1.0.106
[INFO] [stderr]    Compiling zerocopy v0.8.47
[INFO] [stderr]    Compiling crossbeam-utils v0.8.21
[INFO] [stderr]    Compiling quote v1.0.45
[INFO] [stderr]    Compiling cc v1.2.57
[INFO] [stderr]    Compiling num-traits v0.2.19
[INFO] [stderr]    Compiling pulldown-cmark v0.12.2
[INFO] [stderr]    Compiling indexmap v2.13.0
[INFO] [stderr]    Compiling regex-automata v0.4.14
[INFO] [stderr]    Compiling syn v2.0.117
[INFO] [stderr]    Compiling crossbeam-channel v0.5.15
[INFO] [stderr]    Compiling chrono v0.4.44
[INFO] [stderr]    Compiling getopts v0.2.24
[INFO] [stderr]    Compiling inotify-sys v0.1.5
[INFO] [stderr]    Compiling inotify v0.9.6
[INFO] [stderr]    Compiling libsqlite3-sys v0.28.0
[INFO] [stderr]    Compiling filetime v0.2.27
[INFO] [stderr]    Compiling mio v0.8.11
[INFO] [stderr]    Compiling pulldown-cmark-escape v0.11.0
[INFO] [stderr]    Compiling fallible-iterator v0.3.0
[INFO] [stderr]    Compiling notify v6.1.1
[INFO] [stderr]    Compiling fallible-streaming-iterator v0.1.9
[INFO] [stderr]    Compiling scopeguard v1.2.0
[INFO] [stderr]    Compiling petgraph v0.6.5
[INFO] [stderr]    Compiling serde_json v1.0.149
[INFO] [stderr]    Compiling serde_derive v1.0.228
[INFO] [stderr]    Compiling regex v1.12.3
[INFO] [stderr]    Compiling ahash v0.8.12
[INFO] [stderr]    Compiling hashbrown v0.14.5
[INFO] [stderr]    Compiling trash v5.2.5
[INFO] [stderr]    Compiling notify-debouncer-mini v0.4.1
[INFO] [stderr]    Compiling hashlink v0.9.1
[INFO] [stderr]    Compiling sha2 v0.10.9
[INFO] [stderr]    Compiling serde v1.0.228
[INFO] [stderr]    Compiling rusqlite v0.31.0
[INFO] [stderr]    Compiling lore-engine v0.1.0 (/opt/rustwide/workdir)
[INFO] [stderr]     Finished `release` profile [optimized] target(s) in 2m 41s
[INFO] running `Command { std: "docker" "inspect" "a70e0e15789fe9b534475bbdf7424f1af75fa235b13651eea72f910862127a6f", kill_on_drop: false }`
[INFO] running `Command { std: "docker" "exec" "-e" "SOURCE_DIR=/opt/rustwide/workdir" "-e" "CARGO_HOME=/opt/rustwide/cargo-home" "-e" "RUSTUP_HOME=/opt/rustwide/rustup-home" "-e" "CARGO_TARGET_DIR=/opt/rustwide/target" "-e" "CARGO_INCREMENTAL=0" "-e" "RUST_BACKTRACE=full" "-e" "RUSTFLAGS=--cap-lints=warn" "-e" "RUSTDOCFLAGS=--cap-lints=warn" "-w" "/opt/rustwide/workdir" "--user" "0:0" "a70e0e15789fe9b534475bbdf7424f1af75fa235b13651eea72f910862127a6f" "/opt/rustwide/cargo-home/bin/cargo" "+1.100.0-beta.1" "test" "--frozen" "--no-run" "--message-format=json" "--release", kill_on_drop: false }`
[INFO] [stderr]    Compiling rusqlite v0.31.0
[INFO] [stderr]    Compiling pulldown-cmark v0.12.2
[INFO] [stderr]    Compiling getrandom v0.4.2
[INFO] [stderr]    Compiling tempfile v3.27.0
[INFO] [stderr]    Compiling lore-engine v0.1.0 (/opt/rustwide/workdir)
[INFO] [stderr]     Finished `release` profile [optimized] target(s) in 33.37s
[INFO] running `Command { std: "docker" "inspect" "a70e0e15789fe9b534475bbdf7424f1af75fa235b13651eea72f910862127a6f", kill_on_drop: false }`
[INFO] running `Command { std: "docker" "exec" "-e" "SOURCE_DIR=/opt/rustwide/workdir" "-e" "CARGO_HOME=/opt/rustwide/cargo-home" "-e" "RUSTUP_HOME=/opt/rustwide/rustup-home" "-e" "CARGO_TARGET_DIR=/opt/rustwide/target" "-e" "CARGO_INCREMENTAL=0" "-e" "RUST_BACKTRACE=full" "-e" "RUSTFLAGS=--cap-lints=warn" "-e" "RUSTDOCFLAGS=--cap-lints=warn" "-w" "/opt/rustwide/workdir" "--user" "0:0" "a70e0e15789fe9b534475bbdf7424f1af75fa235b13651eea72f910862127a6f" "/opt/rustwide/cargo-home/bin/cargo" "+1.100.0-beta.1" "test" "--frozen" "--release", kill_on_drop: false }`
[INFO] [stderr]     Finished `release` profile [optimized] target(s) in 0.14s
[INFO] [stderr]      Running unittests src/lib.rs (/opt/rustwide/target/release/build/lore-engine/ad3da77f8724998e/out/lore_engine-ad3da77f8724998e)
[INFO] [stdout] 
[INFO] [stdout] running 71 tests
[INFO] [stdout] test engine::file_loader::tests::test_sanitize_filename_empty_fallback ... ok
[INFO] [stdout] test engine::file_loader::tests::test_sanitize_filename_passthrough ... ok
[INFO] [stdout] test engine::file_loader::tests::test_sanitize_filename_special_chars ... ok
[INFO] [stdout] test engine::file_loader::tests::test_sanitize_filename_windows_reserved ... ok
[INFO] [stdout] test engine::folder_tree::tests::folder_collapsed_hides_children ... ok
[INFO] [stdout] test engine::folder_tree::tests::folder_expanded_shows_children ... ok
[INFO] [stdout] test engine::folder_tree::tests::flat_pages_no_folders ... ok
[INFO] [stdout] test engine::file_loader::tests::test_content_hash_deterministic ... ok
[INFO] [stdout] test engine::file_loader::tests::test_title_from_path ... ok
[INFO] [stdout] test engine::folder_tree::tests::collect_all_folders_works ... ok
[INFO] [stdout] test engine::file_loader::tests::test_slug_from_path_backslashes ... FAILED
[INFO] [stdout] test engine::file_loader::tests::test_sanitize_filename_leading_trailing_dots ... ok
[INFO] [stdout] test engine::folder_tree::tests::folders_sorted_before_pages ... ok
[INFO] [stdout] test engine::force_layout::tests::test_single_node ... ok
[INFO] [stdout] test engine::graph::tests::test_backlinks ... ok
[INFO] [stdout] test engine::force_layout::tests::test_empty_graph ... ok
[INFO] [stdout] test engine::folder_tree::tests::nested_folders ... ok
[INFO] [stdout] test engine::folder_tree::tests::placeholders_at_root ... ok
[INFO] [stdout] test engine::force_layout::tests::test_layout_is_centered ... ok
[INFO] [stdout] test engine::force_layout::tests::test_two_connected_nodes_separate ... ok
[INFO] [stdout] test engine::graph::tests::test_add_nodes_and_edges ... ok
[INFO] [stdout] test engine::graph::tests::test_backlinks_sorted ... ok
[INFO] [stdout] test engine::graph::tests::test_degree ... ok
[INFO] [stdout] test engine::graph::tests::test_batch_orphan_cleanup ... ok
[INFO] [stdout] test engine::graph::tests::test_cleanup_orphaned_placeholders ... ok
[INFO] [stdout] test engine::graph::tests::test_placeholder_creation ... ok
[INFO] [stdout] test engine::graph::tests::test_duplicate_targets_deduplicated ... ok
[INFO] [stdout] test engine::graph::tests::test_set_outgoing_replaces ... ok
[INFO] [stdout] test engine::graph::tests::test_remove_node_cleans_edges ... ok
[INFO] [stdout] test engine::link_parser::tests::test_extract_h1_basic ... ok
[INFO] [stdout] test engine::link_parser::tests::test_empty_link_ignored ... ok
[INFO] [stdout] test engine::graph::tests::test_set_outgoing_edges_missing_source_is_noop ... ok
[INFO] [stdout] test engine::link_parser::tests::test_extract_alias ... ok
[INFO] [stdout] test engine::graph::tests::test_forward_links_sorted ... ok
[INFO] [stdout] test engine::graph::tests::test_full_graph_sorted ... ok
[INFO] [stderr] error: test failed, to rerun pass `--lib`
[INFO] [stdout] test engine::link_parser::tests::test_extract_h1_empty_content ... ok
[INFO] [stdout] test engine::link_parser::tests::test_extract_h1_ignores_deep_h1 ... ok
[INFO] [stdout] test engine::link_parser::tests::test_extract_h1_ignores_h2 ... ok
[INFO] [stdout] test engine::link_parser::tests::test_extract_h1_none_without_h1 ... ok
[INFO] [stdout] test engine::link_parser::tests::test_extract_h1_with_leading_blanks ... ok
[INFO] [stdout] test engine::link_parser::tests::test_extract_in_fenced_code_block ... ok
[INFO] [stdout] test engine::link_parser::tests::test_extract_multiple ... ok
[INFO] [stdout] test engine::link_parser::tests::test_extract_in_inline_code ... ok
[INFO] [stdout] test engine::link_parser::tests::test_extract_skips_tilde_fence ... ok
[INFO] [stdout] test engine::link_parser::tests::test_nested_brackets_no_panic ... ok
[INFO] [stdout] test engine::link_parser::tests::test_replace_preserves_alias ... ok
[INFO] [stdout] test engine::link_parser::tests::test_replace_simple ... ok
[INFO] [stdout] test engine::link_parser::tests::test_replace_skips_indented_code_block ... ok
[INFO] [stdout] test engine::link_parser::tests::test_replace_skips_code_block ... ok
[INFO] [stdout] test engine::link_parser::tests::test_extract_skips_indented_code_block ... ok
[INFO] [stdout] test engine::link_parser::tests::test_replace_skips_inline_code ... ok
[INFO] [stdout] test engine::link_parser::tests::test_extract_line_numbers ... ok
[INFO] [stdout] test engine::link_parser::tests::test_slugify_double_slash ... ok
[INFO] [stdout] test engine::link_parser::tests::test_slugify_basic ... ok
[INFO] [stdout] test engine::link_parser::tests::test_extract_simple ... ok
[INFO] [stdout] test engine::link_parser::tests::test_extract_skips_multi_backtick_inline ... ok
[INFO] [stdout] test engine::link_parser::tests::test_slugify_idempotent ... ok
[INFO] [stdout] test engine::link_parser::tests::test_slugify_leading_trailing_slash ... ok
[INFO] [stdout] test engine::link_parser::tests::test_slugify_punctuation_only ... ok
[INFO] [stdout] test engine::link_parser::tests::test_slugify_slash_only ... ok
[INFO] [stdout] test engine::link_parser::tests::test_slugify_special_chars ... ok
[INFO] [stdout] test engine::link_parser::tests::test_slugify_underscores ... ok
[INFO] [stdout] test engine::link_parser::tests::test_slugify_unicode ... ok
[INFO] [stdout] test engine::link_parser::tests::test_slugify_whitespace ... ok
[INFO] [stdout] test engine::link_parser::tests::test_slugify_spaces_only ... ok
[INFO] [stdout] test engine::link_parser::tests::test_title_from_slug_basic ... ok
[INFO] [stdout] test engine::link_parser::tests::test_title_from_slug_single_word ... ok
[INFO] [stdout] test engine::link_parser::tests::test_slugify_folder ... ok
[INFO] [stdout] test engine::file_loader::tests::test_slug_from_path ... ok
[INFO] [stdout] test engine::link_parser::tests::test_title_from_slug_with_folder ... ok
[INFO] [stdout] test engine::search::tests::test_sanitize_fts_query ... ok
[INFO] [stdout] 
[INFO] [stdout] failures:
[INFO] [stdout] 
[INFO] [stdout] ---- engine::file_loader::tests::test_slug_from_path_backslashes stdout ----
[INFO] [stdout] 
[INFO] [stdout] thread 'engine::file_loader::tests::test_slug_from_path_backslashes' (1126) panicked at src/engine/file_loader.rs:291:9:
[INFO] [stdout] assertion `left == right` failed
[INFO] [stdout]   left: "notesmy-page"
[INFO] [stdout]  right: "notes/my-page"
[INFO] [stdout] stack backtrace:
[INFO] [stdout]    0:     0x56846a706411 - <<std[617be2ca0a6fd877]::sys::backtrace::BacktraceLock>::print::DisplayBacktrace as core[a373ad73a504971]::fmt::Display>::fmt
[INFO] [stdout]    1:     0x56846a71d33a - core[a373ad73a504971]::fmt::write
[INFO] [stdout]    2:     0x56846a70a6dc - <alloc[2e1b2a31b91974c5]::vec::Vec<u8> as core[a373ad73a504971]::io::write::Write>::write_fmt
[INFO] [stdout]    3:     0x56846a6e26f6 - std[617be2ca0a6fd877]::panicking::default_hook::{closure#0}
[INFO] [stdout]    4:     0x56846a6fea89 - std[617be2ca0a6fd877]::panicking::default_hook
[INFO] [stdout]    5:     0x56846a5b9140 - test[aada8e7e76ba119b]::test_main_inner::{closure#0}
[INFO] [stdout]    6:     0x56846a6fec42 - std[617be2ca0a6fd877]::panicking::panic_with_hook
[INFO] [stdout]    7:     0x56846a6e27a2 - std[617be2ca0a6fd877]::panicking::panic_handler::{closure#0}
[INFO] [stdout]    8:     0x56846a6db489 - std[617be2ca0a6fd877]::sys::backtrace::__rust_end_short_backtrace::<std[617be2ca0a6fd877]::panicking::panic_handler::{closure#0}, !>
[INFO] [stdout]    9:     0x56846a6e33ad - __rustc[ea4f61d10b84890b]::rust_begin_unwind
[INFO] [stdout]   10:     0x56846a71db1c - core[a373ad73a504971]::panicking::panic_fmt
[INFO] [stdout]   11:     0x56846a71da33 - core[a373ad73a504971]::panicking::assert_failed_inner
[INFO] [stdout]   12:     0x56846a5a0373 - core[a373ad73a504971]::panicking::assert_failed::<alloc[2e1b2a31b91974c5]::string::String, &str>
[INFO] [stdout]   13:     0x56846a58aa2c - <lore_engine[becb04e986c67bc7]::engine::file_loader::tests::test_slug_from_path_backslashes::{closure#0} as core[a373ad73a504971]::ops::function::FnOnce<()>>::call_once
[INFO] [stdout]   14:     0x56846a5ac58b - test[aada8e7e76ba119b]::__rust_begin_short_backtrace::<core[a373ad73a504971]::result::Result<(), alloc[2e1b2a31b91974c5]::string::String>, fn() -> core[a373ad73a504971]::result::Result<(), alloc[2e1b2a31b91974c5]::string::String>>
[INFO] [stdout]   15:     0x56846a5b9765 - test[aada8e7e76ba119b]::run_test::{closure#0}
[INFO] [stdout]   16:     0x56846a5b3054 - std[617be2ca0a6fd877]::sys::backtrace::__rust_begin_short_backtrace::<test[aada8e7e76ba119b]::run_test::{closure#1}, ()>
[INFO] [stdout]   17:     0x56846a5bc7f2 - <std[617be2ca0a6fd877]::thread::lifecycle::spawn_unchecked<test[aada8e7e76ba119b]::run_test::{closure#1}, ()>::{closure#1} as core[a373ad73a504971]::ops::function::FnOnce<()>>::call_once::{shim:vtable#0}
[INFO] [stdout]   18:     0x56846a705c6f - <std[617be2ca0a6fd877]::sys::thread::unix::Thread>::new::thread_start
[INFO] [stdout]   19:     0x7eb1409ecdfa - <unknown>
[INFO] [stdout]   20:     0x7eb140a803d4 - clone
[INFO] [stdout]   21:                0x0 - <unknown>
[INFO] [stdout] 
[INFO] [stdout] 
[INFO] [stdout] failures:
[INFO] [stdout]     engine::file_loader::tests::test_slug_from_path_backslashes
[INFO] [stdout] 
[INFO] [stdout] test result: FAILED. 70 passed; 1 failed; 0 ignored; 0 measured; 0 filtered out; finished in 0.01s
[INFO] [stdout] 
[INFO] running `Command { std: "docker" "inspect" "a70e0e15789fe9b534475bbdf7424f1af75fa235b13651eea72f910862127a6f", kill_on_drop: false }`
[INFO] running `Command { std: "docker" "rm" "-f" "a70e0e15789fe9b534475bbdf7424f1af75fa235b13651eea72f910862127a6f", kill_on_drop: false }`
[INFO] [stdout] a70e0e15789fe9b534475bbdf7424f1af75fa235b13651eea72f910862127a6f
