[INFO] fetching crate loq_fs 0.1.0...
[INFO] testing loq_fs-0.1.0 against 1.99.0-beta.8+cargoflags=--release for beta-release-1.100-2
[INFO] extracting crate loq_fs 0.1.0 into /workspace/builds/worker-7-tc1/source
[INFO] started tweaking crates.io crate loq_fs 0.1.0
[INFO] finished tweaking crates.io crate loq_fs 0.1.0
[INFO] tweaked toml for crates.io crate loq_fs 0.1.0 written to /workspace/builds/worker-7-tc1/source/Cargo.toml
[INFO] validating manifest of crates.io crate loq_fs 0.1.0 on toolchain 1.99.0-beta.8
[INFO] running `Command { std: CARGO_HOME="/workspace/cargo-home" RUSTUP_HOME="/workspace/rustup-home" "/workspace/cargo-home/bin/cargo" "+1.99.0-beta.8" "metadata" "--manifest-path" "Cargo.toml" "--no-deps", kill_on_drop: false }`
[INFO] crate crates.io crate loq_fs 0.1.0 already has a lockfile, it will not be regenerated
[INFO] running `Command { std: CARGO_HOME="/workspace/cargo-home" RUSTUP_HOME="/workspace/rustup-home" "/workspace/cargo-home/bin/cargo" "+1.99.0-beta.8" "fetch" "--manifest-path" "Cargo.toml", kill_on_drop: false }`
[INFO] [stderr]     Updating crates.io index
[INFO] [stderr]  Downloading crates ...
[INFO] [stderr]   Downloaded loq_core v0.1.0
[INFO] [stderr]   Downloaded serde_ignored v0.1.14
[INFO] [stderr]   Downloaded zerocopy v0.8.33
[INFO] [stderr]   Downloaded zerocopy-derive v0.8.33
[INFO] running `Command { std: "docker" "create" "-v" "/var/lib/crater-agent-workspace/builds/worker-7-tc1/source:/opt/rustwide/workdir:ro,Z" "-v" "/var/lib/crater-agent-workspace/builds/worker-7-tc1/target:/opt/rustwide/target:rw,Z" "-v" "/var/lib/crater-agent-workspace/cargo-home:/opt/rustwide/cargo-home:ro,Z" "-v" "/var/lib/crater-agent-workspace/rustup-home:/opt/rustwide/rustup-home:ro,Z" "-m" "1610612736" "--network" "none" "ghcr.io/rust-lang/crates-build-env/linux@sha256:77db811e55d90add9212f6832c23229e3de5f1c1f9905e8cb07319ea15df73ac" "sleep" "infinity", kill_on_drop: false }`
[INFO] [stdout] fe38ce9dfb1a412f3a44c3411f44ca531d1ae23d4cd2833183fc7d690f518ee7
[INFO] running `Command { std: "docker" "start" "fe38ce9dfb1a412f3a44c3411f44ca531d1ae23d4cd2833183fc7d690f518ee7", kill_on_drop: false }`
[INFO] running `Command { std: "docker" "inspect" "fe38ce9dfb1a412f3a44c3411f44ca531d1ae23d4cd2833183fc7d690f518ee7", kill_on_drop: false }`
[INFO] running `Command { std: "docker" "exec" "-e" "SOURCE_DIR=/opt/rustwide/workdir" "-e" "CARGO_HOME=/opt/rustwide/cargo-home" "-e" "RUSTUP_HOME=/opt/rustwide/rustup-home" "-e" "CARGO_TARGET_DIR=/opt/rustwide/target" "-w" "/opt/rustwide/workdir" "--user" "0:0" "fe38ce9dfb1a412f3a44c3411f44ca531d1ae23d4cd2833183fc7d690f518ee7" "/opt/rustwide/cargo-home/bin/cargo" "+1.99.0-beta.8" "metadata" "--no-deps" "--format-version=1", kill_on_drop: false }`
[INFO] running `Command { std: "docker" "inspect" "fe38ce9dfb1a412f3a44c3411f44ca531d1ae23d4cd2833183fc7d690f518ee7", kill_on_drop: false }`
[INFO] running `Command { std: "docker" "exec" "-e" "SOURCE_DIR=/opt/rustwide/workdir" "-e" "CARGO_HOME=/opt/rustwide/cargo-home" "-e" "RUSTUP_HOME=/opt/rustwide/rustup-home" "-e" "CARGO_TARGET_DIR=/opt/rustwide/target" "-e" "CARGO_INCREMENTAL=0" "-e" "RUST_BACKTRACE=full" "-e" "RUSTFLAGS=--cap-lints=warn" "-e" "RUSTDOCFLAGS=--cap-lints=warn" "-w" "/opt/rustwide/workdir" "--user" "0:0" "fe38ce9dfb1a412f3a44c3411f44ca531d1ae23d4cd2833183fc7d690f518ee7" "/opt/rustwide/cargo-home/bin/cargo" "+1.99.0-beta.8" "build" "--frozen" "--message-format=json" "--release", kill_on_drop: false }`
[INFO] [stderr]    Compiling memchr v2.7.6
[INFO] [stderr]    Compiling regex-syntax v0.8.8
[INFO] [stderr]    Compiling winnow v0.7.14
[INFO] [stderr]    Compiling toml_write v0.1.2
[INFO] [stderr]    Compiling zmij v1.0.12
[INFO] [stderr]    Compiling serde v1.0.228
[INFO] [stderr]    Compiling thiserror-impl v1.0.69
[INFO] [stderr]    Compiling serde_ignored v0.1.14
[INFO] [stderr]    Compiling rayon v1.11.0
[INFO] [stderr]    Compiling pathdiff v0.2.3
[INFO] [stderr]    Compiling aho-corasick v1.1.4
[INFO] [stderr]    Compiling bstr v1.12.1
[INFO] [stderr]    Compiling toml_datetime v0.6.11
[INFO] [stderr]    Compiling serde_spanned v0.6.9
[INFO] [stderr]    Compiling thiserror v1.0.69
[INFO] [stderr]    Compiling serde_json v1.0.149
[INFO] [stderr]    Compiling regex-automata v0.4.13
[INFO] [stderr]    Compiling toml_edit v0.22.27
[INFO] [stderr]    Compiling toml v0.8.23
[INFO] [stderr]    Compiling globset v0.4.18
[INFO] [stderr]    Compiling loq_core v0.1.0
[INFO] [stderr]    Compiling ignore v0.4.25
[INFO] [stderr]    Compiling loq_fs v0.1.0 (/opt/rustwide/workdir)
[INFO] [stderr]     Finished `release` profile [optimized] target(s) in 1m 13s
[INFO] running `Command { std: "docker" "inspect" "fe38ce9dfb1a412f3a44c3411f44ca531d1ae23d4cd2833183fc7d690f518ee7", kill_on_drop: false }`
[INFO] running `Command { std: "docker" "exec" "-e" "SOURCE_DIR=/opt/rustwide/workdir" "-e" "CARGO_HOME=/opt/rustwide/cargo-home" "-e" "RUSTUP_HOME=/opt/rustwide/rustup-home" "-e" "CARGO_TARGET_DIR=/opt/rustwide/target" "-e" "CARGO_INCREMENTAL=0" "-e" "RUST_BACKTRACE=full" "-e" "RUSTFLAGS=--cap-lints=warn" "-e" "RUSTDOCFLAGS=--cap-lints=warn" "-w" "/opt/rustwide/workdir" "--user" "0:0" "fe38ce9dfb1a412f3a44c3411f44ca531d1ae23d4cd2833183fc7d690f518ee7" "/opt/rustwide/cargo-home/bin/cargo" "+1.99.0-beta.8" "test" "--frozen" "--no-run" "--message-format=json" "--release", kill_on_drop: false }`
[INFO] [stderr]    Compiling syn v2.0.114
[INFO] [stderr]    Compiling zerocopy v0.8.33
[INFO] [stderr]    Compiling libc v0.2.180
[INFO] [stderr]    Compiling either v1.15.0
[INFO] [stderr]    Compiling num-traits v0.2.19
[INFO] [stderr]    Compiling clap_lex v0.7.6
[INFO] [stderr]    Compiling plotters-backend v0.3.7
[INFO] [stderr]    Compiling cast v0.3.0
[INFO] [stderr]    Compiling rayon v1.11.0
[INFO] [stderr]    Compiling itertools v0.10.5
[INFO] [stderr]    Compiling plotters-svg v0.3.7
[INFO] [stderr]    Compiling clap_builder v4.5.54
[INFO] [stderr]    Compiling bitflags v2.10.0
[INFO] [stderr]    Compiling rustix v1.1.3
[INFO] [stderr]    Compiling regex v1.12.2
[INFO] [stderr]    Compiling plotters v0.3.7
[INFO] [stderr]    Compiling getrandom v0.3.4
[INFO] [stderr]    Compiling is-terminal v0.4.17
[INFO] [stderr]    Compiling criterion-plot v0.5.0
[INFO] [stderr]    Compiling anes v0.1.6
[INFO] [stderr]    Compiling oorandom v11.1.5
[INFO] [stderr]    Compiling clap v4.5.54
[INFO] [stderr]    Compiling tempfile v3.24.0
[INFO] [stderr]    Compiling serde_derive v1.0.228
[INFO] [stderr]    Compiling zerocopy-derive v0.8.33
[INFO] [stderr]    Compiling thiserror-impl v1.0.69
[INFO] [stderr]    Compiling thiserror v1.0.69
[INFO] [stderr]    Compiling serde v1.0.228
[INFO] [stderr]    Compiling toml_datetime v0.6.11
[INFO] [stderr]    Compiling serde_spanned v0.6.9
[INFO] [stderr]    Compiling tinytemplate v1.2.1
[INFO] [stderr]    Compiling half v2.7.1
[INFO] [stderr]    Compiling toml_edit v0.22.27
[INFO] [stderr]    Compiling ciborium-ll v0.2.2
[INFO] [stderr]    Compiling ciborium v0.2.2
[INFO] [stderr]    Compiling criterion v0.5.1
[INFO] [stderr]    Compiling toml v0.8.23
[INFO] [stderr]    Compiling loq_core v0.1.0
[INFO] [stderr]    Compiling loq_fs v0.1.0 (/opt/rustwide/workdir)
[INFO] [stderr]     Finished `release` profile [optimized] target(s) in 1m 39s
[INFO] running `Command { std: "docker" "inspect" "fe38ce9dfb1a412f3a44c3411f44ca531d1ae23d4cd2833183fc7d690f518ee7", kill_on_drop: false }`
[INFO] running `Command { std: "docker" "exec" "-e" "SOURCE_DIR=/opt/rustwide/workdir" "-e" "CARGO_HOME=/opt/rustwide/cargo-home" "-e" "RUSTUP_HOME=/opt/rustwide/rustup-home" "-e" "CARGO_TARGET_DIR=/opt/rustwide/target" "-e" "CARGO_INCREMENTAL=0" "-e" "RUST_BACKTRACE=full" "-e" "RUSTFLAGS=--cap-lints=warn" "-e" "RUSTDOCFLAGS=--cap-lints=warn" "-w" "/opt/rustwide/workdir" "--user" "0:0" "fe38ce9dfb1a412f3a44c3411f44ca531d1ae23d4cd2833183fc7d690f518ee7" "/opt/rustwide/cargo-home/bin/cargo" "+1.99.0-beta.8" "test" "--frozen" "--release", kill_on_drop: false }`
[INFO] [stderr]     Finished `release` profile [optimized] target(s) in 0.13s
[INFO] [stderr]      Running unittests src/lib.rs (/opt/rustwide/target/release/deps/loq_fs-185fa04d0453bdec)
[INFO] [stdout] 
[INFO] [stdout] running 57 tests
[INFO] [stdout] test cache::tests::config_change_invalidates_cache ... ok
[INFO] [stdout] test cache::tests::empty_cache_returns_none ... ok
[INFO] [stdout] test cache::tests::hash_config_changes_with_default ... ok
[INFO] [stdout] test cache::tests::insert_and_get_binary ... ok
[INFO] [stdout] test cache::tests::insert_and_get_text ... ok
[INFO] [stdout] test cache::tests::mtime_mismatch_returns_none ... ok
[INFO] [stdout] test cache::tests::no_save_when_unchanged ... ok
[INFO] [stdout] test count::tests::count_large_file_multiple_chunks ... ok
[INFO] [stdout] test count::tests::binary_detection_first_chunk ... ok
[INFO] [stdout] test count::tests::count_large_file_no_trailing_newline ... ok
[INFO] [stdout] test count::tests::binary_detection_only_checks_first_chunk ... ok
[INFO] [stdout] test cache::tests::old_cache_version_is_discarded_and_rebuilt_as_v2 ... ok
[INFO] [stdout] test count::tests::count_empty_file ... ok
[INFO] [stdout] test cache::tests::save_and_load_roundtrip ... ok
[INFO] [stdout] test count::tests::count_no_trailing_newline ... ok
[INFO] [stdout] test count::tests::crlf_line_endings_counted_by_lf ... ok
[INFO] [stdout] test count::tests::unreadable_path_returns_unreadable ... ok
[INFO] [stdout] test count::tests::count_multiple_lines ... ok
[INFO] [stdout] test count::tests::count_multiple_lines_no_trailing_newline ... ok
[INFO] [stdout] test count::tests::missing_file_returns_missing ... ok
[INFO] [stdout] test count::tests::mixed_line_endings ... ok
[INFO] [stdout] test stdin::tests::absolute_paths_preserved ... ok
[INFO] [stdout] test stdin::tests::preserves_leading_and_trailing_spaces ... ok
[INFO] [stdout] test stdin::tests::reads_stdin_list ... ok
[INFO] [stdout] test discover::tests::finds_config_in_current_dir ... ok
[INFO] [stdout] test discover::tests::finds_config_in_parent_dir ... ok
[INFO] [stdout] test discover::tests::directory_named_loq_toml_is_ignored ... ok
[INFO] [stdout] test tests::binary_and_unreadable_are_reported ... ok
[INFO] [stdout] test discover::tests::no_config_returns_none ... ok
[INFO] [stdout] test count::tests::count_trailing_newline ... ok
[INFO] [stdout] test count::tests::cr_only_not_counted_as_line ... ok
[INFO] [stdout] test tests::exactly_at_limit_passes ... ok
[INFO] [stdout] test tests::excluded_files_are_filtered_out ... ok
[INFO] [stdout] test tests::explicit_file_bypasses_gitignore ... ok
[INFO] [stdout] test tests::missing_config_file_returns_error ... ok
[INFO] [stdout] test tests::missing_files_reported ... ok
[INFO] [stdout] test tests::no_default_skips_files ... ok
[INFO] [stdout] test tests::gitignore_can_be_disabled ... ok
[INFO] [stdout] test tests::normalize_path_strips_leading_dot_slash ... ok
[INFO] [stdout] test tests::one_over_limit_violates ... ok
[INFO] [stdout] test tests::exclude_pattern_with_globstar ... ok
[INFO] [stdout] test walk::tests::exclude_pattern_filters_explicit_files ... ok
[INFO] [stdout] test walk::tests::expands_file_and_missing ... ok
[INFO] [stdout] test tests::explicit_files_bypass_gitignore_even_with_negation ... ok
[INFO] [stdout] test tests::directory_walk_respects_gitignore ... ok
[INFO] [stdout] test tests::gitignore_negation_works_in_directory_walk ... ok
[INFO] [stdout] test walk::tests::hardcoded_excludes_filter_explicit_loq_toml ... ok
[INFO] [stdout] test walk::tests::hardcoded_excludes_filter_loq_toml ... ok
[INFO] [stdout] test walk::tests::expands_directory ... ok
[INFO] [stdout] test walk::tests::exclude_pattern_filters_walked_files ... ok
[INFO] [stdout] test walk::tests::symlink_to_parent_dir_does_not_loop ... ok
[INFO] [stdout] test walk::tests::hardcoded_excludes_filter_loq_cache_dir ... ok
[INFO] [stdout] test walk::tests::walk_errors_are_reported_for_unreadable_dirs ... FAILED
[INFO] [stdout] test walk::tests::symlink_to_file_not_followed_by_default ... ok
[INFO] [stdout] test walk::tests::respects_gitignore_when_enabled ... ok
[INFO] [stdout] test walk::tests::includes_gitignored_when_disabled ... ok
[INFO] [stdout] test walk::tests::exclude_dotdir_pattern_without_leading_globstar ... ok
[INFO] [stdout] 
[INFO] [stdout] failures:
[INFO] [stdout] 
[INFO] [stdout] ---- walk::tests::walk_errors_are_reported_for_unreadable_dirs stdout ----
[INFO] [stdout] 
[INFO] [stdout] thread 'walk::tests::walk_errors_are_reported_for_unreadable_dirs' (1466) panicked at src/walk/tests.rs:198:5:
[INFO] [stdout] expected walk errors for unreadable directory
[INFO] [stdout] stack backtrace:
[INFO] [stdout]    0:     0x63719ef32471 - <<std[70759c8f55707aa4]::sys::backtrace::BacktraceLock>::print::DisplayBacktrace as core[df12db4294e9bfd3]::fmt::Display>::fmt
[INFO] [stdout]    1:     0x63719ef489ea - core[df12db4294e9bfd3]::fmt::write
[INFO] [stdout]    2:     0x63719ef36c4c - <alloc[2182bb758b4b3781]::vec::Vec<u8> as core[df12db4294e9bfd3]::io::write::Write>::write_fmt
[INFO] [stdout]    3:     0x63719ef0b846 - std[70759c8f55707aa4]::panicking::default_hook::{closure#0}
[INFO] [stdout]    4:     0x63719ef294d9 - std[70759c8f55707aa4]::panicking::default_hook
[INFO] [stdout]    5:     0x63719ed76cd0 - test[9d35eded1c95d3be]::test_main_inner::<test[9d35eded1c95d3be]::test_main_static::{closure#0}>::{closure#0}
[INFO] [stdout]    6:     0x63719ef29802 - std[70759c8f55707aa4]::panicking::panic_with_hook
[INFO] [stdout]    7:     0x63719ef0b924 - std[70759c8f55707aa4]::panicking::panic_handler::{closure#0}
[INFO] [stdout]    8:     0x63719ef042c9 - std[70759c8f55707aa4]::sys::backtrace::__rust_end_short_backtrace::<std[70759c8f55707aa4]::panicking::panic_handler::{closure#0}, !>
[INFO] [stdout]    9:     0x63719ef0c69d - __rustc[8fa7c3cbc660c2b3]::rust_begin_unwind
[INFO] [stdout]   10:     0x63719ef491cc - core[df12db4294e9bfd3]::panicking::panic_fmt
[INFO] [stdout]   11:     0x63719ed3b483 - loq_fs[28ce3957aabb332b]::walk::tests::walk_errors_are_reported_for_unreadable_dirs
[INFO] [stdout]   12:     0x63719ed53a39 - <loq_fs[28ce3957aabb332b]::walk::tests::walk_errors_are_reported_for_unreadable_dirs::{closure#0} as core[df12db4294e9bfd3]::ops::function::FnOnce<()>>::call_once
[INFO] [stdout]   13:     0x63719ed69fbb - test[9d35eded1c95d3be]::__rust_begin_short_backtrace::<core[df12db4294e9bfd3]::result::Result<(), alloc[2182bb758b4b3781]::string::String>, fn() -> core[df12db4294e9bfd3]::result::Result<(), alloc[2182bb758b4b3781]::string::String>>
[INFO] [stdout]   14:     0x63719ed77625 - test[9d35eded1c95d3be]::run_test::{closure#0}
[INFO] [stdout]   15:     0x63719ed70ee4 - std[70759c8f55707aa4]::sys::backtrace::__rust_begin_short_backtrace::<test[9d35eded1c95d3be]::run_test::{closure#1}, ()>
[INFO] [stdout]   16:     0x63719ed7a782 - <std[70759c8f55707aa4]::thread::lifecycle::spawn_unchecked<test[9d35eded1c95d3be]::run_test::{closure#1}, ()>::{closure#1} as core[df12db4294e9bfd3]::ops::function::FnOnce<()>>::call_once::{shim:vtable#0}
[INFO] [stdout]   17:     0x63719ef317d9 - <std[70759c8f55707aa4]::sys::thread::unix::Thread>::new::thread_start
[INFO] [stdout]   18:     0x7b1a81411dfa - <unknown>
[INFO] [stdout]   19:     0x7b1a814a53d4 - clone
[INFO] [stdout]   20:                0x0 - <unknown>
[INFO] [stdout] 
[INFO] [stdout] 
[INFO] [stdout] failures:
[INFO] [stdout]     walk::tests::walk_errors_are_reported_for_unreadable_dirs
[INFO] [stdout] 
[INFO] [stdout] test result: FAILED. 56 passed; 1 failed; 0 ignored; 0 measured; 0 filtered out; finished in 0.04s
[INFO] [stdout] 
[INFO] [stderr] error: test failed, to rerun pass `--lib`
[INFO] running `Command { std: "docker" "inspect" "fe38ce9dfb1a412f3a44c3411f44ca531d1ae23d4cd2833183fc7d690f518ee7", kill_on_drop: false }`
[INFO] running `Command { std: "docker" "rm" "-f" "fe38ce9dfb1a412f3a44c3411f44ca531d1ae23d4cd2833183fc7d690f518ee7", kill_on_drop: false }`
[INFO] [stdout] fe38ce9dfb1a412f3a44c3411f44ca531d1ae23d4cd2833183fc7d690f518ee7
