[INFO] fetching crate looking-glass-derive 0.1.4...
[INFO] testing looking-glass-derive-0.1.4 against 1.100.0-beta.1+cargoflags=--release for beta-release-1.100-2
[INFO] extracting crate looking-glass-derive 0.1.4 into /workspace/builds/worker-7-tc2/source
[INFO] started tweaking crates.io crate looking-glass-derive 0.1.4
[INFO] removed 0 missing tests
[INFO] finished tweaking crates.io crate looking-glass-derive 0.1.4
[INFO] tweaked toml for crates.io crate looking-glass-derive 0.1.4 written to /workspace/builds/worker-7-tc2/source/Cargo.toml
[INFO] validating manifest of crates.io crate looking-glass-derive 0.1.4 on toolchain 1.100.0-beta.1
[INFO] running `Command { std: CARGO_HOME="/workspace/cargo-home" RUSTUP_HOME="/workspace/rustup-home" "/workspace/cargo-home/bin/cargo" "+1.100.0-beta.1" "metadata" "--manifest-path" "Cargo.toml" "--no-deps", kill_on_drop: false }`
[INFO] crate crates.io crate looking-glass-derive 0.1.4 already has a lockfile, it will not be regenerated
[INFO] running `Command { std: CARGO_HOME="/workspace/cargo-home" RUSTUP_HOME="/workspace/rustup-home" "/workspace/cargo-home/bin/cargo" "+1.100.0-beta.1" "fetch" "--manifest-path" "Cargo.toml", kill_on_drop: false }`
[INFO] running `Command { std: "docker" "create" "-v" "/var/lib/crater-agent-workspace/builds/worker-7-tc2/source:/opt/rustwide/workdir:ro,Z" "-v" "/var/lib/crater-agent-workspace/builds/worker-7-tc2/target:/opt/rustwide/target:rw,Z" "-v" "/var/lib/crater-agent-workspace/cargo-home:/opt/rustwide/cargo-home:ro,Z" "-v" "/var/lib/crater-agent-workspace/rustup-home:/opt/rustwide/rustup-home:ro,Z" "-m" "1610612736" "--network" "none" "ghcr.io/rust-lang/crates-build-env/linux@sha256:77db811e55d90add9212f6832c23229e3de5f1c1f9905e8cb07319ea15df73ac" "sleep" "infinity", kill_on_drop: false }`
[INFO] [stdout] 643f4d13be99655ff334cb479b2c812c527a83f3df4d42f085fd7b4f0b8e6b41
[INFO] running `Command { std: "docker" "start" "643f4d13be99655ff334cb479b2c812c527a83f3df4d42f085fd7b4f0b8e6b41", kill_on_drop: false }`
[INFO] running `Command { std: "docker" "inspect" "643f4d13be99655ff334cb479b2c812c527a83f3df4d42f085fd7b4f0b8e6b41", kill_on_drop: false }`
[INFO] running `Command { std: "docker" "exec" "-e" "SOURCE_DIR=/opt/rustwide/workdir" "-e" "CARGO_HOME=/opt/rustwide/cargo-home" "-e" "RUSTUP_HOME=/opt/rustwide/rustup-home" "-e" "CARGO_TARGET_DIR=/opt/rustwide/target" "-w" "/opt/rustwide/workdir" "--user" "0:0" "643f4d13be99655ff334cb479b2c812c527a83f3df4d42f085fd7b4f0b8e6b41" "/opt/rustwide/cargo-home/bin/cargo" "+1.100.0-beta.1" "metadata" "--no-deps" "--format-version=1", kill_on_drop: false }`
[INFO] running `Command { std: "docker" "inspect" "643f4d13be99655ff334cb479b2c812c527a83f3df4d42f085fd7b4f0b8e6b41", kill_on_drop: false }`
[INFO] running `Command { std: "docker" "exec" "-e" "SOURCE_DIR=/opt/rustwide/workdir" "-e" "CARGO_HOME=/opt/rustwide/cargo-home" "-e" "RUSTUP_HOME=/opt/rustwide/rustup-home" "-e" "CARGO_TARGET_DIR=/opt/rustwide/target" "-e" "CARGO_INCREMENTAL=0" "-e" "RUST_BACKTRACE=full" "-e" "RUSTFLAGS=--cap-lints=warn" "-e" "RUSTDOCFLAGS=--cap-lints=warn" "-w" "/opt/rustwide/workdir" "--user" "0:0" "643f4d13be99655ff334cb479b2c812c527a83f3df4d42f085fd7b4f0b8e6b41" "/opt/rustwide/cargo-home/bin/cargo" "+1.100.0-beta.1" "build" "--frozen" "--message-format=json" "--release", kill_on_drop: false }`
[INFO] [stderr]    Compiling syn v1.0.109
[INFO] [stderr]    Compiling darling_core v0.12.4
[INFO] [stderr]    Compiling darling_macro v0.12.4
[INFO] [stderr]    Compiling darling v0.12.4
[INFO] [stderr]    Compiling looking-glass-derive v0.1.4 (/opt/rustwide/workdir)
[INFO] [stderr]     Finished `release` profile [optimized] target(s) in 9.65s
[INFO] running `Command { std: "docker" "inspect" "643f4d13be99655ff334cb479b2c812c527a83f3df4d42f085fd7b4f0b8e6b41", kill_on_drop: false }`
[INFO] running `Command { std: "docker" "exec" "-e" "SOURCE_DIR=/opt/rustwide/workdir" "-e" "CARGO_HOME=/opt/rustwide/cargo-home" "-e" "RUSTUP_HOME=/opt/rustwide/rustup-home" "-e" "CARGO_TARGET_DIR=/opt/rustwide/target" "-e" "CARGO_INCREMENTAL=0" "-e" "RUST_BACKTRACE=full" "-e" "RUSTFLAGS=--cap-lints=warn" "-e" "RUSTDOCFLAGS=--cap-lints=warn" "-w" "/opt/rustwide/workdir" "--user" "0:0" "643f4d13be99655ff334cb479b2c812c527a83f3df4d42f085fd7b4f0b8e6b41" "/opt/rustwide/cargo-home/bin/cargo" "+1.100.0-beta.1" "test" "--frozen" "--no-run" "--message-format=json" "--release", kill_on_drop: false }`
[INFO] [stderr]    Compiling target-triple v1.0.0
[INFO] [stderr]    Compiling syn v2.0.117
[INFO] [stderr]    Compiling winnow v0.7.15
[INFO] [stderr]    Compiling syn v1.0.109
[INFO] [stderr]    Compiling proc-macro2 v1.0.106
[INFO] [stderr]    Compiling serde_json v1.0.149
[INFO] [stderr]    Compiling toml_writer v1.0.6+spec-1.1.0
[INFO] [stderr]    Compiling toml_datetime v1.0.0+spec-1.1.0
[INFO] [stderr]    Compiling serde_spanned v1.0.4
[INFO] [stderr]    Compiling serde v1.0.228
[INFO] [stderr]    Compiling ident_case v1.0.1
[INFO] [stderr]    Compiling memchr v2.8.0
[INFO] [stderr]    Compiling termcolor v1.4.1
[INFO] [stderr]    Compiling glob v0.3.3
[INFO] [stderr]    Compiling looking-glass-derive v0.1.4 (/opt/rustwide/workdir)
[INFO] [stderr]    Compiling quote v1.0.45
[INFO] [stderr]    Compiling toml_parser v1.0.9+spec-1.1.0
[INFO] [stderr]    Compiling serde_derive v1.0.228
[INFO] [stderr]    Compiling toml v1.0.6+spec-1.1.0
[INFO] [stderr]    Compiling trybuild v1.0.116
[INFO] [stderr]    Compiling darling_core v0.12.4
[INFO] [stderr]    Compiling darling v0.12.4
[INFO] [stderr]     Finished `release` profile [optimized] target(s) in 45.65s
[INFO] running `Command { std: "docker" "inspect" "643f4d13be99655ff334cb479b2c812c527a83f3df4d42f085fd7b4f0b8e6b41", kill_on_drop: false }`
[INFO] running `Command { std: "docker" "exec" "-e" "SOURCE_DIR=/opt/rustwide/workdir" "-e" "CARGO_HOME=/opt/rustwide/cargo-home" "-e" "RUSTUP_HOME=/opt/rustwide/rustup-home" "-e" "CARGO_TARGET_DIR=/opt/rustwide/target" "-e" "CARGO_INCREMENTAL=0" "-e" "RUST_BACKTRACE=full" "-e" "RUSTFLAGS=--cap-lints=warn" "-e" "RUSTDOCFLAGS=--cap-lints=warn" "-w" "/opt/rustwide/workdir" "--user" "0:0" "643f4d13be99655ff334cb479b2c812c527a83f3df4d42f085fd7b4f0b8e6b41" "/opt/rustwide/cargo-home/bin/cargo" "+1.100.0-beta.1" "test" "--frozen" "--release", kill_on_drop: false }`
[INFO] [stderr]     Finished `release` profile [optimized] target(s) in 0.12s
[INFO] [stderr]      Running unittests src/lib.rs (/opt/rustwide/target/release/build/looking-glass-derive/af41b6fab2becef8/out/looking_glass_derive-af41b6fab2becef8)
[INFO] [stdout] 
[INFO] [stderr]      Running tests/dynamic.rs (/opt/rustwide/target/release/build/looking-glass-derive/94bb998f62afe888/out/dynamic-94bb998f62afe888)
[INFO] [stdout] running 0 tests
[INFO] [stdout] 
[INFO] [stdout] test result: ok. 0 passed; 0 failed; 0 ignored; 0 measured; 0 filtered out; finished in 0.00s
[INFO] [stdout] 
[INFO] [stdout] 
[INFO] [stdout] running 1 test
[INFO] [stderr]    Compiling proc-macro2 v1.0.106
[INFO] [stderr]    Compiling quote v1.0.45
[INFO] [stderr]    Compiling syn v1.0.109
[INFO] [stderr]    Compiling unicode-ident v1.0.24
[INFO] [stderr]    Compiling ident_case v1.0.1
[INFO] [stderr]    Compiling strsim v0.10.0
[INFO] [stderr]    Compiling fnv v1.0.7
[INFO] [stderr]    Compiling darling_core v0.12.4
[INFO] [stderr]    Compiling darling_macro v0.12.4
[INFO] [stderr]    Compiling darling v0.12.4
[INFO] [stderr]    Compiling looking-glass-derive v0.1.4 (/opt/rustwide/workdir)
[INFO] [stderr]    Compiling looking-glass-derive-tests v0.0.0 (/opt/rustwide/target/tests/trybuild/looking-glass-derive)
[INFO] [stderr]     Finished `dev` profile [unoptimized + debuginfo] target(s) in 13.07s
[INFO] [stderr] 
[INFO] [stderr] 
[INFO] [stderr] test tests/ui/struct.rs ... error
[INFO] [stderr] ┈┈┈┈┈┈┈┈┈┈┈┈┈┈┈┈┈┈┈┈┈┈┈┈┈┈┈┈┈┈┈┈┈┈┈┈┈┈┈┈┈┈┈┈┈┈┈┈┈┈┈┈┈┈┈┈┈┈┈┈
[INFO] [stderr] error[E0432]: unresolved import `looking_glass`
[INFO] [stderr]  --> tests/ui/struct.rs:3:10
[INFO] [stderr]   |
[INFO] [stderr] 3 | #[derive(Instance, Clone, PartialEq)]
[INFO] [stderr]   |          ^^^^^^^^ use of unresolved module or unlinked crate `looking_glass`
[INFO] [stderr]   |
[INFO] [stderr]   = help: if you wanted to use a crate named `looking_glass`, use `cargo add looking_glass` to add it to your `Cargo.toml`
[INFO] [stderr]   = note: this error originates in the derive macro `Instance` (in Nightly builds, run with -Z macro-backtrace for more info)
[INFO] [stderr] 
[INFO] [stderr] error[E0432]: unresolved import `looking_glass`
[INFO] [stderr]  --> tests/ui/struct.rs:9:10
[INFO] [stderr]   |
[INFO] [stderr] 9 | #[derive(Instance, Clone, PartialEq)]
[INFO] [stderr]   |          ^^^^^^^^ use of unresolved module or unlinked crate `looking_glass`
[INFO] [stderr]   |
[INFO] [stderr]   = help: if you wanted to use a crate named `looking_glass`, use `cargo add looking_glass` to add it to your `Cargo.toml`
[INFO] [stderr]   = note: this error originates in the derive macro `Instance` (in Nightly builds, run with -Z macro-backtrace for more info)
[INFO] [stderr] 
[INFO] [stderr] error[E0432]: unresolved import `looking_glass`
[INFO] [stderr]   --> tests/ui/struct.rs:20:10
[INFO] [stderr]    |
[INFO] [stderr] 20 | #[derive(Instance, Clone, PartialEq)]
[INFO] [stderr]    |          ^^^^^^^^ use of unresolved module or unlinked crate `looking_glass`
[INFO] [stderr]    |
[INFO] [stderr]    = help: if you wanted to use a crate named `looking_glass`, use `cargo add looking_glass` to add it to your `Cargo.toml`
[INFO] [stderr]    = note: this error originates in the derive macro `Instance` (in Nightly builds, run with -Z macro-backtrace for more info)
[INFO] [stderr] 
[INFO] [stderr] error[E0432]: unresolved import `looking_glass`
[INFO] [stderr]   --> tests/ui/struct.rs:27:10
[INFO] [stderr]    |
[INFO] [stderr] 27 | #[derive(Instance, Clone, PartialEq)]
[INFO] [stderr]    |          ^^^^^^^^ use of unresolved module or unlinked crate `looking_glass`
[INFO] [stderr]    |
[INFO] [stderr]    = help: if you wanted to use a crate named `looking_glass`, use `cargo add looking_glass` to add it to your `Cargo.toml`
[INFO] [stderr]    = note: this error originates in the derive macro `Instance` (in Nightly builds, run with -Z macro-backtrace for more info)
[INFO] [stderr] 
[INFO] [stderr] error[E0433]: cannot find module or crate `looking_glass` in this scope
[INFO] [stderr]  --> tests/ui/struct.rs:3:10
[INFO] [stderr]   |
[INFO] [stderr] 3 | #[derive(Instance, Clone, PartialEq)]
[INFO] [stderr]   |          ^^^^^^^^ use of unresolved module or unlinked crate `looking_glass`
[INFO] [stderr]   |
[INFO] [stderr]   = help: if you wanted to use a crate named `looking_glass`, use `cargo add looking_glass` to add it to your `Cargo.toml`
[INFO] [stderr]   = note: this error originates in the derive macro `Instance` (in Nightly builds, run with -Z macro-backtrace for more info)
[INFO] [stderr] 
[INFO] [stderr] error[E0433]: cannot find module or crate `looking_glass` in this scope
[INFO] [stderr]  --> tests/ui/struct.rs:9:10
[INFO] [stderr]   |
[INFO] [stderr] 9 | #[derive(Instance, Clone, PartialEq)]
[INFO] [stderr]   |          ^^^^^^^^ use of unresolved module or unlinked crate `looking_glass`
[INFO] [stderr]   |
[INFO] [stderr]   = help: if you wanted to use a crate named `looking_glass`, use `cargo add looking_glass` to add it to your `Cargo.toml`
[INFO] [stderr]   = note: this error originates in the derive macro `Instance` (in Nightly builds, run with -Z macro-backtrace for more info)
[INFO] [stderr] 
[INFO] [stderr] error[E0433]: cannot find module or crate `looking_glass` in this scope
[INFO] [stderr]   --> tests/ui/struct.rs:20:10
[INFO] [stderr]    |
[INFO] [stderr] 20 | #[derive(Instance, Clone, PartialEq)]
[INFO] [stderr]    |          ^^^^^^^^ use of unresolved module or unlinked crate `looking_glass`
[INFO] [stderr]    |
[INFO] [stderr]    = help: if you wanted to use a crate named `looking_glass`, use `cargo add looking_glass` to add it to your `Cargo.toml`
[INFO] [stderr]    = note: this error originates in the derive macro `Instance` (in Nightly builds, run with -Z macro-backtrace for more info)
[INFO] [stderr] 
[INFO] [stderr] error[E0433]: cannot find module or crate `looking_glass` in this scope
[INFO] [stderr]   --> tests/ui/struct.rs:27:10
[INFO] [stderr]    |
[INFO] [stderr] 27 | #[derive(Instance, Clone, PartialEq)]
[INFO] [stderr]    |          ^^^^^^^^ use of unresolved module or unlinked crate `looking_glass`
[INFO] [stderr]    |
[INFO] [stderr]    = help: if you wanted to use a crate named `looking_glass`, use `cargo add looking_glass` to add it to your `Cargo.toml`
[INFO] [stderr]    = note: this error originates in the derive macro `Instance` (in Nightly builds, run with -Z macro-backtrace for more info)
[INFO] [stderr] 
[INFO] [stderr] error[E0433]: cannot find module or crate `looking_glass` in this scope
[INFO] [stderr]  --> tests/ui/struct.rs:3:10
[INFO] [stderr]   |
[INFO] [stderr] 3 | #[derive(Instance, Clone, PartialEq)]
[INFO] [stderr]   |          ^^^^^^^^ use of unresolved module or unlinked crate `looking_glass`
[INFO] [stderr]   |
[INFO] [stderr]   = help: if you wanted to use a crate named `looking_glass`, use `cargo add looking_glass` to add it to your `Cargo.toml`
[INFO] [stderr]   = note: this error originates in the derive macro `Instance` (in Nightly builds, run with -Z macro-backtrace for more info)
[INFO] [stderr] help: consider importing one of these items
[INFO] [stderr]   |
[INFO] [stderr] 1 + use std::error::Error;
[INFO] [stderr]   |
[INFO] [stderr] 1 + use std::fmt::Error;
[INFO] [stderr]   |
[INFO] [stderr] 1 + use std::io::Error;
[INFO] [stderr]   |
[INFO] [stderr] 1 + use core::error::Error;
[INFO] [stderr]   |
[INFO] [stderr]   = and 1 other candidate
[INFO] [stderr] 
[INFO] [stderr] error[E0433]: cannot find module or crate `looking_glass` in this scope
[INFO] [stderr]  --> tests/ui/struct.rs:9:10
[INFO] [stderr]   |
[INFO] [stderr] 9 | #[derive(Instance, Clone, PartialEq)]
[INFO] [stderr]   |          ^^^^^^^^ use of unresolved module or unlinked crate `looking_glass`
[INFO] [stderr]   |
[INFO] [stderr]   = help: if you wanted to use a crate named `looking_glass`, use `cargo add looking_glass` to add it to your `Cargo.toml`
[INFO] [stderr]   = note: this error originates in the derive macro `Instance` (in Nightly builds, run with -Z macro-backtrace for more info)
[INFO] [stderr] help: consider importing one of these items
[INFO] [stderr]   |
[INFO] [stderr] 1 + use std::error::Error;
[INFO] [stderr]   |
[INFO] [stderr] 1 + use std::fmt::Error;
[INFO] [stderr]   |
[INFO] [stderr] 1 + use std::io::Error;
[INFO] [stderr]   |
[INFO] [stderr] 1 + use core::error::Error;
[INFO] [stderr]   |
[INFO] [stderr]   = and 1 other candidate
[INFO] [stderr] ┈┈┈┈┈┈┈┈┈┈┈┈┈┈┈┈┈┈┈┈┈┈┈┈┈┈┈┈┈┈┈┈┈┈┈┈┈┈┈┈┈┈┈┈┈┈┈┈┈┈┈┈┈┈┈┈┈┈┈┈
[INFO] [stderr] 
[INFO] [stderr] 
[INFO] [stderr] 
[INFO] [stdout] test ui ... FAILED
[INFO] [stderr] error: test failed, to rerun pass `--test dynamic`
[INFO] [stdout] 
[INFO] [stdout] failures:
[INFO] [stdout] 
[INFO] [stdout] ---- ui stdout ----
[INFO] [stdout] 
[INFO] [stdout] thread 'ui' (840) panicked at /opt/rustwide/cargo-home/registry/src/index.crates.io-1949cf8c6b5b557f/trybuild-1.0.116/src/run.rs:102:13:
[INFO] [stdout] 1 of 1 tests failed
[INFO] [stdout] stack backtrace:
[INFO] [stdout]    0:     0x5b0bd9654e51 - <<std[617be2ca0a6fd877]::sys::backtrace::BacktraceLock>::print::DisplayBacktrace as core[a373ad73a504971]::fmt::Display>::fmt
[INFO] [stdout]    1:     0x5b0bd966b13a - core[a373ad73a504971]::fmt::write
[INFO] [stdout]    2:     0x5b0bd965969c - <alloc[2e1b2a31b91974c5]::vec::Vec<u8> as core[a373ad73a504971]::io::write::Write>::write_fmt
[INFO] [stdout]    3:     0x5b0bd962e2b6 - std[617be2ca0a6fd877]::panicking::default_hook::{closure#0}
[INFO] [stdout]    4:     0x5b0bd964c3f9 - std[617be2ca0a6fd877]::panicking::default_hook
[INFO] [stdout]    5:     0x5b0bd95e5a00 - test[aada8e7e76ba119b]::test_main_inner::{closure#0}
[INFO] [stdout]    6:     0x5b0bd964c5b2 - std[617be2ca0a6fd877]::panicking::panic_with_hook
[INFO] [stdout]    7:     0x5b0bd962e362 - std[617be2ca0a6fd877]::panicking::panic_handler::{closure#0}
[INFO] [stdout]    8:     0x5b0bd9626bb9 - std[617be2ca0a6fd877]::sys::backtrace::__rust_end_short_backtrace::<std[617be2ca0a6fd877]::panicking::panic_handler::{closure#0}, !>
[INFO] [stdout]    9:     0x5b0bd962ef6d - __rustc[ea4f61d10b84890b]::rust_begin_unwind
[INFO] [stdout]   10:     0x5b0bd966b8ac - core[a373ad73a504971]::panicking::panic_fmt
[INFO] [stdout]   11:     0x5b0bd9537abb - <trybuild[4e134e22be203fab]::Runner>::run
[INFO] [stdout]   12:     0x5b0bd953abd0 - <trybuild[4e134e22be203fab]::TestCases as core[a373ad73a504971]::ops::drop::Drop>::drop
[INFO] [stdout]   13:     0x5b0bd9530e28 - dynamic[b6d02356fd4e3e0e]::ui
[INFO] [stdout]   14:     0x5b0bd9531029 - <dynamic[b6d02356fd4e3e0e]::ui::{closure#0} as core[a373ad73a504971]::ops::function::FnOnce<()>>::call_once
[INFO] [stdout]   15:     0x5b0bd95d8e4b - test[aada8e7e76ba119b]::__rust_begin_short_backtrace::<core[a373ad73a504971]::result::Result<(), alloc[2e1b2a31b91974c5]::string::String>, fn() -> core[a373ad73a504971]::result::Result<(), alloc[2e1b2a31b91974c5]::string::String>>
[INFO] [stdout]   16:     0x5b0bd95e6025 - test[aada8e7e76ba119b]::run_test::{closure#0}
[INFO] [stdout]   17:     0x5b0bd95df914 - std[617be2ca0a6fd877]::sys::backtrace::__rust_begin_short_backtrace::<test[aada8e7e76ba119b]::run_test::{closure#1}, ()>
[INFO] [stdout]   18:     0x5b0bd95e90b2 - <std[617be2ca0a6fd877]::thread::lifecycle::spawn_unchecked<test[aada8e7e76ba119b]::run_test::{closure#1}, ()>::{closure#1} as core[a373ad73a504971]::ops::function::FnOnce<()>>::call_once::{shim:vtable#0}
[INFO] [stdout]   19:     0x5b0bd96540af - <std[617be2ca0a6fd877]::sys::thread::unix::Thread>::new::thread_start
[INFO] [stdout]   20:     0x763cb1e9cdfa - <unknown>
[INFO] [stdout]   21:     0x763cb1f303d4 - clone
[INFO] [stdout]   22:                0x0 - <unknown>
[INFO] [stdout] 
[INFO] [stdout] 
[INFO] [stdout] failures:
[INFO] [stdout]     ui
[INFO] [stdout] 
[INFO] [stdout] test result: FAILED. 0 passed; 1 failed; 0 ignored; 0 measured; 0 filtered out; finished in 22.41s
[INFO] [stdout] 
[INFO] running `Command { std: "docker" "inspect" "643f4d13be99655ff334cb479b2c812c527a83f3df4d42f085fd7b4f0b8e6b41", kill_on_drop: false }`
[INFO] running `Command { std: "docker" "rm" "-f" "643f4d13be99655ff334cb479b2c812c527a83f3df4d42f085fd7b4f0b8e6b41", kill_on_drop: false }`
[INFO] [stdout] 643f4d13be99655ff334cb479b2c812c527a83f3df4d42f085fd7b4f0b8e6b41
