[INFO] fetching crate loki_ui 0.1.7...
[INFO] testing loki_ui-0.1.7 against 1.100.0-beta.1+cargoflags=--release for beta-release-1.100-2
[INFO] extracting crate loki_ui 0.1.7 into /workspace/builds/worker-7-tc2/source
[INFO] started tweaking crates.io crate loki_ui 0.1.7
[INFO] finished tweaking crates.io crate loki_ui 0.1.7
[INFO] tweaked toml for crates.io crate loki_ui 0.1.7 written to /workspace/builds/worker-7-tc2/source/Cargo.toml
[INFO] validating manifest of crates.io crate loki_ui 0.1.7 on toolchain 1.100.0-beta.1
[INFO] running `Command { std: CARGO_HOME="/workspace/cargo-home" RUSTUP_HOME="/workspace/rustup-home" "/workspace/cargo-home/bin/cargo" "+1.100.0-beta.1" "metadata" "--manifest-path" "Cargo.toml" "--no-deps", kill_on_drop: false }`
[INFO] crate crates.io crate loki_ui 0.1.7 already has a lockfile, it will not be regenerated
[INFO] running `Command { std: CARGO_HOME="/workspace/cargo-home" RUSTUP_HOME="/workspace/rustup-home" "/workspace/cargo-home/bin/cargo" "+1.100.0-beta.1" "fetch" "--manifest-path" "Cargo.toml", kill_on_drop: false }`
[INFO] running `Command { std: "docker" "create" "-v" "/var/lib/crater-agent-workspace/builds/worker-7-tc2/source:/opt/rustwide/workdir:ro,Z" "-v" "/var/lib/crater-agent-workspace/builds/worker-7-tc2/target:/opt/rustwide/target:rw,Z" "-v" "/var/lib/crater-agent-workspace/cargo-home:/opt/rustwide/cargo-home:ro,Z" "-v" "/var/lib/crater-agent-workspace/rustup-home:/opt/rustwide/rustup-home:ro,Z" "-m" "1610612736" "--network" "none" "ghcr.io/rust-lang/crates-build-env/linux@sha256:77db811e55d90add9212f6832c23229e3de5f1c1f9905e8cb07319ea15df73ac" "sleep" "infinity", kill_on_drop: false }`
[INFO] [stdout] 9116b501339ed5be4b9891b7cf1f62788da28dd35e39e0a9b4cb5e13be3d004d
[INFO] running `Command { std: "docker" "start" "9116b501339ed5be4b9891b7cf1f62788da28dd35e39e0a9b4cb5e13be3d004d", kill_on_drop: false }`
[INFO] running `Command { std: "docker" "inspect" "9116b501339ed5be4b9891b7cf1f62788da28dd35e39e0a9b4cb5e13be3d004d", kill_on_drop: false }`
[INFO] running `Command { std: "docker" "exec" "-e" "SOURCE_DIR=/opt/rustwide/workdir" "-e" "CARGO_HOME=/opt/rustwide/cargo-home" "-e" "RUSTUP_HOME=/opt/rustwide/rustup-home" "-e" "CARGO_TARGET_DIR=/opt/rustwide/target" "-w" "/opt/rustwide/workdir" "--user" "0:0" "9116b501339ed5be4b9891b7cf1f62788da28dd35e39e0a9b4cb5e13be3d004d" "/opt/rustwide/cargo-home/bin/cargo" "+1.100.0-beta.1" "metadata" "--no-deps" "--format-version=1", kill_on_drop: false }`
[INFO] running `Command { std: "docker" "inspect" "9116b501339ed5be4b9891b7cf1f62788da28dd35e39e0a9b4cb5e13be3d004d", kill_on_drop: false }`
[INFO] running `Command { std: "docker" "exec" "-e" "SOURCE_DIR=/opt/rustwide/workdir" "-e" "CARGO_HOME=/opt/rustwide/cargo-home" "-e" "RUSTUP_HOME=/opt/rustwide/rustup-home" "-e" "CARGO_TARGET_DIR=/opt/rustwide/target" "-e" "CARGO_INCREMENTAL=0" "-e" "RUST_BACKTRACE=full" "-e" "RUSTFLAGS=--cap-lints=warn" "-e" "RUSTDOCFLAGS=--cap-lints=warn" "-w" "/opt/rustwide/workdir" "--user" "0:0" "9116b501339ed5be4b9891b7cf1f62788da28dd35e39e0a9b4cb5e13be3d004d" "/opt/rustwide/cargo-home/bin/cargo" "+1.100.0-beta.1" "build" "--frozen" "--message-format=json" "--release", kill_on_drop: false }`
[INFO] [stderr]    Compiling proc-macro2 v1.0.78
[INFO] [stderr]    Compiling unicode-ident v1.0.12
[INFO] [stderr]    Compiling libc v0.2.153
[INFO] [stderr]    Compiling cfg-if v1.0.0
[INFO] [stderr]    Compiling once_cell v1.19.0
[INFO] [stderr]    Compiling autocfg v1.1.0
[INFO] [stderr]    Compiling version_check v0.9.4
[INFO] [stderr]    Compiling serde v1.0.197
[INFO] [stderr]    Compiling zerocopy v0.7.32
[INFO] [stderr]    Compiling syn v1.0.109
[INFO] [stderr]    Compiling allocator-api2 v0.2.16
[INFO] [stderr]    Compiling rustversion v1.0.14
[INFO] [stderr]    Compiling vcpkg v0.2.15
[INFO] [stderr]    Compiling pkg-config v0.3.30
[INFO] [stderr]    Compiling cc v1.0.87
[INFO] [stderr]    Compiling log v0.4.20
[INFO] [stderr]    Compiling signal-hook v0.3.17
[INFO] [stderr]    Compiling anyhow v1.0.80
[INFO] [stderr]    Compiling parking_lot_core v0.9.9
[INFO] [stderr]    Compiling bitflags v2.4.2
[INFO] [stderr]    Compiling ryu v1.0.17
[INFO] [stderr]    Compiling smallvec v1.13.1
[INFO] [stderr]    Compiling ahash v0.8.9
[INFO] [stderr]    Compiling either v1.10.0
[INFO] [stderr]    Compiling tinyvec_macros v0.1.1
[INFO] [stderr]    Compiling scopeguard v1.2.0
[INFO] [stderr]    Compiling itoa v1.0.10
[INFO] [stderr]    Compiling tinyvec v1.6.0
[INFO] [stderr]    Compiling lock_api v0.4.11
[INFO] [stderr]    Compiling openssl v0.10.64
[INFO] [stderr]    Compiling itertools v0.10.5
[INFO] [stderr]    Compiling heck v0.4.1
[INFO] [stderr]    Compiling equivalent v1.0.1
[INFO] [stderr]    Compiling foreign-types-shared v0.1.1
[INFO] [stderr]    Compiling paste v1.0.14
[INFO] [stderr]    Compiling foreign-types v0.3.2
[INFO] [stderr]    Compiling num-traits v0.2.18
[INFO] [stderr]    Compiling hashbrown v0.14.3
[INFO] [stderr]    Compiling thiserror v1.0.57
[INFO] [stderr]    Compiling castaway v0.2.2
[INFO] [stderr]    Compiling static_assertions v1.1.0
[INFO] [stderr]    Compiling option-ext v0.2.0
[INFO] [stderr]    Compiling unicode-bidi v0.3.15
[INFO] [stderr]    Compiling bytes v1.5.0
[INFO] [stderr]    Compiling native-tls v0.2.11
[INFO] [stderr]    Compiling serde_json v1.0.114
[INFO] [stderr]    Compiling winnow v0.6.2
[INFO] [stderr]    Compiling percent-encoding v2.3.1
[INFO] [stderr]    Compiling itertools v0.12.1
[INFO] [stderr]    Compiling compact_str v0.7.1
[INFO] [stderr]    Compiling unicode-width v0.1.11
[INFO] [stderr]    Compiling cassowary v0.3.0
[INFO] [stderr]    Compiling quote v1.0.35
[INFO] [stderr]    Compiling form_urlencoded v1.2.1
[INFO] [stderr]    Compiling openssl-probe v0.1.5
[INFO] [stderr]    Compiling snap v1.1.1
[INFO] [stderr]    Compiling unicode-segmentation v1.11.0
[INFO] [stderr]    Compiling indoc v2.0.4
[INFO] [stderr]    Compiling syn v2.0.50
[INFO] [stderr]    Compiling openssl-sys v0.9.101
[INFO] [stderr]    Compiling base64 v0.21.7
[INFO] [stderr]    Compiling signal-hook-registry v1.4.1
[INFO] [stderr]    Compiling mio v0.8.10
[INFO] [stderr]    Compiling dirs-sys v0.4.1
[INFO] [stderr]    Compiling unicode-normalization v0.1.23
[INFO] [stderr]    Compiling indexmap v2.2.3
[INFO] [stderr]    Compiling lru v0.12.3
[INFO] [stderr]    Compiling parking_lot v0.12.1
[INFO] [stderr]    Compiling directories v5.0.1
[INFO] [stderr]    Compiling iana-time-zone v0.1.60
[INFO] [stderr]    Compiling idna v0.5.0
[INFO] [stderr]    Compiling chrono v0.4.34
[INFO] [stderr]    Compiling signal-hook-mio v0.2.3
[INFO] [stderr]    Compiling crossterm v0.27.0
[INFO] [stderr]    Compiling url v2.5.0
[INFO] [stderr]    Compiling prost-derive v0.11.9
[INFO] [stderr]    Compiling stability v0.1.1
[INFO] [stderr]    Compiling serde_derive v1.0.197
[INFO] [stderr]    Compiling openssl-macros v0.1.1
[INFO] [stderr]    Compiling strum_macros v0.26.1
[INFO] [stderr]    Compiling thiserror-impl v1.0.57
[INFO] [stderr]    Compiling prost v0.11.9
[INFO] [stderr]    Compiling prost-types v0.11.9
[INFO] [stderr]    Compiling strum v0.26.1
[INFO] [stderr]    Compiling ratatui v0.26.1
[INFO] [stderr]    Compiling loki-api v0.1.1
[INFO] [stderr]    Compiling tui-textarea v0.4.0
[INFO] [stderr]    Compiling serde_spanned v0.6.5
[INFO] [stderr]    Compiling toml_datetime v0.6.5
[INFO] [stderr]    Compiling envy v0.4.2
[INFO] [stderr]    Compiling toml_edit v0.22.6
[INFO] [stderr]    Compiling ureq v2.9.6
[INFO] [stderr]    Compiling toml v0.8.10
[INFO] [stderr]    Compiling confy v0.6.0
[INFO] [stderr]    Compiling loki_ui v0.1.7 (/opt/rustwide/workdir)
[INFO] [stderr]     Finished `release` profile [optimized] target(s) in 54.12s
[INFO] running `Command { std: "docker" "inspect" "9116b501339ed5be4b9891b7cf1f62788da28dd35e39e0a9b4cb5e13be3d004d", kill_on_drop: false }`
[INFO] running `Command { std: "docker" "exec" "-e" "SOURCE_DIR=/opt/rustwide/workdir" "-e" "CARGO_HOME=/opt/rustwide/cargo-home" "-e" "RUSTUP_HOME=/opt/rustwide/rustup-home" "-e" "CARGO_TARGET_DIR=/opt/rustwide/target" "-e" "CARGO_INCREMENTAL=0" "-e" "RUST_BACKTRACE=full" "-e" "RUSTFLAGS=--cap-lints=warn" "-e" "RUSTDOCFLAGS=--cap-lints=warn" "-w" "/opt/rustwide/workdir" "--user" "0:0" "9116b501339ed5be4b9891b7cf1f62788da28dd35e39e0a9b4cb5e13be3d004d" "/opt/rustwide/cargo-home/bin/cargo" "+1.100.0-beta.1" "test" "--frozen" "--no-run" "--message-format=json" "--release", kill_on_drop: false }`
[INFO] [stderr]    Compiling libc v0.2.153
[INFO] [stderr]    Compiling cfg-if v1.0.0
[INFO] [stderr]    Compiling once_cell v1.19.0
[INFO] [stderr]    Compiling zerocopy v0.7.32
[INFO] [stderr]    Compiling serde v1.0.197
[INFO] [stderr]    Compiling allocator-api2 v0.2.16
[INFO] [stderr]    Compiling log v0.4.20
[INFO] [stderr]    Compiling bitflags v2.4.2
[INFO] [stderr]    Compiling smallvec v1.13.1
[INFO] [stderr]    Compiling scopeguard v1.2.0
[INFO] [stderr]    Compiling tinyvec_macros v0.1.1
[INFO] [stderr]    Compiling itoa v1.0.10
[INFO] [stderr]    Compiling ryu v1.0.17
[INFO] [stderr]    Compiling foreign-types-shared v0.1.1
[INFO] [stderr]    Compiling equivalent v1.0.1
[INFO] [stderr]    Compiling tinyvec v1.6.0
[INFO] [stderr]    Compiling castaway v0.2.2
[INFO] [stderr]    Compiling either v1.10.0
[INFO] [stderr]    Compiling option-ext v0.2.0
[INFO] [stderr]    Compiling lock_api v0.4.11
[INFO] [stderr]    Compiling foreign-types v0.3.2
[INFO] [stderr]    Compiling static_assertions v1.1.0
[INFO] [stderr]    Compiling winnow v0.6.2
[INFO] [stderr]    Compiling bytes v1.5.0
[INFO] [stderr]    Compiling unicode-bidi v0.3.15
[INFO] [stderr]    Compiling percent-encoding v2.3.1
[INFO] [stderr]    Compiling strum v0.26.1
[INFO] [stderr]    Compiling compact_str v0.7.1
[INFO] [stderr]    Compiling cassowary v0.3.0
[INFO] [stderr]    Compiling itertools v0.12.1
[INFO] [stderr]    Compiling openssl-probe v0.1.5
[INFO] [stderr]    Compiling unicode-segmentation v1.11.0
[INFO] [stderr]    Compiling form_urlencoded v1.2.1
[INFO] [stderr]    Compiling unicode-width v0.1.11
[INFO] [stderr]    Compiling thiserror v1.0.57
[INFO] [stderr]    Compiling num-traits v0.2.18
[INFO] [stderr]    Compiling base64 v0.21.7
[INFO] [stderr]    Compiling iana-time-zone v0.1.60
[INFO] [stderr]    Compiling snap v1.1.1
[INFO] [stderr]    Compiling ahash v0.8.9
[INFO] [stderr]    Compiling unicode-normalization v0.1.23
[INFO] [stderr]    Compiling prost v0.11.9
[INFO] [stderr]    Compiling signal-hook-registry v1.4.1
[INFO] [stderr]    Compiling mio v0.8.10
[INFO] [stderr]    Compiling parking_lot_core v0.9.9
[INFO] [stderr]    Compiling hashbrown v0.14.3
[INFO] [stderr]    Compiling openssl-sys v0.9.101
[INFO] [stderr]    Compiling dirs-sys v0.4.1
[INFO] [stderr]    Compiling prost-types v0.11.9
[INFO] [stderr]    Compiling directories v5.0.1
[INFO] [stderr]    Compiling signal-hook v0.3.17
[INFO] [stderr]    Compiling parking_lot v0.12.1
[INFO] [stderr]    Compiling idna v0.5.0
[INFO] [stderr]    Compiling signal-hook-mio v0.2.3
[INFO] [stderr]    Compiling crossterm v0.27.0
[INFO] [stderr]    Compiling chrono v0.4.34
[INFO] [stderr]    Compiling indexmap v2.2.3
[INFO] [stderr]    Compiling lru v0.12.3
[INFO] [stderr]    Compiling url v2.5.0
[INFO] [stderr]    Compiling openssl v0.10.64
[INFO] [stderr]    Compiling loki-api v0.1.1
[INFO] [stderr]    Compiling ratatui v0.26.1
[INFO] [stderr]    Compiling serde_spanned v0.6.5
[INFO] [stderr]    Compiling toml_datetime v0.6.5
[INFO] [stderr]    Compiling serde_json v1.0.114
[INFO] [stderr]    Compiling envy v0.4.2
[INFO] [stderr]    Compiling toml_edit v0.22.6
[INFO] [stderr]    Compiling tui-textarea v0.4.0
[INFO] [stderr]    Compiling native-tls v0.2.11
[INFO] [stderr]    Compiling ureq v2.9.6
[INFO] [stderr]    Compiling toml v0.8.10
[INFO] [stderr]    Compiling confy v0.6.0
[INFO] [stderr]    Compiling loki_ui v0.1.7 (/opt/rustwide/workdir)
[INFO] [stderr]     Finished `release` profile [optimized] target(s) in 38.26s
[INFO] running `Command { std: "docker" "inspect" "9116b501339ed5be4b9891b7cf1f62788da28dd35e39e0a9b4cb5e13be3d004d", kill_on_drop: false }`
[INFO] running `Command { std: "docker" "exec" "-e" "SOURCE_DIR=/opt/rustwide/workdir" "-e" "CARGO_HOME=/opt/rustwide/cargo-home" "-e" "RUSTUP_HOME=/opt/rustwide/rustup-home" "-e" "CARGO_TARGET_DIR=/opt/rustwide/target" "-e" "CARGO_INCREMENTAL=0" "-e" "RUST_BACKTRACE=full" "-e" "RUSTFLAGS=--cap-lints=warn" "-e" "RUSTDOCFLAGS=--cap-lints=warn" "-w" "/opt/rustwide/workdir" "--user" "0:0" "9116b501339ed5be4b9891b7cf1f62788da28dd35e39e0a9b4cb5e13be3d004d" "/opt/rustwide/cargo-home/bin/cargo" "+1.100.0-beta.1" "test" "--frozen" "--release", kill_on_drop: false }`
[INFO] [stderr]     Finished `release` profile [optimized] target(s) in 0.25s
[INFO] [stderr]      Running unittests src/lib.rs (/opt/rustwide/target/release/build/loki_ui/334219f495e7ee27/out/loki_ui-334219f495e7ee27)
[INFO] [stdout] 
[INFO] [stdout] running 0 tests
[INFO] [stdout] 
[INFO] [stdout] test result: ok. 0 passed; 0 failed; 0 ignored; 0 measured; 0 filtered out; finished in 0.00s
[INFO] [stdout] 
[INFO] [stderr]      Running unittests src/main.rs (/opt/rustwide/target/release/build/loki_ui/7af954291ee5339c/out/loki_ui-7af954291ee5339c)
[INFO] [stderr]      Running tests/integration_test.rs (/opt/rustwide/target/release/build/loki_ui/8af9893b2e8a9b43/out/integration_test-8af9893b2e8a9b43)
[INFO] [stdout] 
[INFO] [stdout] running 0 tests
[INFO] [stdout] 
[INFO] [stdout] test result: ok. 0 passed; 0 failed; 0 ignored; 0 measured; 0 filtered out; finished in 0.00s
[INFO] [stdout] 
[INFO] [stdout] 
[INFO] [stdout] running 1 test
[INFO] [stdout] test main ... FAILED
[INFO] [stdout] 
[INFO] [stdout] failures:
[INFO] [stdout] 
[INFO] [stdout] ---- main stdout ----
[INFO] [stdout] 
[INFO] [stdout] thread 'main' (2280) panicked at tests/integration_test.rs:29:10:
[INFO] [stdout] called `Result::unwrap()` on an `Err` value: Error { source: Some(Transport(Transport { kind: ConnectionFailed, message: Some("Connect error"), url: Some(Url { scheme: "http", cannot_be_a_base: false, username: "", password: None, host: Some(Domain("localhost")), port: Some(3100), path: "/loki/api/v1/query_range", query: Some("start=1792301420&end=1792323020&limit=100&query=count_over_time%28%7Bjob%3D%22a%22%7D+%5B1h%5D%29"), fragment: None }), source: Some(Os { code: 111, kind: ConnectionRefused, message: "Connection refused" }) })), message: "Error receiving data from Loki" }
[INFO] [stdout] stack backtrace:
[INFO] [stdout]    0:     0x601f6b5f1317 - <unknown>
[INFO] [stdout]    1:     0x601f6b5cb214 - <unknown>
[INFO] [stdout]    2:     0x601f6b5f08db - <unknown>
[INFO] [stdout]    3:     0x601f6b5f04d9 - <unknown>
[INFO] [stdout]    4:     0x601f6b5f015a - <unknown>
[INFO] [stdout]    5:     0x601f6b5efc8b - <unknown>
[INFO] [stdout]    6:     0x601f6b615b21 - <unknown>
[INFO] [stdout]    7:     0x601f6b615ad9 - <unknown>
[INFO] [stdout]    8:     0x601f6b615fcc - <unknown>
[INFO] [stdout]    9:     0x601f6b5cb0ab - <unknown>
[INFO] [stdout]   10:     0x601f6b5ce8c1 - <unknown>
[INFO] [stdout]   11:     0x601f6b5c3ad8 - <unknown>
[INFO] [stdout]   12:     0x601f6b62e2bb - <unknown>
[INFO] [stdout]   13:     0x601f6b629f62 - <unknown>
[INFO] [stdout]   14:     0x601f6b629a0c - <unknown>
[INFO] [stdout]   15:     0x601f6b647bdc - <unknown>
[INFO] [stdout]   16:     0x601f6b617aa8 - <unknown>
[INFO] [stdout]   17:     0x74332c691dfa - <unknown>
[INFO] [stdout]   18:     0x74332c7253d4 - clone
[INFO] [stdout]   19:                0x0 - <unknown>
[INFO] [stdout] 
[INFO] [stdout] 
[INFO] [stdout] failures:
[INFO] [stdout]     main
[INFO] [stdout] 
[INFO] [stdout] test result: FAILED. 0 passed; 1 failed; 0 ignored; 0 measured; 0 filtered out; finished in 0.01s
[INFO] [stdout] 
[INFO] [stderr] error: test failed, to rerun pass `--test integration_test`
[INFO] running `Command { std: "docker" "inspect" "9116b501339ed5be4b9891b7cf1f62788da28dd35e39e0a9b4cb5e13be3d004d", kill_on_drop: false }`
[INFO] running `Command { std: "docker" "rm" "-f" "9116b501339ed5be4b9891b7cf1f62788da28dd35e39e0a9b4cb5e13be3d004d", kill_on_drop: false }`
[INFO] [stdout] 9116b501339ed5be4b9891b7cf1f62788da28dd35e39e0a9b4cb5e13be3d004d
