[INFO] fetching crate logwise_runtime_proc 0.5.1...
[INFO] testing logwise_runtime_proc-0.5.1 against 1.100.0-beta.1+cargoflags=--release for beta-release-1.100-2
[INFO] extracting crate logwise_runtime_proc 0.5.1 into /workspace/builds/worker-0-tc2/source
[INFO] started tweaking crates.io crate logwise_runtime_proc 0.5.1
[INFO] finished tweaking crates.io crate logwise_runtime_proc 0.5.1
[INFO] tweaked toml for crates.io crate logwise_runtime_proc 0.5.1 written to /workspace/builds/worker-0-tc2/source/Cargo.toml
[INFO] validating manifest of crates.io crate logwise_runtime_proc 0.5.1 on toolchain 1.100.0-beta.1
[INFO] running `Command { std: CARGO_HOME="/workspace/cargo-home" RUSTUP_HOME="/workspace/rustup-home" "/workspace/cargo-home/bin/cargo" "+1.100.0-beta.1" "metadata" "--manifest-path" "Cargo.toml" "--no-deps", kill_on_drop: false }`
[INFO] crate crates.io crate logwise_runtime_proc 0.5.1 already has a lockfile, it will not be regenerated
[INFO] running `Command { std: CARGO_HOME="/workspace/cargo-home" RUSTUP_HOME="/workspace/rustup-home" "/workspace/cargo-home/bin/cargo" "+1.100.0-beta.1" "fetch" "--manifest-path" "Cargo.toml", kill_on_drop: false }`
[INFO] running `Command { std: "docker" "create" "-v" "/var/lib/crater-agent-workspace/builds/worker-0-tc2/source:/opt/rustwide/workdir:ro,Z" "-v" "/var/lib/crater-agent-workspace/builds/worker-0-tc2/target:/opt/rustwide/target:rw,Z" "-v" "/var/lib/crater-agent-workspace/cargo-home:/opt/rustwide/cargo-home:ro,Z" "-v" "/var/lib/crater-agent-workspace/rustup-home:/opt/rustwide/rustup-home:ro,Z" "-m" "1610612736" "--network" "none" "ghcr.io/rust-lang/crates-build-env/linux@sha256:77db811e55d90add9212f6832c23229e3de5f1c1f9905e8cb07319ea15df73ac" "sleep" "infinity", kill_on_drop: false }`
[INFO] [stdout] 39ce6c83b4eddf33a97a0514606ecab1d932fa799aff5d925e87baab3c81750d
[INFO] running `Command { std: "docker" "start" "39ce6c83b4eddf33a97a0514606ecab1d932fa799aff5d925e87baab3c81750d", kill_on_drop: false }`
[INFO] running `Command { std: "docker" "inspect" "39ce6c83b4eddf33a97a0514606ecab1d932fa799aff5d925e87baab3c81750d", kill_on_drop: false }`
[INFO] running `Command { std: "docker" "exec" "-e" "SOURCE_DIR=/opt/rustwide/workdir" "-e" "CARGO_HOME=/opt/rustwide/cargo-home" "-e" "RUSTUP_HOME=/opt/rustwide/rustup-home" "-e" "CARGO_TARGET_DIR=/opt/rustwide/target" "-w" "/opt/rustwide/workdir" "--user" "0:0" "39ce6c83b4eddf33a97a0514606ecab1d932fa799aff5d925e87baab3c81750d" "/opt/rustwide/cargo-home/bin/cargo" "+1.100.0-beta.1" "metadata" "--no-deps" "--format-version=1", kill_on_drop: false }`
[INFO] running `Command { std: "docker" "inspect" "39ce6c83b4eddf33a97a0514606ecab1d932fa799aff5d925e87baab3c81750d", kill_on_drop: false }`
[INFO] running `Command { std: "docker" "exec" "-e" "SOURCE_DIR=/opt/rustwide/workdir" "-e" "CARGO_HOME=/opt/rustwide/cargo-home" "-e" "RUSTUP_HOME=/opt/rustwide/rustup-home" "-e" "CARGO_TARGET_DIR=/opt/rustwide/target" "-e" "CARGO_INCREMENTAL=0" "-e" "RUST_BACKTRACE=full" "-e" "RUSTFLAGS=--cap-lints=warn" "-e" "RUSTDOCFLAGS=--cap-lints=warn" "-w" "/opt/rustwide/workdir" "--user" "0:0" "39ce6c83b4eddf33a97a0514606ecab1d932fa799aff5d925e87baab3c81750d" "/opt/rustwide/cargo-home/bin/cargo" "+1.100.0-beta.1" "build" "--frozen" "--message-format=json" "--release", kill_on_drop: false }`
[INFO] [stderr]    Compiling logwise_runtime_proc v0.5.1 (/opt/rustwide/workdir)
[INFO] [stderr]     Finished `release` profile [optimized] target(s) in 1.35s
[INFO] running `Command { std: "docker" "inspect" "39ce6c83b4eddf33a97a0514606ecab1d932fa799aff5d925e87baab3c81750d", kill_on_drop: false }`
[INFO] running `Command { std: "docker" "exec" "-e" "SOURCE_DIR=/opt/rustwide/workdir" "-e" "CARGO_HOME=/opt/rustwide/cargo-home" "-e" "RUSTUP_HOME=/opt/rustwide/rustup-home" "-e" "CARGO_TARGET_DIR=/opt/rustwide/target" "-e" "CARGO_INCREMENTAL=0" "-e" "RUST_BACKTRACE=full" "-e" "RUSTFLAGS=--cap-lints=warn" "-e" "RUSTDOCFLAGS=--cap-lints=warn" "-w" "/opt/rustwide/workdir" "--user" "0:0" "39ce6c83b4eddf33a97a0514606ecab1d932fa799aff5d925e87baab3c81750d" "/opt/rustwide/cargo-home/bin/cargo" "+1.100.0-beta.1" "test" "--frozen" "--no-run" "--message-format=json" "--release", kill_on_drop: false }`
[INFO] [stderr]    Compiling logwise_runtime_proc v0.5.1 (/opt/rustwide/workdir)
[INFO] [stderr]     Finished `release` profile [optimized] target(s) in 0.37s
[INFO] running `Command { std: "docker" "inspect" "39ce6c83b4eddf33a97a0514606ecab1d932fa799aff5d925e87baab3c81750d", kill_on_drop: false }`
[INFO] running `Command { std: "docker" "exec" "-e" "SOURCE_DIR=/opt/rustwide/workdir" "-e" "CARGO_HOME=/opt/rustwide/cargo-home" "-e" "RUSTUP_HOME=/opt/rustwide/rustup-home" "-e" "CARGO_TARGET_DIR=/opt/rustwide/target" "-e" "CARGO_INCREMENTAL=0" "-e" "RUST_BACKTRACE=full" "-e" "RUSTFLAGS=--cap-lints=warn" "-e" "RUSTDOCFLAGS=--cap-lints=warn" "-w" "/opt/rustwide/workdir" "--user" "0:0" "39ce6c83b4eddf33a97a0514606ecab1d932fa799aff5d925e87baab3c81750d" "/opt/rustwide/cargo-home/bin/cargo" "+1.100.0-beta.1" "test" "--frozen" "--release", kill_on_drop: false }`
[INFO] [stderr]     Finished `release` profile [optimized] target(s) in 0.01s
[INFO] [stderr]      Running unittests src/lib.rs (/opt/rustwide/target/release/build/logwise_runtime_proc/041add42213e9d97/out/logwise_runtime_proc-041add42213e9d97)
[INFO] [stderr]    Doc-tests logwise_runtime_proc
[INFO] [stdout] 
[INFO] [stdout] running 0 tests
[INFO] [stdout] 
[INFO] [stdout] test result: ok. 0 passed; 0 failed; 0 ignored; 0 measured; 0 filtered out; finished in 0.00s
[INFO] [stdout] 
[INFO] [stdout] 
[INFO] [stdout] running 25 tests
[INFO] [stdout] test src/lib.rs - debuginternal_async (line 131) ... FAILED
[INFO] [stdout] test src/lib.rs - error_sync (line 246) ... FAILED
[INFO] [stdout] test src/lib.rs - perfwarn (line 210) ... FAILED
[INFO] [stdout] test src/lib.rs - mandatory_async (line 292) ... FAILED
[INFO] [stdout] test src/lib.rs - debuginternal_sync (line 116) ... FAILED
[INFO] [stdout] test src/lib.rs - error_async (line 261) ... FAILED
[INFO] [stdout] test src/lib.rs - info_async (line 162) ... FAILED
[INFO] [stdout] test src/lib.rs - info_sync (line 147) ... FAILED
[INFO] [stdout] test src/lformat.rs - lformat::lformat_macro (line 95) - compile fail ... ok
[INFO] [stdout] test src/lib.rs - perfwarn_begin (line 193) ... FAILED
[INFO] [stdout] test src/lib.rs - perfwarn_begin_if (line 228) ... FAILED
[INFO] [stdout] test src/lformat.rs - lformat::lformat_macro (line 101) - compile fail ... ok
[INFO] [stdout] test src/lib.rs - trace_async (line 100) ... FAILED
[INFO] [stdout] test src/lib.rs - mandatory_sync (line 277) ... FAILED
[INFO] [stdout] test src/lib.rs - trace_sync (line 85) ... FAILED
[INFO] [stdout] test src/lib.rs - warn_sync (line 178) ... FAILED
[INFO] [stdout] test src/lib.rs - profile_sync (line 308) ... FAILED
[INFO] [stdout] test src/lib.rs - profile_begin (line 339) ... FAILED
[INFO] [stdout] test src/lib.rs - profile (line 356) ... FAILED
[INFO] [stdout] test src/lib.rs - (line 27) ... ok
[INFO] [stdout] test src/lib.rs - profile_async (line 323) ... FAILED
[INFO] [stdout] test src/lformat.rs - lformat::lformat_macro (line 21) ... ok
[INFO] [stdout] test src/lformat.rs - lformat::lformat_macro (line 78) ... ok
[INFO] [stdout] test src/lformat.rs - lformat::lformat_macro (line 59) ... ok
[INFO] [stdout] test src/lformat.rs - lformat::lformat_macro (line 45) ... ok
[INFO] [stdout] 
[INFO] [stdout] failures:
[INFO] [stdout] 
[INFO] [stdout] ---- src/lib.rs - debuginternal_async (line 131) stdout ----
[INFO] [stdout] error[E0433]: cannot find module or crate `logwise_runtime` in this scope
[INFO] [stdout]    --> src/lib.rs:134:5
[INFO] [stdout]     |
[INFO] [stdout] 134 |     logwise_runtime::debuginternal_async!("Starting {id}", id="task_123");
[INFO] [stdout]     |     ^^^^^^^^^^^^^^^ use of unresolved module or unlinked crate `logwise_runtime`
[INFO] [stdout] 
[INFO] [stdout] error[E0433]: cannot find module or crate `logwise_runtime` in this scope
[INFO] [stdout]    --> src/lib.rs:132:1
[INFO] [stdout]     |
[INFO] [stdout] 132 | logwise_runtime::declare_logging_domain!();
[INFO] [stdout]     | ^^^^^^^^^^^^^^^ use of unresolved module or unlinked crate `logwise_runtime`
[INFO] [stdout] 
[INFO] [stdout] error: aborting due to 2 previous errors
[INFO] [stdout] 
[INFO] [stdout] For more information about this error, try `rustc --explain E0433`.
[INFO] [stdout] Couldn't compile the test.
[INFO] [stdout] ---- src/lib.rs - error_sync (line 246) stdout ----
[INFO] [stdout] error[E0433]: cannot find module or crate `logwise_runtime` in this scope
[INFO] [stdout]    --> src/lib.rs:249:5
[INFO] [stdout]     |
[INFO] [stdout] 249 |     logwise_runtime::error_sync!("Failed to read file: {error}", error="not found");
[INFO] [stdout]     |     ^^^^^^^^^^^^^^^ use of unresolved module or unlinked crate `logwise_runtime`
[INFO] [stdout] 
[INFO] [stdout] error[E0433]: cannot find module or crate `logwise_runtime` in this scope
[INFO] [stdout]    --> src/lib.rs:247:1
[INFO] [stdout]     |
[INFO] [stdout] 247 | logwise_runtime::declare_logging_domain!();
[INFO] [stdout]     | ^^^^^^^^^^^^^^^ use of unresolved module or unlinked crate `logwise_runtime`
[INFO] [stdout] 
[INFO] [stdout] error: aborting due to 2 previous errors
[INFO] [stdout] 
[INFO] [stdout] For more information about this error, try `rustc --explain E0433`.
[INFO] [stdout] Couldn't compile the test.
[INFO] [stdout] ---- src/lib.rs - perfwarn (line 210) stdout ----
[INFO] [stdout] error[E0433]: cannot find module or crate `logwise_runtime` in this scope
[INFO] [stdout]    --> src/lib.rs:214:18
[INFO] [stdout]     |
[INFO] [stdout] 214 |     let result = logwise_runtime::perfwarn!("Loading users", {
[INFO] [stdout]     |                  ^^^^^^^^^^^^^^^ use of unresolved module or unlinked crate `logwise_runtime`
[INFO] [stdout] 
[INFO] [stdout] error[E0433]: cannot find module or crate `logwise_runtime` in this scope
[INFO] [stdout]    --> src/lib.rs:211:1
[INFO] [stdout]     |
[INFO] [stdout] 211 | logwise_runtime::declare_logging_domain!();
[INFO] [stdout]     | ^^^^^^^^^^^^^^^ use of unresolved module or unlinked crate `logwise_runtime`
[INFO] [stdout] 
[INFO] [stdout] error: aborting due to 2 previous errors
[INFO] [stdout] 
[INFO] [stdout] For more information about this error, try `rustc --explain E0433`.
[INFO] [stdout] Couldn't compile the test.
[INFO] [stdout] ---- src/lib.rs - mandatory_async (line 292) stdout ----
[INFO] [stdout] error[E0433]: cannot find module or crate `logwise_runtime` in this scope
[INFO] [stdout]    --> src/lib.rs:295:5
[INFO] [stdout]     |
[INFO] [stdout] 295 |     logwise_runtime::mandatory_async!("Debug: {val}", val=42);
[INFO] [stdout]     |     ^^^^^^^^^^^^^^^ use of unresolved module or unlinked crate `logwise_runtime`
[INFO] [stdout] 
[INFO] [stdout] error[E0433]: cannot find module or crate `logwise_runtime` in this scope
[INFO] [stdout]    --> src/lib.rs:293:1
[INFO] [stdout]     |
[INFO] [stdout] 293 | logwise_runtime::declare_logging_domain!();
[INFO] [stdout]     | ^^^^^^^^^^^^^^^ use of unresolved module or unlinked crate `logwise_runtime`
[INFO] [stdout] 
[INFO] [stdout] error: aborting due to 2 previous errors
[INFO] [stdout] 
[INFO] [stdout] For more information about this error, try `rustc --explain E0433`.
[INFO] [stdout] Couldn't compile the test.
[INFO] [stdout] ---- src/lib.rs - debuginternal_sync (line 116) stdout ----
[INFO] [stdout] error[E0433]: cannot find module or crate `logwise_runtime` in this scope
[INFO] [stdout]    --> src/lib.rs:119:5
[INFO] [stdout]     |
[INFO] [stdout] 119 |     logwise_runtime::debuginternal_sync!("Debug: {val}", val=42);
[INFO] [stdout]     |     ^^^^^^^^^^^^^^^ use of unresolved module or unlinked crate `logwise_runtime`
[INFO] [stdout] 
[INFO] [stdout] error[E0433]: cannot find module or crate `logwise_runtime` in this scope
[INFO] [stdout]    --> src/lib.rs:117:1
[INFO] [stdout]     |
[INFO] [stdout] 117 | logwise_runtime::declare_logging_domain!();
[INFO] [stdout]     | ^^^^^^^^^^^^^^^ use of unresolved module or unlinked crate `logwise_runtime`
[INFO] [stdout] 
[INFO] [stdout] error: aborting due to 2 previous errors
[INFO] [stdout] 
[INFO] [stdout] For more information about this error, try `rustc --explain E0433`.
[INFO] [stdout] Couldn't compile the test.
[INFO] [stdout] ---- src/lib.rs - error_async (line 261) stdout ----
[INFO] [stdout] error[E0433]: cannot find module or crate `logwise_runtime` in this scope
[INFO] [stdout]    --> src/lib.rs:264:5
[INFO] [stdout]     |
[INFO] [stdout] 264 |     logwise_runtime::error_async!("API failed: {error}", error="timeout");
[INFO] [stdout]     |     ^^^^^^^^^^^^^^^ use of unresolved module or unlinked crate `logwise_runtime`
[INFO] [stdout] 
[INFO] [stdout] error[E0433]: cannot find module or crate `logwise_runtime` in this scope
[INFO] [stdout]    --> src/lib.rs:262:1
[INFO] [stdout]     |
[INFO] [stdout] 262 | logwise_runtime::declare_logging_domain!();
[INFO] [stdout]     | ^^^^^^^^^^^^^^^ use of unresolved module or unlinked crate `logwise_runtime`
[INFO] [stdout] 
[INFO] [stdout] error: aborting due to 2 previous errors
[INFO] [stdout] 
[INFO] [stdout] For more information about this error, try `rustc --explain E0433`.
[INFO] [stdout] Couldn't compile the test.
[INFO] [stdout] ---- src/lib.rs - info_async (line 162) stdout ----
[INFO] [stdout] error[E0433]: cannot find module or crate `logwise_runtime` in this scope
[INFO] [stdout]    --> src/lib.rs:165:5
[INFO] [stdout]     |
[INFO] [stdout] 165 |     logwise_runtime::info_async!("Connected to {host}", host="localhost");
[INFO] [stdout]     |     ^^^^^^^^^^^^^^^ use of unresolved module or unlinked crate `logwise_runtime`
[INFO] [stdout] 
[INFO] [stdout] error[E0433]: cannot find module or crate `logwise_runtime` in this scope
[INFO] [stdout]    --> src/lib.rs:163:1
[INFO] [stdout]     |
[INFO] [stdout] 163 | logwise_runtime::declare_logging_domain!();
[INFO] [stdout]     | ^^^^^^^^^^^^^^^ use of unresolved module or unlinked crate `logwise_runtime`
[INFO] [stdout] 
[INFO] [stdout] error: aborting due to 2 previous errors
[INFO] [stdout] 
[INFO] [stdout] For more information about this error, try `rustc --explain E0433`.
[INFO] [stdout] Couldn't compile the test.
[INFO] [stdout] ---- src/lib.rs - info_sync (line 147) stdout ----
[INFO] [stdout] error[E0433]: cannot find module or crate `logwise_runtime` in this scope
[INFO] [stdout]    --> src/lib.rs:150:5
[INFO] [stdout]     |
[INFO] [stdout] 150 |     logwise_runtime::info_sync!("Processing {count} items", count=42);
[INFO] [stdout]     |     ^^^^^^^^^^^^^^^ use of unresolved module or unlinked crate `logwise_runtime`
[INFO] [stdout] 
[INFO] [stdout] error[E0433]: cannot find module or crate `logwise_runtime` in this scope
[INFO] [stdout]    --> src/lib.rs:148:1
[INFO] [stdout]     |
[INFO] [stdout] 148 | logwise_runtime::declare_logging_domain!();
[INFO] [stdout]     | ^^^^^^^^^^^^^^^ use of unresolved module or unlinked crate `logwise_runtime`
[INFO] [stdout] 
[INFO] [stdout] error: aborting due to 2 previous errors
[INFO] [stdout] 
[INFO] [stdout] For more information about this error, try `rustc --explain E0433`.
[INFO] [stdout] Couldn't compile the test.
[INFO] [stdout] ---- src/lib.rs - perfwarn_begin (line 193) stdout ----
[INFO] [stdout] error[E0433]: cannot find module or crate `logwise_runtime` in this scope
[INFO] [stdout]    --> src/lib.rs:196:20
[INFO] [stdout]     |
[INFO] [stdout] 196 |     let interval = logwise_runtime::perfwarn_begin!("Database query");
[INFO] [stdout]     |                    ^^^^^^^^^^^^^^^ use of unresolved module or unlinked crate `logwise_runtime`
[INFO] [stdout] 
[INFO] [stdout] error[E0433]: cannot find module or crate `logwise_runtime` in this scope
[INFO] [stdout]    --> src/lib.rs:194:1
[INFO] [stdout]     |
[INFO] [stdout] 194 | logwise_runtime::declare_logging_domain!();
[INFO] [stdout]     | ^^^^^^^^^^^^^^^ use of unresolved module or unlinked crate `logwise_runtime`
[INFO] [stdout] 
[INFO] [stdout] error: aborting due to 2 previous errors
[INFO] [stdout] 
[INFO] [stdout] For more information about this error, try `rustc --explain E0433`.
[INFO] [stdout] Couldn't compile the test.
[INFO] [stdout] ---- src/lib.rs - perfwarn_begin_if (line 228) stdout ----
[INFO] [stdout] error[E0433]: cannot find module or crate `logwise_runtime` in this scope
[INFO] [stdout]    --> src/lib.rs:233:20
[INFO] [stdout]     |
[INFO] [stdout] 233 |     let interval = logwise_runtime::perfwarn_begin_if!(threshold, "operation {p}", p=42);
[INFO] [stdout]     |                    ^^^^^^^^^^^^^^^ use of unresolved module or unlinked crate `logwise_runtime`
[INFO] [stdout] 
[INFO] [stdout] error[E0433]: cannot find module or crate `logwise_runtime` in this scope
[INFO] [stdout]    --> src/lib.rs:229:1
[INFO] [stdout]     |
[INFO] [stdout] 229 | logwise_runtime::declare_logging_domain!();
[INFO] [stdout]     | ^^^^^^^^^^^^^^^ use of unresolved module or unlinked crate `logwise_runtime`
[INFO] [stdout] 
[INFO] [stdout] error: aborting due to 2 previous errors
[INFO] [stdout] 
[INFO] [stdout] For more information about this error, try `rustc --explain E0433`.
[INFO] [stdout] Couldn't compile the test.
[INFO] [stdout] ---- src/lib.rs - trace_async (line 100) stdout ----
[INFO] [stdout] error[E0433]: cannot find module or crate `logwise_runtime` in this scope
[INFO] [stdout]    --> src/lib.rs:103:5
[INFO] [stdout]     |
[INFO] [stdout] 103 |     logwise_runtime::trace_async!("Processing {size} bytes", size=42);
[INFO] [stdout]     |     ^^^^^^^^^^^^^^^ use of unresolved module or unlinked crate `logwise_runtime`
[INFO] [stdout] 
[INFO] [stdout] error[E0433]: cannot find module or crate `logwise_runtime` in this scope
[INFO] [stdout]    --> src/lib.rs:101:1
[INFO] [stdout]     |
[INFO] [stdout] 101 | logwise_runtime::declare_logging_domain!();
[INFO] [stdout]     | ^^^^^^^^^^^^^^^ use of unresolved module or unlinked crate `logwise_runtime`
[INFO] [stdout] 
[INFO] [stdout] error: aborting due to 2 previous errors
[INFO] [stdout] 
[INFO] [stdout] For more information about this error, try `rustc --explain E0433`.
[INFO] [stdout] Couldn't compile the test.
[INFO] [stdout] ---- src/lib.rs - mandatory_sync (line 277) stdout ----
[INFO] [stdout] error[E0433]: cannot find module or crate `logwise_runtime` in this scope
[INFO] [stdout]    --> src/lib.rs:280:5
[INFO] [stdout]     |
[INFO] [stdout] 280 |     logwise_runtime::mandatory_sync!("Debug value: {val}", val=42);
[INFO] [stdout]     |     ^^^^^^^^^^^^^^^ use of unresolved module or unlinked crate `logwise_runtime`
[INFO] [stdout] 
[INFO] [stdout] error[E0433]: cannot find module or crate `logwise_runtime` in this scope
[INFO] [stdout]    --> src/lib.rs:278:1
[INFO] [stdout]     |
[INFO] [stdout] 278 | logwise_runtime::declare_logging_domain!();
[INFO] [stdout]     | ^^^^^^^^^^^^^^^ use of unresolved module or unlinked crate `logwise_runtime`
[INFO] [stdout] 
[INFO] [stdout] error: aborting due to 2 previous errors
[INFO] [stdout] 
[INFO] [stdout] For more information about this error, try `rustc --explain E0433`.
[INFO] [stdout] Couldn't compile the test.
[INFO] [stdout] ---- src/lib.rs - trace_sync (line 85) stdout ----
[INFO] [stdout] error[E0433]: cannot find module or crate `logwise_runtime` in this scope
[INFO] [stdout]   --> src/lib.rs:88:5
[INFO] [stdout]    |
[INFO] [stdout] 88 |     logwise_runtime::trace_sync!("Processing {value}", value=42);
[INFO] [stdout]    |     ^^^^^^^^^^^^^^^ use of unresolved module or unlinked crate `logwise_runtime`
[INFO] [stdout] 
[INFO] [stdout] error[E0433]: cannot find module or crate `logwise_runtime` in this scope
[INFO] [stdout]   --> src/lib.rs:86:1
[INFO] [stdout]    |
[INFO] [stdout] 86 | logwise_runtime::declare_logging_domain!();
[INFO] [stdout]    | ^^^^^^^^^^^^^^^ use of unresolved module or unlinked crate `logwise_runtime`
[INFO] [stdout] 
[INFO] [stdout] error: aborting due to 2 previous errors
[INFO] [stdout] 
[INFO] [stdout] For more information about this error, try `rustc --explain E0433`.
[INFO] [stdout] Couldn't compile the test.
[INFO] [stdout] ---- src/lib.rs - warn_sync (line 178) stdout ----
[INFO] [stdout] error[E0433]: cannot find module or crate `logwise_runtime` in this scope
[INFO] [stdout]    --> src/lib.rs:181:5
[INFO] [stdout]     |
[INFO] [stdout] 181 |     logwise_runtime::warn_sync!("Large payload: {size} bytes", size=1024);
[INFO] [stdout]     |     ^^^^^^^^^^^^^^^ use of unresolved module or unlinked crate `logwise_runtime`
[INFO] [stdout] 
[INFO] [stdout] error[E0433]: cannot find module or crate `logwise_runtime` in this scope
[INFO] [stdout]    --> src/lib.rs:179:1
[INFO] [stdout]     |
[INFO] [stdout] 179 | logwise_runtime::declare_logging_domain!();
[INFO] [stdout]     | ^^^^^^^^^^^^^^^ use of unresolved module or unlinked crate `logwise_runtime`
[INFO] [stdout] 
[INFO] [stdout] error: aborting due to 2 previous errors
[INFO] [stdout] 
[INFO] [stdout] For more information about this error, try `rustc --explain E0433`.
[INFO] [stdout] Couldn't compile the test.
[INFO] [stdout] ---- src/lib.rs - profile_sync (line 308) stdout ----
[INFO] [stdout] error[E0433]: cannot find module or crate `logwise_runtime` in this scope
[INFO] [stdout]    --> src/lib.rs:311:5
[INFO] [stdout]     |
[INFO] [stdout] 311 |     logwise_runtime::profile_sync!("Operation took {ms} ms", ms=100);
[INFO] [stdout]     |     ^^^^^^^^^^^^^^^ use of unresolved module or unlinked crate `logwise_runtime`
[INFO] [stdout] 
[INFO] [stdout] error[E0433]: cannot find module or crate `logwise_runtime` in this scope
[INFO] [stdout]    --> src/lib.rs:309:1
[INFO] [stdout]     |
[INFO] [stdout] 309 | logwise_runtime::declare_logging_domain!();
[INFO] [stdout]     | ^^^^^^^^^^^^^^^ use of unresolved module or unlinked crate `logwise_runtime`
[INFO] [stdout] 
[INFO] [stdout] error: aborting due to 2 previous errors
[INFO] [stdout] 
[INFO] [stdout] For more information about this error, try `rustc --explain E0433`.
[INFO] [stdout] Couldn't compile the test.
[INFO] [stdout] ---- src/lib.rs - profile_begin (line 339) stdout ----
[INFO] [stdout] error[E0433]: cannot find module or crate `logwise_runtime` in this scope
[INFO] [stdout]    --> src/lib.rs:342:20
[INFO] [stdout]     |
[INFO] [stdout] 342 |     let interval = logwise_runtime::profile_begin!("database_query");
[INFO] [stdout]     |                    ^^^^^^^^^^^^^^^ use of unresolved module or unlinked crate `logwise_runtime`
[INFO] [stdout] 
[INFO] [stdout] error[E0433]: cannot find module or crate `logwise_runtime` in this scope
[INFO] [stdout]    --> src/lib.rs:340:1
[INFO] [stdout]     |
[INFO] [stdout] 340 | logwise_runtime::declare_logging_domain!();
[INFO] [stdout]     | ^^^^^^^^^^^^^^^ use of unresolved module or unlinked crate `logwise_runtime`
[INFO] [stdout] 
[INFO] [stdout] error: aborting due to 2 previous errors
[INFO] [stdout] 
[INFO] [stdout] For more information about this error, try `rustc --explain E0433`.
[INFO] [stdout] Couldn't compile the test.
[INFO] [stdout] ---- src/lib.rs - profile (line 356) stdout ----
[INFO] [stdout] error[E0433]: cannot find module or crate `logwise_runtime` in this scope
[INFO] [stdout]    --> src/lib.rs:357:3
[INFO] [stdout]     |
[INFO] [stdout] 357 | #[logwise_runtime::profile]
[INFO] [stdout]     |   ^^^^^^^^^^^^^^^ use of unresolved module or unlinked crate `logwise_runtime`
[INFO] [stdout] 
[INFO] [stdout] error: aborting due to 1 previous error
[INFO] [stdout] 
[INFO] [stdout] For more information about this error, try `rustc --explain E0433`.
[INFO] [stdout] Couldn't compile the test.
[INFO] [stdout] ---- src/lib.rs - profile_async (line 323) stdout ----
[INFO] [stdout] error[E0433]: cannot find module or crate `logwise_runtime` in this scope
[INFO] [stdout]    --> src/lib.rs:326:5
[INFO] [stdout]     |
[INFO] [stdout] 326 |     logwise_runtime::profile_async!("Async timing: {ms} ms", ms=50);
[INFO] [stdout]     |     ^^^^^^^^^^^^^^^ use of unresolved module or unlinked crate `logwise_runtime`
[INFO] [stdout] 
[INFO] [stdout] error[E0433]: cannot find module or crate `logwise_runtime` in this scope
[INFO] [stdout]    --> src/lib.rs:324:1
[INFO] [stdout]     |
[INFO] [stdout] 324 | logwise_runtime::declare_logging_domain!();
[INFO] [stdout]     | ^^^^^^^^^^^^^^^ use of unresolved module or unlinked crate `logwise_runtime`
[INFO] [stdout] 
[INFO] [stdout] error: aborting due to 2 previous errors
[INFO] [stdout] 
[INFO] [stdout] For more information about this error, try `rustc --explain E0433`.
[INFO] [stdout] Couldn't compile the test.
[INFO] [stdout] 
[INFO] [stdout] failures:
[INFO] [stdout]     src/lib.rs - debuginternal_async (line 131)
[INFO] [stdout]     src/lib.rs - debuginternal_sync (line 116)
[INFO] [stdout]     src/lib.rs - error_async (line 261)
[INFO] [stdout]     src/lib.rs - error_sync (line 246)
[INFO] [stdout]     src/lib.rs - info_async (line 162)
[INFO] [stdout]     src/lib.rs - info_sync (line 147)
[INFO] [stdout]     src/lib.rs - mandatory_async (line 292)
[INFO] [stdout]     src/lib.rs - mandatory_sync (line 277)
[INFO] [stdout]     src/lib.rs - perfwarn (line 210)
[INFO] [stdout]     src/lib.rs - perfwarn_begin (line 193)
[INFO] [stdout]     src/lib.rs - perfwarn_begin_if (line 228)
[INFO] [stdout]     src/lib.rs - profile (line 356)
[INFO] [stdout]     src/lib.rs - profile_async (line 323)
[INFO] [stdout]     src/lib.rs - profile_begin (line 339)
[INFO] [stdout]     src/lib.rs - profile_sync (line 308)
[INFO] [stdout]     src/lib.rs - trace_async (line 100)
[INFO] [stdout]     src/lib.rs - trace_sync (line 85)
[INFO] [stdout]     src/lib.rs - warn_sync (line 178)
[INFO] [stdout] 
[INFO] [stdout] test result: FAILED. 7 passed; 18 failed; 0 ignored; 0 measured; 0 filtered out; finished in 0.32s
[INFO] [stdout] 
[INFO] [stdout] all doctests ran in 0.38s; merged doctests compilation took 0.06s
[INFO] [stderr] error: doctest failed, to rerun pass `--doc`
[INFO] running `Command { std: "docker" "inspect" "39ce6c83b4eddf33a97a0514606ecab1d932fa799aff5d925e87baab3c81750d", kill_on_drop: false }`
[INFO] running `Command { std: "docker" "rm" "-f" "39ce6c83b4eddf33a97a0514606ecab1d932fa799aff5d925e87baab3c81750d", kill_on_drop: false }`
[INFO] [stdout] 39ce6c83b4eddf33a97a0514606ecab1d932fa799aff5d925e87baab3c81750d
