[INFO] fetching crate logisheets_workbook 1.16.1...
[INFO] testing logisheets_workbook-1.16.1 against 1.100.0-beta.1+cargoflags=--release for beta-release-1.100-2
[INFO] extracting crate logisheets_workbook 1.16.1 into /workspace/builds/worker-4-tc2/source
[INFO] started tweaking crates.io crate logisheets_workbook 1.16.1
[INFO] finished tweaking crates.io crate logisheets_workbook 1.16.1
[INFO] tweaked toml for crates.io crate logisheets_workbook 1.16.1 written to /workspace/builds/worker-4-tc2/source/Cargo.toml
[INFO] validating manifest of crates.io crate logisheets_workbook 1.16.1 on toolchain 1.100.0-beta.1
[INFO] running `Command { std: CARGO_HOME="/workspace/cargo-home" RUSTUP_HOME="/workspace/rustup-home" "/workspace/cargo-home/bin/cargo" "+1.100.0-beta.1" "metadata" "--manifest-path" "Cargo.toml" "--no-deps", kill_on_drop: false }`
[INFO] crate crates.io crate logisheets_workbook 1.16.1 already has a lockfile, it will not be regenerated
[INFO] running `Command { std: CARGO_HOME="/workspace/cargo-home" RUSTUP_HOME="/workspace/rustup-home" "/workspace/cargo-home/bin/cargo" "+1.100.0-beta.1" "fetch" "--manifest-path" "Cargo.toml", kill_on_drop: false }`
[INFO] [stderr]     Blocking waiting for file lock on package cache
[INFO] running `Command { std: "docker" "create" "-v" "/var/lib/crater-agent-workspace/builds/worker-4-tc2/source:/opt/rustwide/workdir:ro,Z" "-v" "/var/lib/crater-agent-workspace/builds/worker-4-tc2/target:/opt/rustwide/target:rw,Z" "-v" "/var/lib/crater-agent-workspace/cargo-home:/opt/rustwide/cargo-home:ro,Z" "-v" "/var/lib/crater-agent-workspace/rustup-home:/opt/rustwide/rustup-home:ro,Z" "-m" "1610612736" "--network" "none" "ghcr.io/rust-lang/crates-build-env/linux@sha256:77db811e55d90add9212f6832c23229e3de5f1c1f9905e8cb07319ea15df73ac" "sleep" "infinity", kill_on_drop: false }`
[INFO] [stdout] 5dabe5981ce1d65911a45b0b71255b0e9a2779f93a2609bcdc4709b4e11f0af5
[INFO] running `Command { std: "docker" "start" "5dabe5981ce1d65911a45b0b71255b0e9a2779f93a2609bcdc4709b4e11f0af5", kill_on_drop: false }`
[INFO] running `Command { std: "docker" "inspect" "5dabe5981ce1d65911a45b0b71255b0e9a2779f93a2609bcdc4709b4e11f0af5", kill_on_drop: false }`
[INFO] running `Command { std: "docker" "exec" "-e" "SOURCE_DIR=/opt/rustwide/workdir" "-e" "CARGO_HOME=/opt/rustwide/cargo-home" "-e" "RUSTUP_HOME=/opt/rustwide/rustup-home" "-e" "CARGO_TARGET_DIR=/opt/rustwide/target" "-w" "/opt/rustwide/workdir" "--user" "0:0" "5dabe5981ce1d65911a45b0b71255b0e9a2779f93a2609bcdc4709b4e11f0af5" "/opt/rustwide/cargo-home/bin/cargo" "+1.100.0-beta.1" "metadata" "--no-deps" "--format-version=1", kill_on_drop: false }`
[INFO] running `Command { std: "docker" "inspect" "5dabe5981ce1d65911a45b0b71255b0e9a2779f93a2609bcdc4709b4e11f0af5", kill_on_drop: false }`
[INFO] running `Command { std: "docker" "exec" "-e" "SOURCE_DIR=/opt/rustwide/workdir" "-e" "CARGO_HOME=/opt/rustwide/cargo-home" "-e" "RUSTUP_HOME=/opt/rustwide/rustup-home" "-e" "CARGO_TARGET_DIR=/opt/rustwide/target" "-e" "CARGO_INCREMENTAL=0" "-e" "RUST_BACKTRACE=full" "-e" "RUSTFLAGS=--cap-lints=warn" "-e" "RUSTDOCFLAGS=--cap-lints=warn" "-w" "/opt/rustwide/workdir" "--user" "0:0" "5dabe5981ce1d65911a45b0b71255b0e9a2779f93a2609bcdc4709b4e11f0af5" "/opt/rustwide/cargo-home/bin/cargo" "+1.100.0-beta.1" "build" "--frozen" "--message-format=json" "--release", kill_on_drop: false }`
[INFO] [stderr]    Compiling adler2 v2.0.0
[INFO] [stderr]    Compiling regex-syntax v0.8.5
[INFO] [stderr]    Compiling serde_json v1.0.133
[INFO] [stderr]    Compiling aho-corasick v1.1.3
[INFO] [stderr]    Compiling syn v2.0.89
[INFO] [stderr]    Compiling syn v3.0.3
[INFO] [stderr]    Compiling syn v1.0.109
[INFO] [stderr]    Compiling miniz_oxide v0.8.0
[INFO] [stderr]    Compiling flate2 v1.0.35
[INFO] [stderr]    Compiling zip v0.6.6
[INFO] [stderr]    Compiling regex-automata v0.4.9
[INFO] [stderr]    Compiling serde_derive v1.0.229
[INFO] [stderr]    Compiling logisheets_workbook_derives v1.16.1
[INFO] [stderr]    Compiling darling_core v0.20.11
[INFO] [stderr]    Compiling thiserror-impl v1.0.69
[INFO] [stderr]    Compiling xmlserde_derives v0.14.0
[INFO] [stderr]    Compiling gents_derives v1.3.2
[INFO] [stderr]    Compiling serde v1.0.229
[INFO] [stderr]    Compiling regex v1.11.1
[INFO] [stderr]    Compiling thiserror v1.0.69
[INFO] [stderr]    Compiling quick-xml v0.41.0
[INFO] [stderr]    Compiling darling_macro v0.20.11
[INFO] [stderr]    Compiling darling v0.20.11
[INFO] [stderr]    Compiling serde_with_macros v3.14.0
[INFO] [stderr]    Compiling serde_with v3.14.0
[INFO] [stderr]    Compiling xmlserde v0.14.0
[INFO] [stderr]    Compiling gents v1.3.2
[INFO] [stderr]    Compiling logisheets_workbook v1.16.1 (/opt/rustwide/workdir)
[INFO] [stderr] warning: unused dependency `regex`
[INFO] [stderr]   --> Cargo.toml:10:15
[INFO] [stderr]    |
[INFO] [stderr] 10 | [dependencies.regex]
[INFO] [stderr]    |               ^^^^^^
[INFO] [stderr]    |
[INFO] [stderr]    = note: `cargo::unused_dependencies` is set to `warn` by default
[INFO] [stderr] help: consider removing the dependency on `regex`
[INFO] [stderr] warning: unused dependency `serde_json`
[INFO] [stderr]   --> Cargo.toml:17:15
[INFO] [stderr]    |
[INFO] [stderr] 17 | [dependencies.serde_json]
[INFO] [stderr]    |               ^^^^^^^^^^^
[INFO] [stderr]    |
[INFO] [stderr] help: consider removing the dependency on `serde_json`
[INFO] [stderr] warning: `logisheets_workbook` (manifest) generated 2 warnings
[INFO] [stderr]     Finished `release` profile [optimized] target(s) in 1m 24s
[INFO] running `Command { std: "docker" "inspect" "5dabe5981ce1d65911a45b0b71255b0e9a2779f93a2609bcdc4709b4e11f0af5", kill_on_drop: false }`
[INFO] running `Command { std: "docker" "exec" "-e" "SOURCE_DIR=/opt/rustwide/workdir" "-e" "CARGO_HOME=/opt/rustwide/cargo-home" "-e" "RUSTUP_HOME=/opt/rustwide/rustup-home" "-e" "CARGO_TARGET_DIR=/opt/rustwide/target" "-e" "CARGO_INCREMENTAL=0" "-e" "RUST_BACKTRACE=full" "-e" "RUSTFLAGS=--cap-lints=warn" "-e" "RUSTDOCFLAGS=--cap-lints=warn" "-w" "/opt/rustwide/workdir" "--user" "0:0" "5dabe5981ce1d65911a45b0b71255b0e9a2779f93a2609bcdc4709b4e11f0af5" "/opt/rustwide/cargo-home/bin/cargo" "+1.100.0-beta.1" "test" "--frozen" "--no-run" "--message-format=json" "--release", kill_on_drop: false }`
[INFO] [stderr]    Compiling quick-xml v0.31.0
[INFO] [stderr]    Compiling xmldiff v1.9.0
[INFO] [stderr]    Compiling logisheets_workbook v1.16.1 (/opt/rustwide/workdir)
[INFO] [stderr] warning: unused dependency `regex`
[INFO] [stderr]   --> Cargo.toml:10:15
[INFO] [stderr]    |
[INFO] [stderr] 10 | [dependencies.regex]
[INFO] [stderr]    |               ^^^^^^
[INFO] [stderr]    |
[INFO] [stderr]    = note: `cargo::unused_dependencies` is set to `warn` by default
[INFO] [stderr] help: consider removing the dependency on `regex`
[INFO] [stderr] help: to still use for development builds, move to `dev-dependencies`
[INFO] [stderr] warning: unused dependency `serde_json`
[INFO] [stderr]   --> Cargo.toml:17:15
[INFO] [stderr]    |
[INFO] [stderr] 17 | [dependencies.serde_json]
[INFO] [stderr]    |               ^^^^^^^^^^^
[INFO] [stderr]    |
[INFO] [stderr] help: consider removing the dependency on `serde_json`
[INFO] [stderr] warning: `logisheets_workbook` (manifest) generated 2 warnings
[INFO] [stderr]     Finished `release` profile [optimized] target(s) in 1m 13s
[INFO] running `Command { std: "docker" "inspect" "5dabe5981ce1d65911a45b0b71255b0e9a2779f93a2609bcdc4709b4e11f0af5", kill_on_drop: false }`
[INFO] running `Command { std: "docker" "exec" "-e" "SOURCE_DIR=/opt/rustwide/workdir" "-e" "CARGO_HOME=/opt/rustwide/cargo-home" "-e" "RUSTUP_HOME=/opt/rustwide/rustup-home" "-e" "CARGO_TARGET_DIR=/opt/rustwide/target" "-e" "CARGO_INCREMENTAL=0" "-e" "RUST_BACKTRACE=full" "-e" "RUSTFLAGS=--cap-lints=warn" "-e" "RUSTDOCFLAGS=--cap-lints=warn" "-w" "/opt/rustwide/workdir" "--user" "0:0" "5dabe5981ce1d65911a45b0b71255b0e9a2779f93a2609bcdc4709b4e11f0af5" "/opt/rustwide/cargo-home/bin/cargo" "+1.100.0-beta.1" "test" "--frozen" "--release", kill_on_drop: false }`
[INFO] [stderr] warning: unused dependency `regex`
[INFO] [stderr]   --> Cargo.toml:10:15
[INFO] [stderr]    |
[INFO] [stderr] 10 | [dependencies.regex]
[INFO] [stderr]    |               ^^^^^^
[INFO] [stderr]    |
[INFO] [stderr]    = note: `cargo::unused_dependencies` is set to `warn` by default
[INFO] [stderr] help: consider removing the dependency on `regex`
[INFO] [stderr] help: to still use for development builds, move to `dev-dependencies`
[INFO] [stderr] warning: unused dependency `serde_json`
[INFO] [stderr]   --> Cargo.toml:17:15
[INFO] [stderr]    |
[INFO] [stderr] 17 | [dependencies.serde_json]
[INFO] [stderr]    |               ^^^^^^^^^^^
[INFO] [stderr]    |
[INFO] [stderr] help: consider removing the dependency on `serde_json`
[INFO] [stderr] warning: `logisheets_workbook` (manifest) generated 2 warnings
[INFO] [stderr]     Finished `release` profile [optimized] target(s) in 0.12s
[INFO] [stderr]      Running unittests src/lib.rs (/opt/rustwide/target/release/build/logisheets_workbook/96741a2f26abdca4/out/logisheets_workbook-96741a2f26abdca4)
[INFO] [stdout] 
[INFO] [stdout] running 56 tests
[INFO] [stdout] test ooxml::chart::tests::bubble_settings_are_scoped ... ok
[INFO] [stdout] test ooxml::chart::tests::build_chart_xml_omits_legend_when_unset ... ok
[INFO] [stdout] test ooxml::chart::tests::build_chart_xml_round_trips_full_settings ... ok
[INFO] [stdout] test ooxml::chart::tests::bubble_chart_round_trips ... ok
[INFO] [stdout] test ooxml::chart::tests::build_chart_xml_round_trips_through_parser ... ok
[INFO] [stdout] test ooxml::chart::tests::combo_series_keep_their_authored_order ... ok
[INFO] [stdout] test ooxml::chart::tests::combo_stacking_stays_on_the_primary_group ... ok
[INFO] [stdout] test ooxml::chart::tests::axis_scale_round_trips ... ok
[INFO] [stdout] test ooxml::chart::tests::depth_settings_are_scoped_to_3d ... ok
[INFO] [stdout] test ooxml::chart::tests::combo_series_are_numbered_across_groups ... ok
[INFO] [stdout] test ooxml::chart::tests::kind_specific_settings_are_scoped ... FAILED
[INFO] [stdout] test ooxml::chart::tests::combo_chart_keeps_every_group ... ok
[INFO] [stdout] test ooxml::chart::tests::of_pie_round_trips_with_its_split ... ok
[INFO] [stdout] test ooxml::chart::tests::parse_graph_fixture_chart ... FAILED
[INFO] [stdout] test ooxml::comments::tests::test1 ... ok
[INFO] [stdout] test ooxml::chart::tests::setting_a_color_replaces_the_series_fill ... FAILED
[INFO] [stdout] test ooxml::chart::tests::stock_chart_round_trips ... ok
[INFO] [stdout] test ooxml::chart::tests::three_d_kinds_round_trip ... ok
[INFO] [stdout] test ooxml::doc_props::tests::doc_prop_custom_test ... ok
[INFO] [stdout] test ooxml::chart::tests::three_d_bar_direction_round_trips ... ok
[INFO] [stdout] test ooxml::chart::tests::new_kinds_do_not_leak_settings ... ok
[INFO] [stdout] test ooxml::doc_props::tests::doc_prop_core_prop_test ... ok
[INFO] [stdout] test ooxml::chart::tests::uncombinable_overrides_fold_into_the_primary ... ok
[INFO] [stdout] test ooxml::chart::tests::radar_chart_round_trips ... ok
[INFO] [stdout] test ooxml::chart::tests::rebuilding_keeps_unmodeled_styling ... FAILED
[INFO] [stdout] test ooxml::doc_props::tests::doc_prop_app_test ... ok
[INFO] [stdout] test ooxml::theme::tests::test1 ... ok
[INFO] [stdout] test ooxml::drawing_part::tests::cell_image_round_trip ... ok
[INFO] [stdout] test ooxml::persons::tests::round_trip ... ok
[INFO] [stdout] test ooxml::chart::tests::surface_chart_round_trips_with_three_axes ... ok
[INFO] [stdout] test ooxml::pivot_table::tests::round_trip ... ok
[INFO] [stdout] test ooxml::threaded_comments::tests::parse ... ok
[INFO] [stdout] test ooxml::pivot_cache_definition::tests::round_trip ... ok
[INFO] [stdout] test ooxml::simple_types::cf_enum_spec_strings::all_spec_values_deserialize ... ok
[INFO] [stdout] test ooxml::relationships::tests::test1 ... ok
[INFO] [stdout] test ooxml::pivot_cache_records::tests::shared_item_index_accepts_u32_max_sentinel ... ok
[INFO] [stdout] test ooxml::external_links::tests::test1 ... ok
[INFO] [stdout] test ooxml::sst::tests::test ... ok
[INFO] [stdout] test reader::tests::absolute_target_resolves_from_the_package_root ... ok
[INFO] [stdout] test writer::tests::table_round_trips ... FAILED
[INFO] [stdout] test ooxml::content_types::tests::test1 ... ok
[INFO] [stdout] test ooxml::pivot_cache_records::tests::round_trip ... ok
[INFO] [stdout] test ooxml::style_sheet::tests::test1 ... ok
[INFO] [stdout] test reader::tests::get_rels_test ... ok
[INFO] [stdout] test writer::tests::write_test_1 ... ignored
[INFO] [stdout] test writer::tests::write_test_2 ... ignored
[INFO] [stdout] test reader::tests::get_target_abs_path_test ... ok
[INFO] [stdout] test ooxml::table::tests::round_trip ... ok
[INFO] [stdout] test writer::tests::a_generated_chart_anchor_carries_an_xfrm ... ok
[INFO] [stdout] test writer::tests::a_populated_xfrm_survives_the_round_trip ... FAILED
[INFO] [stdout] test writer::tests::pivot_round_trips ... FAILED
[INFO] [stdout] test writer::tests::chart_round_trips ... FAILED
[INFO] [stdout] test ooxml::workbook::tests::test1 ... ok
[INFO] [stdout] test writer::tests::every_content_type_override_names_a_media_type ... FAILED
[INFO] [stdout] test ooxml::worksheet::tests::test1 ... ok
[INFO] [stdout] test ooxml::simple_types::cf_enum_spec_strings::values_round_trip ... ok
[INFO] [stdout] 
[INFO] [stdout] failures:
[INFO] [stdout] 
[INFO] [stdout] ---- ooxml::chart::tests::kind_specific_settings_are_scoped stdout ----
[INFO] [stdout] 
[INFO] [stdout] thread 'ooxml::chart::tests::kind_specific_settings_are_scoped' (891) panicked at src/ooxml/chart.rs:2774:59:
[INFO] [stdout] called `Result::unwrap()` on an `Err` value: Os { code: 2, kind: NotFound, message: "No such file or directory" }
[INFO] [stdout] stack backtrace:
[INFO] [stdout]    0:     0x5aa341406841 - <<std[617be2ca0a6fd877]::sys::backtrace::BacktraceLock>::print::DisplayBacktrace as core[a373ad73a504971]::fmt::Display>::fmt
[INFO] [stdout]    1:     0x5aa34141cc8a - core[a373ad73a504971]::fmt::write
[INFO] [stdout]    2:     0x5aa34140ab0c - <alloc[2e1b2a31b91974c5]::vec::Vec<u8> as core[a373ad73a504971]::io::write::Write>::write_fmt
[INFO] [stdout]    3:     0x5aa3413e25e6 - std[617be2ca0a6fd877]::panicking::default_hook::{closure#0}
[INFO] [stdout]    4:     0x5aa3413febc9 - std[617be2ca0a6fd877]::panicking::default_hook
[INFO] [stdout]    5:     0x5aa3412b4ff0 - test[aada8e7e76ba119b]::test_main_inner::{closure#0}
[INFO] [stdout]    6:     0x5aa3413fed82 - std[617be2ca0a6fd877]::panicking::panic_with_hook
[INFO] [stdout]    7:     0x5aa3413e2692 - std[617be2ca0a6fd877]::panicking::panic_handler::{closure#0}
[INFO] [stdout]    8:     0x5aa3413db1e9 - std[617be2ca0a6fd877]::sys::backtrace::__rust_end_short_backtrace::<std[617be2ca0a6fd877]::panicking::panic_handler::{closure#0}, !>
[INFO] [stdout]    9:     0x5aa3413e329d - __rustc[ea4f61d10b84890b]::rust_begin_unwind
[INFO] [stdout]   10:     0x5aa34141d46c - core[a373ad73a504971]::panicking::panic_fmt
[INFO] [stdout]   11:     0x5aa34141d242 - core[a373ad73a504971]::result::unwrap_failed
[INFO] [stdout]   12:     0x5aa341190f5f - <logisheets_workbook[7923a6ef3be5194e]::ooxml::chart::tests::kind_specific_settings_are_scoped::{closure#0} as core[a373ad73a504971]::ops::function::FnOnce<()>>::call_once
[INFO] [stdout]   13:     0x5aa3412a843b - test[aada8e7e76ba119b]::__rust_begin_short_backtrace::<core[a373ad73a504971]::result::Result<(), alloc[2e1b2a31b91974c5]::string::String>, fn() -> core[a373ad73a504971]::result::Result<(), alloc[2e1b2a31b91974c5]::string::String>>
[INFO] [stdout]   14:     0x5aa3412b5615 - test[aada8e7e76ba119b]::run_test::{closure#0}
[INFO] [stdout]   15:     0x5aa3412aef04 - std[617be2ca0a6fd877]::sys::backtrace::__rust_begin_short_backtrace::<test[aada8e7e76ba119b]::run_test::{closure#1}, ()>
[INFO] [stdout]   16:     0x5aa3412b86a2 - <std[617be2ca0a6fd877]::thread::lifecycle::spawn_unchecked<test[aada8e7e76ba119b]::run_test::{closure#1}, ()>::{closure#1} as core[a373ad73a504971]::ops::function::FnOnce<()>>::call_once::{shim:vtable#0}
[INFO] [stdout]   17:     0x5aa341405d8f - <std[617be2ca0a6fd877]::sys::thread::unix::Thread>::new::thread_start
[INFO] [stdout]   18:     0x72dc688e9dfa - <unknown>
[INFO] [stdout]   19:     0x72dc6897d3d4 - clone
[INFO] [stdout]   20:                0x0 - <unknown>
[INFO] [stdout] 
[INFO] [stdout] ---- ooxml::chart::tests::parse_graph_fixture_chart stdout ----
[INFO] [stdout] 
[INFO] [stdout] thread 'ooxml::chart::tests::parse_graph_fixture_chart' (894) panicked at src/ooxml/chart.rs:2565:59:
[INFO] [stdout] called `Result::unwrap()` on an `Err` value: Os { code: 2, kind: NotFound, message: "No such file or directory" }
[INFO] [stdout] stack backtrace:
[INFO] [stdout]    0:     0x5aa341406841 - <<std[617be2ca0a6fd877]::sys::backtrace::BacktraceLock>::print::DisplayBacktrace as core[a373ad73a504971]::fmt::Display>::fmt
[INFO] [stdout]    1:     0x5aa34141cc8a - core[a373ad73a504971]::fmt::write
[INFO] [stdout]    2:     0x5aa34140ab0c - <alloc[2e1b2a31b91974c5]::vec::Vec<u8> as core[a373ad73a504971]::io::write::Write>::write_fmt
[INFO] [stdout]    3:     0x5aa3413e25e6 - std[617be2ca0a6fd877]::panicking::default_hook::{closure#0}
[INFO] [stdout]    4:     0x5aa3413febc9 - std[617be2ca0a6fd877]::panicking::default_hook
[INFO] [stdout]    5:     0x5aa3412b4ff0 - test[aada8e7e76ba119b]::test_main_inner::{closure#0}
[INFO] [stdout]    6:     0x5aa3413fed82 - std[617be2ca0a6fd877]::panicking::panic_with_hook
[INFO] [stdout]    7:     0x5aa3413e2692 - std[617be2ca0a6fd877]::panicking::panic_handler::{closure#0}
[INFO] [stdout]    8:     0x5aa3413db1e9 - std[617be2ca0a6fd877]::sys::backtrace::__rust_end_short_backtrace::<std[617be2ca0a6fd877]::panicking::panic_handler::{closure#0}, !>
[INFO] [stdout]    9:     0x5aa3413e329d - __rustc[ea4f61d10b84890b]::rust_begin_unwind
[INFO] [stdout]   10:     0x5aa34141d46c - core[a373ad73a504971]::panicking::panic_fmt
[INFO] [stdout]   11:     0x5aa34141d242 - core[a373ad73a504971]::result::unwrap_failed
[INFO] [stdout]   12:     0x5aa34118ef24 - <logisheets_workbook[7923a6ef3be5194e]::ooxml::chart::tests::parse_graph_fixture_chart::{closure#0} as core[a373ad73a504971]::ops::function::FnOnce<()>>::call_once
[INFO] [stdout]   13:     0x5aa3412a843b - test[aada8e7e76ba119b]::__rust_begin_short_backtrace::<core[a373ad73a504971]::result::Result<(), alloc[2e1b2a31b91974c5]::string::String>, fn() -> core[a373ad73a504971]::result::Result<(), alloc[2e1b2a31b91974c5]::string::String>>
[INFO] [stdout]   14:     0x5aa3412b5615 - test[aada8e7e76ba119b]::run_test::{closure#0}
[INFO] [stdout]   15:     0x5aa3412aef04 - std[617be2ca0a6fd877]::sys::backtrace::__rust_begin_short_backtrace::<test[aada8e7e76ba119b]::run_test::{closure#1}, ()>
[INFO] [stdout]   16:     0x5aa3412b86a2 - <std[617be2ca0a6fd877]::thread::lifecycle::spawn_unchecked<test[aada8e7e76ba119b]::run_test::{closure#1}, ()>::{closure#1} as core[a373ad73a504971]::ops::function::FnOnce<()>>::call_once::{shim:vtable#0}
[INFO] [stdout]   17:     0x5aa341405d8f - <std[617be2ca0a6fd877]::sys::thread::unix::Thread>::new::thread_start
[INFO] [stdout]   18:     0x72dc688e9dfa - <unknown>
[INFO] [stdout]   19:     0x72dc6897d3d4 - clone
[INFO] [stdout]   20:                0x0 - <unknown>
[INFO] [stdout] 
[INFO] [stdout] ---- ooxml::chart::tests::setting_a_color_replaces_the_series_fill stdout ----
[INFO] [stdout] 
[INFO] [stdout] thread 'ooxml::chart::tests::setting_a_color_replaces_the_series_fill' (897) panicked at src/ooxml/chart.rs:2842:59:
[INFO] [stdout] called `Result::unwrap()` on an `Err` value: Os { code: 2, kind: NotFound, message: "No such file or directory" }
[INFO] [stdout] stack backtrace:
[INFO] [stdout]    0:     0x5aa341406841 - <<std[617be2ca0a6fd877]::sys::backtrace::BacktraceLock>::print::DisplayBacktrace as core[a373ad73a504971]::fmt::Display>::fmt
[INFO] [stdout]    1:     0x5aa34141cc8a - core[a373ad73a504971]::fmt::write
[INFO] [stdout]    2:     0x5aa34140ab0c - <alloc[2e1b2a31b91974c5]::vec::Vec<u8> as core[a373ad73a504971]::io::write::Write>::write_fmt
[INFO] [stdout]    3:     0x5aa3413e25e6 - std[617be2ca0a6fd877]::panicking::default_hook::{closure#0}
[INFO] [stdout]    4:     0x5aa3413febc9 - std[617be2ca0a6fd877]::panicking::default_hook
[INFO] [stdout]    5:     0x5aa3412b4ff0 - test[aada8e7e76ba119b]::test_main_inner::{closure#0}
[INFO] [stdout]    6:     0x5aa3413fed82 - std[617be2ca0a6fd877]::panicking::panic_with_hook
[INFO] [stdout]    7:     0x5aa3413e2692 - std[617be2ca0a6fd877]::panicking::panic_handler::{closure#0}
[INFO] [stdout]    8:     0x5aa3413db1e9 - std[617be2ca0a6fd877]::sys::backtrace::__rust_end_short_backtrace::<std[617be2ca0a6fd877]::panicking::panic_handler::{closure#0}, !>
[INFO] [stdout]    9:     0x5aa3413e329d - __rustc[ea4f61d10b84890b]::rust_begin_unwind
[INFO] [stdout]   10:     0x5aa34141d46c - core[a373ad73a504971]::panicking::panic_fmt
[INFO] [stdout]   11:     0x5aa34141d242 - core[a373ad73a504971]::result::unwrap_failed
[INFO] [stdout]   12:     0x5aa3411946c8 - <logisheets_workbook[7923a6ef3be5194e]::ooxml::chart::tests::setting_a_color_replaces_the_series_fill::{closure#0} as core[a373ad73a504971]::ops::function::FnOnce<()>>::call_once
[INFO] [stdout]   13:     0x5aa3412a843b - test[aada8e7e76ba119b]::__rust_begin_short_backtrace::<core[a373ad73a504971]::result::Result<(), alloc[2e1b2a31b91974c5]::string::String>, fn() -> core[a373ad73a504971]::result::Result<(), alloc[2e1b2a31b91974c5]::string::String>>
[INFO] [stdout]   14:     0x5aa3412b5615 - test[aada8e7e76ba119b]::run_test::{closure#0}
[INFO] [stdout]   15:     0x5aa3412aef04 - std[617be2ca0a6fd877]::sys::backtrace::__rust_begin_short_backtrace::<test[aada8e7e76ba119b]::run_test::{closure#1}, ()>
[INFO] [stdout]   16:     0x5aa3412b86a2 - <std[617be2ca0a6fd877]::thread::lifecycle::spawn_unchecked<test[aada8e7e76ba119b]::run_test::{closure#1}, ()>::{closure#1} as core[a373ad73a504971]::ops::function::FnOnce<()>>::call_once::{shim:vtable#0}
[INFO] [stdout]   17:     0x5aa341405d8f - <std[617be2ca0a6fd877]::sys::thread::unix::Thread>::new::thread_start
[INFO] [stdout]   18:     0x72dc688e9dfa - <unknown>
[INFO] [stdout]   19:     0x72dc6897d3d4 - clone
[INFO] [stdout]   20:                0x0 - <unknown>
[INFO] [stdout] 
[INFO] [stdout] ---- ooxml::chart::tests::rebuilding_keeps_unmodeled_styling stdout ----
[INFO] [stdout] 
[INFO] [stdout] thread 'ooxml::chart::tests::rebuilding_keeps_unmodeled_styling' (896) panicked at src/ooxml/chart.rs:2687:59:
[INFO] [stdout] called `Result::unwrap()` on an `Err` value: Os { code: 2, kind: NotFound, message: "No such file or directory" }
[INFO] [stdout] stack backtrace:
[INFO] [stdout]    0:     0x5aa341406841 - <<std[617be2ca0a6fd877]::sys::backtrace::BacktraceLock>::print::DisplayBacktrace as core[a373ad73a504971]::fmt::Display>::fmt
[INFO] [stdout]    1:     0x5aa34141cc8a - core[a373ad73a504971]::fmt::write
[INFO] [stdout]    2:     0x5aa34140ab0c - <alloc[2e1b2a31b91974c5]::vec::Vec<u8> as core[a373ad73a504971]::io::write::Write>::write_fmt
[INFO] [stdout]    3:     0x5aa3413e25e6 - std[617be2ca0a6fd877]::panicking::default_hook::{closure#0}
[INFO] [stdout]    4:     0x5aa3413febc9 - std[617be2ca0a6fd877]::panicking::default_hook
[INFO] [stdout]    5:     0x5aa3412b4ff0 - test[aada8e7e76ba119b]::test_main_inner::{closure#0}
[INFO] [stdout]    6:     0x5aa3413fed82 - std[617be2ca0a6fd877]::panicking::panic_with_hook
[INFO] [stdout]    7:     0x5aa3413e2692 - std[617be2ca0a6fd877]::panicking::panic_handler::{closure#0}
[INFO] [stdout]    8:     0x5aa3413db1e9 - std[617be2ca0a6fd877]::sys::backtrace::__rust_end_short_backtrace::<std[617be2ca0a6fd877]::panicking::panic_handler::{closure#0}, !>
[INFO] [stdout]    9:     0x5aa3413e329d - __rustc[ea4f61d10b84890b]::rust_begin_unwind
[INFO] [stdout]   10:     0x5aa34141d46c - core[a373ad73a504971]::panicking::panic_fmt
[INFO] [stdout]   11:     0x5aa34141d242 - core[a373ad73a504971]::result::unwrap_failed
[INFO] [stdout]   12:     0x5aa34119272c - <logisheets_workbook[7923a6ef3be5194e]::ooxml::chart::tests::rebuilding_keeps_unmodeled_styling::{closure#0} as core[a373ad73a504971]::ops::function::FnOnce<()>>::call_once
[INFO] [stdout]   13:     0x5aa3412a843b - test[aada8e7e76ba119b]::__rust_begin_short_backtrace::<core[a373ad73a504971]::result::Result<(), alloc[2e1b2a31b91974c5]::string::String>, fn() -> core[a373ad73a504971]::result::Result<(), alloc[2e1b2a31b91974c5]::string::String>>
[INFO] [stdout]   14:     0x5aa3412b5615 - test[aada8e7e76ba119b]::run_test::{closure#0}
[INFO] [stdout]   15:     0x5aa3412aef04 - std[617be2ca0a6fd877]::sys::backtrace::__rust_begin_short_backtrace::<test[aada8e7e76ba119b]::run_test::{closure#1}, ()>
[INFO] [stdout]   16:     0x5aa3412b86a2 - <std[617be2ca0a6fd877]::thread::lifecycle::spawn_unchecked<test[aada8e7e76ba119b]::run_test::{closure#1}, ()>::{closure#1} as core[a373ad73a504971]::ops::function::FnOnce<()>>::call_once::{shim:vtable#0}
[INFO] [stdout]   17:     0x5aa341405d8f - <std[617be2ca0a6fd877]::sys::thread::unix::Thread>::new::thread_start
[INFO] [stdout]   18:     0x72dc688e9dfa - <unknown>
[INFO] [stdout]   19:     0x72dc6897d3d4 - clone
[INFO] [stdout]   20:                0x0 - <unknown>
[INFO] [stdout] 
[INFO] [stdout] ---- writer::tests::table_round_trips stdout ----
[INFO] [stdout] 
[INFO] [stdout] thread 'writer::tests::table_round_trips' (933) panicked at src/writer.rs:1157:50:
[INFO] [stdout] called `Result::unwrap()` on an `Err` value: Os { code: 2, kind: NotFound, message: "No such file or directory" }
[INFO] [stdout] stack backtrace:
[INFO] [stdout]    0:     0x5aa341406841 - <<std[617be2ca0a6fd877]::sys::backtrace::BacktraceLock>::print::DisplayBacktrace as core[a373ad73a504971]::fmt::Display>::fmt
[INFO] [stdout]    1:     0x5aa34141cc8a - core[a373ad73a504971]::fmt::write
[INFO] [stdout]    2:     0x5aa34140ab0c - <alloc[2e1b2a31b91974c5]::vec::Vec<u8> as core[a373ad73a504971]::io::write::Write>::write_fmt
[INFO] [stdout]    3:     0x5aa3413e25e6 - std[617be2ca0a6fd877]::panicking::default_hook::{closure#0}
[INFO] [stdout]    4:     0x5aa3413febc9 - std[617be2ca0a6fd877]::panicking::default_hook
[INFO] [stdout]    5:     0x5aa3412b4ff0 - test[aada8e7e76ba119b]::test_main_inner::{closure#0}
[INFO] [stdout]    6:     0x5aa3413fed82 - std[617be2ca0a6fd877]::panicking::panic_with_hook
[INFO] [stdout]    7:     0x5aa3413e2692 - std[617be2ca0a6fd877]::panicking::panic_handler::{closure#0}
[INFO] [stdout]    8:     0x5aa3413db1e9 - std[617be2ca0a6fd877]::sys::backtrace::__rust_end_short_backtrace::<std[617be2ca0a6fd877]::panicking::panic_handler::{closure#0}, !>
[INFO] [stdout]    9:     0x5aa3413e329d - __rustc[ea4f61d10b84890b]::rust_begin_unwind
[INFO] [stdout]   10:     0x5aa34141d46c - core[a373ad73a504971]::panicking::panic_fmt
[INFO] [stdout]   11:     0x5aa34141d242 - core[a373ad73a504971]::result::unwrap_failed
[INFO] [stdout]   12:     0x5aa3411b7985 - <logisheets_workbook[7923a6ef3be5194e]::writer::tests::table_round_trips::{closure#0} as core[a373ad73a504971]::ops::function::FnOnce<()>>::call_once
[INFO] [stdout]   13:     0x5aa3412a843b - test[aada8e7e76ba119b]::__rust_begin_short_backtrace::<core[a373ad73a504971]::result::Result<(), alloc[2e1b2a31b91974c5]::string::String>, fn() -> core[a373ad73a504971]::result::Result<(), alloc[2e1b2a31b91974c5]::string::String>>
[INFO] [stdout]   14:     0x5aa3412b5615 - test[aada8e7e76ba119b]::run_test::{closure#0}
[INFO] [stdout]   15:     0x5aa3412aef04 - std[617be2ca0a6fd877]::sys::backtrace::__rust_begin_short_backtrace::<test[aada8e7e76ba119b]::run_test::{closure#1}, ()>
[INFO] [stdout]   16:     0x5aa3412b86a2 - <std[617be2ca0a6fd877]::thread::lifecycle::spawn_unchecked<test[aada8e7e76ba119b]::run_test::{closure#1}, ()>::{closure#1} as core[a373ad73a504971]::ops::function::FnOnce<()>>::call_once::{shim:vtable#0}
[INFO] [stdout]   17:     0x5aa341405d8f - <std[617be2ca0a6fd877]::sys::thread::unix::Thread>::new::thread_start
[INFO] [stdout]   18:     0x72dc688e9dfa - <unknown>
[INFO] [stdout]   19:     0x72dc6897d3d4 - clone
[INFO] [stdout]   20:                0x0 - <unknown>
[INFO] [stdout] 
[INFO] [stdout] ---- writer::tests::a_populated_xfrm_survives_the_round_trip stdout ----
[INFO] [stdout] 
[INFO] [stdout] thread 'writer::tests::a_populated_xfrm_survives_the_round_trip' (929) panicked at src/writer.rs:1060:54:
[INFO] [stdout] called `Result::unwrap()` on an `Err` value: Os { code: 2, kind: NotFound, message: "No such file or directory" }
[INFO] [stdout] stack backtrace:
[INFO] [stdout]    0:     0x5aa341406841 - <<std[617be2ca0a6fd877]::sys::backtrace::BacktraceLock>::print::DisplayBacktrace as core[a373ad73a504971]::fmt::Display>::fmt
[INFO] [stdout]    1:     0x5aa34141cc8a - core[a373ad73a504971]::fmt::write
[INFO] [stdout]    2:     0x5aa34140ab0c - <alloc[2e1b2a31b91974c5]::vec::Vec<u8> as core[a373ad73a504971]::io::write::Write>::write_fmt
[INFO] [stdout]    3:     0x5aa3413e25e6 - std[617be2ca0a6fd877]::panicking::default_hook::{closure#0}
[INFO] [stdout]    4:     0x5aa3413febc9 - std[617be2ca0a6fd877]::panicking::default_hook
[INFO] [stdout]    5:     0x5aa3412b4ff0 - test[aada8e7e76ba119b]::test_main_inner::{closure#0}
[INFO] [stdout]    6:     0x5aa3413fed82 - std[617be2ca0a6fd877]::panicking::panic_with_hook
[INFO] [stdout]    7:     0x5aa3413e2692 - std[617be2ca0a6fd877]::panicking::panic_handler::{closure#0}
[INFO] [stdout]    8:     0x5aa3413db1e9 - std[617be2ca0a6fd877]::sys::backtrace::__rust_end_short_backtrace::<std[617be2ca0a6fd877]::panicking::panic_handler::{closure#0}, !>
[INFO] [stdout]    9:     0x5aa3413e329d - __rustc[ea4f61d10b84890b]::rust_begin_unwind
[INFO] [stdout]   10:     0x5aa34141d46c - core[a373ad73a504971]::panicking::panic_fmt
[INFO] [stdout]   11:     0x5aa34141d242 - core[a373ad73a504971]::result::unwrap_failed
[INFO] [stdout]   12:     0x5aa3411b820b - <logisheets_workbook[7923a6ef3be5194e]::writer::tests::a_populated_xfrm_survives_the_round_trip::{closure#0} as core[a373ad73a504971]::ops::function::FnOnce<()>>::call_once
[INFO] [stdout]   13:     0x5aa3412a843b - test[aada8e7e76ba119b]::__rust_begin_short_backtrace::<core[a373ad73a504971]::result::Result<(), alloc[2e1b2a31b91974c5]::string::String>, fn() -> core[a373ad73a504971]::result::Result<(), alloc[2e1b2a31b91974c5]::string::String>>
[INFO] [stdout]   14:     0x5aa3412b5615 - test[aada8e7e76ba119b]::run_test::{closure#0}
[INFO] [stdout]   15:     0x5aa3412aef04 - std[617be2ca0a6fd877]::sys::backtrace::__rust_begin_short_backtrace::<test[aada8e7e76ba119b]::run_test::{closure#1}, ()>
[INFO] [stdout]   16:     0x5aa3412b86a2 - <std[617be2ca0a6fd877]::thread::lifecycle::spawn_unchecked<test[aada8e7e76ba119b]::run_test::{closure#1}, ()>::{closure#1} as core[a373ad73a504971]::ops::function::FnOnce<()>>::call_once::{shim:vtable#0}
[INFO] [stdout]   17:     0x5aa341405d8f - <std[617be2ca0a6fd877]::sys::thread::unix::Thread>::new::thread_start
[INFO] [stdout]   18:     0x72dc688e9dfa - <unknown>
[INFO] [stdout]   19:     0x72dc6897d3d4 - clone
[INFO] [stdout]   20:                0x0 - <unknown>
[INFO] [stdout] 
[INFO] [stdout] ---- writer::tests::pivot_round_trips stdout ----
[INFO] [stdout] 
[INFO] [stdout] thread 'writer::tests::pivot_round_trips' (932) panicked at src/writer.rs:1097:58:
[INFO] [stdout] called `Result::unwrap()` on an `Err` value: Os { code: 2, kind: NotFound, message: "No such file or directory" }
[INFO] [stdout] stack backtrace:
[INFO] [stdout]    0:     0x5aa341406841 - <<std[617be2ca0a6fd877]::sys::backtrace::BacktraceLock>::print::DisplayBacktrace as core[a373ad73a504971]::fmt::Display>::fmt
[INFO] [stdout]    1:     0x5aa34141cc8a - core[a373ad73a504971]::fmt::write
[INFO] [stdout]    2:     0x5aa34140ab0c - <alloc[2e1b2a31b91974c5]::vec::Vec<u8> as core[a373ad73a504971]::io::write::Write>::write_fmt
[INFO] [stdout]    3:     0x5aa3413e25e6 - std[617be2ca0a6fd877]::panicking::default_hook::{closure#0}
[INFO] [stdout]    4:     0x5aa3413febc9 - std[617be2ca0a6fd877]::panicking::default_hook
[INFO] [stdout]    5:     0x5aa3412b4ff0 - test[aada8e7e76ba119b]::test_main_inner::{closure#0}
[INFO] [stdout]    6:     0x5aa3413fed82 - std[617be2ca0a6fd877]::panicking::panic_with_hook
[INFO] [stdout]    7:     0x5aa3413e2692 - std[617be2ca0a6fd877]::panicking::panic_handler::{closure#0}
[INFO] [stdout]    8:     0x5aa3413db1e9 - std[617be2ca0a6fd877]::sys::backtrace::__rust_end_short_backtrace::<std[617be2ca0a6fd877]::panicking::panic_handler::{closure#0}, !>
[INFO] [stdout]    9:     0x5aa3413e329d - __rustc[ea4f61d10b84890b]::rust_begin_unwind
[INFO] [stdout]   10:     0x5aa34141d46c - core[a373ad73a504971]::panicking::panic_fmt
[INFO] [stdout]   11:     0x5aa34141d242 - core[a373ad73a504971]::result::unwrap_failed
[INFO] [stdout]   12:     0x5aa3411b7072 - <logisheets_workbook[7923a6ef3be5194e]::writer::tests::pivot_round_trips::{closure#0} as core[a373ad73a504971]::ops::function::FnOnce<()>>::call_once
[INFO] [stdout]   13:     0x5aa3412a843b - test[aada8e7e76ba119b]::__rust_begin_short_backtrace::<core[a373ad73a504971]::result::Result<(), alloc[2e1b2a31b91974c5]::string::String>, fn() -> core[a373ad73a504971]::result::Result<(), alloc[2e1b2a31b91974c5]::string::String>>
[INFO] [stdout]   14:     0x5aa3412b5615 - test[aada8e7e76ba119b]::run_test::{closure#0}
[INFO] [stdout]   15:     0x5aa3412aef04 - std[617be2ca0a6fd877]::sys::backtrace::__rust_begin_short_backtrace::<test[aada8e7e76ba119b]::run_test::{closure#1}, ()>
[INFO] [stdout]   16:     0x5aa3412b86a2 - <std[617be2ca0a6fd877]::thread::lifecycle::spawn_unchecked<test[aada8e7e76ba119b]::run_test::{closure#1}, ()>::{closure#1} as core[a373ad73a504971]::ops::function::FnOnce<()>>::call_once::{shim:vtable#0}
[INFO] [stdout]   17:     0x5aa341405d8f - <std[617be2ca0a6fd877]::sys::thread::unix::Thread>::new::thread_start
[INFO] [stdout]   18:     0x72dc688e9dfa - <unknown>
[INFO] [stdout]   19:     0x72dc6897d3d4 - clone
[INFO] [stdout]   20:                0x0 - <unknown>
[INFO] [stdout] 
[INFO] [stdout] ---- writer::tests::chart_round_trips stdout ----
[INFO] [stdout] 
[INFO] [stdout] thread 'writer::tests::chart_round_trips' (930) panicked at src/writer.rs:880:54:
[INFO] [stdout] called `Result::unwrap()` on an `Err` value: Os { code: 2, kind: NotFound, message: "No such file or directory" }
[INFO] [stdout] stack backtrace:
[INFO] [stdout]    0:     0x5aa341406841 - <<std[617be2ca0a6fd877]::sys::backtrace::BacktraceLock>::print::DisplayBacktrace as core[a373ad73a504971]::fmt::Display>::fmt
[INFO] [stdout]    1:     0x5aa34141cc8a - core[a373ad73a504971]::fmt::write
[INFO] [stdout]    2:     0x5aa34140ab0c - <alloc[2e1b2a31b91974c5]::vec::Vec<u8> as core[a373ad73a504971]::io::write::Write>::write_fmt
[INFO] [stdout]    3:     0x5aa3413e25e6 - std[617be2ca0a6fd877]::panicking::default_hook::{closure#0}
[INFO] [stdout]    4:     0x5aa3413febc9 - std[617be2ca0a6fd877]::panicking::default_hook
[INFO] [stdout]    5:     0x5aa3412b4ff0 - test[aada8e7e76ba119b]::test_main_inner::{closure#0}
[INFO] [stdout]    6:     0x5aa3413fed82 - std[617be2ca0a6fd877]::panicking::panic_with_hook
[INFO] [stdout]    7:     0x5aa3413e2692 - std[617be2ca0a6fd877]::panicking::panic_handler::{closure#0}
[INFO] [stdout]    8:     0x5aa3413db1e9 - std[617be2ca0a6fd877]::sys::backtrace::__rust_end_short_backtrace::<std[617be2ca0a6fd877]::panicking::panic_handler::{closure#0}, !>
[INFO] [stdout]    9:     0x5aa3413e329d - __rustc[ea4f61d10b84890b]::rust_begin_unwind
[INFO] [stdout]   10:     0x5aa34141d46c - core[a373ad73a504971]::panicking::panic_fmt
[INFO] [stdout]   11:     0x5aa34141d242 - core[a373ad73a504971]::result::unwrap_failed
[INFO] [stdout]   12:     0x5aa3411b6711 - <logisheets_workbook[7923a6ef3be5194e]::writer::tests::chart_round_trips::{closure#0} as core[a373ad73a504971]::ops::function::FnOnce<()>>::call_once
[INFO] [stdout]   13:     0x5aa3412a843b - test[aada8e7e76ba119b]::__rust_begin_short_backtrace::<core[a373ad73a504971]::result::Result<(), alloc[2e1b2a31b91974c5]::string::String>, fn() -> core[a373ad73a504971]::result::Result<(), alloc[2e1b2a31b91974c5]::string::String>>
[INFO] [stdout]   14:     0x5aa3412b5615 - test[aada8e7e76ba119b]::run_test::{closure#0}
[INFO] [stdout]   15:     0x5aa3412aef04 - std[617be2ca0a6fd877]::sys::backtrace::__rust_begin_short_backtrace::<test[aada8e7e76ba119b]::run_test::{closure#1}, ()>
[INFO] [stdout]   16:     0x5aa3412b86a2 - <std[617be2ca0a6fd877]::thread::lifecycle::spawn_unchecked<test[aada8e7e76ba119b]::run_test::{closure#1}, ()>::{closure#1} as core[a373ad73a504971]::ops::function::FnOnce<()>>::call_once::{shim:vtable#0}
[INFO] [stdout]   17:     0x5aa341405d8f - <std[617be2ca0a6fd877]::sys::thread::unix::Thread>::new::thread_start
[INFO] [stdout]   18:     0x72dc688e9dfa - <unknown>
[INFO] [stdout]   19:     0x72dc6897d3d4 - clone
[INFO] [stdout]   20:                0x0 - <unknown>
[INFO] [stdout] 
[INFO] [stdout] ---- writer::tests::every_content_type_override_names_a_media_type stdout ----
[INFO] [stdout] 
[INFO] [stdout] thread 'writer::tests::every_content_type_override_names_a_media_type' (931) panicked at src/writer.rs:970:54:
[INFO] [stdout] called `Result::unwrap()` on an `Err` value: Os { code: 2, kind: NotFound, message: "No such file or directory" }
[INFO] [stdout] stack backtrace:
[INFO] [stdout]    0:     0x5aa341406841 - <<std[617be2ca0a6fd877]::sys::backtrace::BacktraceLock>::print::DisplayBacktrace as core[a373ad73a504971]::fmt::Display>::fmt
[INFO] [stdout]    1:     0x5aa34141cc8a - core[a373ad73a504971]::fmt::write
[INFO] [stdout]    2:     0x5aa34140ab0c - <alloc[2e1b2a31b91974c5]::vec::Vec<u8> as core[a373ad73a504971]::io::write::Write>::write_fmt
[INFO] [stdout]    3:     0x5aa3413e25e6 - std[617be2ca0a6fd877]::panicking::default_hook::{closure#0}
[INFO] [stdout]    4:     0x5aa3413febc9 - std[617be2ca0a6fd877]::panicking::default_hook
[INFO] [stdout]    5:     0x5aa3412b4ff0 - test[aada8e7e76ba119b]::test_main_inner::{closure#0}
[INFO] [stdout]    6:     0x5aa3413fed82 - std[617be2ca0a6fd877]::panicking::panic_with_hook
[INFO] [stdout]    7:     0x5aa3413e2692 - std[617be2ca0a6fd877]::panicking::panic_handler::{closure#0}
[INFO] [stdout]    8:     0x5aa3413db1e9 - std[617be2ca0a6fd877]::sys::backtrace::__rust_end_short_backtrace::<std[617be2ca0a6fd877]::panicking::panic_handler::{closure#0}, !>
[INFO] [stdout]    9:     0x5aa3413e329d - __rustc[ea4f61d10b84890b]::rust_begin_unwind
[INFO] [stdout]   10:     0x5aa34141d46c - core[a373ad73a504971]::panicking::panic_fmt
[INFO] [stdout]   11:     0x5aa34141d242 - core[a373ad73a504971]::result::unwrap_failed
[INFO] [stdout]   12:     0x5aa3411b8912 - <logisheets_workbook[7923a6ef3be5194e]::writer::tests::every_content_type_override_names_a_media_type::{closure#0} as core[a373ad73a504971]::ops::function::FnOnce<()>>::call_once
[INFO] [stdout]   13:     0x5aa3412a843b - test[aada8e7e76ba119b]::__rust_begin_short_backtrace::<core[a373ad73a504971]::result::Result<(), alloc[2e1b2a31b91974c5]::string::String>, fn() -> core[a373ad73a504971]::result::Result<(), alloc[2e1b2a31b91974c5]::string::String>>
[INFO] [stdout]   14:     0x5aa3412b5615 - test[aada8e7e76ba119b]::run_test::{closure#0}
[INFO] [stdout]   15:     0x5aa3412aef04 - std[617be2ca0a6fd877]::sys::backtrace::__rust_begin_short_backtrace::<test[aada8e7e76ba119b]::run_test::{closure#1}, ()>
[INFO] [stdout]   16:     0x5aa3412b86a2 - <std[617be2ca0a6fd877]::thread::lifecycle::spawn_unchecked<test[aada8e7e76ba119b]::run_test::{closure#1}, ()>::{closure#1} as core[a373ad73a504971]::ops::function::FnOnce<()>>::call_once::{shim:vtable#0}
[INFO] [stdout]   17:     0x5aa341405d8f - <std[617be2ca0a6fd877]::sys::thread::unix::Thread>::new::thread_start
[INFO] [stdout]   18:     0x72dc688e9dfa - <unknown>
[INFO] [stdout]   19:     0x72dc6897d3d4 - clone
[INFO] [stdout]   20:                0x0 - <unknown>
[INFO] [stdout] 
[INFO] [stdout] 
[INFO] [stdout] failures:
[INFO] [stdout]     ooxml::chart::tests::kind_specific_settings_are_scoped
[INFO] [stdout]     ooxml::chart::tests::parse_graph_fixture_chart
[INFO] [stdout]     ooxml::chart::tests::rebuilding_keeps_unmodeled_styling
[INFO] [stdout]     ooxml::chart::tests::setting_a_color_replaces_the_series_fill
[INFO] [stdout]     writer::tests::a_populated_xfrm_survives_the_round_trip
[INFO] [stdout]     writer::tests::chart_round_trips
[INFO] [stdout]     writer::tests::every_content_type_override_names_a_media_type
[INFO] [stdout]     writer::tests::pivot_round_trips
[INFO] [stdout]     writer::tests::table_round_trips
[INFO] [stdout] 
[INFO] [stdout] test result: FAILED. 45 passed; 9 failed; 2 ignored; 0 measured; 0 filtered out; finished in 0.03s
[INFO] [stdout] 
[INFO] [stderr] error: test failed, to rerun pass `--lib`
[INFO] running `Command { std: "docker" "inspect" "5dabe5981ce1d65911a45b0b71255b0e9a2779f93a2609bcdc4709b4e11f0af5", kill_on_drop: false }`
[INFO] running `Command { std: "docker" "rm" "-f" "5dabe5981ce1d65911a45b0b71255b0e9a2779f93a2609bcdc4709b4e11f0af5", kill_on_drop: false }`
[INFO] [stdout] 5dabe5981ce1d65911a45b0b71255b0e9a2779f93a2609bcdc4709b4e11f0af5
