[INFO] fetching crate logicpearl-pipeline 0.1.5...
[INFO] testing logicpearl-pipeline-0.1.5 against 1.100.0-beta.1+cargoflags=--release for beta-release-1.100-2
[INFO] extracting crate logicpearl-pipeline 0.1.5 into /workspace/builds/worker-7-tc2/source
[INFO] started tweaking crates.io crate logicpearl-pipeline 0.1.5
[INFO] finished tweaking crates.io crate logicpearl-pipeline 0.1.5
[INFO] tweaked toml for crates.io crate logicpearl-pipeline 0.1.5 written to /workspace/builds/worker-7-tc2/source/Cargo.toml
[INFO] validating manifest of crates.io crate logicpearl-pipeline 0.1.5 on toolchain 1.100.0-beta.1
[INFO] running `Command { std: CARGO_HOME="/workspace/cargo-home" RUSTUP_HOME="/workspace/rustup-home" "/workspace/cargo-home/bin/cargo" "+1.100.0-beta.1" "metadata" "--manifest-path" "Cargo.toml" "--no-deps", kill_on_drop: false }`
[INFO] crate crates.io crate logicpearl-pipeline 0.1.5 already has a lockfile, it will not be regenerated
[INFO] running `Command { std: CARGO_HOME="/workspace/cargo-home" RUSTUP_HOME="/workspace/rustup-home" "/workspace/cargo-home/bin/cargo" "+1.100.0-beta.1" "fetch" "--manifest-path" "Cargo.toml", kill_on_drop: false }`
[INFO] running `Command { std: "docker" "create" "-v" "/var/lib/crater-agent-workspace/builds/worker-7-tc2/source:/opt/rustwide/workdir:ro,Z" "-v" "/var/lib/crater-agent-workspace/builds/worker-7-tc2/target:/opt/rustwide/target:rw,Z" "-v" "/var/lib/crater-agent-workspace/cargo-home:/opt/rustwide/cargo-home:ro,Z" "-v" "/var/lib/crater-agent-workspace/rustup-home:/opt/rustwide/rustup-home:ro,Z" "-m" "1610612736" "--network" "none" "ghcr.io/rust-lang/crates-build-env/linux@sha256:77db811e55d90add9212f6832c23229e3de5f1c1f9905e8cb07319ea15df73ac" "sleep" "infinity", kill_on_drop: false }`
[INFO] [stdout] c468e3d0fe69852c8a53a95401dcc334709c7c9e37051e1dc64e006d7b0e55a3
[INFO] running `Command { std: "docker" "start" "c468e3d0fe69852c8a53a95401dcc334709c7c9e37051e1dc64e006d7b0e55a3", kill_on_drop: false }`
[INFO] running `Command { std: "docker" "inspect" "c468e3d0fe69852c8a53a95401dcc334709c7c9e37051e1dc64e006d7b0e55a3", kill_on_drop: false }`
[INFO] running `Command { std: "docker" "exec" "-e" "SOURCE_DIR=/opt/rustwide/workdir" "-e" "CARGO_HOME=/opt/rustwide/cargo-home" "-e" "RUSTUP_HOME=/opt/rustwide/rustup-home" "-e" "CARGO_TARGET_DIR=/opt/rustwide/target" "-w" "/opt/rustwide/workdir" "--user" "0:0" "c468e3d0fe69852c8a53a95401dcc334709c7c9e37051e1dc64e006d7b0e55a3" "/opt/rustwide/cargo-home/bin/cargo" "+1.100.0-beta.1" "metadata" "--no-deps" "--format-version=1", kill_on_drop: false }`
[INFO] running `Command { std: "docker" "inspect" "c468e3d0fe69852c8a53a95401dcc334709c7c9e37051e1dc64e006d7b0e55a3", kill_on_drop: false }`
[INFO] running `Command { std: "docker" "exec" "-e" "SOURCE_DIR=/opt/rustwide/workdir" "-e" "CARGO_HOME=/opt/rustwide/cargo-home" "-e" "RUSTUP_HOME=/opt/rustwide/rustup-home" "-e" "CARGO_TARGET_DIR=/opt/rustwide/target" "-e" "CARGO_INCREMENTAL=0" "-e" "RUST_BACKTRACE=full" "-e" "RUSTFLAGS=--cap-lints=warn" "-e" "RUSTDOCFLAGS=--cap-lints=warn" "-w" "/opt/rustwide/workdir" "--user" "0:0" "c468e3d0fe69852c8a53a95401dcc334709c7c9e37051e1dc64e006d7b0e55a3" "/opt/rustwide/cargo-home/bin/cargo" "+1.100.0-beta.1" "build" "--frozen" "--message-format=json" "--release", kill_on_drop: false }`
[INFO] [stderr]    Compiling typenum v1.19.0
[INFO] [stderr]    Compiling csv-core v0.1.13
[INFO] [stderr]    Compiling serde v1.0.228
[INFO] [stderr]    Compiling time v0.3.47
[INFO] [stderr]    Compiling serde_json v1.0.149
[INFO] [stderr]    Compiling csv v1.4.0
[INFO] [stderr]    Compiling logicpearl-core v0.1.5
[INFO] [stderr]    Compiling hybrid-array v0.4.10
[INFO] [stderr]    Compiling logicpearl-ir v0.1.5
[INFO] [stderr]    Compiling crypto-common v0.2.1
[INFO] [stderr]    Compiling block-buffer v0.12.0
[INFO] [stderr]    Compiling digest v0.11.2
[INFO] [stderr]    Compiling sha2 v0.11.0
[INFO] [stderr]    Compiling logicpearl-runtime v0.1.5
[INFO] [stderr]    Compiling logicpearl-plugin v0.1.5
[INFO] [stderr]    Compiling logicpearl-pipeline v0.1.5 (/opt/rustwide/workdir)
[INFO] [stderr]     Finished `release` profile [optimized] target(s) in 18.72s
[INFO] running `Command { std: "docker" "inspect" "c468e3d0fe69852c8a53a95401dcc334709c7c9e37051e1dc64e006d7b0e55a3", kill_on_drop: false }`
[INFO] running `Command { std: "docker" "exec" "-e" "SOURCE_DIR=/opt/rustwide/workdir" "-e" "CARGO_HOME=/opt/rustwide/cargo-home" "-e" "RUSTUP_HOME=/opt/rustwide/rustup-home" "-e" "CARGO_TARGET_DIR=/opt/rustwide/target" "-e" "CARGO_INCREMENTAL=0" "-e" "RUST_BACKTRACE=full" "-e" "RUSTFLAGS=--cap-lints=warn" "-e" "RUSTDOCFLAGS=--cap-lints=warn" "-w" "/opt/rustwide/workdir" "--user" "0:0" "c468e3d0fe69852c8a53a95401dcc334709c7c9e37051e1dc64e006d7b0e55a3" "/opt/rustwide/cargo-home/bin/cargo" "+1.100.0-beta.1" "test" "--frozen" "--no-run" "--message-format=json" "--release", kill_on_drop: false }`
[INFO] [stderr]    Compiling logicpearl-pipeline v0.1.5 (/opt/rustwide/workdir)
[INFO] [stderr]     Finished `release` profile [optimized] target(s) in 3.97s
[INFO] running `Command { std: "docker" "inspect" "c468e3d0fe69852c8a53a95401dcc334709c7c9e37051e1dc64e006d7b0e55a3", kill_on_drop: false }`
[INFO] running `Command { std: "docker" "exec" "-e" "SOURCE_DIR=/opt/rustwide/workdir" "-e" "CARGO_HOME=/opt/rustwide/cargo-home" "-e" "RUSTUP_HOME=/opt/rustwide/rustup-home" "-e" "CARGO_TARGET_DIR=/opt/rustwide/target" "-e" "CARGO_INCREMENTAL=0" "-e" "RUST_BACKTRACE=full" "-e" "RUSTFLAGS=--cap-lints=warn" "-e" "RUSTDOCFLAGS=--cap-lints=warn" "-w" "/opt/rustwide/workdir" "--user" "0:0" "c468e3d0fe69852c8a53a95401dcc334709c7c9e37051e1dc64e006d7b0e55a3" "/opt/rustwide/cargo-home/bin/cargo" "+1.100.0-beta.1" "test" "--frozen" "--release", kill_on_drop: false }`
[INFO] [stderr]     Finished `release` profile [optimized] target(s) in 0.06s
[INFO] [stdout] 
[INFO] [stderr]      Running unittests src/lib.rs (/opt/rustwide/target/release/build/logicpearl-pipeline/dab1fe0d95c2c9f9/out/logicpearl_pipeline-dab1fe0d95c2c9f9)
[INFO] [stdout] running 9 tests
[INFO] [stdout] test tests::composes_starter_pipeline_from_artifacts ... FAILED
[INFO] [stdout] test tests::rejects_future_stage_reference ... FAILED
[INFO] [stdout] test tests::runs_observer_pearl_verify_pipeline ... FAILED
[INFO] [stdout] test tests::validates_basic_pipeline ... FAILED
[INFO] [stdout] test tests::runs_trace_source_plugin_pipeline ... FAILED
[INFO] [stdout] test tests::rejects_absolute_pipeline_stage_paths ... ok
[INFO] [stdout] test tests::runs_basic_pearl_pipeline ... FAILED
[INFO] [stdout] test tests::rejects_pipeline_stage_paths_that_escape_base_dir ... ok
[INFO] [stdout] test tests::runs_observer_then_pearl_pipeline ... FAILED
[INFO] [stdout] 
[INFO] [stdout] failures:
[INFO] [stdout] 
[INFO] [stdout] ---- tests::composes_starter_pipeline_from_artifacts stdout ----
[INFO] [stdout] 
[INFO] [stdout] thread 'tests::composes_starter_pipeline_from_artifacts' (439) panicked at src/lib.rs:1468:76:
[INFO] [stdout] compose works: Io(Os { code: 2, kind: NotFound, message: "No such file or directory" })
[INFO] [stdout] stack backtrace:
[INFO] [stdout]    0:     0x61b0d2a9c501 - <<std[617be2ca0a6fd877]::sys::backtrace::BacktraceLock>::print::DisplayBacktrace as core[a373ad73a504971]::fmt::Display>::fmt
[INFO] [stdout]    1:     0x61b0d2ab14ba - core[a373ad73a504971]::fmt::write
[INFO] [stdout]    2:     0x61b0d2aa099c - <alloc[2e1b2a31b91974c5]::vec::Vec<u8> as core[a373ad73a504971]::io::write::Write>::write_fmt
[INFO] [stdout]    3:     0x61b0d2a77946 - std[617be2ca0a6fd877]::panicking::default_hook::{closure#0}
[INFO] [stdout]    4:     0x61b0d2a943c9 - std[617be2ca0a6fd877]::panicking::default_hook
[INFO] [stdout]    5:     0x61b0d29d49b0 - test[aada8e7e76ba119b]::test_main_inner::{closure#0}
[INFO] [stdout]    6:     0x61b0d2a94582 - std[617be2ca0a6fd877]::panicking::panic_with_hook
[INFO] [stdout]    7:     0x61b0d2a779f2 - std[617be2ca0a6fd877]::panicking::panic_handler::{closure#0}
[INFO] [stdout]    8:     0x61b0d2a70579 - std[617be2ca0a6fd877]::sys::backtrace::__rust_end_short_backtrace::<std[617be2ca0a6fd877]::panicking::panic_handler::{closure#0}, !>
[INFO] [stdout]    9:     0x61b0d2a785fd - __rustc[ea4f61d10b84890b]::rust_begin_unwind
[INFO] [stdout]   10:     0x61b0d2ab1bec - core[a373ad73a504971]::panicking::panic_fmt
[INFO] [stdout]   11:     0x61b0d2ab19c2 - core[a373ad73a504971]::result::unwrap_failed
[INFO] [stdout]   12:     0x61b0d2999c82 - <logicpearl_pipeline[126f4cc303b74e2b]::tests::composes_starter_pipeline_from_artifacts::{closure#0} as core[a373ad73a504971]::ops::function::FnOnce<()>>::call_once
[INFO] [stdout]   13:     0x61b0d29c7dfb - test[aada8e7e76ba119b]::__rust_begin_short_backtrace::<core[a373ad73a504971]::result::Result<(), alloc[2e1b2a31b91974c5]::string::String>, fn() -> core[a373ad73a504971]::result::Result<(), alloc[2e1b2a31b91974c5]::string::String>>
[INFO] [stdout]   14:     0x61b0d29d4fd5 - test[aada8e7e76ba119b]::run_test::{closure#0}
[INFO] [stdout]   15:     0x61b0d29ce8c4 - std[617be2ca0a6fd877]::sys::backtrace::__rust_begin_short_backtrace::<test[aada8e7e76ba119b]::run_test::{closure#1}, ()>
[INFO] [stdout]   16:     0x61b0d29d8062 - <std[617be2ca0a6fd877]::thread::lifecycle::spawn_unchecked<test[aada8e7e76ba119b]::run_test::{closure#1}, ()>::{closure#1} as core[a373ad73a504971]::ops::function::FnOnce<()>>::call_once::{shim:vtable#0}
[INFO] [stdout]   17:     0x61b0d2a9b6ef - <std[617be2ca0a6fd877]::sys::thread::unix::Thread>::new::thread_start
[INFO] [stdout]   18:     0x7b58dd07adfa - <unknown>
[INFO] [stdout]   19:     0x7b58dd10e3d4 - clone
[INFO] [stdout]   20:                0x0 - <unknown>
[INFO] [stdout] 
[INFO] [stdout] ---- tests::rejects_future_stage_reference stdout ----
[INFO] [stdout] 
[INFO] [stdout] thread 'tests::rejects_future_stage_reference' (441) panicked at src/lib.rs:1240:9:
[INFO] [stdout] assertion failed: err.to_string().contains("unknown or future stage")
[INFO] [stdout] stack backtrace:
[INFO] [stdout]    0:     0x61b0d2a9c501 - <<std[617be2ca0a6fd877]::sys::backtrace::BacktraceLock>::print::DisplayBacktrace as core[a373ad73a504971]::fmt::Display>::fmt
[INFO] [stdout]    1:     0x61b0d2ab14ba - core[a373ad73a504971]::fmt::write
[INFO] [stdout]    2:     0x61b0d2aa099c - <alloc[2e1b2a31b91974c5]::vec::Vec<u8> as core[a373ad73a504971]::io::write::Write>::write_fmt
[INFO] [stdout]    3:     0x61b0d2a77946 - std[617be2ca0a6fd877]::panicking::default_hook::{closure#0}
[INFO] [stdout]    4:     0x61b0d2a943c9 - std[617be2ca0a6fd877]::panicking::default_hook
[INFO] [stdout]    5:     0x61b0d29d49b0 - test[aada8e7e76ba119b]::test_main_inner::{closure#0}
[INFO] [stdout]    6:     0x61b0d2a94582 - std[617be2ca0a6fd877]::panicking::panic_with_hook
[INFO] [stdout]    7:     0x61b0d2a77a24 - std[617be2ca0a6fd877]::panicking::panic_handler::{closure#0}
[INFO] [stdout]    8:     0x61b0d2a70579 - std[617be2ca0a6fd877]::sys::backtrace::__rust_end_short_backtrace::<std[617be2ca0a6fd877]::panicking::panic_handler::{closure#0}, !>
[INFO] [stdout]    9:     0x61b0d2a785fd - __rustc[ea4f61d10b84890b]::rust_begin_unwind
[INFO] [stdout]   10:     0x61b0d2ab1bec - core[a373ad73a504971]::panicking::panic_fmt
[INFO] [stdout]   11:     0x61b0d2ab1bb2 - core[a373ad73a504971]::panicking::panic
[INFO] [stdout]   12:     0x61b0d29976f2 - <logicpearl_pipeline[126f4cc303b74e2b]::tests::rejects_future_stage_reference::{closure#0} as core[a373ad73a504971]::ops::function::FnOnce<()>>::call_once
[INFO] [stdout]   13:     0x61b0d29c7dfb - test[aada8e7e76ba119b]::__rust_begin_short_backtrace::<core[a373ad73a504971]::result::Result<(), alloc[2e1b2a31b91974c5]::string::String>, fn() -> core[a373ad73a504971]::result::Result<(), alloc[2e1b2a31b91974c5]::string::String>>
[INFO] [stdout]   14:     0x61b0d29d4fd5 - test[aada8e7e76ba119b]::run_test::{closure#0}
[INFO] [stdout]   15:     0x61b0d29ce8c4 - std[617be2ca0a6fd877]::sys::backtrace::__rust_begin_short_backtrace::<test[aada8e7e76ba119b]::run_test::{closure#1}, ()>
[INFO] [stdout]   16:     0x61b0d29d8062 - <std[617be2ca0a6fd877]::thread::lifecycle::spawn_unchecked<test[aada8e7e76ba119b]::run_test::{closure#1}, ()>::{closure#1} as core[a373ad73a504971]::ops::function::FnOnce<()>>::call_once::{shim:vtable#0}
[INFO] [stdout]   17:     0x61b0d2a9b6ef - <std[617be2ca0a6fd877]::sys::thread::unix::Thread>::new::thread_start
[INFO] [stdout]   18:     0x7b58dd07adfa - <unknown>
[INFO] [stdout]   19:     0x7b58dd10e3d4 - clone
[INFO] [stdout]   20:                0x0 - <unknown>
[INFO] [stdout] 
[INFO] [stdout] ---- tests::runs_observer_pearl_verify_pipeline stdout ----
[INFO] [stdout] 
[INFO] [stdout] thread 'tests::runs_observer_pearl_verify_pipeline' (444) panicked at src/lib.rs:1408:56:
[INFO] [stdout] pipeline runs: Message("stage observer plugin manifest does not exist: /opt/examples/plugins/python_observer/manifest.json")
[INFO] [stdout] stack backtrace:
[INFO] [stdout]    0:     0x61b0d2a9c501 - <<std[617be2ca0a6fd877]::sys::backtrace::BacktraceLock>::print::DisplayBacktrace as core[a373ad73a504971]::fmt::Display>::fmt
[INFO] [stdout]    1:     0x61b0d2ab14ba - core[a373ad73a504971]::fmt::write
[INFO] [stdout]    2:     0x61b0d2aa099c - <alloc[2e1b2a31b91974c5]::vec::Vec<u8> as core[a373ad73a504971]::io::write::Write>::write_fmt
[INFO] [stdout]    3:     0x61b0d2a77946 - std[617be2ca0a6fd877]::panicking::default_hook::{closure#0}
[INFO] [stdout]    4:     0x61b0d2a943c9 - std[617be2ca0a6fd877]::panicking::default_hook
[INFO] [stdout]    5:     0x61b0d29d49b0 - test[aada8e7e76ba119b]::test_main_inner::{closure#0}
[INFO] [stdout]    6:     0x61b0d2a94582 - std[617be2ca0a6fd877]::panicking::panic_with_hook
[INFO] [stdout]    7:     0x61b0d2a779f2 - std[617be2ca0a6fd877]::panicking::panic_handler::{closure#0}
[INFO] [stdout]    8:     0x61b0d2a70579 - std[617be2ca0a6fd877]::sys::backtrace::__rust_end_short_backtrace::<std[617be2ca0a6fd877]::panicking::panic_handler::{closure#0}, !>
[INFO] [stdout]    9:     0x61b0d2a785fd - __rustc[ea4f61d10b84890b]::rust_begin_unwind
[INFO] [stdout]   10:     0x61b0d2ab1bec - core[a373ad73a504971]::panicking::panic_fmt
[INFO] [stdout]   11:     0x61b0d2ab19c2 - core[a373ad73a504971]::result::unwrap_failed
[INFO] [stdout]   12:     0x61b0d299910d - <logicpearl_pipeline[126f4cc303b74e2b]::tests::runs_observer_pearl_verify_pipeline::{closure#0} as core[a373ad73a504971]::ops::function::FnOnce<()>>::call_once
[INFO] [stdout]   13:     0x61b0d29c7dfb - test[aada8e7e76ba119b]::__rust_begin_short_backtrace::<core[a373ad73a504971]::result::Result<(), alloc[2e1b2a31b91974c5]::string::String>, fn() -> core[a373ad73a504971]::result::Result<(), alloc[2e1b2a31b91974c5]::string::String>>
[INFO] [stdout]   14:     0x61b0d29d4fd5 - test[aada8e7e76ba119b]::run_test::{closure#0}
[INFO] [stdout]   15:     0x61b0d29ce8c4 - std[617be2ca0a6fd877]::sys::backtrace::__rust_begin_short_backtrace::<test[aada8e7e76ba119b]::run_test::{closure#1}, ()>
[INFO] [stdout]   16:     0x61b0d29d8062 - <std[617be2ca0a6fd877]::thread::lifecycle::spawn_unchecked<test[aada8e7e76ba119b]::run_test::{closure#1}, ()>::{closure#1} as core[a373ad73a504971]::ops::function::FnOnce<()>>::call_once::{shim:vtable#0}
[INFO] [stdout]   17:     0x61b0d2a9b6ef - <std[617be2ca0a6fd877]::sys::thread::unix::Thread>::new::thread_start
[INFO] [stdout]   18:     0x7b58dd07adfa - <unknown>
[INFO] [stdout]   19:     0x7b58dd10e3d4 - clone
[INFO] [stdout]   20:                0x0 - <unknown>
[INFO] [stdout] 
[INFO] [stdout] ---- tests::validates_basic_pipeline stdout ----
[INFO] [stdout] 
[INFO] [stdout] thread 'tests::validates_basic_pipeline' (447) panicked at src/lib.rs:1140:53:
[INFO] [stdout] pipeline validates: Message("stage authz artifact does not exist: /opt/fixtures/ir/valid/auth-demo-v1.json")
[INFO] [stdout] stack backtrace:
[INFO] [stdout]    0:     0x61b0d2a9c501 - <<std[617be2ca0a6fd877]::sys::backtrace::BacktraceLock>::print::DisplayBacktrace as core[a373ad73a504971]::fmt::Display>::fmt
[INFO] [stdout]    1:     0x61b0d2ab14ba - core[a373ad73a504971]::fmt::write
[INFO] [stdout]    2:     0x61b0d2aa099c - <alloc[2e1b2a31b91974c5]::vec::Vec<u8> as core[a373ad73a504971]::io::write::Write>::write_fmt
[INFO] [stdout]    3:     0x61b0d2a77946 - std[617be2ca0a6fd877]::panicking::default_hook::{closure#0}
[INFO] [stdout]    4:     0x61b0d2a943c9 - std[617be2ca0a6fd877]::panicking::default_hook
[INFO] [stdout]    5:     0x61b0d29d49b0 - test[aada8e7e76ba119b]::test_main_inner::{closure#0}
[INFO] [stdout]    6:     0x61b0d2a94582 - std[617be2ca0a6fd877]::panicking::panic_with_hook
[INFO] [stdout]    7:     0x61b0d2a779f2 - std[617be2ca0a6fd877]::panicking::panic_handler::{closure#0}
[INFO] [stdout]    8:     0x61b0d2a70579 - std[617be2ca0a6fd877]::sys::backtrace::__rust_end_short_backtrace::<std[617be2ca0a6fd877]::panicking::panic_handler::{closure#0}, !>
[INFO] [stdout]    9:     0x61b0d2a785fd - __rustc[ea4f61d10b84890b]::rust_begin_unwind
[INFO] [stdout]   10:     0x61b0d2ab1bec - core[a373ad73a504971]::panicking::panic_fmt
[INFO] [stdout]   11:     0x61b0d2ab19c2 - core[a373ad73a504971]::result::unwrap_failed
[INFO] [stdout]   12:     0x61b0d29967cb - <logicpearl_pipeline[126f4cc303b74e2b]::tests::validates_basic_pipeline::{closure#0} as core[a373ad73a504971]::ops::function::FnOnce<()>>::call_once
[INFO] [stdout]   13:     0x61b0d29c7dfb - test[aada8e7e76ba119b]::__rust_begin_short_backtrace::<core[a373ad73a504971]::result::Result<(), alloc[2e1b2a31b91974c5]::string::String>, fn() -> core[a373ad73a504971]::result::Result<(), alloc[2e1b2a31b91974c5]::string::String>>
[INFO] [stdout]   14:     0x61b0d29d4fd5 - test[aada8e7e76ba119b]::run_test::{closure#0}
[INFO] [stdout]   15:     0x61b0d29ce8c4 - std[617be2ca0a6fd877]::sys::backtrace::__rust_begin_short_backtrace::<test[aada8e7e76ba119b]::run_test::{closure#1}, ()>
[INFO] [stdout]   16:     0x61b0d29d8062 - <std[617be2ca0a6fd877]::thread::lifecycle::spawn_unchecked<test[aada8e7e76ba119b]::run_test::{closure#1}, ()>::{closure#1} as core[a373ad73a504971]::ops::function::FnOnce<()>>::call_once::{shim:vtable#0}
[INFO] [stdout]   17:     0x61b0d2a9b6ef - <std[617be2ca0a6fd877]::sys::thread::unix::Thread>::new::thread_start
[INFO] [stdout]   18:     0x7b58dd07adfa - <unknown>
[INFO] [stdout]   19:     0x7b58dd10e3d4 - clone
[INFO] [stdout]   20:                0x0 - <unknown>
[INFO] [stdout] 
[INFO] [stdout] ---- tests::runs_trace_source_plugin_pipeline stdout ----
[INFO] [stdout] 
[INFO] [stdout] thread 'tests::runs_trace_source_plugin_pipeline' (446) panicked at src/lib.rs:1453:56:
[INFO] [stdout] pipeline runs: Message("stage trace_source plugin manifest does not exist: /opt/examples/plugins/python_trace_source/manifest.json")
[INFO] [stdout] stack backtrace:
[INFO] [stdout]    0:     0x61b0d2a9c501 - <<std[617be2ca0a6fd877]::sys::backtrace::BacktraceLock>::print::DisplayBacktrace as core[a373ad73a504971]::fmt::Display>::fmt
[INFO] [stdout]    1:     0x61b0d2ab14ba - core[a373ad73a504971]::fmt::write
[INFO] [stdout]    2:     0x61b0d2aa099c - <alloc[2e1b2a31b91974c5]::vec::Vec<u8> as core[a373ad73a504971]::io::write::Write>::write_fmt
[INFO] [stdout]    3:     0x61b0d2a77946 - std[617be2ca0a6fd877]::panicking::default_hook::{closure#0}
[INFO] [stdout]    4:     0x61b0d2a943c9 - std[617be2ca0a6fd877]::panicking::default_hook
[INFO] [stdout]    5:     0x61b0d29d49b0 - test[aada8e7e76ba119b]::test_main_inner::{closure#0}
[INFO] [stdout]    6:     0x61b0d2a94582 - std[617be2ca0a6fd877]::panicking::panic_with_hook
[INFO] [stdout]    7:     0x61b0d2a779f2 - std[617be2ca0a6fd877]::panicking::panic_handler::{closure#0}
[INFO] [stdout]    8:     0x61b0d2a70579 - std[617be2ca0a6fd877]::sys::backtrace::__rust_end_short_backtrace::<std[617be2ca0a6fd877]::panicking::panic_handler::{closure#0}, !>
[INFO] [stdout]    9:     0x61b0d2a785fd - __rustc[ea4f61d10b84890b]::rust_begin_unwind
[INFO] [stdout]   10:     0x61b0d2ab1bec - core[a373ad73a504971]::panicking::panic_fmt
[INFO] [stdout]   11:     0x61b0d2ab19c2 - core[a373ad73a504971]::result::unwrap_failed
[INFO] [stdout]   12:     0x61b0d2998622 - <logicpearl_pipeline[126f4cc303b74e2b]::tests::runs_trace_source_plugin_pipeline::{closure#0} as core[a373ad73a504971]::ops::function::FnOnce<()>>::call_once
[INFO] [stdout]   13:     0x61b0d29c7dfb - test[aada8e7e76ba119b]::__rust_begin_short_backtrace::<core[a373ad73a504971]::result::Result<(), alloc[2e1b2a31b91974c5]::string::String>, fn() -> core[a373ad73a504971]::result::Result<(), alloc[2e1b2a31b91974c5]::string::String>>
[INFO] [stdout]   14:     0x61b0d29d4fd5 - test[aada8e7e76ba119b]::run_test::{closure#0}
[INFO] [stdout]   15:     0x61b0d29ce8c4 - std[617be2ca0a6fd877]::sys::backtrace::__rust_begin_short_backtrace::<test[aada8e7e76ba119b]::run_test::{closure#1}, ()>
[INFO] [stdout]   16:     0x61b0d29d8062 - <std[617be2ca0a6fd877]::thread::lifecycle::spawn_unchecked<test[aada8e7e76ba119b]::run_test::{closure#1}, ()>::{closure#1} as core[a373ad73a504971]::ops::function::FnOnce<()>>::call_once::{shim:vtable#0}
[INFO] [stdout]   17:     0x61b0d2a9b6ef - <std[617be2ca0a6fd877]::sys::thread::unix::Thread>::new::thread_start
[INFO] [stdout]   18:     0x7b58dd07adfa - <unknown>
[INFO] [stdout]   19:     0x7b58dd10e3d4 - clone
[INFO] [stdout]   20:                0x0 - <unknown>
[INFO] [stdout] 
[INFO] [stdout] ---- tests::runs_basic_pearl_pipeline stdout ----
[INFO] [stdout] 
[INFO] [stdout] thread 'tests::runs_basic_pearl_pipeline' (443) panicked at src/lib.rs:1285:56:
[INFO] [stdout] pipeline runs: Message("stage authz artifact does not exist: /opt/fixtures/ir/valid/auth-demo-v1.json")
[INFO] [stdout] stack backtrace:
[INFO] [stdout]    0:     0x61b0d2a9c501 - <<std[617be2ca0a6fd877]::sys::backtrace::BacktraceLock>::print::DisplayBacktrace as core[a373ad73a504971]::fmt::Display>::fmt
[INFO] [stdout]    1:     0x61b0d2ab14ba - core[a373ad73a504971]::fmt::write
[INFO] [stdout]    2:     0x61b0d2aa099c - <alloc[2e1b2a31b91974c5]::vec::Vec<u8> as core[a373ad73a504971]::io::write::Write>::write_fmt
[INFO] [stdout]    3:     0x61b0d2a77946 - std[617be2ca0a6fd877]::panicking::default_hook::{closure#0}
[INFO] [stdout]    4:     0x61b0d2a943c9 - std[617be2ca0a6fd877]::panicking::default_hook
[INFO] [stdout]    5:     0x61b0d29d49b0 - test[aada8e7e76ba119b]::test_main_inner::{closure#0}
[INFO] [stdout]    6:     0x61b0d2a94582 - std[617be2ca0a6fd877]::panicking::panic_with_hook
[INFO] [stdout]    7:     0x61b0d2a779f2 - std[617be2ca0a6fd877]::panicking::panic_handler::{closure#0}
[INFO] [stdout]    8:     0x61b0d2a70579 - std[617be2ca0a6fd877]::sys::backtrace::__rust_end_short_backtrace::<std[617be2ca0a6fd877]::panicking::panic_handler::{closure#0}, !>
[INFO] [stdout]    9:     0x61b0d2a785fd - __rustc[ea4f61d10b84890b]::rust_begin_unwind
[INFO] [stdout]   10:     0x61b0d2ab1bec - core[a373ad73a504971]::panicking::panic_fmt
[INFO] [stdout]   11:     0x61b0d2ab19c2 - core[a373ad73a504971]::result::unwrap_failed
[INFO] [stdout]   12:     0x61b0d29971bb - <logicpearl_pipeline[126f4cc303b74e2b]::tests::runs_basic_pearl_pipeline::{closure#0} as core[a373ad73a504971]::ops::function::FnOnce<()>>::call_once
[INFO] [stdout]   13:     0x61b0d29c7dfb - test[aada8e7e76ba119b]::__rust_begin_short_backtrace::<core[a373ad73a504971]::result::Result<(), alloc[2e1b2a31b91974c5]::string::String>, fn() -> core[a373ad73a504971]::result::Result<(), alloc[2e1b2a31b91974c5]::string::String>>
[INFO] [stdout]   14:     0x61b0d29d4fd5 - test[aada8e7e76ba119b]::run_test::{closure#0}
[INFO] [stdout]   15:     0x61b0d29ce8c4 - std[617be2ca0a6fd877]::sys::backtrace::__rust_begin_short_backtrace::<test[aada8e7e76ba119b]::run_test::{closure#1}, ()>
[INFO] [stdout]   16:     0x61b0d29d8062 - <std[617be2ca0a6fd877]::thread::lifecycle::spawn_unchecked<test[aada8e7e76ba119b]::run_test::{closure#1}, ()>::{closure#1} as core[a373ad73a504971]::ops::function::FnOnce<()>>::call_once::{shim:vtable#0}
[INFO] [stdout]   17:     0x61b0d2a9b6ef - <std[617be2ca0a6fd877]::sys::thread::unix::Thread>::new::thread_start
[INFO] [stdout]   18:     0x7b58dd07adfa - <unknown>
[INFO] [stdout]   19:     0x7b58dd10e3d4 - clone
[INFO] [stdout]   20:                0x0 - <unknown>
[INFO] [stdout] 
[INFO] [stdout] ---- tests::runs_observer_then_pearl_pipeline stdout ----
[INFO] [stdout] 
[INFO] [stdout] thread 'tests::runs_observer_then_pearl_pipeline' (445) panicked at src/lib.rs:1339:56:
[INFO] [stdout] pipeline runs: Message("stage observer plugin manifest does not exist: /opt/examples/plugins/python_observer/manifest.json")
[INFO] [stdout] stack backtrace:
[INFO] [stdout]    0:     0x61b0d2a9c501 - <<std[617be2ca0a6fd877]::sys::backtrace::BacktraceLock>::print::DisplayBacktrace as core[a373ad73a504971]::fmt::Display>::fmt
[INFO] [stdout]    1:     0x61b0d2ab14ba - core[a373ad73a504971]::fmt::write
[INFO] [stdout]    2:     0x61b0d2aa099c - <alloc[2e1b2a31b91974c5]::vec::Vec<u8> as core[a373ad73a504971]::io::write::Write>::write_fmt
[INFO] [stdout]    3:     0x61b0d2a77946 - std[617be2ca0a6fd877]::panicking::default_hook::{closure#0}
[INFO] [stdout]    4:     0x61b0d2a943c9 - std[617be2ca0a6fd877]::panicking::default_hook
[INFO] [stdout]    5:     0x61b0d29d49b0 - test[aada8e7e76ba119b]::test_main_inner::{closure#0}
[INFO] [stdout]    6:     0x61b0d2a94582 - std[617be2ca0a6fd877]::panicking::panic_with_hook
[INFO] [stdout]    7:     0x61b0d2a779f2 - std[617be2ca0a6fd877]::panicking::panic_handler::{closure#0}
[INFO] [stdout]    8:     0x61b0d2a70579 - std[617be2ca0a6fd877]::sys::backtrace::__rust_end_short_backtrace::<std[617be2ca0a6fd877]::panicking::panic_handler::{closure#0}, !>
[INFO] [stdout]    9:     0x61b0d2a785fd - __rustc[ea4f61d10b84890b]::rust_begin_unwind
[INFO] [stdout]   10:     0x61b0d2ab1bec - core[a373ad73a504971]::panicking::panic_fmt
[INFO] [stdout]   11:     0x61b0d2ab19c2 - core[a373ad73a504971]::result::unwrap_failed
[INFO] [stdout]   12:     0x61b0d2997e27 - <logicpearl_pipeline[126f4cc303b74e2b]::tests::runs_observer_then_pearl_pipeline::{closure#0} as core[a373ad73a504971]::ops::function::FnOnce<()>>::call_once
[INFO] [stdout]   13:     0x61b0d29c7dfb - test[aada8e7e76ba119b]::__rust_begin_short_backtrace::<core[a373ad73a504971]::result::Result<(), alloc[2e1b2a31b91974c5]::string::String>, fn() -> core[a373ad73a504971]::result::Result<(), alloc[2e1b2a31b91974c5]::string::String>>
[INFO] [stdout]   14:     0x61b0d29d4fd5 - test[aada8e7e76ba119b]::run_test::{closure#0}
[INFO] [stdout]   15:     0x61b0d29ce8c4 - std[617be2ca0a6fd877]::sys::backtrace::__rust_begin_short_backtrace::<test[aada8e7e76ba119b]::run_test::{closure#1}, ()>
[INFO] [stdout]   16:     0x61b0d29d8062 - <std[617be2ca0a6fd877]::thread::lifecycle::spawn_unchecked<test[aada8e7e76ba119b]::run_test::{closure#1}, ()>::{closure#1} as core[a373ad73a504971]::ops::function::FnOnce<()>>::call_once::{shim:vtable#0}
[INFO] [stdout]   17:     0x61b0d2a9b6ef - <std[617be2ca0a6fd877]::sys::thread::unix::Thread>::new::thread_start
[INFO] [stdout]   18:     0x7b58dd07adfa - <unknown>
[INFO] [stdout]   19:     0x7b58dd10e3d4 - clone
[INFO] [stdout]   20:                0x0 - <unknown>
[INFO] [stdout] 
[INFO] [stdout] 
[INFO] [stdout] failures:
[INFO] [stdout]     tests::composes_starter_pipeline_from_artifacts
[INFO] [stdout]     tests::rejects_future_stage_reference
[INFO] [stdout]     tests::runs_basic_pearl_pipeline
[INFO] [stdout]     tests::runs_observer_pearl_verify_pipeline
[INFO] [stdout]     tests::runs_observer_then_pearl_pipeline
[INFO] [stdout]     tests::runs_trace_source_plugin_pipeline
[INFO] [stdout]     tests::validates_basic_pipeline
[INFO] [stdout] 
[INFO] [stdout] test result: FAILED. 2 passed; 7 failed; 0 ignored; 0 measured; 0 filtered out; finished in 0.01s
[INFO] [stdout] 
[INFO] [stderr] error: test failed, to rerun pass `--lib`
[INFO] running `Command { std: "docker" "inspect" "c468e3d0fe69852c8a53a95401dcc334709c7c9e37051e1dc64e006d7b0e55a3", kill_on_drop: false }`
[INFO] running `Command { std: "docker" "rm" "-f" "c468e3d0fe69852c8a53a95401dcc334709c7c9e37051e1dc64e006d7b0e55a3", kill_on_drop: false }`
[INFO] [stdout] c468e3d0fe69852c8a53a95401dcc334709c7c9e37051e1dc64e006d7b0e55a3
