[INFO] fetching crate log_structured_store 0.1.0...
[INFO] testing log_structured_store-0.1.0 against 1.100.0-beta.1+cargoflags=--release for beta-release-1.100-2
[INFO] extracting crate log_structured_store 0.1.0 into /workspace/builds/worker-2-tc2/source
[INFO] started tweaking crates.io crate log_structured_store 0.1.0
[INFO] finished tweaking crates.io crate log_structured_store 0.1.0
[INFO] tweaked toml for crates.io crate log_structured_store 0.1.0 written to /workspace/builds/worker-2-tc2/source/Cargo.toml
[INFO] validating manifest of crates.io crate log_structured_store 0.1.0 on toolchain 1.100.0-beta.1
[INFO] running `Command { std: CARGO_HOME="/workspace/cargo-home" RUSTUP_HOME="/workspace/rustup-home" "/workspace/cargo-home/bin/cargo" "+1.100.0-beta.1" "metadata" "--manifest-path" "Cargo.toml" "--no-deps", kill_on_drop: false }`
[INFO] crate crates.io crate log_structured_store 0.1.0 already has a lockfile, it will not be regenerated
[INFO] running `Command { std: CARGO_HOME="/workspace/cargo-home" RUSTUP_HOME="/workspace/rustup-home" "/workspace/cargo-home/bin/cargo" "+1.100.0-beta.1" "fetch" "--manifest-path" "Cargo.toml", kill_on_drop: false }`
[INFO] [stderr] warning: `package.homepage` is redundant with `package.repository`
[INFO] [stderr]   --> Cargo.toml:33:12
[INFO] [stderr]    |
[INFO] [stderr] 33 | homepage = "https://github.com/BloomDb-Labs/Bloom_lfs.git"
[INFO] [stderr]    |            ^^^^^^^^^^^^^^^^^^^^^^^^^^^^^^^^^^^^^^^^^^^^^^^
[INFO] [stderr] ...
[INFO] [stderr] 37 | repository = "https://github.com/BloomDb-Labs/Bloom_lfs.git"
[INFO] [stderr]    |              -----------------------------------------------
[INFO] [stderr]    |
[INFO] [stderr]    = note: `cargo::redundant_homepage` is set to `warn` by default
[INFO] [stderr] help: consider removing `package.homepage`
[INFO] [stderr] warning: `log_structured_store` (manifest) generated 1 warning
[INFO] running `Command { std: "docker" "create" "-v" "/var/lib/crater-agent-workspace/builds/worker-2-tc2/source:/opt/rustwide/workdir:ro,Z" "-v" "/var/lib/crater-agent-workspace/builds/worker-2-tc2/target:/opt/rustwide/target:rw,Z" "-v" "/var/lib/crater-agent-workspace/cargo-home:/opt/rustwide/cargo-home:ro,Z" "-v" "/var/lib/crater-agent-workspace/rustup-home:/opt/rustwide/rustup-home:ro,Z" "-m" "1610612736" "--network" "none" "ghcr.io/rust-lang/crates-build-env/linux@sha256:77db811e55d90add9212f6832c23229e3de5f1c1f9905e8cb07319ea15df73ac" "sleep" "infinity", kill_on_drop: false }`
[INFO] [stdout] 7e59bfbf240d1ce0f6b819de0ebd5b8ec7a7bc3c6b30c63d9e568fd329fbb165
[INFO] running `Command { std: "docker" "start" "7e59bfbf240d1ce0f6b819de0ebd5b8ec7a7bc3c6b30c63d9e568fd329fbb165", kill_on_drop: false }`
[INFO] running `Command { std: "docker" "inspect" "7e59bfbf240d1ce0f6b819de0ebd5b8ec7a7bc3c6b30c63d9e568fd329fbb165", kill_on_drop: false }`
[INFO] running `Command { std: "docker" "exec" "-e" "SOURCE_DIR=/opt/rustwide/workdir" "-e" "CARGO_HOME=/opt/rustwide/cargo-home" "-e" "RUSTUP_HOME=/opt/rustwide/rustup-home" "-e" "CARGO_TARGET_DIR=/opt/rustwide/target" "-w" "/opt/rustwide/workdir" "--user" "0:0" "7e59bfbf240d1ce0f6b819de0ebd5b8ec7a7bc3c6b30c63d9e568fd329fbb165" "/opt/rustwide/cargo-home/bin/cargo" "+1.100.0-beta.1" "metadata" "--no-deps" "--format-version=1", kill_on_drop: false }`
[INFO] running `Command { std: "docker" "inspect" "7e59bfbf240d1ce0f6b819de0ebd5b8ec7a7bc3c6b30c63d9e568fd329fbb165", kill_on_drop: false }`
[INFO] running `Command { std: "docker" "exec" "-e" "SOURCE_DIR=/opt/rustwide/workdir" "-e" "CARGO_HOME=/opt/rustwide/cargo-home" "-e" "RUSTUP_HOME=/opt/rustwide/rustup-home" "-e" "CARGO_TARGET_DIR=/opt/rustwide/target" "-e" "CARGO_INCREMENTAL=0" "-e" "RUST_BACKTRACE=full" "-e" "RUSTFLAGS=--cap-lints=warn" "-e" "RUSTDOCFLAGS=--cap-lints=warn" "-w" "/opt/rustwide/workdir" "--user" "0:0" "7e59bfbf240d1ce0f6b819de0ebd5b8ec7a7bc3c6b30c63d9e568fd329fbb165" "/opt/rustwide/cargo-home/bin/cargo" "+1.100.0-beta.1" "build" "--frozen" "--message-format=json" "--release", kill_on_drop: false }`
[INFO] [stderr] warning: `package.homepage` is redundant with `package.repository`
[INFO] [stderr]   --> Cargo.toml:33:12
[INFO] [stderr]    |
[INFO] [stderr] 33 | homepage = "https://github.com/BloomDb-Labs/Bloom_lfs.git"
[INFO] [stderr]    |            ^^^^^^^^^^^^^^^^^^^^^^^^^^^^^^^^^^^^^^^^^^^^^^^
[INFO] [stderr] ...
[INFO] [stderr] 37 | repository = "https://github.com/BloomDb-Labs/Bloom_lfs.git"
[INFO] [stderr]    |              -----------------------------------------------
[INFO] [stderr]    |
[INFO] [stderr]    = note: `cargo::redundant_homepage` is set to `warn` by default
[INFO] [stderr] help: consider removing `package.homepage`
[INFO] [stderr] warning: `log_structured_store` (manifest) generated 1 warning
[INFO] [stderr]    Compiling crossbeam-utils v0.8.21
[INFO] [stderr]    Compiling parking_lot_core v0.9.12
[INFO] [stderr]    Compiling io-uring v0.7.11
[INFO] [stderr]    Compiling bitflags v2.11.0
[INFO] [stderr]    Compiling parking_lot v0.12.5
[INFO] [stderr]    Compiling crossbeam-channel v0.5.15
[INFO] [stderr]    Compiling dashmap v6.1.0
[INFO] [stderr]    Compiling buffer_ring v0.2.6
[INFO] [stderr]    Compiling log_structured_store v0.1.0 (/opt/rustwide/workdir)
[INFO] [stdout] warning: use of deprecated module `std::u64`: all constants in this module replaced by associated constants on the type
[INFO] [stdout]    --> src/lib.rs:110:5
[INFO] [stdout]     |
[INFO] [stdout] 110 |     u64,
[INFO] [stdout]     |     ^^^
[INFO] [stdout]     |
[INFO] [stdout]     = note: `#[warn(deprecated)]` on by default
[INFO] [stdout] 
[INFO] [stdout] 
[INFO] [stdout] warning: use of deprecated constant `std::u64::MAX`: replaced by the `MAX` associated constant on this type
[INFO] [stdout]    --> src/lib.rs:264:32
[INFO] [stdout]     |
[INFO] [stdout] 264 |             if current == u64::MAX {
[INFO] [stdout]     |                                ^^^
[INFO] [stdout] 
[INFO] [stdout] 
[INFO] [stdout] warning: use of deprecated constant `std::u64::MAX`: replaced by the `MAX` associated constant on this type
[INFO] [stdout]    --> src/lib.rs:630:44
[INFO] [stdout]     |
[INFO] [stdout] 630 |             hi_stable: AtomicU64::new(u64::MAX),
[INFO] [stdout]     |                                            ^^^
[INFO] [stdout] 
[INFO] [stdout] 
[INFO] [stdout] warning: use of deprecated constant `std::u64::MAX`: replaced by the `MAX` associated constant on this type
[INFO] [stdout]    --> src/lib.rs:660:44
[INFO] [stdout]     |
[INFO] [stdout] 660 |             hi_stable: AtomicU64::new(u64::MAX),
[INFO] [stdout]     |                                            ^^^
[INFO] [stdout] 
[INFO] [stdout] 
[INFO] [stdout] warning: type alias `FileOffset` is never used
[INFO] [stdout]    --> src/lib.rs:126:17
[INFO] [stdout]     |
[INFO] [stdout] 126 | pub(crate) type FileOffset = u64;
[INFO] [stdout]     |                 ^^^^^^^^^^
[INFO] [stdout]     |
[INFO] [stdout]     = note: `#[warn(dead_code)]` (part of `#[warn(unused)]`) on by default
[INFO] [stdout] 
[INFO] [stdout] 
[INFO] [stdout] warning: type alias `ByteCount` is never used
[INFO] [stdout]    --> src/lib.rs:127:17
[INFO] [stdout]     |
[INFO] [stdout] 127 | pub(crate) type ByteCount = usize;
[INFO] [stdout]     |                 ^^^^^^^^^
[INFO] [stdout] 
[INFO] [stdout] 
[INFO] [stderr]     Finished `release` profile [optimized] target(s) in 4.07s
[INFO] running `Command { std: "docker" "inspect" "7e59bfbf240d1ce0f6b819de0ebd5b8ec7a7bc3c6b30c63d9e568fd329fbb165", kill_on_drop: false }`
[INFO] running `Command { std: "docker" "exec" "-e" "SOURCE_DIR=/opt/rustwide/workdir" "-e" "CARGO_HOME=/opt/rustwide/cargo-home" "-e" "RUSTUP_HOME=/opt/rustwide/rustup-home" "-e" "CARGO_TARGET_DIR=/opt/rustwide/target" "-e" "CARGO_INCREMENTAL=0" "-e" "RUST_BACKTRACE=full" "-e" "RUSTFLAGS=--cap-lints=warn" "-e" "RUSTDOCFLAGS=--cap-lints=warn" "-w" "/opt/rustwide/workdir" "--user" "0:0" "7e59bfbf240d1ce0f6b819de0ebd5b8ec7a7bc3c6b30c63d9e568fd329fbb165" "/opt/rustwide/cargo-home/bin/cargo" "+1.100.0-beta.1" "test" "--frozen" "--no-run" "--message-format=json" "--release", kill_on_drop: false }`
[INFO] [stderr] warning: `package.homepage` is redundant with `package.repository`
[INFO] [stderr]   --> Cargo.toml:33:12
[INFO] [stderr]    |
[INFO] [stderr] 33 | homepage = "https://github.com/BloomDb-Labs/Bloom_lfs.git"
[INFO] [stderr]    |            ^^^^^^^^^^^^^^^^^^^^^^^^^^^^^^^^^^^^^^^^^^^^^^^
[INFO] [stderr] ...
[INFO] [stderr] 37 | repository = "https://github.com/BloomDb-Labs/Bloom_lfs.git"
[INFO] [stderr]    |              -----------------------------------------------
[INFO] [stderr]    |
[INFO] [stderr]    = note: `cargo::redundant_homepage` is set to `warn` by default
[INFO] [stderr] help: consider removing `package.homepage`
[INFO] [stderr] warning: `log_structured_store` (manifest) generated 1 warning
[INFO] [stderr]    Compiling log_structured_store v0.1.0 (/opt/rustwide/workdir)
[INFO] [stdout] warning: use of deprecated module `std::u64`: all constants in this module replaced by associated constants on the type
[INFO] [stdout]    --> src/lib.rs:110:5
[INFO] [stdout]     |
[INFO] [stdout] 110 |     u64,
[INFO] [stdout]     |     ^^^
[INFO] [stdout]     |
[INFO] [stdout]     = note: `#[warn(deprecated)]` on by default
[INFO] [stdout] 
[INFO] [stdout] 
[INFO] [stdout] warning: use of deprecated constant `std::u64::MAX`: replaced by the `MAX` associated constant on this type
[INFO] [stdout]    --> src/lib.rs:264:32
[INFO] [stdout]     |
[INFO] [stdout] 264 |             if current == u64::MAX {
[INFO] [stdout]     |                                ^^^
[INFO] [stdout] 
[INFO] [stdout] 
[INFO] [stdout] warning: use of deprecated constant `std::u64::MAX`: replaced by the `MAX` associated constant on this type
[INFO] [stdout]    --> src/lib.rs:630:44
[INFO] [stdout]     |
[INFO] [stdout] 630 |             hi_stable: AtomicU64::new(u64::MAX),
[INFO] [stdout]     |                                            ^^^
[INFO] [stdout] 
[INFO] [stdout] 
[INFO] [stdout] warning: use of deprecated constant `std::u64::MAX`: replaced by the `MAX` associated constant on this type
[INFO] [stdout]    --> src/lib.rs:660:44
[INFO] [stdout]     |
[INFO] [stdout] 660 |             hi_stable: AtomicU64::new(u64::MAX),
[INFO] [stdout]     |                                            ^^^
[INFO] [stdout] 
[INFO] [stdout] 
[INFO] [stdout] warning: type alias `FileOffset` is never used
[INFO] [stdout]    --> src/lib.rs:126:17
[INFO] [stdout]     |
[INFO] [stdout] 126 | pub(crate) type FileOffset = u64;
[INFO] [stdout]     |                 ^^^^^^^^^^
[INFO] [stdout]     |
[INFO] [stdout]     = note: `#[warn(dead_code)]` (part of `#[warn(unused)]`) on by default
[INFO] [stdout] 
[INFO] [stdout] 
[INFO] [stdout] warning: type alias `ByteCount` is never used
[INFO] [stdout]    --> src/lib.rs:127:17
[INFO] [stdout]     |
[INFO] [stdout] 127 | pub(crate) type ByteCount = usize;
[INFO] [stdout]     |                 ^^^^^^^^^
[INFO] [stdout] 
[INFO] [stdout] 
[INFO] [stdout] warning: use of deprecated module `std::u64`: all constants in this module replaced by associated constants on the type
[INFO] [stdout]    --> src/lib.rs:110:5
[INFO] [stdout]     |
[INFO] [stdout] 110 |     u64,
[INFO] [stdout]     |     ^^^
[INFO] [stdout]     |
[INFO] [stdout]     = note: `#[warn(deprecated)]` on by default
[INFO] [stdout] 
[INFO] [stdout] 
[INFO] [stdout] warning: use of deprecated constant `std::u64::MAX`: replaced by the `MAX` associated constant on this type
[INFO] [stdout]    --> src/lib.rs:264:32
[INFO] [stdout]     |
[INFO] [stdout] 264 |             if current == u64::MAX {
[INFO] [stdout]     |                                ^^^
[INFO] [stdout] 
[INFO] [stdout] 
[INFO] [stdout] warning: use of deprecated constant `std::u64::MAX`: replaced by the `MAX` associated constant on this type
[INFO] [stdout]    --> src/lib.rs:630:44
[INFO] [stdout]     |
[INFO] [stdout] 630 |             hi_stable: AtomicU64::new(u64::MAX),
[INFO] [stdout]     |                                            ^^^
[INFO] [stdout] 
[INFO] [stdout] 
[INFO] [stdout] warning: use of deprecated constant `std::u64::MAX`: replaced by the `MAX` associated constant on this type
[INFO] [stdout]    --> src/lib.rs:660:44
[INFO] [stdout]     |
[INFO] [stdout] 660 |             hi_stable: AtomicU64::new(u64::MAX),
[INFO] [stdout]     |                                            ^^^
[INFO] [stdout] 
[INFO] [stdout] 
[INFO] [stdout] warning: unused variable: `table`
[INFO] [stdout]    --> src/test.rs:255:13
[INFO] [stdout]     |
[INFO] [stdout] 255 |         let table = MockMappingTable {
[INFO] [stdout]     |             ^^^^^ help: if this is intentional, prefix it with an underscore: `_table`
[INFO] [stdout]     |
[INFO] [stdout]     = note: `#[warn(unused_variables)]` (part of `#[warn(unused)]`) on by default
[INFO] [stdout] 
[INFO] [stdout] 
[INFO] [stdout] warning: unused variable: `table`
[INFO] [stdout]    --> src/test.rs:265:13
[INFO] [stdout]     |
[INFO] [stdout] 265 |         let table = MockMappingTable {
[INFO] [stdout]     |             ^^^^^ help: if this is intentional, prefix it with an underscore: `_table`
[INFO] [stdout] 
[INFO] [stdout] 
[INFO] [stderr]     Finished `release` profile [optimized] target(s) in 1.61s
[INFO] running `Command { std: "docker" "inspect" "7e59bfbf240d1ce0f6b819de0ebd5b8ec7a7bc3c6b30c63d9e568fd329fbb165", kill_on_drop: false }`
[INFO] running `Command { std: "docker" "exec" "-e" "SOURCE_DIR=/opt/rustwide/workdir" "-e" "CARGO_HOME=/opt/rustwide/cargo-home" "-e" "RUSTUP_HOME=/opt/rustwide/rustup-home" "-e" "CARGO_TARGET_DIR=/opt/rustwide/target" "-e" "CARGO_INCREMENTAL=0" "-e" "RUST_BACKTRACE=full" "-e" "RUSTFLAGS=--cap-lints=warn" "-e" "RUSTDOCFLAGS=--cap-lints=warn" "-w" "/opt/rustwide/workdir" "--user" "0:0" "7e59bfbf240d1ce0f6b819de0ebd5b8ec7a7bc3c6b30c63d9e568fd329fbb165" "/opt/rustwide/cargo-home/bin/cargo" "+1.100.0-beta.1" "test" "--frozen" "--release", kill_on_drop: false }`
[INFO] [stderr] warning: `package.homepage` is redundant with `package.repository`
[INFO] [stderr]   --> Cargo.toml:33:12
[INFO] [stderr]    |
[INFO] [stderr] 33 | homepage = "https://github.com/BloomDb-Labs/Bloom_lfs.git"
[INFO] [stderr]    |            ^^^^^^^^^^^^^^^^^^^^^^^^^^^^^^^^^^^^^^^^^^^^^^^
[INFO] [stderr] ...
[INFO] [stderr] 37 | repository = "https://github.com/BloomDb-Labs/Bloom_lfs.git"
[INFO] [stderr]    |              -----------------------------------------------
[INFO] [stderr]    |
[INFO] [stderr]    = note: `cargo::redundant_homepage` is set to `warn` by default
[INFO] [stderr] help: consider removing `package.homepage`
[INFO] [stderr] warning: `log_structured_store` (manifest) generated 1 warning
[INFO] [stderr] warning: use of deprecated module `std::u64`: all constants in this module replaced by associated constants on the type
[INFO] [stderr]    --> src/lib.rs:110:5
[INFO] [stderr]     |
[INFO] [stderr] 110 |     u64,
[INFO] [stderr]     |     ^^^
[INFO] [stderr]     |
[INFO] [stderr]     = note: `#[warn(deprecated)]` on by default
[INFO] [stderr] 
[INFO] [stderr] warning: use of deprecated constant `std::u64::MAX`: replaced by the `MAX` associated constant on this type
[INFO] [stderr]    --> src/lib.rs:264:32
[INFO] [stderr]     |
[INFO] [stderr] 264 |             if current == u64::MAX {
[INFO] [stderr]     |                                ^^^
[INFO] [stderr] 
[INFO] [stderr] warning: use of deprecated constant `std::u64::MAX`: replaced by the `MAX` associated constant on this type
[INFO] [stderr]    --> src/lib.rs:630:44
[INFO] [stderr]     |
[INFO] [stderr] 630 |             hi_stable: AtomicU64::new(u64::MAX),
[INFO] [stderr]     |                                            ^^^
[INFO] [stderr] 
[INFO] [stderr] warning: use of deprecated constant `std::u64::MAX`: replaced by the `MAX` associated constant on this type
[INFO] [stderr]    --> src/lib.rs:660:44
[INFO] [stderr]     |
[INFO] [stderr] 660 |             hi_stable: AtomicU64::new(u64::MAX),
[INFO] [stderr]     |                                            ^^^
[INFO] [stderr] 
[INFO] [stderr] warning: type alias `FileOffset` is never used
[INFO] [stderr]    --> src/lib.rs:126:17
[INFO] [stderr]     |
[INFO] [stderr] 126 | pub(crate) type FileOffset = u64;
[INFO] [stderr]     |                 ^^^^^^^^^^
[INFO] [stderr]     |
[INFO] [stderr]     = note: `#[warn(dead_code)]` (part of `#[warn(unused)]`) on by default
[INFO] [stderr] 
[INFO] [stderr] warning: type alias `ByteCount` is never used
[INFO] [stderr]    --> src/lib.rs:127:17
[INFO] [stderr]     |
[INFO] [stderr] 127 | pub(crate) type ByteCount = usize;
[INFO] [stderr]     |                 ^^^^^^^^^
[INFO] [stderr] 
[INFO] [stderr] warning: `log_structured_store` (lib) generated 6 warnings
[INFO] [stderr] warning: unused variable: `table`
[INFO] [stderr]    --> src/test.rs:255:13
[INFO] [stderr]     |
[INFO] [stderr] 255 |         let table = MockMappingTable {
[INFO] [stderr]     |             ^^^^^ help: if this is intentional, prefix it with an underscore: `_table`
[INFO] [stderr]     |
[INFO] [stderr]     = note: `#[warn(unused_variables)]` (part of `#[warn(unused)]`) on by default
[INFO] [stderr] 
[INFO] [stderr] warning: unused variable: `table`
[INFO] [stderr]    --> src/test.rs:265:13
[INFO] [stderr]     |
[INFO] [stderr] 265 |         let table = MockMappingTable {
[INFO] [stderr]     |             ^^^^^ help: if this is intentional, prefix it with an underscore: `_table`
[INFO] [stderr] 
[INFO] [stderr] warning: `log_structured_store` (lib test) generated 6 warnings (4 duplicates) (run `cargo fix --lib -p log_structured_store --tests` to apply 2 suggestions)
[INFO] [stderr]     Finished `release` profile [optimized] target(s) in 0.03s
[INFO] [stderr]      Running unittests src/lib.rs (/opt/rustwide/target/release/build/log_structured_store/1e3006e39978da62/out/log_structured_store-1e3006e39978da62)
[INFO] [stdout] 
[INFO] [stdout] running 5 tests
[INFO] [stdout] test test::tests::write_and_read_boundary_sizes ... FAILED
[INFO] [stdout] test test::tests::write_and_read_concurrent ... FAILED
[INFO] [stdout] test test::tests::with_mock_mapping_table_async ... FAILED
[INFO] [stdout] test test::tests::write_and_read_multiple_sequential ... FAILED
[INFO] [stderr] error: test failed, to rerun pass `--lib`
[INFO] [stdout] test test::tests::write_and_read_update ... FAILED
[INFO] [stdout] 
[INFO] [stdout] failures:
[INFO] [stdout] 
[INFO] [stdout] ---- test::tests::write_and_read_boundary_sizes stdout ----
[INFO] [stdout] 
[INFO] [stdout] thread 'test::tests::write_and_read_boundary_sizes' (317) panicked at src/test.rs:34:39:
[INFO] [stdout] failed to open store: Os { code: 30, kind: ReadOnlyFilesystem, message: "Read-only file system" }
[INFO] [stdout] stack backtrace:
[INFO] [stdout]    0:     0x5b4dfb317231 - <<std[617be2ca0a6fd877]::sys::backtrace::BacktraceLock>::print::DisplayBacktrace as core[a373ad73a504971]::fmt::Display>::fmt
[INFO] [stdout]    1:     0x5b4dfb32b28a - core[a373ad73a504971]::fmt::write
[INFO] [stdout]    2:     0x5b4dfb31b44c - <alloc[2e1b2a31b91974c5]::vec::Vec<u8> as core[a373ad73a504971]::io::write::Write>::write_fmt
[INFO] [stdout]    3:     0x5b4dfb2f29d6 - std[617be2ca0a6fd877]::panicking::default_hook::{closure#0}
[INFO] [stdout]    4:     0x5b4dfb30f439 - std[617be2ca0a6fd877]::panicking::default_hook
[INFO] [stdout]    5:     0x5b4dfb29e8b0 - test[aada8e7e76ba119b]::test_main_inner::{closure#0}
[INFO] [stdout]    6:     0x5b4dfb30f5f2 - std[617be2ca0a6fd877]::panicking::panic_with_hook
[INFO] [stdout]    7:     0x5b4dfb2f2a82 - std[617be2ca0a6fd877]::panicking::panic_handler::{closure#0}
[INFO] [stdout]    8:     0x5b4dfb2eb679 - std[617be2ca0a6fd877]::sys::backtrace::__rust_end_short_backtrace::<std[617be2ca0a6fd877]::panicking::panic_handler::{closure#0}, !>
[INFO] [stdout]    9:     0x5b4dfb2f368d - __rustc[ea4f61d10b84890b]::rust_begin_unwind
[INFO] [stdout]   10:     0x5b4dfb32b9bc - core[a373ad73a504971]::panicking::panic_fmt
[INFO] [stdout]   11:     0x5b4dfb32b792 - core[a373ad73a504971]::result::unwrap_failed
[INFO] [stdout]   12:     0x5b4dfb281666 - log_structured_store[69897afcbe5d0dfe]::test::tests::open_test_store
[INFO] [stdout]   13:     0x5b4dfb282e63 - <log_structured_store[69897afcbe5d0dfe]::test::tests::write_and_read_boundary_sizes::{closure#0} as core[a373ad73a504971]::ops::function::FnOnce<()>>::call_once
[INFO] [stdout]   14:     0x5b4dfb291cfb - test[aada8e7e76ba119b]::__rust_begin_short_backtrace::<core[a373ad73a504971]::result::Result<(), alloc[2e1b2a31b91974c5]::string::String>, fn() -> core[a373ad73a504971]::result::Result<(), alloc[2e1b2a31b91974c5]::string::String>>
[INFO] [stdout]   15:     0x5b4dfb29eed5 - test[aada8e7e76ba119b]::run_test::{closure#0}
[INFO] [stdout]   16:     0x5b4dfb2987c4 - std[617be2ca0a6fd877]::sys::backtrace::__rust_begin_short_backtrace::<test[aada8e7e76ba119b]::run_test::{closure#1}, ()>
[INFO] [stdout]   17:     0x5b4dfb2a1f62 - <std[617be2ca0a6fd877]::thread::lifecycle::spawn_unchecked<test[aada8e7e76ba119b]::run_test::{closure#1}, ()>::{closure#1} as core[a373ad73a504971]::ops::function::FnOnce<()>>::call_once::{shim:vtable#0}
[INFO] [stdout]   18:     0x5b4dfb316a5f - <std[617be2ca0a6fd877]::sys::thread::unix::Thread>::new::thread_start
[INFO] [stdout]   19:     0x7857b9a3adfa - <unknown>
[INFO] [stdout]   20:     0x7857b9ace3d4 - clone
[INFO] [stdout]   21:                0x0 - <unknown>
[INFO] [stdout] 
[INFO] [stdout] ---- test::tests::write_and_read_concurrent stdout ----
[INFO] [stdout] 
[INFO] [stdout] thread 'test::tests::write_and_read_concurrent' (318) panicked at src/test.rs:34:39:
[INFO] [stdout] failed to open store: Os { code: 30, kind: ReadOnlyFilesystem, message: "Read-only file system" }
[INFO] [stdout] stack backtrace:
[INFO] [stdout]    0:     0x5b4dfb317231 - <<std[617be2ca0a6fd877]::sys::backtrace::BacktraceLock>::print::DisplayBacktrace as core[a373ad73a504971]::fmt::Display>::fmt
[INFO] [stdout]    1:     0x5b4dfb32b28a - core[a373ad73a504971]::fmt::write
[INFO] [stdout]    2:     0x5b4dfb31b44c - <alloc[2e1b2a31b91974c5]::vec::Vec<u8> as core[a373ad73a504971]::io::write::Write>::write_fmt
[INFO] [stdout]    3:     0x5b4dfb2f29d6 - std[617be2ca0a6fd877]::panicking::default_hook::{closure#0}
[INFO] [stdout]    4:     0x5b4dfb30f439 - std[617be2ca0a6fd877]::panicking::default_hook
[INFO] [stdout]    5:     0x5b4dfb29e8b0 - test[aada8e7e76ba119b]::test_main_inner::{closure#0}
[INFO] [stdout]    6:     0x5b4dfb30f5f2 - std[617be2ca0a6fd877]::panicking::panic_with_hook
[INFO] [stdout]    7:     0x5b4dfb2f2a82 - std[617be2ca0a6fd877]::panicking::panic_handler::{closure#0}
[INFO] [stdout]    8:     0x5b4dfb2eb679 - std[617be2ca0a6fd877]::sys::backtrace::__rust_end_short_backtrace::<std[617be2ca0a6fd877]::panicking::panic_handler::{closure#0}, !>
[INFO] [stdout]    9:     0x5b4dfb2f368d - __rustc[ea4f61d10b84890b]::rust_begin_unwind
[INFO] [stdout]   10:     0x5b4dfb32b9bc - core[a373ad73a504971]::panicking::panic_fmt
[INFO] [stdout]   11:     0x5b4dfb32b792 - core[a373ad73a504971]::result::unwrap_failed
[INFO] [stdout]   12:     0x5b4dfb281666 - log_structured_store[69897afcbe5d0dfe]::test::tests::open_test_store
[INFO] [stdout]   13:     0x5b4dfb281e62 - <log_structured_store[69897afcbe5d0dfe]::test::tests::write_and_read_concurrent::{closure#0} as core[a373ad73a504971]::ops::function::FnOnce<()>>::call_once
[INFO] [stdout]   14:     0x5b4dfb291cfb - test[aada8e7e76ba119b]::__rust_begin_short_backtrace::<core[a373ad73a504971]::result::Result<(), alloc[2e1b2a31b91974c5]::string::String>, fn() -> core[a373ad73a504971]::result::Result<(), alloc[2e1b2a31b91974c5]::string::String>>
[INFO] [stdout]   15:     0x5b4dfb29eed5 - test[aada8e7e76ba119b]::run_test::{closure#0}
[INFO] [stdout]   16:     0x5b4dfb2987c4 - std[617be2ca0a6fd877]::sys::backtrace::__rust_begin_short_backtrace::<test[aada8e7e76ba119b]::run_test::{closure#1}, ()>
[INFO] [stdout]   17:     0x5b4dfb2a1f62 - <std[617be2ca0a6fd877]::thread::lifecycle::spawn_unchecked<test[aada8e7e76ba119b]::run_test::{closure#1}, ()>::{closure#1} as core[a373ad73a504971]::ops::function::FnOnce<()>>::call_once::{shim:vtable#0}
[INFO] [stdout]   18:     0x5b4dfb316a5f - <std[617be2ca0a6fd877]::sys::thread::unix::Thread>::new::thread_start
[INFO] [stdout]   19:     0x7857b9a3adfa - <unknown>
[INFO] [stdout]   20:     0x7857b9ace3d4 - clone
[INFO] [stdout]   21:                0x0 - <unknown>
[INFO] [stdout] 
[INFO] [stdout] ---- test::tests::with_mock_mapping_table_async stdout ----
[INFO] [stdout] 
[INFO] [stdout] thread 'test::tests::with_mock_mapping_table_async' (316) panicked at src/test.rs:34:39:
[INFO] [stdout] failed to open store: Os { code: 30, kind: ReadOnlyFilesystem, message: "Read-only file system" }
[INFO] [stdout] stack backtrace:
[INFO] [stdout]    0:     0x5b4dfb317231 - <<std[617be2ca0a6fd877]::sys::backtrace::BacktraceLock>::print::DisplayBacktrace as core[a373ad73a504971]::fmt::Display>::fmt
[INFO] [stdout]    1:     0x5b4dfb32b28a - core[a373ad73a504971]::fmt::write
[INFO] [stdout]    2:     0x5b4dfb31b44c - <alloc[2e1b2a31b91974c5]::vec::Vec<u8> as core[a373ad73a504971]::io::write::Write>::write_fmt
[INFO] [stdout]    3:     0x5b4dfb2f29d6 - std[617be2ca0a6fd877]::panicking::default_hook::{closure#0}
[INFO] [stdout]    4:     0x5b4dfb30f439 - std[617be2ca0a6fd877]::panicking::default_hook
[INFO] [stdout]    5:     0x5b4dfb29e8b0 - test[aada8e7e76ba119b]::test_main_inner::{closure#0}
[INFO] [stdout]    6:     0x5b4dfb30f5f2 - std[617be2ca0a6fd877]::panicking::panic_with_hook
[INFO] [stdout]    7:     0x5b4dfb2f2a82 - std[617be2ca0a6fd877]::panicking::panic_handler::{closure#0}
[INFO] [stdout]    8:     0x5b4dfb2eb679 - std[617be2ca0a6fd877]::sys::backtrace::__rust_end_short_backtrace::<std[617be2ca0a6fd877]::panicking::panic_handler::{closure#0}, !>
[INFO] [stdout]    9:     0x5b4dfb2f368d - __rustc[ea4f61d10b84890b]::rust_begin_unwind
[INFO] [stdout]   10:     0x5b4dfb32b9bc - core[a373ad73a504971]::panicking::panic_fmt
[INFO] [stdout]   11:     0x5b4dfb32b792 - core[a373ad73a504971]::result::unwrap_failed
[INFO] [stdout]   12:     0x5b4dfb281666 - log_structured_store[69897afcbe5d0dfe]::test::tests::open_test_store
[INFO] [stdout]   13:     0x5b4dfb2827ed - <log_structured_store[69897afcbe5d0dfe]::test::tests::with_mock_mapping_table_async::{closure#0} as core[a373ad73a504971]::ops::function::FnOnce<()>>::call_once
[INFO] [stdout]   14:     0x5b4dfb291cfb - test[aada8e7e76ba119b]::__rust_begin_short_backtrace::<core[a373ad73a504971]::result::Result<(), alloc[2e1b2a31b91974c5]::string::String>, fn() -> core[a373ad73a504971]::result::Result<(), alloc[2e1b2a31b91974c5]::string::String>>
[INFO] [stdout]   15:     0x5b4dfb29eed5 - test[aada8e7e76ba119b]::run_test::{closure#0}
[INFO] [stdout]   16:     0x5b4dfb2987c4 - std[617be2ca0a6fd877]::sys::backtrace::__rust_begin_short_backtrace::<test[aada8e7e76ba119b]::run_test::{closure#1}, ()>
[INFO] [stdout]   17:     0x5b4dfb2a1f62 - <std[617be2ca0a6fd877]::thread::lifecycle::spawn_unchecked<test[aada8e7e76ba119b]::run_test::{closure#1}, ()>::{closure#1} as core[a373ad73a504971]::ops::function::FnOnce<()>>::call_once::{shim:vtable#0}
[INFO] [stdout]   18:     0x5b4dfb316a5f - <std[617be2ca0a6fd877]::sys::thread::unix::Thread>::new::thread_start
[INFO] [stdout]   19:     0x7857b9a3adfa - <unknown>
[INFO] [stdout]   20:     0x7857b9ace3d4 - clone
[INFO] [stdout]   21:                0x0 - <unknown>
[INFO] [stdout] 
[INFO] [stdout] ---- test::tests::write_and_read_multiple_sequential stdout ----
[INFO] [stdout] 
[INFO] [stdout] thread 'test::tests::write_and_read_multiple_sequential' (319) panicked at src/test.rs:34:39:
[INFO] [stdout] failed to open store: Os { code: 30, kind: ReadOnlyFilesystem, message: "Read-only file system" }
[INFO] [stdout] stack backtrace:
[INFO] [stdout]    0:     0x5b4dfb317231 - <<std[617be2ca0a6fd877]::sys::backtrace::BacktraceLock>::print::DisplayBacktrace as core[a373ad73a504971]::fmt::Display>::fmt
[INFO] [stdout]    1:     0x5b4dfb32b28a - core[a373ad73a504971]::fmt::write
[INFO] [stdout]    2:     0x5b4dfb31b44c - <alloc[2e1b2a31b91974c5]::vec::Vec<u8> as core[a373ad73a504971]::io::write::Write>::write_fmt
[INFO] [stdout]    3:     0x5b4dfb2f29d6 - std[617be2ca0a6fd877]::panicking::default_hook::{closure#0}
[INFO] [stdout]    4:     0x5b4dfb30f439 - std[617be2ca0a6fd877]::panicking::default_hook
[INFO] [stdout]    5:     0x5b4dfb29e8b0 - test[aada8e7e76ba119b]::test_main_inner::{closure#0}
[INFO] [stdout]    6:     0x5b4dfb30f5f2 - std[617be2ca0a6fd877]::panicking::panic_with_hook
[INFO] [stdout]    7:     0x5b4dfb2f2a82 - std[617be2ca0a6fd877]::panicking::panic_handler::{closure#0}
[INFO] [stdout]    8:     0x5b4dfb2eb679 - std[617be2ca0a6fd877]::sys::backtrace::__rust_end_short_backtrace::<std[617be2ca0a6fd877]::panicking::panic_handler::{closure#0}, !>
[INFO] [stdout]    9:     0x5b4dfb2f368d - __rustc[ea4f61d10b84890b]::rust_begin_unwind
[INFO] [stdout]   10:     0x5b4dfb32b9bc - core[a373ad73a504971]::panicking::panic_fmt
[INFO] [stdout]   11:     0x5b4dfb32b792 - core[a373ad73a504971]::result::unwrap_failed
[INFO] [stdout]   12:     0x5b4dfb281666 - log_structured_store[69897afcbe5d0dfe]::test::tests::open_test_store
[INFO] [stdout]   13:     0x5b4dfb2830c0 - <log_structured_store[69897afcbe5d0dfe]::test::tests::write_and_read_multiple_sequential::{closure#0} as core[a373ad73a504971]::ops::function::FnOnce<()>>::call_once
[INFO] [stdout]   14:     0x5b4dfb291cfb - test[aada8e7e76ba119b]::__rust_begin_short_backtrace::<core[a373ad73a504971]::result::Result<(), alloc[2e1b2a31b91974c5]::string::String>, fn() -> core[a373ad73a504971]::result::Result<(), alloc[2e1b2a31b91974c5]::string::String>>
[INFO] [stdout]   15:     0x5b4dfb29eed5 - test[aada8e7e76ba119b]::run_test::{closure#0}
[INFO] [stdout]   16:     0x5b4dfb2987c4 - std[617be2ca0a6fd877]::sys::backtrace::__rust_begin_short_backtrace::<test[aada8e7e76ba119b]::run_test::{closure#1}, ()>
[INFO] [stdout]   17:     0x5b4dfb2a1f62 - <std[617be2ca0a6fd877]::thread::lifecycle::spawn_unchecked<test[aada8e7e76ba119b]::run_test::{closure#1}, ()>::{closure#1} as core[a373ad73a504971]::ops::function::FnOnce<()>>::call_once::{shim:vtable#0}
[INFO] [stdout]   18:     0x5b4dfb316a5f - <std[617be2ca0a6fd877]::sys::thread::unix::Thread>::new::thread_start
[INFO] [stdout]   19:     0x7857b9a3adfa - <unknown>
[INFO] [stdout]   20:     0x7857b9ace3d4 - clone
[INFO] [stdout]   21:                0x0 - <unknown>
[INFO] [stdout] 
[INFO] [stdout] ---- test::tests::write_and_read_update stdout ----
[INFO] [stdout] 
[INFO] [stdout] thread 'test::tests::write_and_read_update' (320) panicked at src/test.rs:34:39:
[INFO] [stdout] failed to open store: Os { code: 30, kind: ReadOnlyFilesystem, message: "Read-only file system" }
[INFO] [stdout] stack backtrace:
[INFO] [stdout]    0:     0x5b4dfb317231 - <<std[617be2ca0a6fd877]::sys::backtrace::BacktraceLock>::print::DisplayBacktrace as core[a373ad73a504971]::fmt::Display>::fmt
[INFO] [stdout]    1:     0x5b4dfb32b28a - core[a373ad73a504971]::fmt::write
[INFO] [stdout]    2:     0x5b4dfb31b44c - <alloc[2e1b2a31b91974c5]::vec::Vec<u8> as core[a373ad73a504971]::io::write::Write>::write_fmt
[INFO] [stdout]    3:     0x5b4dfb2f29d6 - std[617be2ca0a6fd877]::panicking::default_hook::{closure#0}
[INFO] [stdout]    4:     0x5b4dfb30f439 - std[617be2ca0a6fd877]::panicking::default_hook
[INFO] [stdout]    5:     0x5b4dfb29e8b0 - test[aada8e7e76ba119b]::test_main_inner::{closure#0}
[INFO] [stdout]    6:     0x5b4dfb30f5f2 - std[617be2ca0a6fd877]::panicking::panic_with_hook
[INFO] [stdout]    7:     0x5b4dfb2f2a82 - std[617be2ca0a6fd877]::panicking::panic_handler::{closure#0}
[INFO] [stdout]    8:     0x5b4dfb2eb679 - std[617be2ca0a6fd877]::sys::backtrace::__rust_end_short_backtrace::<std[617be2ca0a6fd877]::panicking::panic_handler::{closure#0}, !>
[INFO] [stdout]    9:     0x5b4dfb2f368d - __rustc[ea4f61d10b84890b]::rust_begin_unwind
[INFO] [stdout]   10:     0x5b4dfb32b9bc - core[a373ad73a504971]::panicking::panic_fmt
[INFO] [stdout]   11:     0x5b4dfb32b792 - core[a373ad73a504971]::result::unwrap_failed
[INFO] [stdout]   12:     0x5b4dfb281666 - log_structured_store[69897afcbe5d0dfe]::test::tests::open_test_store
[INFO] [stdout]   13:     0x5b4dfb281c03 - <log_structured_store[69897afcbe5d0dfe]::test::tests::write_and_read_update::{closure#0} as core[a373ad73a504971]::ops::function::FnOnce<()>>::call_once
[INFO] [stdout]   14:     0x5b4dfb291cfb - test[aada8e7e76ba119b]::__rust_begin_short_backtrace::<core[a373ad73a504971]::result::Result<(), alloc[2e1b2a31b91974c5]::string::String>, fn() -> core[a373ad73a504971]::result::Result<(), alloc[2e1b2a31b91974c5]::string::String>>
[INFO] [stdout]   15:     0x5b4dfb29eed5 - test[aada8e7e76ba119b]::run_test::{closure#0}
[INFO] [stdout]   16:     0x5b4dfb2987c4 - std[617be2ca0a6fd877]::sys::backtrace::__rust_begin_short_backtrace::<test[aada8e7e76ba119b]::run_test::{closure#1}, ()>
[INFO] [stdout]   17:     0x5b4dfb2a1f62 - <std[617be2ca0a6fd877]::thread::lifecycle::spawn_unchecked<test[aada8e7e76ba119b]::run_test::{closure#1}, ()>::{closure#1} as core[a373ad73a504971]::ops::function::FnOnce<()>>::call_once::{shim:vtable#0}
[INFO] [stdout]   18:     0x5b4dfb316a5f - <std[617be2ca0a6fd877]::sys::thread::unix::Thread>::new::thread_start
[INFO] [stdout]   19:     0x7857b9a3adfa - <unknown>
[INFO] [stdout]   20:     0x7857b9ace3d4 - clone
[INFO] [stdout]   21:                0x0 - <unknown>
[INFO] [stdout] 
[INFO] [stdout] 
[INFO] [stdout] failures:
[INFO] [stdout]     test::tests::with_mock_mapping_table_async
[INFO] [stdout]     test::tests::write_and_read_boundary_sizes
[INFO] [stdout]     test::tests::write_and_read_concurrent
[INFO] [stdout]     test::tests::write_and_read_multiple_sequential
[INFO] [stdout]     test::tests::write_and_read_update
[INFO] [stdout] 
[INFO] [stdout] test result: FAILED. 0 passed; 5 failed; 0 ignored; 0 measured; 0 filtered out; finished in 0.01s
[INFO] [stdout] 
[INFO] running `Command { std: "docker" "inspect" "7e59bfbf240d1ce0f6b819de0ebd5b8ec7a7bc3c6b30c63d9e568fd329fbb165", kill_on_drop: false }`
[INFO] running `Command { std: "docker" "rm" "-f" "7e59bfbf240d1ce0f6b819de0ebd5b8ec7a7bc3c6b30c63d9e568fd329fbb165", kill_on_drop: false }`
[INFO] [stdout] 7e59bfbf240d1ce0f6b819de0ebd5b8ec7a7bc3c6b30c63d9e568fd329fbb165
