[INFO] fetching crate log_limit 0.3.0...
[INFO] testing log_limit-0.3.0 against 1.99.0-beta.8+cargoflags=--release for beta-release-1.100-2
[INFO] extracting crate log_limit 0.3.0 into /workspace/builds/worker-6-tc1/source
[INFO] removed /workspace/builds/worker-6-tc1/source/.cargo/config.toml
[INFO] started tweaking crates.io crate log_limit 0.3.0
[INFO] finished tweaking crates.io crate log_limit 0.3.0
[INFO] tweaked toml for crates.io crate log_limit 0.3.0 written to /workspace/builds/worker-6-tc1/source/Cargo.toml
[INFO] validating manifest of crates.io crate log_limit 0.3.0 on toolchain 1.99.0-beta.8
[INFO] running `Command { std: CARGO_HOME="/workspace/cargo-home" RUSTUP_HOME="/workspace/rustup-home" "/workspace/cargo-home/bin/cargo" "+1.99.0-beta.8" "metadata" "--manifest-path" "Cargo.toml" "--no-deps", kill_on_drop: false }`
[INFO] crate crates.io crate log_limit 0.3.0 already has a lockfile, it will not be regenerated
[INFO] running `Command { std: CARGO_HOME="/workspace/cargo-home" RUSTUP_HOME="/workspace/rustup-home" "/workspace/cargo-home/bin/cargo" "+1.99.0-beta.8" "fetch" "--manifest-path" "Cargo.toml", kill_on_drop: false }`
[INFO] [stderr]  Downloading crates ...
[INFO] [stderr]   Downloaded simple_logger v5.1.0
[INFO] running `Command { std: "docker" "create" "-v" "/var/lib/crater-agent-workspace/builds/worker-6-tc1/source:/opt/rustwide/workdir:ro,Z" "-v" "/var/lib/crater-agent-workspace/builds/worker-6-tc1/target:/opt/rustwide/target:rw,Z" "-v" "/var/lib/crater-agent-workspace/cargo-home:/opt/rustwide/cargo-home:ro,Z" "-v" "/var/lib/crater-agent-workspace/rustup-home:/opt/rustwide/rustup-home:ro,Z" "-m" "1610612736" "--network" "none" "ghcr.io/rust-lang/crates-build-env/linux@sha256:77db811e55d90add9212f6832c23229e3de5f1c1f9905e8cb07319ea15df73ac" "sleep" "infinity", kill_on_drop: false }`
[INFO] [stdout] e1f2eaf4862f137577f747d506bdd1cbc6e5d06411a79ba2c40929438c7764f7
[INFO] running `Command { std: "docker" "start" "e1f2eaf4862f137577f747d506bdd1cbc6e5d06411a79ba2c40929438c7764f7", kill_on_drop: false }`
[INFO] running `Command { std: "docker" "inspect" "e1f2eaf4862f137577f747d506bdd1cbc6e5d06411a79ba2c40929438c7764f7", kill_on_drop: false }`
[INFO] running `Command { std: "docker" "exec" "-e" "SOURCE_DIR=/opt/rustwide/workdir" "-e" "CARGO_HOME=/opt/rustwide/cargo-home" "-e" "RUSTUP_HOME=/opt/rustwide/rustup-home" "-e" "CARGO_TARGET_DIR=/opt/rustwide/target" "-w" "/opt/rustwide/workdir" "--user" "0:0" "e1f2eaf4862f137577f747d506bdd1cbc6e5d06411a79ba2c40929438c7764f7" "/opt/rustwide/cargo-home/bin/cargo" "+1.99.0-beta.8" "metadata" "--no-deps" "--format-version=1", kill_on_drop: false }`
[INFO] running `Command { std: "docker" "inspect" "e1f2eaf4862f137577f747d506bdd1cbc6e5d06411a79ba2c40929438c7764f7", kill_on_drop: false }`
[INFO] running `Command { std: "docker" "exec" "-e" "SOURCE_DIR=/opt/rustwide/workdir" "-e" "CARGO_HOME=/opt/rustwide/cargo-home" "-e" "RUSTUP_HOME=/opt/rustwide/rustup-home" "-e" "CARGO_TARGET_DIR=/opt/rustwide/target" "-e" "CARGO_INCREMENTAL=0" "-e" "RUST_BACKTRACE=full" "-e" "RUSTFLAGS=--cap-lints=warn" "-e" "RUSTDOCFLAGS=--cap-lints=warn" "-w" "/opt/rustwide/workdir" "--user" "0:0" "e1f2eaf4862f137577f747d506bdd1cbc6e5d06411a79ba2c40929438c7764f7" "/opt/rustwide/cargo-home/bin/cargo" "+1.99.0-beta.8" "build" "--frozen" "--message-format=json" "--release", kill_on_drop: false }`
[INFO] [stderr]    Compiling log_limit v0.3.0 (/opt/rustwide/workdir)
[INFO] [stderr]     Finished `release` profile [optimized] target(s) in 0.24s
[INFO] running `Command { std: "docker" "inspect" "e1f2eaf4862f137577f747d506bdd1cbc6e5d06411a79ba2c40929438c7764f7", kill_on_drop: false }`
[INFO] running `Command { std: "docker" "exec" "-e" "SOURCE_DIR=/opt/rustwide/workdir" "-e" "CARGO_HOME=/opt/rustwide/cargo-home" "-e" "RUSTUP_HOME=/opt/rustwide/rustup-home" "-e" "CARGO_TARGET_DIR=/opt/rustwide/target" "-e" "CARGO_INCREMENTAL=0" "-e" "RUST_BACKTRACE=full" "-e" "RUSTFLAGS=--cap-lints=warn" "-e" "RUSTDOCFLAGS=--cap-lints=warn" "-w" "/opt/rustwide/workdir" "--user" "0:0" "e1f2eaf4862f137577f747d506bdd1cbc6e5d06411a79ba2c40929438c7764f7" "/opt/rustwide/cargo-home/bin/cargo" "+1.99.0-beta.8" "test" "--frozen" "--no-run" "--message-format=json" "--release", kill_on_drop: false }`
[INFO] [stderr]    Compiling libc v0.2.178
[INFO] [stderr]    Compiling num-conv v0.1.0
[INFO] [stderr]    Compiling powerfmt v0.2.0
[INFO] [stderr]    Compiling time-core v0.1.6
[INFO] [stderr]    Compiling num_threads v0.1.7
[INFO] [stderr]    Compiling colored v3.0.0
[INFO] [stderr]    Compiling log_limit v0.3.0 (/opt/rustwide/workdir)
[INFO] [stderr]    Compiling time-macros v0.2.24
[INFO] [stderr]    Compiling deranged v0.5.5
[INFO] [stderr]    Compiling time v0.3.44
[INFO] [stderr]    Compiling simple_logger v5.1.0
[INFO] [stderr]     Finished `release` profile [optimized] target(s) in 10.32s
[INFO] running `Command { std: "docker" "inspect" "e1f2eaf4862f137577f747d506bdd1cbc6e5d06411a79ba2c40929438c7764f7", kill_on_drop: false }`
[INFO] running `Command { std: "docker" "exec" "-e" "SOURCE_DIR=/opt/rustwide/workdir" "-e" "CARGO_HOME=/opt/rustwide/cargo-home" "-e" "RUSTUP_HOME=/opt/rustwide/rustup-home" "-e" "CARGO_TARGET_DIR=/opt/rustwide/target" "-e" "CARGO_INCREMENTAL=0" "-e" "RUST_BACKTRACE=full" "-e" "RUSTFLAGS=--cap-lints=warn" "-e" "RUSTDOCFLAGS=--cap-lints=warn" "-w" "/opt/rustwide/workdir" "--user" "0:0" "e1f2eaf4862f137577f747d506bdd1cbc6e5d06411a79ba2c40929438c7764f7" "/opt/rustwide/cargo-home/bin/cargo" "+1.99.0-beta.8" "test" "--frozen" "--release", kill_on_drop: false }`
[INFO] [stderr]     Finished `release` profile [optimized] target(s) in 0.06s
[INFO] [stderr]      Running unittests src/lib.rs (/opt/rustwide/target/release/deps/log_limit-23dacdaacd233972)
[INFO] [stdout] 
[INFO] [stdout] running 10 tests
[INFO] [stdout] test tests::target_parameter_works ... ok
[INFO] [stdout] test tests::all_synchronised_variants_compile ... ok
[INFO] [stdout] test tests::global_suppressed_levels_are_ignored ... ok
[INFO] [stdout] test tests::all_thread_variants_compile ... ok
[INFO] [stdout] test tests::thread_local_suppressed_levels_are_ignored ... FAILED
[INFO] [stdout] test tests::thread_local_spamming_does_not_work ... FAILED
[INFO] [stdout] test tests::sync_spamming_does_not_work ... FAILED
[INFO] [stdout] test tests::thread_local_logger_limits_correctly ... FAILED
[INFO] [stdout] test tests::shared_logger_limits_correctly ... FAILED
[INFO] [stdout] test tests::max_per_time_longer_than_period_overflow ... FAILED
[INFO] [stdout] 
[INFO] [stdout] failures:
[INFO] [stdout] 
[INFO] [stdout] ---- tests::thread_local_suppressed_levels_are_ignored stdout ----
[INFO] [stdout] 
[INFO] [stdout] thread 'tests::thread_local_suppressed_levels_are_ignored' (318) panicked at src/lib.rs:546:13:
[INFO] [stdout] assertion `left == right` failed
[INFO] [stdout]   left: 5
[INFO] [stdout]  right: 0
[INFO] [stdout] stack backtrace:
[INFO] [stdout]    0:     0x617e91265e41 - <<std[70759c8f55707aa4]::sys::backtrace::BacktraceLock>::print::DisplayBacktrace as core[df12db4294e9bfd3]::fmt::Display>::fmt
[INFO] [stdout]    1:     0x617e9127a04a - core[df12db4294e9bfd3]::fmt::write
[INFO] [stdout]    2:     0x617e9126a2dc - <alloc[2182bb758b4b3781]::vec::Vec<u8> as core[df12db4294e9bfd3]::io::write::Write>::write_fmt
[INFO] [stdout]    3:     0x617e91242326 - std[70759c8f55707aa4]::panicking::default_hook::{closure#0}
[INFO] [stdout]    4:     0x617e9125e4d9 - std[70759c8f55707aa4]::panicking::default_hook
[INFO] [stdout]    5:     0x617e911fa850 - test[9d35eded1c95d3be]::test_main_inner::<test[9d35eded1c95d3be]::test_main_static::{closure#0}>::{closure#0}
[INFO] [stdout]    6:     0x617e9125e692 - std[70759c8f55707aa4]::panicking::panic_with_hook
[INFO] [stdout]    7:     0x617e912423d2 - std[70759c8f55707aa4]::panicking::panic_handler::{closure#0}
[INFO] [stdout]    8:     0x617e9123b159 - std[70759c8f55707aa4]::sys::backtrace::__rust_end_short_backtrace::<std[70759c8f55707aa4]::panicking::panic_handler::{closure#0}, !>
[INFO] [stdout]    9:     0x617e91242fcd - __rustc[8fa7c3cbc660c2b3]::rust_begin_unwind
[INFO] [stdout]   10:     0x617e9127a77c - core[df12db4294e9bfd3]::panicking::panic_fmt
[INFO] [stdout]   11:     0x617e9127a693 - core[df12db4294e9bfd3]::panicking::assert_failed_inner
[INFO] [stdout]   12:     0x617e91276f88 - core[df12db4294e9bfd3]::panicking::assert_failed::<usize, usize>
[INFO] [stdout]   13:     0x617e911e7ca8 - log_limit[1a9f9edfe0261cc2]::testing_logger::validate::<log_limit[1a9f9edfe0261cc2]::tests::thread_local_suppressed_levels_are_ignored::{closure#0}>
[INFO] [stdout]   14:     0x617e911e7129 - <log_limit[1a9f9edfe0261cc2]::tests::thread_local_suppressed_levels_are_ignored::{closure#0} as core[df12db4294e9bfd3]::ops::function::FnOnce<()>>::call_once
[INFO] [stdout]   15:     0x617e911edb3b - test[9d35eded1c95d3be]::__rust_begin_short_backtrace::<core[df12db4294e9bfd3]::result::Result<(), alloc[2182bb758b4b3781]::string::String>, fn() -> core[df12db4294e9bfd3]::result::Result<(), alloc[2182bb758b4b3781]::string::String>>
[INFO] [stdout]   16:     0x617e911fb1a5 - test[9d35eded1c95d3be]::run_test::{closure#0}
[INFO] [stdout]   17:     0x617e911f4a64 - std[70759c8f55707aa4]::sys::backtrace::__rust_begin_short_backtrace::<test[9d35eded1c95d3be]::run_test::{closure#1}, ()>
[INFO] [stdout]   18:     0x617e911fe302 - <std[70759c8f55707aa4]::thread::lifecycle::spawn_unchecked<test[9d35eded1c95d3be]::run_test::{closure#1}, ()>::{closure#1} as core[df12db4294e9bfd3]::ops::function::FnOnce<()>>::call_once::{shim:vtable#0}
[INFO] [stdout]   19:     0x617e91265719 - <std[70759c8f55707aa4]::sys::thread::unix::Thread>::new::thread_start
[INFO] [stdout]   20:     0x7469b9974dfa - <unknown>
[INFO] [stdout]   21:     0x7469b9a083d4 - clone
[INFO] [stdout]   22:                0x0 - <unknown>
[INFO] [stdout] 
[INFO] [stdout] ---- tests::thread_local_spamming_does_not_work stdout ----
[INFO] [stdout] 
[INFO] [stdout] thread 'tests::thread_local_spamming_does_not_work' (317) panicked at src/testing_logger.rs:30:46:
[INFO] [stdout] called `Result::unwrap()` on an `Err` value: PoisonError { .. }
[INFO] [stdout] stack backtrace:
[INFO] [stdout]    0:     0x617e91265e41 - <<std[70759c8f55707aa4]::sys::backtrace::BacktraceLock>::print::DisplayBacktrace as core[df12db4294e9bfd3]::fmt::Display>::fmt
[INFO] [stdout]    1:     0x617e9127a04a - core[df12db4294e9bfd3]::fmt::write
[INFO] [stdout]    2:     0x617e9126a2dc - <alloc[2182bb758b4b3781]::vec::Vec<u8> as core[df12db4294e9bfd3]::io::write::Write>::write_fmt
[INFO] [stdout]    3:     0x617e91242326 - std[70759c8f55707aa4]::panicking::default_hook::{closure#0}
[INFO] [stdout]    4:     0x617e9125e4d9 - std[70759c8f55707aa4]::panicking::default_hook
[INFO] [stdout]    5:     0x617e911fa850 - test[9d35eded1c95d3be]::test_main_inner::<test[9d35eded1c95d3be]::test_main_static::{closure#0}>::{closure#0}
[INFO] [stdout]    6:     0x617e9125e692 - std[70759c8f55707aa4]::panicking::panic_with_hook
[INFO] [stdout]    7:     0x617e912423d2 - std[70759c8f55707aa4]::panicking::panic_handler::{closure#0}
[INFO] [stdout]    8:     0x617e9123b159 - std[70759c8f55707aa4]::sys::backtrace::__rust_end_short_backtrace::<std[70759c8f55707aa4]::panicking::panic_handler::{closure#0}, !>
[INFO] [stdout]    9:     0x617e91242fcd - __rustc[8fa7c3cbc660c2b3]::rust_begin_unwind
[INFO] [stdout]   10:     0x617e9127a77c - core[df12db4294e9bfd3]::panicking::panic_fmt
[INFO] [stdout]   11:     0x617e9127a552 - core[df12db4294e9bfd3]::result::unwrap_failed
[INFO] [stdout]   12:     0x617e911e89a4 - <log_limit[1a9f9edfe0261cc2]::testing_logger::TestingLogger as log[a18131fef49e8b72]::Log>::log
[INFO] [stdout]   13:     0x617e911e2a1c - <log_limit[1a9f9edfe0261cc2]::RateLimiter>::log_maybe::<log_limit[1a9f9edfe0261cc2]::tests::thread_local_spamming_does_not_work::{closure#0}::{closure#0}::{closure#0}>
[INFO] [stdout]   14:     0x617e911eac44 - log_limit[1a9f9edfe0261cc2]::tests::thread_local_spamming_does_not_work
[INFO] [stdout]   15:     0x617e911e70a9 - <log_limit[1a9f9edfe0261cc2]::tests::thread_local_spamming_does_not_work::{closure#0} as core[df12db4294e9bfd3]::ops::function::FnOnce<()>>::call_once
[INFO] [stdout]   16:     0x617e911edb3b - test[9d35eded1c95d3be]::__rust_begin_short_backtrace::<core[df12db4294e9bfd3]::result::Result<(), alloc[2182bb758b4b3781]::string::String>, fn() -> core[df12db4294e9bfd3]::result::Result<(), alloc[2182bb758b4b3781]::string::String>>
[INFO] [stdout]   17:     0x617e911fb1a5 - test[9d35eded1c95d3be]::run_test::{closure#0}
[INFO] [stdout]   18:     0x617e911f4a64 - std[70759c8f55707aa4]::sys::backtrace::__rust_begin_short_backtrace::<test[9d35eded1c95d3be]::run_test::{closure#1}, ()>
[INFO] [stdout]   19:     0x617e911fe302 - <std[70759c8f55707aa4]::thread::lifecycle::spawn_unchecked<test[9d35eded1c95d3be]::run_test::{closure#1}, ()>::{closure#1} as core[df12db4294e9bfd3]::ops::function::FnOnce<()>>::call_once::{shim:vtable#0}
[INFO] [stdout]   20:     0x617e91265719 - <std[70759c8f55707aa4]::sys::thread::unix::Thread>::new::thread_start
[INFO] [stdout]   21:     0x7469b9974dfa - <unknown>
[INFO] [stdout]   22:     0x7469b9a083d4 - clone
[INFO] [stdout]   23:                0x0 - <unknown>
[INFO] [stdout] 
[INFO] [stdout] ---- tests::sync_spamming_does_not_work stdout ----
[INFO] [stdout] 
[INFO] [stdout] thread '<unnamed>' (319) panicked at src/testing_logger.rs:30:46:
[INFO] [stdout] called `Result::unwrap()` on an `Err` value: PoisonError { .. }
[INFO] [stdout] stack backtrace:
[INFO] [stdout]    0:     0x617e91265e41 - <<std[70759c8f55707aa4]::sys::backtrace::BacktraceLock>::print::DisplayBacktrace as core[df12db4294e9bfd3]::fmt::Display>::fmt
[INFO] [stdout]    1:     0x617e9127a04a - core[df12db4294e9bfd3]::fmt::write
[INFO] [stdout]    2:     0x617e9126a2dc - <alloc[2182bb758b4b3781]::vec::Vec<u8> as core[df12db4294e9bfd3]::io::write::Write>::write_fmt
[INFO] [stdout]    3:     0x617e91242326 - std[70759c8f55707aa4]::panicking::default_hook::{closure#0}
[INFO] [stdout]    4:     0x617e9125e4d9 - std[70759c8f55707aa4]::panicking::default_hook
[INFO] [stdout]    5:     0x617e911fa850 - test[9d35eded1c95d3be]::test_main_inner::<test[9d35eded1c95d3be]::test_main_static::{closure#0}>::{closure#0}
[INFO] [stdout]    6:     0x617e9125e692 - std[70759c8f55707aa4]::panicking::panic_with_hook
[INFO] [stdout]    7:     0x617e912423d2 - std[70759c8f55707aa4]::panicking::panic_handler::{closure#0}
[INFO] [stdout]    8:     0x617e9123b159 - std[70759c8f55707aa4]::sys::backtrace::__rust_end_short_backtrace::<std[70759c8f55707aa4]::panicking::panic_handler::{closure#0}, !>
[INFO] [stdout]    9:     0x617e91242fcd - __rustc[8fa7c3cbc660c2b3]::rust_begin_unwind
[INFO] [stdout]   10:     0x617e9127a77c - core[df12db4294e9bfd3]::panicking::panic_fmt
[INFO] [stdout]   11:     0x617e9127a552 - core[df12db4294e9bfd3]::result::unwrap_failed
[INFO] [stdout]   12:     0x617e911e89a4 - <log_limit[1a9f9edfe0261cc2]::testing_logger::TestingLogger as log[a18131fef49e8b72]::Log>::log
[INFO] [stdout]   13:     0x617e911de852 - <log_limit[1a9f9edfe0261cc2]::SynchronisedRateLimiter>::log_maybe::<log_limit[1a9f9edfe0261cc2]::tests::sync_spamming_does_not_work::{closure#0}::{closure#0}::{closure#0}::{closure#0}>
[INFO] [stdout]   14:     0x617e911e7f85 - std[70759c8f55707aa4]::sys::backtrace::__rust_begin_short_backtrace::<log_limit[1a9f9edfe0261cc2]::tests::sync_spamming_does_not_work::{closure#0}::{closure#0}::{closure#0}, ()>
[INFO] [stdout]   15:     0x617e911ed908 - <std[70759c8f55707aa4]::thread::lifecycle::spawn_unchecked<log_limit[1a9f9edfe0261cc2]::tests::sync_spamming_does_not_work::{closure#0}::{closure#0}::{closure#0}, ()>::{closure#1} as core[df12db4294e9bfd3]::ops::function::FnOnce<()>>::call_once::{shim:vtable#0}
[INFO] [stdout]   16:     0x617e91265719 - <std[70759c8f55707aa4]::sys::thread::unix::Thread>::new::thread_start
[INFO] [stdout]   17:     0x7469b9974dfa - <unknown>
[INFO] [stdout]   18:     0x7469b9a083d4 - clone
[INFO] [stdout]   19:                0x0 - <unknown>
[INFO] [stdout] 
[INFO] [stdout] thread 'tests::sync_spamming_does_not_work' (314) panicked at src/lib.rs:467:31:
[INFO] [stdout] called `Result::unwrap()` on an `Err` value: Any { .. }
[INFO] [stdout] stack backtrace:
[INFO] [stdout]    0:     0x617e91265e41 - <<std[70759c8f55707aa4]::sys::backtrace::BacktraceLock>::print::DisplayBacktrace as core[df12db4294e9bfd3]::fmt::Display>::fmt
[INFO] [stdout]    1:     0x617e9127a04a - core[df12db4294e9bfd3]::fmt::write
[INFO] [stdout]    2:     0x617e9126a2dc - <alloc[2182bb758b4b3781]::vec::Vec<u8> as core[df12db4294e9bfd3]::io::write::Write>::write_fmt
[INFO] [stdout]    3:     0x617e91242326 - std[70759c8f55707aa4]::panicking::default_hook::{closure#0}
[INFO] [stdout]    4:     0x617e9125e4d9 - std[70759c8f55707aa4]::panicking::default_hook
[INFO] [stdout]    5:     0x617e911fa850 - test[9d35eded1c95d3be]::test_main_inner::<test[9d35eded1c95d3be]::test_main_static::{closure#0}>::{closure#0}
[INFO] [stdout]    6:     0x617e9125e692 - std[70759c8f55707aa4]::panicking::panic_with_hook
[INFO] [stdout]    7:     0x617e912423d2 - std[70759c8f55707aa4]::panicking::panic_handler::{closure#0}
[INFO] [stdout]    8:     0x617e9123b159 - std[70759c8f55707aa4]::sys::backtrace::__rust_end_short_backtrace::<std[70759c8f55707aa4]::panicking::panic_handler::{closure#0}, !>
[INFO] [stdout]    9:     0x617e91242fcd - __rustc[8fa7c3cbc660c2b3]::rust_begin_unwind
[INFO] [stdout]   10:     0x617e9127a77c - core[df12db4294e9bfd3]::panicking::panic_fmt
[INFO] [stdout]   11:     0x617e9127a552 - core[df12db4294e9bfd3]::result::unwrap_failed
[INFO] [stdout]   12:     0x617e911ea740 - log_limit[1a9f9edfe0261cc2]::tests::sync_spamming_does_not_work
[INFO] [stdout]   13:     0x617e911e7049 - <log_limit[1a9f9edfe0261cc2]::tests::sync_spamming_does_not_work::{closure#0} as core[df12db4294e9bfd3]::ops::function::FnOnce<()>>::call_once
[INFO] [stdout]   14:     0x617e911edb3b - test[9d35eded1c95d3be]::__rust_begin_short_backtrace::<core[df12db4294e9bfd3]::result::Result<(), alloc[2182bb758b4b3781]::string::String>, fn() -> core[df12db4294e9bfd3]::result::Result<(), alloc[2182bb758b4b3781]::string::String>>
[INFO] [stdout]   15:     0x617e911fb1a5 - test[9d35eded1c95d3be]::run_test::{closure#0}
[INFO] [stdout]   16:     0x617e911f4a64 - std[70759c8f55707aa4]::sys::backtrace::__rust_begin_short_backtrace::<test[9d35eded1c95d3be]::run_test::{closure#1}, ()>
[INFO] [stdout]   17:     0x617e911fe302 - <std[70759c8f55707aa4]::thread::lifecycle::spawn_unchecked<test[9d35eded1c95d3be]::run_test::{closure#1}, ()>::{closure#1} as core[df12db4294e9bfd3]::ops::function::FnOnce<()>>::call_once::{shim:vtable#0}
[INFO] [stdout]   18:     0x617e91265719 - <std[70759c8f55707aa4]::sys::thread::unix::Thread>::new::thread_start
[INFO] [stdout]   19:     0x7469b9974dfa - <unknown>
[INFO] [stdout]   20:     0x7469b9a083d4 - clone
[INFO] [stdout]   21:                0x0 - <unknown>
[INFO] [stdout] 
[INFO] [stdout] ---- tests::thread_local_logger_limits_correctly stdout ----
[INFO] [stdout] 
[INFO] [stdout] thread 'tests::thread_local_logger_limits_correctly' (316) panicked at src/testing_logger.rs:30:46:
[INFO] [stdout] called `Result::unwrap()` on an `Err` value: PoisonError { .. }
[INFO] [stdout] stack backtrace:
[INFO] [stdout]    0:     0x617e91265e41 - <<std[70759c8f55707aa4]::sys::backtrace::BacktraceLock>::print::DisplayBacktrace as core[df12db4294e9bfd3]::fmt::Display>::fmt
[INFO] [stdout]    1:     0x617e9127a04a - core[df12db4294e9bfd3]::fmt::write
[INFO] [stdout]    2:     0x617e9126a2dc - <alloc[2182bb758b4b3781]::vec::Vec<u8> as core[df12db4294e9bfd3]::io::write::Write>::write_fmt
[INFO] [stdout]    3:     0x617e91242326 - std[70759c8f55707aa4]::panicking::default_hook::{closure#0}
[INFO] [stdout]    4:     0x617e9125e4d9 - std[70759c8f55707aa4]::panicking::default_hook
[INFO] [stdout]    5:     0x617e911fa850 - test[9d35eded1c95d3be]::test_main_inner::<test[9d35eded1c95d3be]::test_main_static::{closure#0}>::{closure#0}
[INFO] [stdout]    6:     0x617e9125e692 - std[70759c8f55707aa4]::panicking::panic_with_hook
[INFO] [stdout]    7:     0x617e912423d2 - std[70759c8f55707aa4]::panicking::panic_handler::{closure#0}
[INFO] [stdout]    8:     0x617e9123b159 - std[70759c8f55707aa4]::sys::backtrace::__rust_end_short_backtrace::<std[70759c8f55707aa4]::panicking::panic_handler::{closure#0}, !>
[INFO] [stdout]    9:     0x617e91242fcd - __rustc[8fa7c3cbc660c2b3]::rust_begin_unwind
[INFO] [stdout]   10:     0x617e9127a77c - core[df12db4294e9bfd3]::panicking::panic_fmt
[INFO] [stdout]   11:     0x617e9127a552 - core[df12db4294e9bfd3]::result::unwrap_failed
[INFO] [stdout]   12:     0x617e911e89a4 - <log_limit[1a9f9edfe0261cc2]::testing_logger::TestingLogger as log[a18131fef49e8b72]::Log>::log
[INFO] [stdout]   13:     0x617e911e2f1c - <log_limit[1a9f9edfe0261cc2]::RateLimiter>::log_maybe::<log_limit[1a9f9edfe0261cc2]::tests::logger_limits_correctly::{closure#1}::{closure#0}>
[INFO] [stdout]   14:     0x617e911e905b - log_limit[1a9f9edfe0261cc2]::tests::logger_limits_correctly
[INFO] [stdout]   15:     0x617e911e70eb - <log_limit[1a9f9edfe0261cc2]::tests::thread_local_logger_limits_correctly::{closure#0} as core[df12db4294e9bfd3]::ops::function::FnOnce<()>>::call_once
[INFO] [stdout]   16:     0x617e911edb3b - test[9d35eded1c95d3be]::__rust_begin_short_backtrace::<core[df12db4294e9bfd3]::result::Result<(), alloc[2182bb758b4b3781]::string::String>, fn() -> core[df12db4294e9bfd3]::result::Result<(), alloc[2182bb758b4b3781]::string::String>>
[INFO] [stdout]   17:     0x617e911fb1a5 - test[9d35eded1c95d3be]::run_test::{closure#0}
[INFO] [stdout]   18:     0x617e911f4a64 - std[70759c8f55707aa4]::sys::backtrace::__rust_begin_short_backtrace::<test[9d35eded1c95d3be]::run_test::{closure#1}, ()>
[INFO] [stdout]   19:     0x617e911fe302 - <std[70759c8f55707aa4]::thread::lifecycle::spawn_unchecked<test[9d35eded1c95d3be]::run_test::{closure#1}, ()>::{closure#1} as core[df12db4294e9bfd3]::ops::function::FnOnce<()>>::call_once::{shim:vtable#0}
[INFO] [stdout]   20:     0x617e91265719 - <std[70759c8f55707aa4]::sys::thread::unix::Thread>::new::thread_start
[INFO] [stdout]   21:     0x7469b9974dfa - <unknown>
[INFO] [stdout]   22:     0x7469b9a083d4 - clone
[INFO] [stdout]   23:                0x0 - <unknown>
[INFO] [stdout] 
[INFO] [stdout] ---- tests::shared_logger_limits_correctly stdout ----
[INFO] [stdout] 
[INFO] [stdout] thread 'tests::shared_logger_limits_correctly' (313) panicked at src/testing_logger.rs:30:46:
[INFO] [stdout] called `Result::unwrap()` on an `Err` value: PoisonError { .. }
[INFO] [stdout] stack backtrace:
[INFO] [stdout]    0:     0x617e91265e41 - <<std[70759c8f55707aa4]::sys::backtrace::BacktraceLock>::print::DisplayBacktrace as core[df12db4294e9bfd3]::fmt::Display>::fmt
[INFO] [stdout]    1:     0x617e9127a04a - core[df12db4294e9bfd3]::fmt::write
[INFO] [stdout]    2:     0x617e9126a2dc - <alloc[2182bb758b4b3781]::vec::Vec<u8> as core[df12db4294e9bfd3]::io::write::Write>::write_fmt
[INFO] [stdout]    3:     0x617e91242326 - std[70759c8f55707aa4]::panicking::default_hook::{closure#0}
[INFO] [stdout]    4:     0x617e9125e4d9 - std[70759c8f55707aa4]::panicking::default_hook
[INFO] [stdout]    5:     0x617e911fa850 - test[9d35eded1c95d3be]::test_main_inner::<test[9d35eded1c95d3be]::test_main_static::{closure#0}>::{closure#0}
[INFO] [stdout]    6:     0x617e9125e692 - std[70759c8f55707aa4]::panicking::panic_with_hook
[INFO] [stdout]    7:     0x617e912423d2 - std[70759c8f55707aa4]::panicking::panic_handler::{closure#0}
[INFO] [stdout]    8:     0x617e9123b159 - std[70759c8f55707aa4]::sys::backtrace::__rust_end_short_backtrace::<std[70759c8f55707aa4]::panicking::panic_handler::{closure#0}, !>
[INFO] [stdout]    9:     0x617e91242fcd - __rustc[8fa7c3cbc660c2b3]::rust_begin_unwind
[INFO] [stdout]   10:     0x617e9127a77c - core[df12db4294e9bfd3]::panicking::panic_fmt
[INFO] [stdout]   11:     0x617e9127a552 - core[df12db4294e9bfd3]::result::unwrap_failed
[INFO] [stdout]   12:     0x617e911e89a4 - <log_limit[1a9f9edfe0261cc2]::testing_logger::TestingLogger as log[a18131fef49e8b72]::Log>::log
[INFO] [stdout]   13:     0x617e911ded62 - <log_limit[1a9f9edfe0261cc2]::SynchronisedRateLimiter>::log_maybe::<log_limit[1a9f9edfe0261cc2]::tests::logger_limits_correctly::{closure#2}>
[INFO] [stdout]   14:     0x617e911e8e75 - log_limit[1a9f9edfe0261cc2]::tests::logger_limits_correctly
[INFO] [stdout]   15:     0x617e911e706e - <log_limit[1a9f9edfe0261cc2]::tests::shared_logger_limits_correctly::{closure#0} as core[df12db4294e9bfd3]::ops::function::FnOnce<()>>::call_once
[INFO] [stdout]   16:     0x617e911edb3b - test[9d35eded1c95d3be]::__rust_begin_short_backtrace::<core[df12db4294e9bfd3]::result::Result<(), alloc[2182bb758b4b3781]::string::String>, fn() -> core[df12db4294e9bfd3]::result::Result<(), alloc[2182bb758b4b3781]::string::String>>
[INFO] [stdout]   17:     0x617e911fb1a5 - test[9d35eded1c95d3be]::run_test::{closure#0}
[INFO] [stdout]   18:     0x617e911f4a64 - std[70759c8f55707aa4]::sys::backtrace::__rust_begin_short_backtrace::<test[9d35eded1c95d3be]::run_test::{closure#1}, ()>
[INFO] [stdout]   19:     0x617e911fe302 - <std[70759c8f55707aa4]::thread::lifecycle::spawn_unchecked<test[9d35eded1c95d3be]::run_test::{closure#1}, ()>::{closure#1} as core[df12db4294e9bfd3]::ops::function::FnOnce<()>>::call_once::{shim:vtable#0}
[INFO] [stdout]   20:     0x617e91265719 - <std[70759c8f55707aa4]::sys::thread::unix::Thread>::new::thread_start
[INFO] [stdout]   21:     0x7469b9974dfa - <unknown>
[INFO] [stdout]   22:     0x7469b9a083d4 - clone
[INFO] [stdout]   23:                0x0 - <unknown>
[INFO] [stdout] 
[INFO] [stdout] ---- tests::max_per_time_longer_than_period_overflow stdout ----
[INFO] [stdout] 
[INFO] [stdout] thread 'tests::max_per_time_longer_than_period_overflow' (312) panicked at src/testing_logger.rs:30:46:
[INFO] [stdout] called `Result::unwrap()` on an `Err` value: PoisonError { .. }
[INFO] [stdout] stack backtrace:
[INFO] [stdout]    0:     0x617e91265e41 - <<std[70759c8f55707aa4]::sys::backtrace::BacktraceLock>::print::DisplayBacktrace as core[df12db4294e9bfd3]::fmt::Display>::fmt
[INFO] [stdout]    1:     0x617e9127a04a - core[df12db4294e9bfd3]::fmt::write
[INFO] [stdout]    2:     0x617e9126a2dc - <alloc[2182bb758b4b3781]::vec::Vec<u8> as core[df12db4294e9bfd3]::io::write::Write>::write_fmt
[INFO] [stdout]    3:     0x617e91242326 - std[70759c8f55707aa4]::panicking::default_hook::{closure#0}
[INFO] [stdout]    4:     0x617e9125e4d9 - std[70759c8f55707aa4]::panicking::default_hook
[INFO] [stdout]    5:     0x617e911fa850 - test[9d35eded1c95d3be]::test_main_inner::<test[9d35eded1c95d3be]::test_main_static::{closure#0}>::{closure#0}
[INFO] [stdout]    6:     0x617e9125e692 - std[70759c8f55707aa4]::panicking::panic_with_hook
[INFO] [stdout]    7:     0x617e912423d2 - std[70759c8f55707aa4]::panicking::panic_handler::{closure#0}
[INFO] [stdout]    8:     0x617e9123b159 - std[70759c8f55707aa4]::sys::backtrace::__rust_end_short_backtrace::<std[70759c8f55707aa4]::panicking::panic_handler::{closure#0}, !>
[INFO] [stdout]    9:     0x617e91242fcd - __rustc[8fa7c3cbc660c2b3]::rust_begin_unwind
[INFO] [stdout]   10:     0x617e9127a77c - core[df12db4294e9bfd3]::panicking::panic_fmt
[INFO] [stdout]   11:     0x617e9127a552 - core[df12db4294e9bfd3]::result::unwrap_failed
[INFO] [stdout]   12:     0x617e911e89a4 - <log_limit[1a9f9edfe0261cc2]::testing_logger::TestingLogger as log[a18131fef49e8b72]::Log>::log
[INFO] [stdout]   13:     0x617e911e6e2e - <log_limit[1a9f9edfe0261cc2]::RateLimiter>::log_maybe::<log_limit[1a9f9edfe0261cc2]::tests::max_per_time_longer_than_period_overflow::log_function::{closure#0}::{closure#0}>
[INFO] [stdout]   14:     0x617e911eb6b5 - log_limit[1a9f9edfe0261cc2]::tests::max_per_time_longer_than_period_overflow
[INFO] [stdout]   15:     0x617e911e7109 - <log_limit[1a9f9edfe0261cc2]::tests::max_per_time_longer_than_period_overflow::{closure#0} as core[df12db4294e9bfd3]::ops::function::FnOnce<()>>::call_once
[INFO] [stdout]   16:     0x617e911edb3b - test[9d35eded1c95d3be]::__rust_begin_short_backtrace::<core[df12db4294e9bfd3]::result::Result<(), alloc[2182bb758b4b3781]::string::String>, fn() -> core[df12db4294e9bfd3]::result::Result<(), alloc[2182bb758b4b3781]::string::String>>
[INFO] [stdout]   17:     0x617e911fb1a5 - test[9d35eded1c95d3be]::run_test::{closure#0}
[INFO] [stdout]   18:     0x617e911f4a64 - std[70759c8f55707aa4]::sys::backtrace::__rust_begin_short_backtrace::<test[9d35eded1c95d3be]::run_test::{closure#1}, ()>
[INFO] [stdout]   19:     0x617e911fe302 - <std[70759c8f55707aa4]::thread::lifecycle::spawn_unchecked<test[9d35eded1c95d3be]::run_test::{closure#1}, ()>::{closure#1} as core[df12db4294e9bfd3]::ops::function::FnOnce<()>>::call_once::{shim:vtable#0}
[INFO] [stdout]   20:     0x617e91265719 - <std[70759c8f55707aa4]::sys::thread::unix::Thread>::new::thread_start
[INFO] [stdout]   21:     0x7469b9974dfa - <unknown>
[INFO] [stdout]   22:     0x7469b9a083d4 - clone
[INFO] [stdout]   23:                0x0 - <unknown>
[INFO] [stdout] 
[INFO] [stdout] 
[INFO] [stdout] failures:
[INFO] [stdout]     tests::max_per_time_longer_than_period_overflow
[INFO] [stdout]     tests::shared_logger_limits_correctly
[INFO] [stdout]     tests::sync_spamming_does_not_work
[INFO] [stdout]     tests::thread_local_logger_limits_correctly
[INFO] [stdout]     tests::thread_local_spamming_does_not_work
[INFO] [stdout]     tests::thread_local_suppressed_levels_are_ignored
[INFO] [stdout] 
[INFO] [stdout] test result: FAILED. 4 passed; 6 failed; 0 ignored; 0 measured; 0 filtered out; finished in 0.02s
[INFO] [stdout] 
[INFO] [stderr] error: test failed, to rerun pass `--lib`
[INFO] running `Command { std: "docker" "inspect" "e1f2eaf4862f137577f747d506bdd1cbc6e5d06411a79ba2c40929438c7764f7", kill_on_drop: false }`
[INFO] running `Command { std: "docker" "rm" "-f" "e1f2eaf4862f137577f747d506bdd1cbc6e5d06411a79ba2c40929438c7764f7", kill_on_drop: false }`
[INFO] [stdout] e1f2eaf4862f137577f747d506bdd1cbc6e5d06411a79ba2c40929438c7764f7
