[INFO] fetching crate lode-cli 0.1.1...
[INFO] testing lode-cli-0.1.1 against 1.99.0-beta.8+cargoflags=--release for beta-release-1.100-2
[INFO] extracting crate lode-cli 0.1.1 into /workspace/builds/worker-0-tc1/source
[INFO] started tweaking crates.io crate lode-cli 0.1.1
[INFO] removed 0 missing tests
[INFO] finished tweaking crates.io crate lode-cli 0.1.1
[INFO] tweaked toml for crates.io crate lode-cli 0.1.1 written to /workspace/builds/worker-0-tc1/source/Cargo.toml
[INFO] validating manifest of crates.io crate lode-cli 0.1.1 on toolchain 1.99.0-beta.8
[INFO] running `Command { std: CARGO_HOME="/workspace/cargo-home" RUSTUP_HOME="/workspace/rustup-home" "/workspace/cargo-home/bin/cargo" "+1.99.0-beta.8" "metadata" "--manifest-path" "Cargo.toml" "--no-deps", kill_on_drop: false }`
[INFO] crate crates.io crate lode-cli 0.1.1 already has a lockfile, it will not be regenerated
[INFO] running `Command { std: CARGO_HOME="/workspace/cargo-home" RUSTUP_HOME="/workspace/rustup-home" "/workspace/cargo-home/bin/cargo" "+1.99.0-beta.8" "fetch" "--manifest-path" "Cargo.toml", kill_on_drop: false }`
[INFO] [stderr]     Blocking waiting for file lock on package cache
[INFO] [stderr]     Updating crates.io index
[INFO] [stderr]  Downloading crates ...
[INFO] [stderr]   Downloaded log v0.4.32
[INFO] [stderr]   Downloaded wasip2 v1.0.3+wasi-0.2.9
[INFO] [stderr]   Downloaded difflib v0.4.0
[INFO] [stderr]   Downloaded kqueue-sys v1.1.2
[INFO] [stderr]   Downloaded inotify-sys v0.1.7
[INFO] [stderr]   Downloaded dirs v5.0.1
[INFO] [stderr]   Downloaded predicates-core v1.0.10
[INFO] [stderr]   Downloaded normalize-line-endings v0.3.0
[INFO] [stderr]   Downloaded float-cmp v0.10.0
[INFO] [stderr]   Downloaded fsevent-sys v4.1.0
[INFO] [stderr]   Downloaded libredox v0.1.17
[INFO] [stderr]   Downloaded assert_cmd v2.2.2
[INFO] [stderr]   Downloaded predicates-tree v1.0.13
[INFO] [stderr]   Downloaded fastrand v2.4.1
[INFO] [stderr]   Downloaded unicode-truncate v1.1.0
[INFO] [stderr]   Downloaded cassowary v0.3.0
[INFO] [stderr]   Downloaded predicates v3.1.4
[INFO] [stderr]   Downloaded lode-daemon v0.1.1
[INFO] [stderr]   Downloaded notify v6.1.1
[INFO] [stderr]   Downloaded kqueue v1.2.0
[INFO] [stderr]   Downloaded inotify v0.9.6
[INFO] [stderr]   Downloaded dirs-sys v0.4.1
[INFO] [stderr]   Downloaded camino v1.2.2
[INFO] [stderr]   Downloaded anyhow v1.0.103
[INFO] [stderr]   Downloaded lode-core v0.1.1
[INFO] [stderr]   Downloaded compact_str v0.8.2
[INFO] [stderr]   Downloaded crossterm v0.28.1
[INFO] [stderr]   Downloaded regex v1.12.4
[INFO] [stderr]   Downloaded unicode-width v0.1.14
[INFO] [stderr]   Downloaded rustix v0.38.44
[INFO] [stderr]   Downloaded ratatui v0.28.1
[INFO] [stderr]   Downloaded linux-raw-sys v0.4.15
[INFO] running `Command { std: "docker" "create" "-v" "/var/lib/crater-agent-workspace/builds/worker-0-tc1/source:/opt/rustwide/workdir:ro,Z" "-v" "/var/lib/crater-agent-workspace/builds/worker-0-tc1/target:/opt/rustwide/target:rw,Z" "-v" "/var/lib/crater-agent-workspace/cargo-home:/opt/rustwide/cargo-home:ro,Z" "-v" "/var/lib/crater-agent-workspace/rustup-home:/opt/rustwide/rustup-home:ro,Z" "-m" "1610612736" "--network" "none" "ghcr.io/rust-lang/crates-build-env/linux@sha256:77db811e55d90add9212f6832c23229e3de5f1c1f9905e8cb07319ea15df73ac" "sleep" "infinity", kill_on_drop: false }`
[INFO] [stdout] 2691e15fb69c89f1bba956c6da8c88fd619409fed5f78956a39b2164182c4b5e
[INFO] running `Command { std: "docker" "start" "2691e15fb69c89f1bba956c6da8c88fd619409fed5f78956a39b2164182c4b5e", kill_on_drop: false }`
[INFO] running `Command { std: "docker" "inspect" "2691e15fb69c89f1bba956c6da8c88fd619409fed5f78956a39b2164182c4b5e", kill_on_drop: false }`
[INFO] running `Command { std: "docker" "exec" "-e" "SOURCE_DIR=/opt/rustwide/workdir" "-e" "CARGO_HOME=/opt/rustwide/cargo-home" "-e" "RUSTUP_HOME=/opt/rustwide/rustup-home" "-e" "CARGO_TARGET_DIR=/opt/rustwide/target" "-w" "/opt/rustwide/workdir" "--user" "0:0" "2691e15fb69c89f1bba956c6da8c88fd619409fed5f78956a39b2164182c4b5e" "/opt/rustwide/cargo-home/bin/cargo" "+1.99.0-beta.8" "metadata" "--no-deps" "--format-version=1", kill_on_drop: false }`
[INFO] running `Command { std: "docker" "inspect" "2691e15fb69c89f1bba956c6da8c88fd619409fed5f78956a39b2164182c4b5e", kill_on_drop: false }`
[INFO] running `Command { std: "docker" "exec" "-e" "SOURCE_DIR=/opt/rustwide/workdir" "-e" "CARGO_HOME=/opt/rustwide/cargo-home" "-e" "RUSTUP_HOME=/opt/rustwide/rustup-home" "-e" "CARGO_TARGET_DIR=/opt/rustwide/target" "-e" "CARGO_INCREMENTAL=0" "-e" "RUST_BACKTRACE=full" "-e" "RUSTFLAGS=--cap-lints=warn" "-e" "RUSTDOCFLAGS=--cap-lints=warn" "-w" "/opt/rustwide/workdir" "--user" "0:0" "2691e15fb69c89f1bba956c6da8c88fd619409fed5f78956a39b2164182c4b5e" "/opt/rustwide/cargo-home/bin/cargo" "+1.99.0-beta.8" "build" "--frozen" "--message-format=json" "--release", kill_on_drop: false }`
[INFO] [stderr]    Compiling libc v0.2.186
[INFO] [stderr]    Compiling serde_core v1.0.228
[INFO] [stderr]    Compiling generic-array v0.14.7
[INFO] [stderr]    Compiling rustversion v1.0.22
[INFO] [stderr]    Compiling typenum v1.20.1
[INFO] [stderr]    Compiling memchr v2.8.1
[INFO] [stderr]    Compiling syn v2.0.117
[INFO] [stderr]    Compiling signal-hook v0.3.18
[INFO] [stderr]    Compiling heck v0.5.0
[INFO] [stderr]    Compiling hashbrown v0.17.1
[INFO] [stderr]    Compiling log v0.4.32
[INFO] [stderr]    Compiling utf8parse v0.2.2
[INFO] [stderr]    Compiling smallvec v1.15.1
[INFO] [stderr]    Compiling rustix v0.38.44
[INFO] [stderr]    Compiling aho-corasick v1.1.4
[INFO] [stderr]    Compiling anstyle-parse v1.0.0
[INFO] [stderr]    Compiling paste v1.0.15
[INFO] [stderr]    Compiling indexmap v2.14.0
[INFO] [stderr]    Compiling anstyle-query v1.1.5
[INFO] [stderr]    Compiling camino v1.2.2
[INFO] [stderr]    Compiling instability v0.3.12
[INFO] [stderr]    Compiling winnow v0.7.15
[INFO] [stderr]    Compiling errno v0.3.14
[INFO] [stderr]    Compiling mio v1.2.1
[INFO] [stderr]    Compiling signal-hook-registry v1.4.8
[INFO] [stderr]    Compiling block-buffer v0.10.4
[INFO] [stderr]    Compiling crypto-common v0.1.7
[INFO] [stderr]    Compiling parking_lot_core v0.9.12
[INFO] [stderr]    Compiling toml_write v0.1.2
[INFO] [stderr]    Compiling foldhash v0.1.5
[INFO] [stderr]    Compiling is_terminal_polyfill v1.70.2
[INFO] [stderr]    Compiling allocator-api2 v0.2.21
[INFO] [stderr]    Compiling colorchoice v1.0.5
[INFO] [stderr]    Compiling serde_json v1.0.150
[INFO] [stderr]    Compiling linux-raw-sys v0.4.15
[INFO] [stderr]    Compiling anstyle v1.0.14
[INFO] [stderr]    Compiling bitflags v2.13.0
[INFO] [stderr]    Compiling either v1.16.0
[INFO] [stderr]    Compiling regex-automata v0.4.14
[INFO] [stderr]    Compiling itertools v0.13.0
[INFO] [stderr]    Compiling hashbrown v0.15.5
[INFO] [stderr]    Compiling anstream v1.0.0
[INFO] [stderr]    Compiling darling_core v0.23.0
[INFO] [stderr]    Compiling parking_lot v0.12.5
[INFO] [stderr]    Compiling digest v0.10.7
[INFO] [stderr]    Compiling signal-hook-mio v0.2.5
[INFO] [stderr]    Compiling dirs-sys v0.4.1
[INFO] [stderr]    Compiling castaway v0.2.4
[INFO] [stderr]    Compiling indoc v2.0.7
[INFO] [stderr]    Compiling static_assertions v1.1.0
[INFO] [stderr]    Compiling unicode-width v0.1.14
[INFO] [stderr]    Compiling strsim v0.11.1
[INFO] [stderr]    Compiling unicode-segmentation v1.13.3
[INFO] [stderr]    Compiling clap_lex v1.1.0
[INFO] [stderr]    Compiling unicode-truncate v1.1.0
[INFO] [stderr]    Compiling clap_builder v4.6.0
[INFO] [stderr]    Compiling sha2 v0.10.9
[INFO] [stderr]    Compiling compact_str v0.8.2
[INFO] [stderr]    Compiling serde_derive v1.0.228
[INFO] [stderr]    Compiling strum_macros v0.26.4
[INFO] [stderr]    Compiling darling_macro v0.23.0
[INFO] [stderr]    Compiling darling v0.23.0
[INFO] [stderr]    Compiling thiserror-impl v1.0.69
[INFO] [stderr]    Compiling regex v1.12.4
[INFO] [stderr]    Compiling clap_derive v4.6.1
[INFO] [stderr]    Compiling thiserror v1.0.69
[INFO] [stderr]    Compiling strum v0.26.3
[INFO] [stderr]    Compiling dirs v5.0.1
[INFO] [stderr]    Compiling crossterm v0.28.1
[INFO] [stderr]    Compiling lru v0.12.5
[INFO] [stderr]    Compiling serde v1.0.228
[INFO] [stderr]    Compiling cassowary v0.3.0
[INFO] [stderr]    Compiling toml_datetime v0.6.11
[INFO] [stderr]    Compiling serde_spanned v0.6.9
[INFO] [stderr]    Compiling ratatui v0.28.1
[INFO] [stderr]    Compiling toml_edit v0.22.27
[INFO] [stderr]    Compiling clap v4.6.1
[INFO] [stderr]    Compiling toml v0.8.23
[INFO] [stderr]    Compiling lode-core v0.1.1
[INFO] [stderr]    Compiling lode-cli v0.1.1 (/opt/rustwide/workdir)
[INFO] [stderr]     Finished `release` profile [optimized] target(s) in 3m 24s
[INFO] running `Command { std: "docker" "inspect" "2691e15fb69c89f1bba956c6da8c88fd619409fed5f78956a39b2164182c4b5e", kill_on_drop: false }`
[INFO] running `Command { std: "docker" "exec" "-e" "SOURCE_DIR=/opt/rustwide/workdir" "-e" "CARGO_HOME=/opt/rustwide/cargo-home" "-e" "RUSTUP_HOME=/opt/rustwide/rustup-home" "-e" "CARGO_TARGET_DIR=/opt/rustwide/target" "-e" "CARGO_INCREMENTAL=0" "-e" "RUST_BACKTRACE=full" "-e" "RUSTFLAGS=--cap-lints=warn" "-e" "RUSTDOCFLAGS=--cap-lints=warn" "-w" "/opt/rustwide/workdir" "--user" "0:0" "2691e15fb69c89f1bba956c6da8c88fd619409fed5f78956a39b2164182c4b5e" "/opt/rustwide/cargo-home/bin/cargo" "+1.99.0-beta.8" "test" "--frozen" "--no-run" "--message-format=json" "--release", kill_on_drop: false }`
[INFO] [stderr]    Compiling regex-automata v0.4.14
[INFO] [stderr]    Compiling num-traits v0.2.19
[INFO] [stderr]    Compiling inotify-sys v0.1.7
[INFO] [stderr]    Compiling crossbeam-utils v0.8.22
[INFO] [stderr]    Compiling same-file v1.0.6
[INFO] [stderr]    Compiling bitflags v1.3.2
[INFO] [stderr]    Compiling getrandom v0.4.2
[INFO] [stderr]    Compiling rustix v1.1.4
[INFO] [stderr]    Compiling predicates-core v1.0.10
[INFO] [stderr]    Compiling walkdir v2.5.0
[INFO] [stderr]    Compiling mio v0.8.11
[INFO] [stderr]    Compiling filetime v0.2.29
[INFO] [stderr]    Compiling inotify v0.9.6
[INFO] [stderr]    Compiling tokio-macros v2.7.0
[INFO] [stderr]    Compiling socket2 v0.6.4
[INFO] [stderr]    Compiling difflib v0.4.0
[INFO] [stderr]    Compiling crossbeam-channel v0.5.16
[INFO] [stderr]    Compiling termtree v0.5.1
[INFO] [stderr]    Compiling assert_cmd v2.2.2
[INFO] [stderr]    Compiling normalize-line-endings v0.3.0
[INFO] [stderr]    Compiling bytes v1.12.0
[INFO] [stderr]    Compiling predicates-tree v1.0.13
[INFO] [stderr]    Compiling float-cmp v0.10.0
[INFO] [stderr]    Compiling notify v6.1.1
[INFO] [stderr]    Compiling wait-timeout v0.2.1
[INFO] [stderr]    Compiling once_cell v1.21.4
[INFO] [stderr]    Compiling tokio v1.52.3
[INFO] [stderr]    Compiling fastrand v2.4.1
[INFO] [stderr]    Compiling tempfile v3.27.0
[INFO] [stderr]    Compiling regex v1.12.4
[INFO] [stderr]    Compiling bstr v1.12.1
[INFO] [stderr]    Compiling lode-core v0.1.1
[INFO] [stderr]    Compiling predicates v3.1.4
[INFO] [stderr]    Compiling lode-daemon v0.1.1
[INFO] [stderr]    Compiling lode-cli v0.1.1 (/opt/rustwide/workdir)
[INFO] [stderr]     Finished `release` profile [optimized] target(s) in 2m 54s
[INFO] running `Command { std: "docker" "inspect" "2691e15fb69c89f1bba956c6da8c88fd619409fed5f78956a39b2164182c4b5e", kill_on_drop: false }`
[INFO] running `Command { std: "docker" "exec" "-e" "SOURCE_DIR=/opt/rustwide/workdir" "-e" "CARGO_HOME=/opt/rustwide/cargo-home" "-e" "RUSTUP_HOME=/opt/rustwide/rustup-home" "-e" "CARGO_TARGET_DIR=/opt/rustwide/target" "-e" "CARGO_INCREMENTAL=0" "-e" "RUST_BACKTRACE=full" "-e" "RUSTFLAGS=--cap-lints=warn" "-e" "RUSTDOCFLAGS=--cap-lints=warn" "-w" "/opt/rustwide/workdir" "--user" "0:0" "2691e15fb69c89f1bba956c6da8c88fd619409fed5f78956a39b2164182c4b5e" "/opt/rustwide/cargo-home/bin/cargo" "+1.99.0-beta.8" "test" "--frozen" "--release", kill_on_drop: false }`
[INFO] [stderr]     Finished `release` profile [optimized] target(s) in 0.25s
[INFO] [stderr]      Running unittests src/main.rs (/opt/rustwide/target/release/deps/lode-4d808c165129ed4e)
[INFO] [stdout] 
[INFO] [stdout] running 13 tests
[INFO] [stdout] test cmd::rules::tests::test_rules_command_list ... ok
[INFO] [stdout] test cmd::info::tests::test_info_fn_exists ... ok
[INFO] [stdout] test cmd::check::tests::test_check_args_defaults ... ok
[INFO] [stdout] test cmd::check::tests::test_check_args_with_flags ... ok
[INFO] [stdout] test cmd::rules::tests::test_rules_command_check ... ok
[INFO] [stdout] test cmd::init::tests::test_init_fn_exists ... ok
[INFO] [stdout] test cmd::init::tests::test_init_args_defaults ... ok
[INFO] [stdout] test cmd::scan::tests::test_scan_command_foreign ... ok
[INFO] [stdout] test cmd::scan::tests::test_scan_command_secrets_default ... ok
[INFO] [stdout] test cmd::scan::tests::test_scan_fn_exists ... ok
[INFO] [stdout] test cmd::rules::tests::test_rules_fn_exists ... ok
[INFO] [stdout] test cmd::rules::tests::test_rules_command_validate ... ok
[INFO] [stdout] test cmd::check::tests::test_convention_check_fn_exists ... ok
[INFO] [stdout] 
[INFO] [stdout] test result: ok. 13 passed; 0 failed; 0 ignored; 0 measured; 0 filtered out; finished in 0.01s
[INFO] [stdout] 
[INFO] [stderr]      Running tests/commands.rs (/opt/rustwide/target/release/deps/commands-b222f400cca9e51e)
[INFO] [stdout] 
[INFO] [stdout] running 7 tests
[INFO] [stdout] test test_lode_init_dry_run ... FAILED
[INFO] [stdout] test test_lode_help ... FAILED
[INFO] [stdout] test test_export_command_macros ... FAILED
[INFO] [stdout] test test_lode_binary_exists ... FAILED
[INFO] [stdout] test test_lode_version ... FAILED
[INFO] [stdout] test test_lode_config_command_help ... FAILED
[INFO] [stdout] test test_lode_doctor ... FAILED
[INFO] [stdout] 
[INFO] [stdout] failures:
[INFO] [stdout] 
[INFO] [stdout] ---- test_lode_init_dry_run stdout ----
[INFO] [stdout] 
[INFO] [stdout] thread 'test_lode_init_dry_run' (2559) panicked at tests/commands.rs:17:5:
[INFO] [stdout] lode binary not found at "/opt/rustwide/workdir/../../target/debug/lode". Run `cargo build -p lode-cli` first.
[INFO] [stdout] stack backtrace:
[INFO] [stdout]    0:     0x6031b7ebcc01 - <<std[70759c8f55707aa4]::sys::backtrace::BacktraceLock>::print::DisplayBacktrace as core[df12db4294e9bfd3]::fmt::Display>::fmt
[INFO] [stdout]    1:     0x6031b7ed110a - core[df12db4294e9bfd3]::fmt::write
[INFO] [stdout]    2:     0x6031b7ec12fc - <alloc[2182bb758b4b3781]::vec::Vec<u8> as core[df12db4294e9bfd3]::io::write::Write>::write_fmt
[INFO] [stdout]    3:     0x6031b7e97c76 - std[70759c8f55707aa4]::panicking::default_hook::{closure#0}
[INFO] [stdout]    4:     0x6031b7eb4c59 - std[70759c8f55707aa4]::panicking::default_hook
[INFO] [stdout]    5:     0x6031b7e50080 - test[9d35eded1c95d3be]::test_main_inner::<test[9d35eded1c95d3be]::test_main_static::{closure#0}>::{closure#0}
[INFO] [stdout]    6:     0x6031b7eb4e12 - std[70759c8f55707aa4]::panicking::panic_with_hook
[INFO] [stdout]    7:     0x6031b7e97d22 - std[70759c8f55707aa4]::panicking::panic_handler::{closure#0}
[INFO] [stdout]    8:     0x6031b7e90989 - std[70759c8f55707aa4]::sys::backtrace::__rust_end_short_backtrace::<std[70759c8f55707aa4]::panicking::panic_handler::{closure#0}, !>
[INFO] [stdout]    9:     0x6031b7e9891d - __rustc[8fa7c3cbc660c2b3]::rust_begin_unwind
[INFO] [stdout]   10:     0x6031b7ed183c - core[df12db4294e9bfd3]::panicking::panic_fmt
[INFO] [stdout]   11:     0x6031b7e3fccb - commands[43cc4a27b465f8e9]::assert_binary_exists
[INFO] [stdout]   12:     0x6031b7e41276 - <commands[43cc4a27b465f8e9]::test_lode_init_dry_run::{closure#0} as core[df12db4294e9bfd3]::ops::function::FnOnce<()>>::call_once
[INFO] [stdout]   13:     0x6031b7e4336b - test[9d35eded1c95d3be]::__rust_begin_short_backtrace::<core[df12db4294e9bfd3]::result::Result<(), alloc[2182bb758b4b3781]::string::String>, fn() -> core[df12db4294e9bfd3]::result::Result<(), alloc[2182bb758b4b3781]::string::String>>
[INFO] [stdout]   14:     0x6031b7e509d5 - test[9d35eded1c95d3be]::run_test::{closure#0}
[INFO] [stdout]   15:     0x6031b7e4a294 - std[70759c8f55707aa4]::sys::backtrace::__rust_begin_short_backtrace::<test[9d35eded1c95d3be]::run_test::{closure#1}, ()>
[INFO] [stdout]   16:     0x6031b7e53b32 - <std[70759c8f55707aa4]::thread::lifecycle::spawn_unchecked<test[9d35eded1c95d3be]::run_test::{closure#1}, ()>::{closure#1} as core[df12db4294e9bfd3]::ops::function::FnOnce<()>>::call_once::{shim:vtable#0}
[INFO] [stdout]   17:     0x6031b7ebc4d9 - <std[70759c8f55707aa4]::sys::thread::unix::Thread>::new::thread_start
[INFO] [stdout]   18:     0x75d0d1cf6dfa - <unknown>
[INFO] [stdout]   19:     0x75d0d1d8a3d4 - clone
[INFO] [stdout]   20:                0x0 - <unknown>
[INFO] [stdout] 
[INFO] [stdout] ---- test_lode_help stdout ----
[INFO] [stdout] 
[INFO] [stdout] thread 'test_lode_help' (2558) panicked at tests/commands.rs:17:5:
[INFO] [stdout] lode binary not found at "/opt/rustwide/workdir/../../target/debug/lode". Run `cargo build -p lode-cli` first.
[INFO] [stdout] stack backtrace:
[INFO] [stdout]    0:     0x6031b7ebcc01 - <<std[70759c8f55707aa4]::sys::backtrace::BacktraceLock>::print::DisplayBacktrace as core[df12db4294e9bfd3]::fmt::Display>::fmt
[INFO] [stdout]    1:     0x6031b7ed110a - core[df12db4294e9bfd3]::fmt::write
[INFO] [stdout]    2:     0x6031b7ec12fc - <alloc[2182bb758b4b3781]::vec::Vec<u8> as core[df12db4294e9bfd3]::io::write::Write>::write_fmt
[INFO] [stdout]    3:     0x6031b7e97c76 - std[70759c8f55707aa4]::panicking::default_hook::{closure#0}
[INFO] [stdout]    4:     0x6031b7eb4c59 - std[70759c8f55707aa4]::panicking::default_hook
[INFO] [stdout]    5:     0x6031b7e50080 - test[9d35eded1c95d3be]::test_main_inner::<test[9d35eded1c95d3be]::test_main_static::{closure#0}>::{closure#0}
[INFO] [stdout]    6:     0x6031b7eb4e12 - std[70759c8f55707aa4]::panicking::panic_with_hook
[INFO] [stdout]    7:     0x6031b7e97d22 - std[70759c8f55707aa4]::panicking::panic_handler::{closure#0}
[INFO] [stdout]    8:     0x6031b7e90989 - std[70759c8f55707aa4]::sys::backtrace::__rust_end_short_backtrace::<std[70759c8f55707aa4]::panicking::panic_handler::{closure#0}, !>
[INFO] [stdout]    9:     0x6031b7e9891d - __rustc[8fa7c3cbc660c2b3]::rust_begin_unwind
[INFO] [stdout]   10:     0x6031b7ed183c - core[df12db4294e9bfd3]::panicking::panic_fmt
[INFO] [stdout]   11:     0x6031b7e3fccb - commands[43cc4a27b465f8e9]::assert_binary_exists
[INFO] [stdout]   12:     0x6031b7e40a58 - <commands[43cc4a27b465f8e9]::test_lode_help::{closure#0} as core[df12db4294e9bfd3]::ops::function::FnOnce<()>>::call_once
[INFO] [stdout]   13:     0x6031b7e4336b - test[9d35eded1c95d3be]::__rust_begin_short_backtrace::<core[df12db4294e9bfd3]::result::Result<(), alloc[2182bb758b4b3781]::string::String>, fn() -> core[df12db4294e9bfd3]::result::Result<(), alloc[2182bb758b4b3781]::string::String>>
[INFO] [stdout]   14:     0x6031b7e509d5 - test[9d35eded1c95d3be]::run_test::{closure#0}
[INFO] [stdout]   15:     0x6031b7e4a294 - std[70759c8f55707aa4]::sys::backtrace::__rust_begin_short_backtrace::<test[9d35eded1c95d3be]::run_test::{closure#1}, ()>
[INFO] [stdout]   16:     0x6031b7e53b32 - <std[70759c8f55707aa4]::thread::lifecycle::spawn_unchecked<test[9d35eded1c95d3be]::run_test::{closure#1}, ()>::{closure#1} as core[df12db4294e9bfd3]::ops::function::FnOnce<()>>::call_once::{shim:vtable#0}
[INFO] [stdout]   17:     0x6031b7ebc4d9 - <std[70759c8f55707aa4]::sys::thread::unix::Thread>::new::thread_start
[INFO] [stdout]   18:     0x75d0d1cf6dfa - <unknown>
[INFO] [stdout]   19:     0x75d0d1d8a3d4 - clone
[INFO] [stdout]   20:                0x0 - <unknown>
[INFO] [stdout] 
[INFO] [stdout] ---- test_export_command_macros stdout ----
[INFO] [stdout] 
[INFO] [stdout] thread 'test_export_command_macros' (2554) panicked at tests/commands.rs:17:5:
[INFO] [stdout] lode binary not found at "/opt/rustwide/workdir/../../target/debug/lode". Run `cargo build -p lode-cli` first.
[INFO] [stdout] stack backtrace:
[INFO] [stdout]    0:     0x6031b7ebcc01 - <<std[70759c8f55707aa4]::sys::backtrace::BacktraceLock>::print::DisplayBacktrace as core[df12db4294e9bfd3]::fmt::Display>::fmt
[INFO] [stdout]    1:     0x6031b7ed110a - core[df12db4294e9bfd3]::fmt::write
[INFO] [stdout]    2:     0x6031b7ec12fc - <alloc[2182bb758b4b3781]::vec::Vec<u8> as core[df12db4294e9bfd3]::io::write::Write>::write_fmt
[INFO] [stdout]    3:     0x6031b7e97c76 - std[70759c8f55707aa4]::panicking::default_hook::{closure#0}
[INFO] [stdout]    4:     0x6031b7eb4c59 - std[70759c8f55707aa4]::panicking::default_hook
[INFO] [stdout]    5:     0x6031b7e50080 - test[9d35eded1c95d3be]::test_main_inner::<test[9d35eded1c95d3be]::test_main_static::{closure#0}>::{closure#0}
[INFO] [stdout]    6:     0x6031b7eb4e12 - std[70759c8f55707aa4]::panicking::panic_with_hook
[INFO] [stdout]    7:     0x6031b7e97d22 - std[70759c8f55707aa4]::panicking::panic_handler::{closure#0}
[INFO] [stdout]    8:     0x6031b7e90989 - std[70759c8f55707aa4]::sys::backtrace::__rust_end_short_backtrace::<std[70759c8f55707aa4]::panicking::panic_handler::{closure#0}, !>
[INFO] [stdout]    9:     0x6031b7e9891d - __rustc[8fa7c3cbc660c2b3]::rust_begin_unwind
[INFO] [stdout]   10:     0x6031b7ed183c - core[df12db4294e9bfd3]::panicking::panic_fmt
[INFO] [stdout]   11:     0x6031b7e3fccb - commands[43cc4a27b465f8e9]::assert_binary_exists
[INFO] [stdout]   12:     0x6031b7e41686 - <commands[43cc4a27b465f8e9]::test_export_command_macros::{closure#0} as core[df12db4294e9bfd3]::ops::function::FnOnce<()>>::call_once
[INFO] [stdout]   13:     0x6031b7e4336b - test[9d35eded1c95d3be]::__rust_begin_short_backtrace::<core[df12db4294e9bfd3]::result::Result<(), alloc[2182bb758b4b3781]::string::String>, fn() -> core[df12db4294e9bfd3]::result::Result<(), alloc[2182bb758b4b3781]::string::String>>
[INFO] [stdout]   14:     0x6031b7e509d5 - test[9d35eded1c95d3be]::run_test::{closure#0}
[INFO] [stdout]   15:     0x6031b7e4a294 - std[70759c8f55707aa4]::sys::backtrace::__rust_begin_short_backtrace::<test[9d35eded1c95d3be]::run_test::{closure#1}, ()>
[INFO] [stdout]   16:     0x6031b7e53b32 - <std[70759c8f55707aa4]::thread::lifecycle::spawn_unchecked<test[9d35eded1c95d3be]::run_test::{closure#1}, ()>::{closure#1} as core[df12db4294e9bfd3]::ops::function::FnOnce<()>>::call_once::{shim:vtable#0}
[INFO] [stdout]   17:     0x6031b7ebc4d9 - <std[70759c8f55707aa4]::sys::thread::unix::Thread>::new::thread_start
[INFO] [stdout]   18:     0x75d0d1cf6dfa - <unknown>
[INFO] [stdout]   19:     0x75d0d1d8a3d4 - clone
[INFO] [stdout]   20:                0x0 - <unknown>
[INFO] [stdout] 
[INFO] [stdout] ---- test_lode_binary_exists stdout ----
[INFO] [stdout] 
[INFO] [stdout] thread 'test_lode_binary_exists' (2555) panicked at tests/commands.rs:17:5:
[INFO] [stdout] lode binary not found at "/opt/rustwide/workdir/../../target/debug/lode". Run `cargo build -p lode-cli` first.
[INFO] [stdout] stack backtrace:
[INFO] [stdout]    0:     0x6031b7ebcc01 - <<std[70759c8f55707aa4]::sys::backtrace::BacktraceLock>::print::DisplayBacktrace as core[df12db4294e9bfd3]::fmt::Display>::fmt
[INFO] [stdout]    1:     0x6031b7ed110a - core[df12db4294e9bfd3]::fmt::write
[INFO] [stdout]    2:     0x6031b7ec12fc - <alloc[2182bb758b4b3781]::vec::Vec<u8> as core[df12db4294e9bfd3]::io::write::Write>::write_fmt
[INFO] [stdout]    3:     0x6031b7e97c76 - std[70759c8f55707aa4]::panicking::default_hook::{closure#0}
[INFO] [stdout]    4:     0x6031b7eb4c59 - std[70759c8f55707aa4]::panicking::default_hook
[INFO] [stdout]    5:     0x6031b7e50080 - test[9d35eded1c95d3be]::test_main_inner::<test[9d35eded1c95d3be]::test_main_static::{closure#0}>::{closure#0}
[INFO] [stdout]    6:     0x6031b7eb4e12 - std[70759c8f55707aa4]::panicking::panic_with_hook
[INFO] [stdout]    7:     0x6031b7e97d22 - std[70759c8f55707aa4]::panicking::panic_handler::{closure#0}
[INFO] [stdout]    8:     0x6031b7e90989 - std[70759c8f55707aa4]::sys::backtrace::__rust_end_short_backtrace::<std[70759c8f55707aa4]::panicking::panic_handler::{closure#0}, !>
[INFO] [stdout]    9:     0x6031b7e9891d - __rustc[8fa7c3cbc660c2b3]::rust_begin_unwind
[INFO] [stdout]   10:     0x6031b7ed183c - core[df12db4294e9bfd3]::panicking::panic_fmt
[INFO] [stdout]   11:     0x6031b7e3fccb - commands[43cc4a27b465f8e9]::assert_binary_exists
[INFO] [stdout]   12:     0x6031b7e41659 - <commands[43cc4a27b465f8e9]::test_lode_binary_exists::{closure#0} as core[df12db4294e9bfd3]::ops::function::FnOnce<()>>::call_once
[INFO] [stdout]   13:     0x6031b7e4336b - test[9d35eded1c95d3be]::__rust_begin_short_backtrace::<core[df12db4294e9bfd3]::result::Result<(), alloc[2182bb758b4b3781]::string::String>, fn() -> core[df12db4294e9bfd3]::result::Result<(), alloc[2182bb758b4b3781]::string::String>>
[INFO] [stdout]   14:     0x6031b7e509d5 - test[9d35eded1c95d3be]::run_test::{closure#0}
[INFO] [stdout]   15:     0x6031b7e4a294 - std[70759c8f55707aa4]::sys::backtrace::__rust_begin_short_backtrace::<test[9d35eded1c95d3be]::run_test::{closure#1}, ()>
[INFO] [stdout]   16:     0x6031b7e53b32 - <std[70759c8f55707aa4]::thread::lifecycle::spawn_unchecked<test[9d35eded1c95d3be]::run_test::{closure#1}, ()>::{closure#1} as core[df12db4294e9bfd3]::ops::function::FnOnce<()>>::call_once::{shim:vtable#0}
[INFO] [stdout]   17:     0x6031b7ebc4d9 - <std[70759c8f55707aa4]::sys::thread::unix::Thread>::new::thread_start
[INFO] [stdout]   18:     0x75d0d1cf6dfa - <unknown>
[INFO] [stdout]   19:     0x75d0d1d8a3d4 - clone
[INFO] [stdout]   20:                0x0 - <unknown>
[INFO] [stdout] 
[INFO] [stdout] ---- test_lode_version stdout ----
[INFO] [stdout] 
[INFO] [stdout] thread 'test_lode_version' (2560) panicked at tests/commands.rs:17:5:
[INFO] [stdout] lode binary not found at "/opt/rustwide/workdir/../../target/debug/lode". Run `cargo build -p lode-cli` first.
[INFO] [stdout] stack backtrace:
[INFO] [stdout]    0:     0x6031b7ebcc01 - <<std[70759c8f55707aa4]::sys::backtrace::BacktraceLock>::print::DisplayBacktrace as core[df12db4294e9bfd3]::fmt::Display>::fmt
[INFO] [stdout]    1:     0x6031b7ed110a - core[df12db4294e9bfd3]::fmt::write
[INFO] [stdout]    2:     0x6031b7ec12fc - <alloc[2182bb758b4b3781]::vec::Vec<u8> as core[df12db4294e9bfd3]::io::write::Write>::write_fmt
[INFO] [stdout]    3:     0x6031b7e97c76 - std[70759c8f55707aa4]::panicking::default_hook::{closure#0}
[INFO] [stdout]    4:     0x6031b7eb4c59 - std[70759c8f55707aa4]::panicking::default_hook
[INFO] [stdout]    5:     0x6031b7e50080 - test[9d35eded1c95d3be]::test_main_inner::<test[9d35eded1c95d3be]::test_main_static::{closure#0}>::{closure#0}
[INFO] [stdout]    6:     0x6031b7eb4e12 - std[70759c8f55707aa4]::panicking::panic_with_hook
[INFO] [stdout]    7:     0x6031b7e97d22 - std[70759c8f55707aa4]::panicking::panic_handler::{closure#0}
[INFO] [stdout]    8:     0x6031b7e90989 - std[70759c8f55707aa4]::sys::backtrace::__rust_end_short_backtrace::<std[70759c8f55707aa4]::panicking::panic_handler::{closure#0}, !>
[INFO] [stdout]    9:     0x6031b7e9891d - __rustc[8fa7c3cbc660c2b3]::rust_begin_unwind
[INFO] [stdout]   10:     0x6031b7ed183c - core[df12db4294e9bfd3]::panicking::panic_fmt
[INFO] [stdout]   11:     0x6031b7e3fccb - commands[43cc4a27b465f8e9]::assert_binary_exists
[INFO] [stdout]   12:     0x6031b7e40fc8 - <commands[43cc4a27b465f8e9]::test_lode_version::{closure#0} as core[df12db4294e9bfd3]::ops::function::FnOnce<()>>::call_once
[INFO] [stdout]   13:     0x6031b7e4336b - test[9d35eded1c95d3be]::__rust_begin_short_backtrace::<core[df12db4294e9bfd3]::result::Result<(), alloc[2182bb758b4b3781]::string::String>, fn() -> core[df12db4294e9bfd3]::result::Result<(), alloc[2182bb758b4b3781]::string::String>>
[INFO] [stdout]   14:     0x6031b7e509d5 - test[9d35eded1c95d3be]::run_test::{closure#0}
[INFO] [stdout]   15:     0x6031b7e4a294 - std[70759c8f55707aa4]::sys::backtrace::__rust_begin_short_backtrace::<test[9d35eded1c95d3be]::run_test::{closure#1}, ()>
[INFO] [stdout]   16:     0x6031b7e53b32 - <std[70759c8f55707aa4]::thread::lifecycle::spawn_unchecked<test[9d35eded1c95d3be]::run_test::{closure#1}, ()>::{closure#1} as core[df12db4294e9bfd3]::ops::function::FnOnce<()>>::call_once::{shim:vtable#0}
[INFO] [stdout]   17:     0x6031b7ebc4d9 - <std[70759c8f55707aa4]::sys::thread::unix::Thread>::new::thread_start
[INFO] [stdout]   18:     0x75d0d1cf6dfa - <unknown>
[INFO] [stdout]   19:     0x75d0d1d8a3d4 - clone
[INFO] [stdout]   20:                0x0 - <unknown>
[INFO] [stdout] 
[INFO] [stdout] ---- test_lode_config_command_help stdout ----
[INFO] [stdout] 
[INFO] [stdout] thread 'test_lode_config_command_help' (2556) panicked at tests/commands.rs:17:5:
[INFO] [stdout] lode binary not found at "/opt/rustwide/workdir/../../target/debug/lode". Run `cargo build -p lode-cli` first.
[INFO] [stdout] stack backtrace:
[INFO] [stdout]    0:     0x6031b7ebcc01 - <<std[70759c8f55707aa4]::sys::backtrace::BacktraceLock>::print::DisplayBacktrace as core[df12db4294e9bfd3]::fmt::Display>::fmt
[INFO] [stdout]    1:     0x6031b7ed110a - core[df12db4294e9bfd3]::fmt::write
[INFO] [stdout]    2:     0x6031b7ec12fc - <alloc[2182bb758b4b3781]::vec::Vec<u8> as core[df12db4294e9bfd3]::io::write::Write>::write_fmt
[INFO] [stdout]    3:     0x6031b7e97c76 - std[70759c8f55707aa4]::panicking::default_hook::{closure#0}
[INFO] [stdout]    4:     0x6031b7eb4c59 - std[70759c8f55707aa4]::panicking::default_hook
[INFO] [stdout]    5:     0x6031b7e50080 - test[9d35eded1c95d3be]::test_main_inner::<test[9d35eded1c95d3be]::test_main_static::{closure#0}>::{closure#0}
[INFO] [stdout]    6:     0x6031b7eb4e12 - std[70759c8f55707aa4]::panicking::panic_with_hook
[INFO] [stdout]    7:     0x6031b7e97d22 - std[70759c8f55707aa4]::panicking::panic_handler::{closure#0}
[INFO] [stdout]    8:     0x6031b7e90989 - std[70759c8f55707aa4]::sys::backtrace::__rust_end_short_backtrace::<std[70759c8f55707aa4]::panicking::panic_handler::{closure#0}, !>
[INFO] [stdout]    9:     0x6031b7e9891d - __rustc[8fa7c3cbc660c2b3]::rust_begin_unwind
[INFO] [stdout]   10:     0x6031b7ed183c - core[df12db4294e9bfd3]::panicking::panic_fmt
[INFO] [stdout]   11:     0x6031b7e3fccb - commands[43cc4a27b465f8e9]::assert_binary_exists
[INFO] [stdout]   12:     0x6031b7e41aa2 - <commands[43cc4a27b465f8e9]::test_lode_config_command_help::{closure#0} as core[df12db4294e9bfd3]::ops::function::FnOnce<()>>::call_once
[INFO] [stdout]   13:     0x6031b7e4336b - test[9d35eded1c95d3be]::__rust_begin_short_backtrace::<core[df12db4294e9bfd3]::result::Result<(), alloc[2182bb758b4b3781]::string::String>, fn() -> core[df12db4294e9bfd3]::result::Result<(), alloc[2182bb758b4b3781]::string::String>>
[INFO] [stdout]   14:     0x6031b7e509d5 - test[9d35eded1c95d3be]::run_test::{closure#0}
[INFO] [stdout]   15:     0x6031b7e4a294 - std[70759c8f55707aa4]::sys::backtrace::__rust_begin_short_backtrace::<test[9d35eded1c95d3be]::run_test::{closure#1}, ()>
[INFO] [stdout]   16:     0x6031b7e53b32 - <std[70759c8f55707aa4]::thread::lifecycle::spawn_unchecked<test[9d35eded1c95d3be]::run_test::{closure#1}, ()>::{closure#1} as core[df12db4294e9bfd3]::ops::function::FnOnce<()>>::call_once::{shim:vtable#0}
[INFO] [stdout]   17:     0x6031b7ebc4d9 - <std[70759c8f55707aa4]::sys::thread::unix::Thread>::new::thread_start
[INFO] [stdout]   18:     0x75d0d1cf6dfa - <unknown>
[INFO] [stdout]   19:     0x75d0d1d8a3d4 - clone
[INFO] [stdout]   20:                0x0 - <unknown>
[INFO] [stdout] 
[INFO] [stdout] ---- test_lode_doctor stdout ----
[INFO] [stdout] 
[INFO] [stdout] thread 'test_lode_doctor' (2557) panicked at tests/commands.rs:17:5:
[INFO] [stdout] lode binary not found at "/opt/rustwide/workdir/../../target/debug/lode". Run `cargo build -p lode-cli` first.
[INFO] [stdout] stack backtrace:
[INFO] [stdout]    0:     0x6031b7ebcc01 - <<std[70759c8f55707aa4]::sys::backtrace::BacktraceLock>::print::DisplayBacktrace as core[df12db4294e9bfd3]::fmt::Display>::fmt
[INFO] [stdout]    1:     0x6031b7ed110a - core[df12db4294e9bfd3]::fmt::write
[INFO] [stdout]    2:     0x6031b7ec12fc - <alloc[2182bb758b4b3781]::vec::Vec<u8> as core[df12db4294e9bfd3]::io::write::Write>::write_fmt
[INFO] [stdout]    3:     0x6031b7e97c76 - std[70759c8f55707aa4]::panicking::default_hook::{closure#0}
[INFO] [stdout]    4:     0x6031b7eb4c59 - std[70759c8f55707aa4]::panicking::default_hook
[INFO] [stdout]    5:     0x6031b7e50080 - test[9d35eded1c95d3be]::test_main_inner::<test[9d35eded1c95d3be]::test_main_static::{closure#0}>::{closure#0}
[INFO] [stdout]    6:     0x6031b7eb4e12 - std[70759c8f55707aa4]::panicking::panic_with_hook
[INFO] [stdout]    7:     0x6031b7e97d22 - std[70759c8f55707aa4]::panicking::panic_handler::{closure#0}
[INFO] [stdout]    8:     0x6031b7e90989 - std[70759c8f55707aa4]::sys::backtrace::__rust_end_short_backtrace::<std[70759c8f55707aa4]::panicking::panic_handler::{closure#0}, !>
[INFO] [stdout]    9:     0x6031b7e9891d - __rustc[8fa7c3cbc660c2b3]::rust_begin_unwind
[INFO] [stdout]   10:     0x6031b7ed183c - core[df12db4294e9bfd3]::panicking::panic_fmt
[INFO] [stdout]   11:     0x6031b7e3fccb - commands[43cc4a27b465f8e9]::assert_binary_exists
[INFO] [stdout]   12:     0x6031b7e40d06 - <commands[43cc4a27b465f8e9]::test_lode_doctor::{closure#0} as core[df12db4294e9bfd3]::ops::function::FnOnce<()>>::call_once
[INFO] [stdout]   13:     0x6031b7e4336b - test[9d35eded1c95d3be]::__rust_begin_short_backtrace::<core[df12db4294e9bfd3]::result::Result<(), alloc[2182bb758b4b3781]::string::String>, fn() -> core[df12db4294e9bfd3]::result::Result<(), alloc[2182bb758b4b3781]::string::String>>
[INFO] [stdout]   14:     0x6031b7e509d5 - test[9d35eded1c95d3be]::run_test::{closure#0}
[INFO] [stdout]   15:     0x6031b7e4a294 - std[70759c8f55707aa4]::sys::backtrace::__rust_begin_short_backtrace::<test[9d35eded1c95d3be]::run_test::{closure#1}, ()>
[INFO] [stdout]   16:     0x6031b7e53b32 - <std[70759c8f55707aa4]::thread::lifecycle::spawn_unchecked<test[9d35eded1c95d3be]::run_test::{closure#1}, ()>::{closure#1} as core[df12db4294e9bfd3]::ops::function::FnOnce<()>>::call_once::{shim:vtable#0}
[INFO] [stdout]   17:     0x6031b7ebc4d9 - <std[70759c8f55707aa4]::sys::thread::unix::Thread>::new::thread_start
[INFO] [stdout]   18:     0x75d0d1cf6dfa - <unknown>
[INFO] [stdout]   19:     0x75d0d1d8a3d4 - clone
[INFO] [stdout]   20:                0x0 - <unknown>
[INFO] [stdout] 
[INFO] [stdout] 
[INFO] [stdout] failures:
[INFO] [stdout]     test_export_command_macros
[INFO] [stdout]     test_lode_binary_exists
[INFO] [stdout]     test_lode_config_command_help
[INFO] [stdout]     test_lode_doctor
[INFO] [stdout]     test_lode_help
[INFO] [stdout]     test_lode_init_dry_run
[INFO] [stdout]     test_lode_version
[INFO] [stdout] 
[INFO] [stdout] test result: FAILED. 0 passed; 7 failed; 0 ignored; 0 measured; 0 filtered out; finished in 0.02s
[INFO] [stdout] 
[INFO] [stderr] error: test failed, to rerun pass `--test commands`
[INFO] running `Command { std: "docker" "inspect" "2691e15fb69c89f1bba956c6da8c88fd619409fed5f78956a39b2164182c4b5e", kill_on_drop: false }`
[INFO] running `Command { std: "docker" "rm" "-f" "2691e15fb69c89f1bba956c6da8c88fd619409fed5f78956a39b2164182c4b5e", kill_on_drop: false }`
[INFO] [stdout] 2691e15fb69c89f1bba956c6da8c88fd619409fed5f78956a39b2164182c4b5e
