[INFO] fetching crate lock_ordering 0.2.0...
[INFO] testing lock_ordering-0.2.0 against 1.99.0-beta.8+cargoflags=--release for beta-release-1.100-2
[INFO] extracting crate lock_ordering 0.2.0 into /workspace/builds/worker-1-tc1/source
[INFO] removed /workspace/builds/worker-1-tc1/source/rust-toolchain.toml
[INFO] started tweaking crates.io crate lock_ordering 0.2.0
[INFO] removed 0 missing examples
[INFO] finished tweaking crates.io crate lock_ordering 0.2.0
[INFO] tweaked toml for crates.io crate lock_ordering 0.2.0 written to /workspace/builds/worker-1-tc1/source/Cargo.toml
[INFO] validating manifest of crates.io crate lock_ordering 0.2.0 on toolchain 1.99.0-beta.8
[INFO] running `Command { std: CARGO_HOME="/workspace/cargo-home" RUSTUP_HOME="/workspace/rustup-home" "/workspace/cargo-home/bin/cargo" "+1.99.0-beta.8" "metadata" "--manifest-path" "Cargo.toml" "--no-deps", kill_on_drop: false }`
[INFO] crate crates.io crate lock_ordering 0.2.0 already has a lockfile, it will not be regenerated
[INFO] running `Command { std: CARGO_HOME="/workspace/cargo-home" RUSTUP_HOME="/workspace/rustup-home" "/workspace/cargo-home/bin/cargo" "+1.99.0-beta.8" "fetch" "--manifest-path" "Cargo.toml", kill_on_drop: false }`
[INFO] [stderr]  Downloading crates ...
[INFO] [stderr]   Downloaded termcolor v1.3.0
[INFO] [stderr]   Downloaded trybuild v1.0.85
[INFO] [stderr]   Downloaded serde v1.0.188
[INFO] [stderr]   Downloaded winapi-util v0.1.6
[INFO] [stderr]   Downloaded itoa v1.0.9
[INFO] [stderr]   Downloaded rustc-demangle v0.1.23
[INFO] [stderr]   Downloaded glob v0.3.1
[INFO] [stderr]   Downloaded pin-project-lite v0.2.13
[INFO] [stderr]   Downloaded once_cell v1.18.0
[INFO] [stderr]   Downloaded addr2line v0.21.0
[INFO] [stderr]   Downloaded ryu v1.0.15
[INFO] [stderr]   Downloaded serde_json v1.0.107
[INFO] [stderr]   Downloaded miniz_oxide v0.7.1
[INFO] [stderr]   Downloaded basic-toml v0.1.4
[INFO] [stderr]   Downloaded cc v1.0.83
[INFO] [stderr]   Downloaded serde_derive v1.0.188
[INFO] [stderr]   Downloaded backtrace v0.3.69
[INFO] [stderr]   Downloaded memchr v2.6.4
[INFO] [stderr]   Downloaded gimli v0.28.0
[INFO] [stderr]   Downloaded object v0.32.1
[INFO] [stderr]   Downloaded libc v0.2.149
[INFO] [stderr]   Downloaded tokio v1.33.0
[INFO] running `Command { std: "docker" "create" "-v" "/var/lib/crater-agent-workspace/builds/worker-1-tc1/source:/opt/rustwide/workdir:ro,Z" "-v" "/var/lib/crater-agent-workspace/builds/worker-1-tc1/target:/opt/rustwide/target:rw,Z" "-v" "/var/lib/crater-agent-workspace/cargo-home:/opt/rustwide/cargo-home:ro,Z" "-v" "/var/lib/crater-agent-workspace/rustup-home:/opt/rustwide/rustup-home:ro,Z" "-m" "1610612736" "--network" "none" "ghcr.io/rust-lang/crates-build-env/linux@sha256:77db811e55d90add9212f6832c23229e3de5f1c1f9905e8cb07319ea15df73ac" "sleep" "infinity", kill_on_drop: false }`
[INFO] [stdout] f7f96de196e9502b55571194017763bf9d1aa8f0ccb0f55e6fc3cfb73549397d
[INFO] running `Command { std: "docker" "start" "f7f96de196e9502b55571194017763bf9d1aa8f0ccb0f55e6fc3cfb73549397d", kill_on_drop: false }`
[INFO] running `Command { std: "docker" "inspect" "f7f96de196e9502b55571194017763bf9d1aa8f0ccb0f55e6fc3cfb73549397d", kill_on_drop: false }`
[INFO] running `Command { std: "docker" "exec" "-e" "SOURCE_DIR=/opt/rustwide/workdir" "-e" "CARGO_HOME=/opt/rustwide/cargo-home" "-e" "RUSTUP_HOME=/opt/rustwide/rustup-home" "-e" "CARGO_TARGET_DIR=/opt/rustwide/target" "-w" "/opt/rustwide/workdir" "--user" "0:0" "f7f96de196e9502b55571194017763bf9d1aa8f0ccb0f55e6fc3cfb73549397d" "/opt/rustwide/cargo-home/bin/cargo" "+1.99.0-beta.8" "metadata" "--no-deps" "--format-version=1", kill_on_drop: false }`
[INFO] running `Command { std: "docker" "inspect" "f7f96de196e9502b55571194017763bf9d1aa8f0ccb0f55e6fc3cfb73549397d", kill_on_drop: false }`
[INFO] running `Command { std: "docker" "exec" "-e" "SOURCE_DIR=/opt/rustwide/workdir" "-e" "CARGO_HOME=/opt/rustwide/cargo-home" "-e" "RUSTUP_HOME=/opt/rustwide/rustup-home" "-e" "CARGO_TARGET_DIR=/opt/rustwide/target" "-e" "CARGO_INCREMENTAL=0" "-e" "RUST_BACKTRACE=full" "-e" "RUSTFLAGS=--cap-lints=warn" "-e" "RUSTDOCFLAGS=--cap-lints=warn" "-w" "/opt/rustwide/workdir" "--user" "0:0" "f7f96de196e9502b55571194017763bf9d1aa8f0ccb0f55e6fc3cfb73549397d" "/opt/rustwide/cargo-home/bin/cargo" "+1.99.0-beta.8" "build" "--frozen" "--message-format=json" "--release", kill_on_drop: false }`
[INFO] [stderr]    Compiling autocfg v1.4.0
[INFO] [stderr]    Compiling libc v0.2.149
[INFO] [stderr]    Compiling futures-sink v0.3.31
[INFO] [stderr]    Compiling futures-core v0.3.31
[INFO] [stderr]    Compiling parking_lot_core v0.9.10
[INFO] [stderr]    Compiling pin-project-lite v0.2.13
[INFO] [stderr]    Compiling memchr v2.6.4
[INFO] [stderr]    Compiling smallvec v1.14.0
[INFO] [stderr]    Compiling futures-task v0.3.31
[INFO] [stderr]    Compiling cfg-if v1.0.0
[INFO] [stderr]    Compiling tokio v1.33.0
[INFO] [stderr]    Compiling futures-channel v0.3.31
[INFO] [stderr]    Compiling slab v0.4.9
[INFO] [stderr]    Compiling lock_api v0.4.12
[INFO] [stderr]    Compiling futures-util v0.3.31
[INFO] [stderr]    Compiling parking_lot v0.12.3
[INFO] [stderr]    Compiling futures v0.3.31
[INFO] [stderr]    Compiling lock_ordering v0.2.0 (/opt/rustwide/workdir)
[INFO] [stderr]     Finished `release` profile [optimized] target(s) in 6.68s
[INFO] running `Command { std: "docker" "inspect" "f7f96de196e9502b55571194017763bf9d1aa8f0ccb0f55e6fc3cfb73549397d", kill_on_drop: false }`
[INFO] running `Command { std: "docker" "exec" "-e" "SOURCE_DIR=/opt/rustwide/workdir" "-e" "CARGO_HOME=/opt/rustwide/cargo-home" "-e" "RUSTUP_HOME=/opt/rustwide/rustup-home" "-e" "CARGO_TARGET_DIR=/opt/rustwide/target" "-e" "CARGO_INCREMENTAL=0" "-e" "RUST_BACKTRACE=full" "-e" "RUSTFLAGS=--cap-lints=warn" "-e" "RUSTDOCFLAGS=--cap-lints=warn" "-w" "/opt/rustwide/workdir" "--user" "0:0" "f7f96de196e9502b55571194017763bf9d1aa8f0ccb0f55e6fc3cfb73549397d" "/opt/rustwide/cargo-home/bin/cargo" "+1.99.0-beta.8" "test" "--frozen" "--no-run" "--message-format=json" "--release", kill_on_drop: false }`
[INFO] [stderr]    Compiling proc-macro2 v1.0.93
[INFO] [stderr]    Compiling serde v1.0.188
[INFO] [stderr]    Compiling unicode-ident v1.0.12
[INFO] [stderr]    Compiling serde_json v1.0.107
[INFO] [stderr]    Compiling trybuild v1.0.85
[INFO] [stderr]    Compiling itoa v1.0.9
[INFO] [stderr]    Compiling ryu v1.0.15
[INFO] [stderr]    Compiling termcolor v1.3.0
[INFO] [stderr]    Compiling once_cell v1.18.0
[INFO] [stderr]    Compiling glob v0.3.1
[INFO] [stderr]    Compiling static_assertions v1.1.0
[INFO] [stderr]    Compiling quote v1.0.38
[INFO] [stderr]    Compiling syn v2.0.98
[INFO] [stderr]    Compiling serde_derive v1.0.188
[INFO] [stderr]    Compiling basic-toml v0.1.4
[INFO] [stderr]    Compiling lock_ordering v0.2.0 (/opt/rustwide/workdir)
[INFO] [stderr]     Finished `release` profile [optimized] target(s) in 21.03s
[INFO] running `Command { std: "docker" "inspect" "f7f96de196e9502b55571194017763bf9d1aa8f0ccb0f55e6fc3cfb73549397d", kill_on_drop: false }`
[INFO] running `Command { std: "docker" "exec" "-e" "SOURCE_DIR=/opt/rustwide/workdir" "-e" "CARGO_HOME=/opt/rustwide/cargo-home" "-e" "RUSTUP_HOME=/opt/rustwide/rustup-home" "-e" "CARGO_TARGET_DIR=/opt/rustwide/target" "-e" "CARGO_INCREMENTAL=0" "-e" "RUST_BACKTRACE=full" "-e" "RUSTFLAGS=--cap-lints=warn" "-e" "RUSTDOCFLAGS=--cap-lints=warn" "-w" "/opt/rustwide/workdir" "--user" "0:0" "f7f96de196e9502b55571194017763bf9d1aa8f0ccb0f55e6fc3cfb73549397d" "/opt/rustwide/cargo-home/bin/cargo" "+1.99.0-beta.8" "test" "--frozen" "--release", kill_on_drop: false }`
[INFO] [stderr]     Finished `release` profile [optimized] target(s) in 0.06s
[INFO] [stderr]      Running unittests src/lib.rs (/opt/rustwide/target/release/deps/lock_ordering-c33941125833fef5)
[INFO] [stdout] 
[INFO] [stderr]      Running tests/api.rs (/opt/rustwide/target/release/deps/api-f8b704a5536d0e96)
[INFO] [stdout] running 0 tests
[INFO] [stdout] 
[INFO] [stdout] test result: ok. 0 passed; 0 failed; 0 ignored; 0 measured; 0 filtered out; finished in 0.00s
[INFO] [stdout] 
[INFO] [stdout] 
[INFO] [stdout] running 2 tests
[INFO] [stderr]      Running tests/compile.rs (/opt/rustwide/target/release/deps/compile-4dbf5abf73857ab3)
[INFO] [stdout] test transitive_lock_relations ... ok
[INFO] [stdout] test lock_before_as_bound ... ok
[INFO] [stdout] 
[INFO] [stdout] test result: ok. 2 passed; 0 failed; 0 ignored; 0 measured; 0 filtered out; finished in 0.00s
[INFO] [stdout] 
[INFO] [stdout] 
[INFO] [stdout] running 1 test
[INFO] [stderr]    Compiling autocfg v1.4.0
[INFO] [stderr]    Compiling libc v0.2.149
[INFO] [stderr]    Compiling parking_lot_core v0.9.10
[INFO] [stderr]     Checking futures-sink v0.3.31
[INFO] [stderr]     Checking futures-core v0.3.31
[INFO] [stderr]     Checking pin-project-lite v0.2.13
[INFO] [stderr]     Checking smallvec v1.14.0
[INFO] [stderr]     Checking futures-io v0.3.31
[INFO] [stderr]     Checking cfg-if v1.0.0
[INFO] [stderr]     Checking scopeguard v1.2.0
[INFO] [stderr]     Checking pin-utils v0.1.0
[INFO] [stderr]     Checking memchr v2.6.4
[INFO] [stderr]     Checking futures-task v0.3.31
[INFO] [stderr]     Checking static_assertions v1.1.0
[INFO] [stderr]     Checking futures-channel v0.3.31
[INFO] [stderr]     Checking tokio v1.33.0
[INFO] [stderr]    Compiling slab v0.4.9
[INFO] [stderr]    Compiling lock_api v0.4.12
[INFO] [stderr]     Checking futures-util v0.3.31
[INFO] [stderr]     Checking parking_lot v0.12.3
[INFO] [stderr]     Checking futures v0.3.31
[INFO] [stderr]     Checking lock_ordering v0.2.0 (/opt/rustwide/workdir)
[INFO] [stderr]     Checking lock_ordering-tests v0.0.0 (/opt/rustwide/target/tests/trybuild/lock_ordering)
[INFO] [stderr]     Finished `dev` profile [unoptimized + debuginfo] target(s) in 5.21s
[INFO] [stderr] 
[INFO] [stderr] 
[INFO] [stdout] test compile_fail ... FAILED
[INFO] [stderr] test tests/fail/lock-out-of-order.rs ... mismatch
[INFO] [stdout] 
[INFO] [stderr] 
[INFO] [stdout] failures:
[INFO] [stderr] EXPECTED:
[INFO] [stdout] 
[INFO] [stderr] ┈┈┈┈┈┈┈┈┈┈┈┈┈┈┈┈┈┈┈┈┈┈┈┈┈┈┈┈┈┈┈┈┈┈┈┈┈┈┈┈┈┈┈┈┈┈┈┈┈┈┈┈┈┈┈┈┈┈┈┈
[INFO] [stdout] ---- compile_fail stdout ----
[INFO] [stderr] error[E0277]: the trait bound `FirstLock: LockAfter<SecondLock>` is not satisfied
[INFO] [stdout] 
[INFO] [stderr]   --> tests/fail/lock-out-of-order.rs:40:34
[INFO] [stdout] thread 'compile_fail' (884) panicked at /opt/rustwide/cargo-home/registry/src/index.crates.io-1949cf8c6b5b557f/trybuild-1.0.85/src/run.rs:101:13:
[INFO] [stderr]    |
[INFO] [stdout] 1 of 1 tests failed
[INFO] [stderr] 40 |     let mut first_guard = locked.lock::<FirstLock>(&first);
[INFO] [stdout] stack backtrace:
[INFO] [stderr]    |                                  ^^^^ the trait `LockAfter<SecondLock>` is not implemented for `FirstLock`
[INFO] [stdout]    0:     0x6394a2ed10c1 - <<std[70759c8f55707aa4]::sys::backtrace::BacktraceLock>::print::DisplayBacktrace as core[df12db4294e9bfd3]::fmt::Display>::fmt
[INFO] [stderr]    |
[INFO] [stdout]    1:     0x6394a2ee69da - core[df12db4294e9bfd3]::fmt::write
[INFO] [stderr]    = help: the trait `LockAfter<Unlocked>` is implemented for `FirstLock`
[INFO] [stdout]    2:     0x6394a2ed5c0c - <alloc[2182bb758b4b3781]::vec::Vec<u8> as core[df12db4294e9bfd3]::io::write::Write>::write_fmt
[INFO] [stderr]    = help: for that trait implementation, expected `Unlocked`, found `SecondLock`
[INFO] [stdout]    3:     0x6394a2eaa446 - std[70759c8f55707aa4]::panicking::default_hook::{closure#0}
[INFO] [stderr]    = note: required for `SecondLock` to implement `LockBefore<FirstLock>`
[INFO] [stdout]    4:     0x6394a2ec8019 - std[70759c8f55707aa4]::panicking::default_hook
[INFO] [stderr] note: required by a bound in `LockedAt::<'_, L>::lock`
[INFO] [stdout]    5:     0x6394a2e621c0 - test[9d35eded1c95d3be]::test_main_inner::<test[9d35eded1c95d3be]::test_main_static::{closure#0}>::{closure#0}
[INFO] [stderr]   --> src/lockedat.rs
[INFO] [stdout]    6:     0x6394a2ec81d2 - std[70759c8f55707aa4]::panicking::panic_with_hook
[INFO] [stderr]    |
[INFO] [stdout]    7:     0x6394a2eaa4f2 - std[70759c8f55707aa4]::panicking::panic_handler::{closure#0}
[INFO] [stderr]    |     pub fn lock<'a, NewLock>(
[INFO] [stdout]    8:     0x6394a2ea2ef9 - std[70759c8f55707aa4]::sys::backtrace::__rust_end_short_backtrace::<std[70759c8f55707aa4]::panicking::panic_handler::{closure#0}, !>
[INFO] [stderr]    |            ---- required by a bound in this associated function
[INFO] [stdout]    9:     0x6394a2eab0ed - __rustc[8fa7c3cbc660c2b3]::rust_begin_unwind
[INFO] [stderr] ...
[INFO] [stdout]   10:     0x6394a2ee710c - core[df12db4294e9bfd3]::panicking::panic_fmt
[INFO] [stderr]    |         L: LockBefore<NewLock>,
[INFO] [stdout]   11:     0x6394a2dc6805 - <trybuild[67284494521a1e30]::Runner>::run
[INFO] [stderr]    |            ^^^^^^^^^^^^^^^^^^^ required by this bound in `LockedAt::<'_, L>::lock`
[INFO] [stdout]   12:     0x6394a2dc9610 - <trybuild[67284494521a1e30]::TestCases as core[df12db4294e9bfd3]::ops::drop::Drop>::drop
[INFO] [stderr] ┈┈┈┈┈┈┈┈┈┈┈┈┈┈┈┈┈┈┈┈┈┈┈┈┈┈┈┈┈┈┈┈┈┈┈┈┈┈┈┈┈┈┈┈┈┈┈┈┈┈┈┈┈┈┈┈┈┈┈┈
[INFO] [stdout]   13:     0x6394a2dc18d8 - compile[4d2d46fe6066eaff]::compile_fail
[INFO] [stderr] 
[INFO] [stdout]   14:     0x6394a2dc1ad9 - <compile[4d2d46fe6066eaff]::compile_fail::{closure#0} as core[df12db4294e9bfd3]::ops::function::FnOnce<()>>::call_once
[INFO] [stderr] ACTUAL OUTPUT:
[INFO] [stdout]   15:     0x6394a2e554ab - test[9d35eded1c95d3be]::__rust_begin_short_backtrace::<core[df12db4294e9bfd3]::result::Result<(), alloc[2182bb758b4b3781]::string::String>, fn() -> core[df12db4294e9bfd3]::result::Result<(), alloc[2182bb758b4b3781]::string::String>>
[INFO] [stderr] ┈┈┈┈┈┈┈┈┈┈┈┈┈┈┈┈┈┈┈┈┈┈┈┈┈┈┈┈┈┈┈┈┈┈┈┈┈┈┈┈┈┈┈┈┈┈┈┈┈┈┈┈┈┈┈┈┈┈┈┈
[INFO] [stdout]   16:     0x6394a2e62b15 - test[9d35eded1c95d3be]::run_test::{closure#0}
[INFO] [stderr] error[E0277]: the trait bound `FirstLock: LockAfter<SecondLock>` is not satisfied
[INFO] [stdout]   17:     0x6394a2e5c3d4 - std[70759c8f55707aa4]::sys::backtrace::__rust_begin_short_backtrace::<test[9d35eded1c95d3be]::run_test::{closure#1}, ()>
[INFO] [stderr]  --> tests/fail/lock-out-of-order.rs:40:34
[INFO] [stdout]   18:     0x6394a2e65c72 - <std[70759c8f55707aa4]::thread::lifecycle::spawn_unchecked<test[9d35eded1c95d3be]::run_test::{closure#1}, ()>::{closure#1} as core[df12db4294e9bfd3]::ops::function::FnOnce<()>>::call_once::{shim:vtable#0}
[INFO] [stderr]   |
[INFO] [stdout]   19:     0x6394a2ed0349 - <std[70759c8f55707aa4]::sys::thread::unix::Thread>::new::thread_start
[INFO] [stderr]  40 |     let mut first_guard = locked.lock::<FirstLock>(&first);
[INFO] [stdout]   20:     0x7eabb8bbfdfa - <unknown>
[INFO] [stderr]     |                                  ^^^^ unsatisfied trait bound
[INFO] [stdout]   21:     0x7eabb8c533d4 - clone
[INFO] [stderr]     |
[INFO] [stdout]   22:                0x0 - <unknown>
[INFO] [stderr] help: the trait `LockAfter<SecondLock>` is not implemented for `FirstLock`
[INFO] [stdout] 
[INFO] [stderr]       but trait `LockAfter<Unlocked>` is implemented for it
[INFO] [stdout] 
[INFO] [stderr]    --> tests/fail/lock-out-of-order.rs:10:1
[INFO] [stdout] failures:
[INFO] [stderr]     |
[INFO] [stdout]     compile_fail
[INFO] [stderr]  10 | impl LockAfter<Unlocked> for FirstLock {}
[INFO] [stdout] 
[INFO] [stderr]     | ^^^^^^^^^^^^^^^^^^^^^^^^^^^^^^^^^^^^^^
[INFO] [stdout] test result: FAILED. 0 passed; 1 failed; 0 ignored; 0 measured; 0 filtered out; finished in 5.55s
[INFO] [stderr]     = help: for that trait implementation, expected `Unlocked`, found `SecondLock`
[INFO] [stdout] 
[INFO] [stderr]     = note: required for `SecondLock` to implement `LockBefore<FirstLock>`
[INFO] [stderr] note: required by a bound in `LockedAt::<'_, L>::lock`
[INFO] [stderr]    --> src/lockedat.rs
[INFO] [stderr]     |
[INFO] [stderr]     |     pub fn lock<'a, NewLock>(
[INFO] [stderr]     |            ---- required by a bound in this associated function
[INFO] [stderr] ...
[INFO] [stderr]     |         L: LockBefore<NewLock>,
[INFO] [stderr]     |            ^^^^^^^^^^^^^^^^^^^ required by this bound in `LockedAt::<'_, L>::lock`
[INFO] [stderr] ┈┈┈┈┈┈┈┈┈┈┈┈┈┈┈┈┈┈┈┈┈┈┈┈┈┈┈┈┈┈┈┈┈┈┈┈┈┈┈┈┈┈┈┈┈┈┈┈┈┈┈┈┈┈┈┈┈┈┈┈
[INFO] [stderr] note: If the actual output is the correct output you can bless it by rerunning
[INFO] [stderr]       your test with the environment variable TRYBUILD=overwrite
[INFO] [stderr] 
[INFO] [stderr] 
[INFO] [stderr] 
[INFO] [stderr] error: test failed, to rerun pass `--test compile`
[INFO] running `Command { std: "docker" "inspect" "f7f96de196e9502b55571194017763bf9d1aa8f0ccb0f55e6fc3cfb73549397d", kill_on_drop: false }`
[INFO] running `Command { std: "docker" "rm" "-f" "f7f96de196e9502b55571194017763bf9d1aa8f0ccb0f55e6fc3cfb73549397d", kill_on_drop: false }`
[INFO] [stdout] f7f96de196e9502b55571194017763bf9d1aa8f0ccb0f55e6fc3cfb73549397d
