[INFO] fetching crate locate-error-derive 0.1.1...
[INFO] testing locate-error-derive-0.1.1 against 1.99.0-beta.8+cargoflags=--release for beta-release-1.100-2
[INFO] extracting crate locate-error-derive 0.1.1 into /workspace/builds/worker-5-tc1/source
[INFO] started tweaking crates.io crate locate-error-derive 0.1.1
[INFO] removed 0 missing tests
[INFO] finished tweaking crates.io crate locate-error-derive 0.1.1
[INFO] tweaked toml for crates.io crate locate-error-derive 0.1.1 written to /workspace/builds/worker-5-tc1/source/Cargo.toml
[INFO] validating manifest of crates.io crate locate-error-derive 0.1.1 on toolchain 1.99.0-beta.8
[INFO] running `Command { std: CARGO_HOME="/workspace/cargo-home" RUSTUP_HOME="/workspace/rustup-home" "/workspace/cargo-home/bin/cargo" "+1.99.0-beta.8" "metadata" "--manifest-path" "Cargo.toml" "--no-deps", kill_on_drop: false }`
[INFO] crate crates.io crate locate-error-derive 0.1.1 already has a lockfile, it will not be regenerated
[INFO] running `Command { std: CARGO_HOME="/workspace/cargo-home" RUSTUP_HOME="/workspace/rustup-home" "/workspace/cargo-home/bin/cargo" "+1.99.0-beta.8" "fetch" "--manifest-path" "Cargo.toml", kill_on_drop: false }`
[INFO] [stderr]     Updating crates.io index
[INFO] [stderr]  Downloading crates ...
[INFO] [stderr]   Downloaded trybuild v1.0.104
[INFO] [stderr]   Downloaded toml v0.8.20
[INFO] [stderr]   Downloaded toml_datetime v0.6.8
[INFO] [stderr]   Downloaded winapi-util v0.1.9
[INFO] [stderr]   Downloaded target-triple v0.1.4
[INFO] [stderr]   Downloaded serde_spanned v0.6.8
[INFO] [stderr]   Downloaded indexmap v2.8.0
[INFO] [stderr]   Downloaded toml_edit v0.22.24
[INFO] [stderr]   Downloaded winnow v0.7.4
[INFO] [stderr]   Downloaded serde_json v1.0.140
[INFO] running `Command { std: "docker" "create" "-v" "/var/lib/crater-agent-workspace/builds/worker-5-tc1/source:/opt/rustwide/workdir:ro,Z" "-v" "/var/lib/crater-agent-workspace/builds/worker-5-tc1/target:/opt/rustwide/target:rw,Z" "-v" "/var/lib/crater-agent-workspace/cargo-home:/opt/rustwide/cargo-home:ro,Z" "-v" "/var/lib/crater-agent-workspace/rustup-home:/opt/rustwide/rustup-home:ro,Z" "-m" "1610612736" "--network" "none" "ghcr.io/rust-lang/crates-build-env/linux@sha256:77db811e55d90add9212f6832c23229e3de5f1c1f9905e8cb07319ea15df73ac" "sleep" "infinity", kill_on_drop: false }`
[INFO] [stdout] 43667e4b1c8c56802a4997da150b7e5093196317012be52f3be89704c72ee8c4
[INFO] running `Command { std: "docker" "start" "43667e4b1c8c56802a4997da150b7e5093196317012be52f3be89704c72ee8c4", kill_on_drop: false }`
[INFO] running `Command { std: "docker" "inspect" "43667e4b1c8c56802a4997da150b7e5093196317012be52f3be89704c72ee8c4", kill_on_drop: false }`
[INFO] running `Command { std: "docker" "exec" "-e" "SOURCE_DIR=/opt/rustwide/workdir" "-e" "CARGO_HOME=/opt/rustwide/cargo-home" "-e" "RUSTUP_HOME=/opt/rustwide/rustup-home" "-e" "CARGO_TARGET_DIR=/opt/rustwide/target" "-w" "/opt/rustwide/workdir" "--user" "0:0" "43667e4b1c8c56802a4997da150b7e5093196317012be52f3be89704c72ee8c4" "/opt/rustwide/cargo-home/bin/cargo" "+1.99.0-beta.8" "metadata" "--no-deps" "--format-version=1", kill_on_drop: false }`
[INFO] running `Command { std: "docker" "inspect" "43667e4b1c8c56802a4997da150b7e5093196317012be52f3be89704c72ee8c4", kill_on_drop: false }`
[INFO] running `Command { std: "docker" "exec" "-e" "SOURCE_DIR=/opt/rustwide/workdir" "-e" "CARGO_HOME=/opt/rustwide/cargo-home" "-e" "RUSTUP_HOME=/opt/rustwide/rustup-home" "-e" "CARGO_TARGET_DIR=/opt/rustwide/target" "-e" "CARGO_INCREMENTAL=0" "-e" "RUST_BACKTRACE=full" "-e" "RUSTFLAGS=--cap-lints=warn" "-e" "RUSTDOCFLAGS=--cap-lints=warn" "-w" "/opt/rustwide/workdir" "--user" "0:0" "43667e4b1c8c56802a4997da150b7e5093196317012be52f3be89704c72ee8c4" "/opt/rustwide/cargo-home/bin/cargo" "+1.99.0-beta.8" "build" "--frozen" "--message-format=json" "--release", kill_on_drop: false }`
[INFO] [stderr]    Compiling serde v1.0.219
[INFO] [stderr]    Compiling hashbrown v0.15.2
[INFO] [stderr]    Compiling target-triple v0.1.4
[INFO] [stderr]    Compiling winnow v0.7.4
[INFO] [stderr]    Compiling serde_json v1.0.140
[INFO] [stderr]    Compiling termcolor v1.4.1
[INFO] [stderr]    Compiling syn v2.0.100
[INFO] [stderr]    Compiling indexmap v2.8.0
[INFO] [stderr]    Compiling serde_spanned v0.6.8
[INFO] [stderr]    Compiling toml_datetime v0.6.8
[INFO] [stderr]    Compiling toml_edit v0.22.24
[INFO] [stderr]    Compiling serde_derive v1.0.219
[INFO] [stderr]    Compiling toml v0.8.20
[INFO] [stderr]    Compiling trybuild v1.0.104
[INFO] [stderr]    Compiling locate-error-derive v0.1.1 (/opt/rustwide/workdir)
[INFO] [stderr]     Finished `release` profile [optimized] target(s) in 18.46s
[INFO] running `Command { std: "docker" "inspect" "43667e4b1c8c56802a4997da150b7e5093196317012be52f3be89704c72ee8c4", kill_on_drop: false }`
[INFO] running `Command { std: "docker" "exec" "-e" "SOURCE_DIR=/opt/rustwide/workdir" "-e" "CARGO_HOME=/opt/rustwide/cargo-home" "-e" "RUSTUP_HOME=/opt/rustwide/rustup-home" "-e" "CARGO_TARGET_DIR=/opt/rustwide/target" "-e" "CARGO_INCREMENTAL=0" "-e" "RUST_BACKTRACE=full" "-e" "RUSTFLAGS=--cap-lints=warn" "-e" "RUSTDOCFLAGS=--cap-lints=warn" "-w" "/opt/rustwide/workdir" "--user" "0:0" "43667e4b1c8c56802a4997da150b7e5093196317012be52f3be89704c72ee8c4" "/opt/rustwide/cargo-home/bin/cargo" "+1.99.0-beta.8" "test" "--frozen" "--no-run" "--message-format=json" "--release", kill_on_drop: false }`
[INFO] [stderr]    Compiling serde v1.0.219
[INFO] [stderr]    Compiling thiserror v2.0.12
[INFO] [stderr]    Compiling thiserror-impl v2.0.12
[INFO] [stderr]    Compiling hashbrown v0.15.2
[INFO] [stderr]    Compiling proc-macro2 v1.0.94
[INFO] [stderr]    Compiling unicode-ident v1.0.18
[INFO] [stderr]    Compiling winnow v0.7.4
[INFO] [stderr]    Compiling target-triple v0.1.4
[INFO] [stderr]    Compiling serde_json v1.0.140
[INFO] [stderr]    Compiling memchr v2.7.4
[INFO] [stderr]    Compiling termcolor v1.4.1
[INFO] [stderr]    Compiling glob v0.3.2
[INFO] [stderr]    Compiling locate-error-derive v0.1.1 (/opt/rustwide/workdir)
[INFO] [stderr]    Compiling indexmap v2.8.0
[INFO] [stderr]    Compiling quote v1.0.40
[INFO] [stderr]    Compiling syn v2.0.100
[INFO] [stderr]    Compiling toml_datetime v0.6.8
[INFO] [stderr]    Compiling serde_spanned v0.6.8
[INFO] [stderr]    Compiling toml_edit v0.22.24
[INFO] [stderr]    Compiling toml v0.8.20
[INFO] [stderr]    Compiling trybuild v1.0.104
[INFO] [stderr]     Finished `release` profile [optimized] target(s) in 47.14s
[INFO] running `Command { std: "docker" "inspect" "43667e4b1c8c56802a4997da150b7e5093196317012be52f3be89704c72ee8c4", kill_on_drop: false }`
[INFO] running `Command { std: "docker" "exec" "-e" "SOURCE_DIR=/opt/rustwide/workdir" "-e" "CARGO_HOME=/opt/rustwide/cargo-home" "-e" "RUSTUP_HOME=/opt/rustwide/rustup-home" "-e" "CARGO_TARGET_DIR=/opt/rustwide/target" "-e" "CARGO_INCREMENTAL=0" "-e" "RUST_BACKTRACE=full" "-e" "RUSTFLAGS=--cap-lints=warn" "-e" "RUSTDOCFLAGS=--cap-lints=warn" "-w" "/opt/rustwide/workdir" "--user" "0:0" "43667e4b1c8c56802a4997da150b7e5093196317012be52f3be89704c72ee8c4" "/opt/rustwide/cargo-home/bin/cargo" "+1.99.0-beta.8" "test" "--frozen" "--release", kill_on_drop: false }`
[INFO] [stderr]     Finished `release` profile [optimized] target(s) in 0.06s
[INFO] [stderr]      Running unittests src/lib.rs (/opt/rustwide/target/release/deps/locate_error_derive-f7da2f7990d9bbed)
[INFO] [stdout] 
[INFO] [stdout] running 1 test
[INFO] [stdout] test tests::test_locate_from_attr_index ... ok
[INFO] [stderr]      Running tests/test_macro.rs (/opt/rustwide/target/release/deps/test_macro-fe5534de2f898bb5)
[INFO] [stdout] 
[INFO] [stdout] test result: ok. 1 passed; 0 failed; 0 ignored; 0 measured; 0 filtered out; finished in 0.00s
[INFO] [stdout] 
[INFO] [stdout] 
[INFO] [stdout] running 4 tests
[INFO] [stderr]    Compiling proc-macro2 v1.0.94
[INFO] [stderr]    Compiling serde v1.0.219
[INFO] [stderr]    Compiling unicode-ident v1.0.18
[INFO] [stderr]    Compiling hashbrown v0.15.2
[INFO] [stderr]    Compiling equivalent v1.0.2
[INFO] [stderr]    Compiling target-triple v0.1.4
[INFO] [stderr]    Compiling serde_json v1.0.140
[INFO] [stderr]    Compiling winnow v0.7.4
[INFO] [stderr]    Compiling ryu v1.0.20
[INFO] [stderr]    Compiling memchr v2.7.4
[INFO] [stderr]    Compiling itoa v1.0.15
[INFO] [stderr]    Compiling termcolor v1.4.1
[INFO] [stderr]    Compiling thiserror v2.0.12
[INFO] [stderr]    Compiling glob v0.3.2
[INFO] [stderr]    Compiling quote v1.0.40
[INFO] [stderr]    Compiling indexmap v2.8.0
[INFO] [stderr]    Compiling syn v2.0.100
[INFO] [stderr]    Compiling toml_datetime v0.6.8
[INFO] [stderr]    Compiling serde_spanned v0.6.8
[INFO] [stderr]    Compiling toml_edit v0.22.24
[INFO] [stderr]    Compiling serde_derive v1.0.219
[INFO] [stderr]    Compiling thiserror-impl v2.0.12
[INFO] [stderr]    Compiling toml v0.8.20
[INFO] [stderr]    Compiling trybuild v1.0.104
[INFO] [stderr]    Compiling locate-error-derive v0.1.1 (/opt/rustwide/workdir)
[INFO] [stderr]    Compiling locate-error-derive-tests v0.0.0 (/opt/rustwide/target/tests/trybuild/locate-error-derive)
[INFO] [stderr]     Finished `dev` profile [unoptimized + debuginfo] target(s) in 24.57s
[INFO] [stderr] 
[INFO] [stderr] 
[INFO] [stderr] test tests/it/enums.rs ... error
[INFO] [stderr] ┈┈┈┈┈┈┈┈┈┈┈┈┈┈┈┈┈┈┈┈┈┈┈┈┈┈┈┈┈┈┈┈┈┈┈┈┈┈┈┈┈┈┈┈┈┈┈┈┈┈┈┈┈┈┈┈┈┈┈┈
[INFO] [stderr] error[E0432]: unresolved import `locate_error`
[INFO] [stderr]  --> tests/it/enums.rs:4:5
[INFO] [stderr]   |
[INFO] [stderr] 4 | use locate_error::Locate;
[INFO] [stderr]   |     ^^^^^^^^^^^^ use of unresolved module or unlinked crate `locate_error`
[INFO] [stderr]   |
[INFO] [stderr]   = help: if you wanted to use a crate named `locate_error`, use `cargo add locate_error` to add it to your `Cargo.toml`
[INFO] [stderr] 
[INFO] [stderr] error[E0432]: unresolved import `locate_error`
[INFO] [stderr]  --> tests/it/enums.rs:5:5
[INFO] [stderr]   |
[INFO] [stderr] 5 | use locate_error::Location;
[INFO] [stderr]   |     ^^^^^^^^^^^^ use of unresolved module or unlinked crate `locate_error`
[INFO] [stderr]   |
[INFO] [stderr]   = help: if you wanted to use a crate named `locate_error`, use `cargo add locate_error` to add it to your `Cargo.toml`
[INFO] [stderr] 
[INFO] [stderr] error: cannot find attribute `locate_from` in this scope
[INFO] [stderr]  --> tests/it/enums.rs:9:14
[INFO] [stderr]   |
[INFO] [stderr] 9 |     Simple(#[locate_from] String, Location),
[INFO] [stderr]   |              ^^^^^^^^^^^
[INFO] [stderr]   |
[INFO] [stderr] help: `locate_from` is an attribute that can be used by the derive macro `Locate`, you might be missing a `derive` attribute
[INFO] [stderr]   |
[INFO] [stderr] 8 + #[derive(Locate)]
[INFO] [stderr] 9 | pub enum TestError {
[INFO] [stderr]   |
[INFO] [stderr] 
[INFO] [stderr] error: cannot find attribute `locate_from` in this scope
[INFO] [stderr]   --> tests/it/enums.rs:12:11
[INFO] [stderr]    |
[INFO] [stderr] 12 |         #[locate_from]
[INFO] [stderr]    |           ^^^^^^^^^^^
[INFO] [stderr]    |
[INFO] [stderr] help: `locate_from` is an attribute that can be used by the derive macro `Locate`, you might be missing a `derive` attribute
[INFO] [stderr]    |
[INFO] [stderr]  8 + #[derive(Locate)]
[INFO] [stderr]  9 | pub enum TestError {
[INFO] [stderr]    |
[INFO] [stderr] 
[INFO] [stderr] error[E0277]: the trait bound `TestError: From<String>` is not satisfied
[INFO] [stderr]   --> tests/it/enums.rs:22:54
[INFO] [stderr]    |
[INFO] [stderr] 22 |     let err: TestError = "error message".to_string().into();
[INFO] [stderr]    |                                                      ^^^^ unsatisfied trait bound
[INFO] [stderr]    |
[INFO] [stderr] help: the trait `From<String>` is not implemented for `TestError`
[INFO] [stderr]   --> tests/it/enums.rs:8:1
[INFO] [stderr]    |
[INFO] [stderr]  8 | pub enum TestError {
[INFO] [stderr]    | ^^^^^^^^^^^^^^^^^^
[INFO] [stderr]    = note: required for `String` to implement `Into<TestError>`
[INFO] [stderr] 
[INFO] [stderr] error[E0277]: the trait bound `TestError: From<std::io::Error>` is not satisfied
[INFO] [stderr]   --> tests/it/enums.rs:37:33
[INFO] [stderr]    |
[INFO] [stderr] 37 |     let err: TestError = io_err.into();
[INFO] [stderr]    |                                 ^^^^ unsatisfied trait bound
[INFO] [stderr]    |
[INFO] [stderr] help: the trait `From<std::io::Error>` is not implemented for `TestError`
[INFO] [stderr]   --> tests/it/enums.rs:8:1
[INFO] [stderr]    |
[INFO] [stderr]  8 | pub enum TestError {
[INFO] [stderr]    | ^^^^^^^^^^^^^^^^^^
[INFO] [stderr]    = note: required for `std::io::Error` to implement `Into<TestError>`
[INFO] [stderr] ┈┈┈┈┈┈┈┈┈┈┈┈┈┈┈┈┈┈┈┈┈┈┈┈┈┈┈┈┈┈┈┈┈┈┈┈┈┈┈┈┈┈┈┈┈┈┈┈┈┈┈┈┈┈┈┈┈┈┈┈
[INFO] [stderr] 
[INFO] [stderr] test tests/it/structs.rs ... error
[INFO] [stderr] ┈┈┈┈┈┈┈┈┈┈┈┈┈┈┈┈┈┈┈┈┈┈┈┈┈┈┈┈┈┈┈┈┈┈┈┈┈┈┈┈┈┈┈┈┈┈┈┈┈┈┈┈┈┈┈┈┈┈┈┈
[INFO] [stderr] error[E0432]: unresolved import `locate_error`
[INFO] [stderr]  --> tests/it/structs.rs:4:5
[INFO] [stderr]   |
[INFO] [stderr] 4 | use locate_error::Locate;
[INFO] [stderr]   |     ^^^^^^^^^^^^ use of unresolved module or unlinked crate `locate_error`
[INFO] [stderr]   |
[INFO] [stderr]   = help: if you wanted to use a crate named `locate_error`, use `cargo add locate_error` to add it to your `Cargo.toml`
[INFO] [stderr] 
[INFO] [stderr] error[E0432]: unresolved import `locate_error`
[INFO] [stderr]  --> tests/it/structs.rs:5:5
[INFO] [stderr]   |
[INFO] [stderr] 5 | use locate_error::Location;
[INFO] [stderr]   |     ^^^^^^^^^^^^ use of unresolved module or unlinked crate `locate_error`
[INFO] [stderr]   |
[INFO] [stderr]   = help: if you wanted to use a crate named `locate_error`, use `cargo add locate_error` to add it to your `Cargo.toml`
[INFO] [stderr] 
[INFO] [stderr] error: cannot find attribute `locate_from` in this scope
[INFO] [stderr]  --> tests/it/structs.rs:9:7
[INFO] [stderr]   |
[INFO] [stderr] 9 |     #[locate_from]
[INFO] [stderr]   |       ^^^^^^^^^^^
[INFO] [stderr]   |
[INFO] [stderr]   = note: `locate_from` is an attribute that can be used by the derive macro `Locate`, you might be missing a `derive` attribute
[INFO] [stderr] 
[INFO] [stderr] error[E0277]: the trait bound `TestStruct: From<Inner>` is not satisfied
[INFO] [stderr]   --> tests/it/structs.rs:27:41
[INFO] [stderr]    |
[INFO] [stderr] 27 |     let test_struct: TestStruct = inner.into();
[INFO] [stderr]    |                                         ^^^^ unsatisfied trait bound
[INFO] [stderr]    |
[INFO] [stderr] help: the trait `From<Inner>` is not implemented for `TestStruct`
[INFO] [stderr]   --> tests/it/structs.rs:8:1
[INFO] [stderr]    |
[INFO] [stderr]  8 | pub struct TestStruct {
[INFO] [stderr]    | ^^^^^^^^^^^^^^^^^^^^^
[INFO] [stderr]    = note: required for `Inner` to implement `Into<TestStruct>`
[INFO] [stderr] ┈┈┈┈┈┈┈┈┈┈┈┈┈┈┈┈┈┈┈┈┈┈┈┈┈┈┈┈┈┈┈┈┈┈┈┈┈┈┈┈┈┈┈┈┈┈┈┈┈┈┈┈┈┈┈┈┈┈┈┈
[INFO] [stderr] 
[INFO] [stderr] 
[INFO] [stderr] 
[INFO] [stdout] test run_passing_tests ... FAILED
[INFO] [stderr]     Checking unicode-ident v1.0.18
[INFO] [stderr]     Checking thiserror v2.0.12
[INFO] [stderr]     Checking proc-macro2 v1.0.94
[INFO] [stderr]     Checking quote v1.0.40
[INFO] [stderr]     Checking syn v2.0.100
[INFO] [stderr]     Checking locate-error-derive-tests v0.0.0 (/opt/rustwide/target/tests/trybuild/locate-error-derive)
[INFO] [stderr]     Finished `dev` profile [unoptimized + debuginfo] target(s) in 3.47s
[INFO] [stderr] 
[INFO] [stderr] 
[INFO] [stdout] test enum_compile_failures ... FAILED
[INFO] [stderr] test tests/it/tuple_enum_incorrect_fields.rs ... mismatch
[INFO] [stderr] 
[INFO] [stderr] EXPECTED:
[INFO] [stderr] ┈┈┈┈┈┈┈┈┈┈┈┈┈┈┈┈┈┈┈┈┈┈┈┈┈┈┈┈┈┈┈┈┈┈┈┈┈┈┈┈┈┈┈┈┈┈┈┈┈┈┈┈┈┈┈┈┈┈┈┈
[INFO] [stderr] error: Locate requires enums variants with the #[locate_from] attribute to have exactly two fields, one for the source and one for the location
[INFO] [stderr]   --> tests/it/tuple_enum_incorrect_fields.rs:10:5
[INFO] [stderr]    |
[INFO] [stderr] 10 |     Variant1(#[locate_from] String, Location, String),
[INFO] [stderr]    |     ^^^^^^^^
[INFO] [stderr] 
[INFO] [stderr] error: Locate requires enums variants with the #[locate_from] attribute to have exactly two fields, one for the source and one for the location
[INFO] [stderr]   --> tests/it/tuple_enum_incorrect_fields.rs:16:5
[INFO] [stderr]    |
[INFO] [stderr] 16 |     Variant1(#[locate_from] String),
[INFO] [stderr]    |     ^^^^^^^^
[INFO] [stderr] 
[INFO] [stderr] error: Locate requires at least one variant with the #[locate_from] attribute (otherwise this macro is effectively a no-op)
[INFO] [stderr]   --> tests/it/tuple_enum_incorrect_fields.rs:20:10
[INFO] [stderr]    |
[INFO] [stderr] 20 | #[derive(Locate)]
[INFO] [stderr]    |          ^^^^^^
[INFO] [stderr]    |
[INFO] [stderr]    = note: this error originates in the derive macro `Locate` (in Nightly builds, run with -Z macro-backtrace for more info)
[INFO] [stderr] 
[INFO] [stderr] error: Locate requires enums variants with the #[locate_from] attribute to have exactly two fields, one for the source and one for the location
[INFO] [stderr]   --> tests/it/tuple_enum_incorrect_fields.rs:29:5
[INFO] [stderr]    |
[INFO] [stderr] 29 |     Variant1(#[locate_from] String, Location, #[locate_from] u32),
[INFO] [stderr]    |     ^^^^^^^^
[INFO] [stderr] 
[INFO] [stderr] error: Variants with #[locate_from] must have a field of type `locate_from::Location`
[INFO] [stderr]   --> tests/it/tuple_enum_incorrect_fields.rs:33:10
[INFO] [stderr]    |
[INFO] [stderr] 33 | #[derive(Locate)]
[INFO] [stderr]    |          ^^^^^^
[INFO] [stderr]    |
[INFO] [stderr]    = note: this error originates in the derive macro `Locate` (in Nightly builds, run with -Z macro-backtrace for more info)
[INFO] [stderr] 
[INFO] [stderr] error: Locate requires enums variants with the #[locate_from] attribute to have exactly two fields, one for the source and one for the location
[INFO] [stderr]   --> tests/it/tuple_enum_incorrect_fields.rs:42:5
[INFO] [stderr]    |
[INFO] [stderr] 42 |     Variant1(#[locate_from] SomeError),
[INFO] [stderr]    |     ^^^^^^^^
[INFO] [stderr] ┈┈┈┈┈┈┈┈┈┈┈┈┈┈┈┈┈┈┈┈┈┈┈┈┈┈┈┈┈┈┈┈┈┈┈┈┈┈┈┈┈┈┈┈┈┈┈┈┈┈┈┈┈┈┈┈┈┈┈┈
[INFO] [stderr] 
[INFO] [stderr] ACTUAL OUTPUT:
[INFO] [stderr] ┈┈┈┈┈┈┈┈┈┈┈┈┈┈┈┈┈┈┈┈┈┈┈┈┈┈┈┈┈┈┈┈┈┈┈┈┈┈┈┈┈┈┈┈┈┈┈┈┈┈┈┈┈┈┈┈┈┈┈┈
[INFO] [stderr] error[E0432]: unresolved import `locate_error`
[INFO] [stderr]  --> tests/it/tuple_enum_incorrect_fields.rs:4:5
[INFO] [stderr]   |
[INFO] [stderr] 4 | use locate_error::Locate;
[INFO] [stderr]   |     ^^^^^^^^^^^^ use of unresolved module or unlinked crate `locate_error`
[INFO] [stderr]   |
[INFO] [stderr]   = help: if you wanted to use a crate named `locate_error`, use `cargo add locate_error` to add it to your `Cargo.toml`
[INFO] [stderr] 
[INFO] [stderr] error[E0432]: unresolved import `locate_error`
[INFO] [stderr]  --> tests/it/tuple_enum_incorrect_fields.rs:5:5
[INFO] [stderr]   |
[INFO] [stderr] 5 | use locate_error::Location;
[INFO] [stderr]   |     ^^^^^^^^^^^^ use of unresolved module or unlinked crate `locate_error`
[INFO] [stderr]   |
[INFO] [stderr]   = help: if you wanted to use a crate named `locate_error`, use `cargo add locate_error` to add it to your `Cargo.toml`
[INFO] [stderr] 
[INFO] [stderr] error: cannot find attribute `locate_from` in this scope
[INFO] [stderr]   --> tests/it/tuple_enum_incorrect_fields.rs:10:16
[INFO] [stderr]    |
[INFO] [stderr] 10 |     Variant1(#[locate_from] String, Location, String),
[INFO] [stderr]    |                ^^^^^^^^^^^
[INFO] [stderr]    |
[INFO] [stderr] help: `locate_from` is an attribute that can be used by the derive macro `Locate`, you might be missing a `derive` attribute
[INFO] [stderr]    |
[INFO] [stderr]  9 + #[derive(Locate)]
[INFO] [stderr] 10 | enum TestEnum {
[INFO] [stderr]    |
[INFO] [stderr] 
[INFO] [stderr] error: cannot find attribute `locate_from` in this scope
[INFO] [stderr]   --> tests/it/tuple_enum_incorrect_fields.rs:16:16
[INFO] [stderr]    |
[INFO] [stderr] 16 |     Variant1(#[locate_from] String),
[INFO] [stderr]    |                ^^^^^^^^^^^
[INFO] [stderr]    |
[INFO] [stderr] help: `locate_from` is an attribute that can be used by the derive macro `Locate`, you might be missing a `derive` attribute
[INFO] [stderr]    |
[INFO] [stderr] 15 + #[derive(Locate)]
[INFO] [stderr] 16 | enum TestEnum2 {
[INFO] [stderr]    |
[INFO] [stderr] 
[INFO] [stderr] error: cannot find attribute `locate_from` in this scope
[INFO] [stderr]   --> tests/it/tuple_enum_incorrect_fields.rs:29:16
[INFO] [stderr]    |
[INFO] [stderr] 29 |     Variant1(#[locate_from] String, Location, #[locate_from] u32),
[INFO] [stderr]    |                ^^^^^^^^^^^
[INFO] [stderr]    |
[INFO] [stderr] help: `locate_from` is an attribute that can be used by the derive macro `Locate`, you might be missing a `derive` attribute
[INFO] [stderr]    |
[INFO] [stderr] 28 + #[derive(Locate)]
[INFO] [stderr] 29 | enum TestEnum4 {
[INFO] [stderr]    |
[INFO] [stderr] 
[INFO] [stderr] error: cannot find attribute `locate_from` in this scope
[INFO] [stderr]   --> tests/it/tuple_enum_incorrect_fields.rs:29:49
[INFO] [stderr]    |
[INFO] [stderr] 29 |     Variant1(#[locate_from] String, Location, #[locate_from] u32),
[INFO] [stderr]    |                                                 ^^^^^^^^^^^
[INFO] [stderr]    |
[INFO] [stderr] help: `locate_from` is an attribute that can be used by the derive macro `Locate`, you might be missing a `derive` attribute
[INFO] [stderr]    |
[INFO] [stderr] 28 + #[derive(Locate)]
[INFO] [stderr] 29 | enum TestEnum4 {
[INFO] [stderr]    |
[INFO] [stderr] 
[INFO] [stderr] error: cannot find attribute `locate_from` in this scope
[INFO] [stderr]   --> tests/it/tuple_enum_incorrect_fields.rs:35:16
[INFO] [stderr]    |
[INFO] [stderr] 35 |     Variant1(#[locate_from] String, u32),
[INFO] [stderr]    |                ^^^^^^^^^^^
[INFO] [stderr]    |
[INFO] [stderr] help: `locate_from` is an attribute that can be used by the derive macro `Locate`, you might be missing a `derive` attribute
[INFO] [stderr]    |
[INFO] [stderr] 34 + #[derive(Locate)]
[INFO] [stderr] 35 | enum TestEnum5 {
[INFO] [stderr]    |
[INFO] [stderr] 
[INFO] [stderr] error: cannot find attribute `locate_from` in this scope
[INFO] [stderr]   --> tests/it/tuple_enum_incorrect_fields.rs:42:16
[INFO] [stderr]    |
[INFO] [stderr] 42 |     Variant1(#[locate_from] SomeError),
[INFO] [stderr]    |                ^^^^^^^^^^^
[INFO] [stderr]    |
[INFO] [stderr] help: `locate_from` is an attribute that can be used by the derive macro `Locate`, you might be missing a `derive` attribute
[INFO] [stderr]    |
[INFO] [stderr] 40 + #[derive(Locate)]
[INFO] [stderr] 41 | enum TestEnum6 {
[INFO] [stderr]    |
[INFO] [stderr] ┈┈┈┈┈┈┈┈┈┈┈┈┈┈┈┈┈┈┈┈┈┈┈┈┈┈┈┈┈┈┈┈┈┈┈┈┈┈┈┈┈┈┈┈┈┈┈┈┈┈┈┈┈┈┈┈┈┈┈┈
[INFO] [stderr] note: If the actual output is the correct output you can bless it by rerunning
[INFO] [stderr]       your test with the environment variable TRYBUILD=overwrite
[INFO] [stderr] 
[INFO] [stderr] test tests/it/struct_variant_enum_incorrect_fields.rs ... mismatch
[INFO] [stderr] 
[INFO] [stderr] EXPECTED:
[INFO] [stderr] ┈┈┈┈┈┈┈┈┈┈┈┈┈┈┈┈┈┈┈┈┈┈┈┈┈┈┈┈┈┈┈┈┈┈┈┈┈┈┈┈┈┈┈┈┈┈┈┈┈┈┈┈┈┈┈┈┈┈┈┈
[INFO] [stderr] error: Locate requires enums variants with the #[locate_from] attribute to have exactly two fields, one for the source and one for the location
[INFO] [stderr]  --> tests/it/struct_variant_enum_incorrect_fields.rs:9:5
[INFO] [stderr]   |
[INFO] [stderr] 9 |     Variant1 {
[INFO] [stderr]   |     ^^^^^^^^
[INFO] [stderr] 
[INFO] [stderr] error: Variants with #[locate_from] must have a field named 'location' of type `locate_from::Location`
[INFO] [stderr]   --> tests/it/struct_variant_enum_incorrect_fields.rs:20:5
[INFO] [stderr]    |
[INFO] [stderr] 20 |     Variant1 {
[INFO] [stderr]    |     ^^^^^^^^
[INFO] [stderr] 
[INFO] [stderr] error: Locate requires at least one variant with the #[locate_from] attribute (otherwise this macro is effectively a no-op)
[INFO] [stderr]   --> tests/it/struct_variant_enum_incorrect_fields.rs:28:10
[INFO] [stderr]    |
[INFO] [stderr] 28 | #[derive(Locate)]
[INFO] [stderr]    |          ^^^^^^
[INFO] [stderr]    |
[INFO] [stderr]    = note: this error originates in the derive macro `Locate` (in Nightly builds, run with -Z macro-backtrace for more info)
[INFO] [stderr] 
[INFO] [stderr] error: Locate requires enums variants with the #[locate_from] attribute to have exactly two fields, one for the source and one for the location
[INFO] [stderr]   --> tests/it/struct_variant_enum_incorrect_fields.rs:42:5
[INFO] [stderr]    |
[INFO] [stderr] 42 |     Variant1 {
[INFO] [stderr]    |     ^^^^^^^^
[INFO] [stderr] 
[INFO] [stderr] error: Variants with #[locate_from] must have a field named 'location' of type `locate_from::Location`
[INFO] [stderr]   --> tests/it/struct_variant_enum_incorrect_fields.rs:54:5
[INFO] [stderr]    |
[INFO] [stderr] 54 |     Variant1 {
[INFO] [stderr]    |     ^^^^^^^^
[INFO] [stderr] ┈┈┈┈┈┈┈┈┈┈┈┈┈┈┈┈┈┈┈┈┈┈┈┈┈┈┈┈┈┈┈┈┈┈┈┈┈┈┈┈┈┈┈┈┈┈┈┈┈┈┈┈┈┈┈┈┈┈┈┈
[INFO] [stderr] 
[INFO] [stderr] ACTUAL OUTPUT:
[INFO] [stderr] ┈┈┈┈┈┈┈┈┈┈┈┈┈┈┈┈┈┈┈┈┈┈┈┈┈┈┈┈┈┈┈┈┈┈┈┈┈┈┈┈┈┈┈┈┈┈┈┈┈┈┈┈┈┈┈┈┈┈┈┈
[INFO] [stderr] error[E0432]: unresolved import `locate_error`
[INFO] [stderr]  --> tests/it/struct_variant_enum_incorrect_fields.rs:3:5
[INFO] [stderr]   |
[INFO] [stderr] 3 | use locate_error::Locate;
[INFO] [stderr]   |     ^^^^^^^^^^^^ use of unresolved module or unlinked crate `locate_error`
[INFO] [stderr]   |
[INFO] [stderr]   = help: if you wanted to use a crate named `locate_error`, use `cargo add locate_error` to add it to your `Cargo.toml`
[INFO] [stderr] 
[INFO] [stderr] error[E0432]: unresolved import `locate_error`
[INFO] [stderr]  --> tests/it/struct_variant_enum_incorrect_fields.rs:4:5
[INFO] [stderr]   |
[INFO] [stderr] 4 | use locate_error::Location;
[INFO] [stderr]   |     ^^^^^^^^^^^^ use of unresolved module or unlinked crate `locate_error`
[INFO] [stderr]   |
[INFO] [stderr]   = help: if you wanted to use a crate named `locate_error`, use `cargo add locate_error` to add it to your `Cargo.toml`
[INFO] [stderr] 
[INFO] [stderr] error: cannot find attribute `locate_from` in this scope
[INFO] [stderr]   --> tests/it/struct_variant_enum_incorrect_fields.rs:55:11
[INFO] [stderr]    |
[INFO] [stderr] 55 |         #[locate_from]
[INFO] [stderr]    |           ^^^^^^^^^^^
[INFO] [stderr]    |
[INFO] [stderr] help: `locate_from` is an attribute that can be used by the derive macro `Locate`, you might be missing a `derive` attribute
[INFO] [stderr]    |
[INFO] [stderr] 53 + #[derive(Locate)]
[INFO] [stderr] 54 | enum TestEnum5 {
[INFO] [stderr]    |
[INFO] [stderr] 
[INFO] [stderr] error: cannot find attribute `locate_from` in this scope
[INFO] [stderr]   --> tests/it/struct_variant_enum_incorrect_fields.rs:43:11
[INFO] [stderr]    |
[INFO] [stderr] 43 |         #[locate_from]
[INFO] [stderr]    |           ^^^^^^^^^^^
[INFO] [stderr]    |
[INFO] [stderr] help: `locate_from` is an attribute that can be used by the derive macro `Locate`, you might be missing a `derive` attribute
[INFO] [stderr]    |
[INFO] [stderr] 41 + #[derive(Locate)]
[INFO] [stderr] 42 | enum TestEnum4 {
[INFO] [stderr]    |
[INFO] [stderr] 
[INFO] [stderr] error: cannot find attribute `locate_from` in this scope
[INFO] [stderr]   --> tests/it/struct_variant_enum_incorrect_fields.rs:46:11
[INFO] [stderr]    |
[INFO] [stderr] 46 |         #[locate_from]
[INFO] [stderr]    |           ^^^^^^^^^^^
[INFO] [stderr]    |
[INFO] [stderr] help: `locate_from` is an attribute that can be used by the derive macro `Locate`, you might be missing a `derive` attribute
[INFO] [stderr]    |
[INFO] [stderr] 41 + #[derive(Locate)]
[INFO] [stderr] 42 | enum TestEnum4 {
[INFO] [stderr]    |
[INFO] [stderr] 
[INFO] [stderr] error: cannot find attribute `locate_from` in this scope
[INFO] [stderr]   --> tests/it/struct_variant_enum_incorrect_fields.rs:21:11
[INFO] [stderr]    |
[INFO] [stderr] 21 |         #[locate_from]
[INFO] [stderr]    |           ^^^^^^^^^^^
[INFO] [stderr]    |
[INFO] [stderr] help: `locate_from` is an attribute that can be used by the derive macro `Locate`, you might be missing a `derive` attribute
[INFO] [stderr]    |
[INFO] [stderr] 19 + #[derive(Locate)]
[INFO] [stderr] 20 | enum TestEnum2 {
[INFO] [stderr]    |
[INFO] [stderr] 
[INFO] [stderr] error: cannot find attribute `locate_from` in this scope
[INFO] [stderr]   --> tests/it/struct_variant_enum_incorrect_fields.rs:10:11
[INFO] [stderr]    |
[INFO] [stderr] 10 |         #[locate_from]
[INFO] [stderr]    |           ^^^^^^^^^^^
[INFO] [stderr]    |
[INFO] [stderr] help: `locate_from` is an attribute that can be used by the derive macro `Locate`, you might be missing a `derive` attribute
[INFO] [stderr]    |
[INFO] [stderr]  8 + #[derive(Locate)]
[INFO] [stderr]  9 | enum TestEnum {
[INFO] [stderr]    |
[INFO] [stderr] ┈┈┈┈┈┈┈┈┈┈┈┈┈┈┈┈┈┈┈┈┈┈┈┈┈┈┈┈┈┈┈┈┈┈┈┈┈┈┈┈┈┈┈┈┈┈┈┈┈┈┈┈┈┈┈┈┈┈┈┈
[INFO] [stderr] note: If the actual output is the correct output you can bless it by rerunning
[INFO] [stderr]       your test with the environment variable TRYBUILD=overwrite
[INFO] [stderr] 
[INFO] [stderr] 
[INFO] [stderr] 
[INFO] [stderr]     Checking locate-error-derive-tests v0.0.0 (/opt/rustwide/target/tests/trybuild/locate-error-derive)
[INFO] [stderr]     Finished `dev` profile [unoptimized + debuginfo] target(s) in 0.13s
[INFO] [stderr] 
[INFO] [stderr] 
[INFO] [stderr] test tests/it/struct_incorrect_fields.rs ... mismatch
[INFO] [stderr] 
[INFO] [stderr] EXPECTED:
[INFO] [stderr] ┈┈┈┈┈┈┈┈┈┈┈┈┈┈┈┈┈┈┈┈┈┈┈┈┈┈┈┈┈┈┈┈┈┈┈┈┈┈┈┈┈┈┈┈┈┈┈┈┈┈┈┈┈┈┈┈┈┈┈┈
[INFO] [stderr] error: Locate requires structs to have only a 'source' field (with the #[locate_from] attribute) and a 'location' field
[INFO] [stderr]  --> tests/it/struct_incorrect_fields.rs:7:10
[INFO] [stderr]   |
[INFO] [stderr] 7 | #[derive(Locate)]
[INFO] [stderr]   |          ^^^^^^
[INFO] [stderr]   |
[INFO] [stderr]   = note: this error originates in the derive macro `Locate` (in Nightly builds, run with -Z macro-backtrace for more info)
[INFO] [stderr] 
[INFO] [stderr] error: Locate requires structs to have a field named 'location' of type `locate_from::Location`
[INFO] [stderr]   --> tests/it/struct_incorrect_fields.rs:16:10
[INFO] [stderr]    |
[INFO] [stderr] 16 | #[derive(Locate)]
[INFO] [stderr]    |          ^^^^^^
[INFO] [stderr]    |
[INFO] [stderr]    = note: this error originates in the derive macro `Locate` (in Nightly builds, run with -Z macro-backtrace for more info)
[INFO] [stderr] 
[INFO] [stderr] error: Locate requires exactly one field marked with #[locate_from], found 0
[INFO] [stderr]   --> tests/it/struct_incorrect_fields.rs:23:10
[INFO] [stderr]    |
[INFO] [stderr] 23 | #[derive(Locate)]
[INFO] [stderr]    |          ^^^^^^
[INFO] [stderr]    |
[INFO] [stderr]    = note: this error originates in the derive macro `Locate` (in Nightly builds, run with -Z macro-backtrace for more info)
[INFO] [stderr] 
[INFO] [stderr] error: Locate requires exactly one field marked with #[locate_from], found 2
[INFO] [stderr]   --> tests/it/struct_incorrect_fields.rs:29:10
[INFO] [stderr]    |
[INFO] [stderr] 29 | #[derive(Locate)]
[INFO] [stderr]    |          ^^^^^^
[INFO] [stderr]    |
[INFO] [stderr]    = note: this error originates in the derive macro `Locate` (in Nightly builds, run with -Z macro-backtrace for more info)
[INFO] [stderr] ┈┈┈┈┈┈┈┈┈┈┈┈┈┈┈┈┈┈┈┈┈┈┈┈┈┈┈┈┈┈┈┈┈┈┈┈┈┈┈┈┈┈┈┈┈┈┈┈┈┈┈┈┈┈┈┈┈┈┈┈
[INFO] [stderr] 
[INFO] [stderr] ACTUAL OUTPUT:
[INFO] [stderr] ┈┈┈┈┈┈┈┈┈┈┈┈┈┈┈┈┈┈┈┈┈┈┈┈┈┈┈┈┈┈┈┈┈┈┈┈┈┈┈┈┈┈┈┈┈┈┈┈┈┈┈┈┈┈┈┈┈┈┈┈
[INFO] [stderr] error[E0432]: unresolved import `locate_error`
[INFO] [stderr]  --> tests/it/struct_incorrect_fields.rs:4:5
[INFO] [stderr]   |
[INFO] [stderr] 4 | use locate_error::Locate;
[INFO] [stderr]   |     ^^^^^^^^^^^^ use of unresolved module or unlinked crate `locate_error`
[INFO] [stderr]   |
[INFO] [stderr]   = help: if you wanted to use a crate named `locate_error`, use `cargo add locate_error` to add it to your `Cargo.toml`
[INFO] [stderr] 
[INFO] [stderr] error[E0432]: unresolved import `locate_error`
[INFO] [stdout] test struct_compile_failures ... FAILED
[INFO] [stderr]  --> tests/it/struct_incorrect_fields.rs:5:5
[INFO] [stderr]   |
[INFO] [stderr] 5 | use locate_error::Location;
[INFO] [stderr]   |     ^^^^^^^^^^^^ use of unresolved module or unlinked crate `locate_error`
[INFO] [stderr]   |
[INFO] [stderr]   = help: if you wanted to use a crate named `locate_error`, use `cargo add locate_error` to add it to your `Cargo.toml`
[INFO] [stderr] 
[INFO] [stderr] error: cannot find attribute `locate_from` in this scope
[INFO] [stderr]   --> tests/it/struct_incorrect_fields.rs:31:7
[INFO] [stderr]    |
[INFO] [stderr] 31 |     #[locate_from]
[INFO] [stderr]    |       ^^^^^^^^^^^
[INFO] [stderr]    |
[INFO] [stderr]    = note: `locate_from` is an attribute that can be used by the derive macro `Locate`, you might be missing a `derive` attribute
[INFO] [stderr] 
[INFO] [stderr] error: cannot find attribute `locate_from` in this scope
[INFO] [stderr]   --> tests/it/struct_incorrect_fields.rs:34:7
[INFO] [stderr]    |
[INFO] [stderr] 34 |     #[locate_from]
[INFO] [stderr]    |       ^^^^^^^^^^^
[INFO] [stderr]    |
[INFO] [stderr]    = note: `locate_from` is an attribute that can be used by the derive macro `Locate`, you might be missing a `derive` attribute
[INFO] [stderr] 
[INFO] [stderr] error: cannot find attribute `locate_from` in this scope
[INFO] [stderr]   --> tests/it/struct_incorrect_fields.rs:18:7
[INFO] [stderr]    |
[INFO] [stderr] 18 |     #[locate_from]
[INFO] [stderr]    |       ^^^^^^^^^^^
[INFO] [stderr]    |
[INFO] [stderr]    = note: `locate_from` is an attribute that can be used by the derive macro `Locate`, you might be missing a `derive` attribute
[INFO] [stderr] 
[INFO] [stderr] error: cannot find attribute `locate_from` in this scope
[INFO] [stderr]  --> tests/it/struct_incorrect_fields.rs:9:7
[INFO] [stderr]   |
[INFO] [stderr] 9 |     #[locate_from]
[INFO] [stderr]   |       ^^^^^^^^^^^
[INFO] [stderr]   |
[INFO] [stderr]   = note: `locate_from` is an attribute that can be used by the derive macro `Locate`, you might be missing a `derive` attribute
[INFO] [stderr] ┈┈┈┈┈┈┈┈┈┈┈┈┈┈┈┈┈┈┈┈┈┈┈┈┈┈┈┈┈┈┈┈┈┈┈┈┈┈┈┈┈┈┈┈┈┈┈┈┈┈┈┈┈┈┈┈┈┈┈┈
[INFO] [stderr] note: If the actual output is the correct output you can bless it by rerunning
[INFO] [stderr]       your test with the environment variable TRYBUILD=overwrite
[INFO] [stderr] 
[INFO] [stderr] 
[INFO] [stderr] 
[INFO] [stderr]    Compiling locate-error-derive-tests v0.0.0 (/opt/rustwide/target/tests/trybuild/locate-error-derive)
[INFO] [stderr]     Finished `dev` profile [unoptimized + debuginfo] target(s) in 0.17s
[INFO] [stderr] 
[INFO] [stderr] 
[INFO] [stderr] test tests/it/thiserror.rs ... error
[INFO] [stderr] ┈┈┈┈┈┈┈┈┈┈┈┈┈┈┈┈┈┈┈┈┈┈┈┈┈┈┈┈┈┈┈┈┈┈┈┈┈┈┈┈┈┈┈┈┈┈┈┈┈┈┈┈┈┈┈┈┈┈┈┈
[INFO] [stdout] test thiserror_integration ... FAILED
[INFO] [stderr] error[E0432]: unresolved import `locate_error`
[INFO] [stdout] 
[INFO] [stderr]  --> tests/it/thiserror.rs:3:5
[INFO] [stdout] failures:
[INFO] [stderr]   |
[INFO] [stdout] 
[INFO] [stderr] 3 | use locate_error::Locate;
[INFO] [stdout] ---- run_passing_tests stdout ----
[INFO] [stderr]   |     ^^^^^^^^^^^^ use of unresolved module or unlinked crate `locate_error`
[INFO] [stdout] 
[INFO] [stderr]   |
[INFO] [stdout] thread 'run_passing_tests' (900) panicked at /opt/rustwide/cargo-home/registry/src/index.crates.io-1949cf8c6b5b557f/trybuild-1.0.104/src/run.rs:102:13:
[INFO] [stderr]   = help: if you wanted to use a crate named `locate_error`, use `cargo add locate_error` to add it to your `Cargo.toml`
[INFO] [stdout] 2 of 2 tests failed
[INFO] [stderr] 
[INFO] [stdout] stack backtrace:
[INFO] [stderr] error[E0432]: unresolved import `locate_error`
[INFO] [stdout]    0:     0x5b444569e791 - <<std[70759c8f55707aa4]::sys::backtrace::BacktraceLock>::print::DisplayBacktrace as core[df12db4294e9bfd3]::fmt::Display>::fmt
[INFO] [stderr]  --> tests/it/thiserror.rs:4:5
[INFO] [stdout]    1:     0x5b44456b4b3a - core[df12db4294e9bfd3]::fmt::write
[INFO] [stderr]   |
[INFO] [stdout]    2:     0x5b44456a32dc - <alloc[2182bb758b4b3781]::vec::Vec<u8> as core[df12db4294e9bfd3]::io::write::Write>::write_fmt
[INFO] [stderr] 4 | use locate_error::Location;
[INFO] [stdout]    3:     0x5b4445677496 - std[70759c8f55707aa4]::panicking::default_hook::{closure#0}
[INFO] [stderr]   |     ^^^^^^^^^^^^ use of unresolved module or unlinked crate `locate_error`
[INFO] [stdout]    4:     0x5b44456956e9 - std[70759c8f55707aa4]::panicking::default_hook
[INFO] [stderr]   |
[INFO] [stdout]    5:     0x5b444562ea10 - test[9d35eded1c95d3be]::test_main_inner::<test[9d35eded1c95d3be]::test_main_static::{closure#0}>::{closure#0}
[INFO] [stderr]   = help: if you wanted to use a crate named `locate_error`, use `cargo add locate_error` to add it to your `Cargo.toml`
[INFO] [stdout]    6:     0x5b44456958a2 - std[70759c8f55707aa4]::panicking::panic_with_hook
[INFO] [stderr] 
[INFO] [stdout]    7:     0x5b4445677542 - std[70759c8f55707aa4]::panicking::panic_handler::{closure#0}
[INFO] [stderr] error: cannot find attribute `locate_from` in this scope
[INFO] [stdout]    8:     0x5b444566ff49 - std[70759c8f55707aa4]::sys::backtrace::__rust_end_short_backtrace::<std[70759c8f55707aa4]::panicking::panic_handler::{closure#0}, !>
[INFO] [stderr]   --> tests/it/thiserror.rs:12:13
[INFO] [stdout]    9:     0x5b444567813d - __rustc[8fa7c3cbc660c2b3]::rust_begin_unwind
[INFO] [stderr]    |
[INFO] [stdout]   10:     0x5b44456b526c - core[df12db4294e9bfd3]::panicking::panic_fmt
[INFO] [stderr] 12 |     Inner(#[locate_from] InnerError, Location),
[INFO] [stdout]   11:     0x5b4445564c1a - <trybuild[97487f4bf4b86615]::Runner>::run
[INFO] [stderr]    |             ^^^^^^^^^^^
[INFO] [stdout]   12:     0x5b4445567f00 - <trybuild[97487f4bf4b86615]::TestCases as core[df12db4294e9bfd3]::ops::drop::Drop>::drop
[INFO] [stderr]    |
[INFO] [stdout]   13:     0x5b444555f71a - <test_macro[66b7f1a438eddd76]::run_passing_tests::{closure#0} as core[df12db4294e9bfd3]::ops::function::FnOnce<()>>::call_once
[INFO] [stderr] help: `locate_from` is an attribute that can be used by the derive macro `Locate`, you might be missing a `derive` attribute
[INFO] [stdout]   14:     0x5b4445621cfb - test[9d35eded1c95d3be]::__rust_begin_short_backtrace::<core[df12db4294e9bfd3]::result::Result<(), alloc[2182bb758b4b3781]::string::String>, fn() -> core[df12db4294e9bfd3]::result::Result<(), alloc[2182bb758b4b3781]::string::String>>
[INFO] [stderr]    |
[INFO] [stdout]   15:     0x5b444562f365 - test[9d35eded1c95d3be]::run_test::{closure#0}
[INFO] [stderr]  9 + #[derive(Locate)]
[INFO] [stdout]   16:     0x5b4445628c24 - std[70759c8f55707aa4]::sys::backtrace::__rust_begin_short_backtrace::<test[9d35eded1c95d3be]::run_test::{closure#1}, ()>
[INFO] [stderr] 10 | pub enum OuterError {
[INFO] [stdout]   17:     0x5b44456324c2 - <std[70759c8f55707aa4]::thread::lifecycle::spawn_unchecked<test[9d35eded1c95d3be]::run_test::{closure#1}, ()>::{closure#1} as core[df12db4294e9bfd3]::ops::function::FnOnce<()>>::call_once::{shim:vtable#0}
[INFO] [stderr]    |
[INFO] [stdout]   18:     0x5b444569da49 - <std[70759c8f55707aa4]::sys::thread::unix::Thread>::new::thread_start
[INFO] [stderr] 
[INFO] [stdout]   19:     0x7f597ca51dfa - <unknown>
[INFO] [stderr] error: cannot find attribute `locate_from` in this scope
[INFO] [stdout]   20:     0x7f597cae53d4 - clone
[INFO] [stderr]   --> tests/it/thiserror.rs:17:11
[INFO] [stdout]   21:                0x0 - <unknown>
[INFO] [stderr]    |
[INFO] [stdout] 
[INFO] [stderr] 17 |         #[locate_from]
[INFO] [stdout] ---- enum_compile_failures stdout ----
[INFO] [stderr]    |           ^^^^^^^^^^^
[INFO] [stdout] 
[INFO] [stderr]    |
[INFO] [stdout] thread 'enum_compile_failures' (899) panicked at /opt/rustwide/cargo-home/registry/src/index.crates.io-1949cf8c6b5b557f/trybuild-1.0.104/src/run.rs:102:13:
[INFO] [stderr] help: `locate_from` is an attribute that can be used by the derive macro `Locate`, you might be missing a `derive` attribute
[INFO] [stdout] 2 of 2 tests failed
[INFO] [stderr]    |
[INFO] [stdout] stack backtrace:
[INFO] [stderr]  9 + #[derive(Locate)]
[INFO] [stdout]    0:     0x5b444569e791 - <<std[70759c8f55707aa4]::sys::backtrace::BacktraceLock>::print::DisplayBacktrace as core[df12db4294e9bfd3]::fmt::Display>::fmt
[INFO] [stderr] 10 | pub enum OuterError {
[INFO] [stdout]    1:     0x5b44456b4b3a - core[df12db4294e9bfd3]::fmt::write
[INFO] [stderr]    |
[INFO] [stdout]    2:     0x5b44456a32dc - <alloc[2182bb758b4b3781]::vec::Vec<u8> as core[df12db4294e9bfd3]::io::write::Write>::write_fmt
[INFO] [stderr] 
[INFO] [stdout]    3:     0x5b4445677496 - std[70759c8f55707aa4]::panicking::default_hook::{closure#0}
[INFO] [stderr] error: cannot find attribute `locate_from` in this scope
[INFO] [stdout]    4:     0x5b44456956e9 - std[70759c8f55707aa4]::panicking::default_hook
[INFO] [stderr]   --> tests/it/thiserror.rs:36:13
[INFO] [stdout]    5:     0x5b444562ea10 - test[9d35eded1c95d3be]::test_main_inner::<test[9d35eded1c95d3be]::test_main_static::{closure#0}>::{closure#0}
[INFO] [stderr]    |
[INFO] [stdout]    6:     0x5b44456958a2 - std[70759c8f55707aa4]::panicking::panic_with_hook
[INFO] [stderr] 36 |     Error(#[locate_from] String, Location),
[INFO] [stdout]    7:     0x5b4445677542 - std[70759c8f55707aa4]::panicking::panic_handler::{closure#0}
[INFO] [stderr]    |             ^^^^^^^^^^^
[INFO] [stdout]    8:     0x5b444566ff49 - std[70759c8f55707aa4]::sys::backtrace::__rust_end_short_backtrace::<std[70759c8f55707aa4]::panicking::panic_handler::{closure#0}, !>
[INFO] [stderr]    |
[INFO] [stdout]    9:     0x5b444567813d - __rustc[8fa7c3cbc660c2b3]::rust_begin_unwind
[INFO] [stderr] help: `locate_from` is an attribute that can be used by the derive macro `Locate`, you might be missing a `derive` attribute
[INFO] [stdout]   10:     0x5b44456b526c - core[df12db4294e9bfd3]::panicking::panic_fmt
[INFO] [stderr]    |
[INFO] [stdout]   11:     0x5b4445564c1a - <trybuild[97487f4bf4b86615]::Runner>::run
[INFO] [stderr] 34 + #[derive(Locate)]
[INFO] [stdout]   12:     0x5b4445567f00 - <trybuild[97487f4bf4b86615]::TestCases as core[df12db4294e9bfd3]::ops::drop::Drop>::drop
[INFO] [stderr] 35 | pub enum InnerError {
[INFO] [stdout]   13:     0x5b444555f82a - <test_macro[66b7f1a438eddd76]::enum_compile_failures::{closure#0} as core[df12db4294e9bfd3]::ops::function::FnOnce<()>>::call_once
[INFO] [stderr]    |
[INFO] [stdout]   14:     0x5b4445621cfb - test[9d35eded1c95d3be]::__rust_begin_short_backtrace::<core[df12db4294e9bfd3]::result::Result<(), alloc[2182bb758b4b3781]::string::String>, fn() -> core[df12db4294e9bfd3]::result::Result<(), alloc[2182bb758b4b3781]::string::String>>
[INFO] [stderr] 
[INFO] [stdout]   15:     0x5b444562f365 - test[9d35eded1c95d3be]::run_test::{closure#0}
[INFO] [stderr] error: cannot find attribute `locate_from` in this scope
[INFO] [stdout]   16:     0x5b4445628c24 - std[70759c8f55707aa4]::sys::backtrace::__rust_begin_short_backtrace::<test[9d35eded1c95d3be]::run_test::{closure#1}, ()>
[INFO] [stderr]   --> tests/it/thiserror.rs:42:13
[INFO] [stdout]   17:     0x5b44456324c2 - <std[70759c8f55707aa4]::thread::lifecycle::spawn_unchecked<test[9d35eded1c95d3be]::run_test::{closure#1}, ()>::{closure#1} as core[df12db4294e9bfd3]::ops::function::FnOnce<()>>::call_once::{shim:vtable#0}
[INFO] [stderr]    |
[INFO] [stdout]   18:     0x5b444569da49 - <std[70759c8f55707aa4]::sys::thread::unix::Thread>::new::thread_start
[INFO] [stderr] 42 |     Error(#[locate_from] String, Location),
[INFO] [stdout]   19:     0x7f597ca51dfa - <unknown>
[INFO] [stderr]    |             ^^^^^^^^^^^
[INFO] [stdout]   20:     0x7f597cae53d4 - clone
[INFO] [stderr]    |
[INFO] [stdout]   21:                0x0 - <unknown>
[INFO] [stderr] help: `locate_from` is an attribute that can be used by the derive macro `Locate`, you might be missing a `derive` attribute
[INFO] [stdout] 
[INFO] [stderr]    |
[INFO] [stdout] ---- struct_compile_failures stdout ----
[INFO] [stderr] 40 + #[derive(Locate)]
[INFO] [stdout] 
[INFO] [stderr] 41 | pub enum InnerError2 {
[INFO] [stdout] thread 'struct_compile_failures' (901) panicked at /opt/rustwide/cargo-home/registry/src/index.crates.io-1949cf8c6b5b557f/trybuild-1.0.104/src/run.rs:102:13:
[INFO] [stderr]    |
[INFO] [stdout] 1 of 1 tests failed
[INFO] [stderr] 
[INFO] [stdout] stack backtrace:
[INFO] [stderr] error[E0277]: the trait bound `InnerError: From<String>` is not satisfied
[INFO] [stdout]    0:     0x5b444569e791 - <<std[70759c8f55707aa4]::sys::backtrace::BacktraceLock>::print::DisplayBacktrace as core[df12db4294e9bfd3]::fmt::Display>::fmt
[INFO] [stderr]   --> tests/it/thiserror.rs:60:49
[INFO] [stdout]    1:     0x5b44456b4b3a - core[df12db4294e9bfd3]::fmt::write
[INFO] [stderr]    |
[INFO] [stdout]    2:     0x5b44456a32dc - <alloc[2182bb758b4b3781]::vec::Vec<u8> as core[df12db4294e9bfd3]::io::write::Write>::write_fmt
[INFO] [stderr] 60 |     let inner_error: InnerError = error_message.into();
[INFO] [stdout]    3:     0x5b4445677496 - std[70759c8f55707aa4]::panicking::default_hook::{closure#0}
[INFO] [stderr]    |                                                 ^^^^ unsatisfied trait bound
[INFO] [stdout]    4:     0x5b44456956e9 - std[70759c8f55707aa4]::panicking::default_hook
[INFO] [stderr]    |
[INFO] [stdout]    5:     0x5b444562ea10 - test[9d35eded1c95d3be]::test_main_inner::<test[9d35eded1c95d3be]::test_main_static::{closure#0}>::{closure#0}
[INFO] [stderr] help: the trait `From<String>` is not implemented for `InnerError`
[INFO] [stdout]    6:     0x5b44456958a2 - std[70759c8f55707aa4]::panicking::panic_with_hook
[INFO] [stderr]   --> tests/it/thiserror.rs:34:1
[INFO] [stdout]    7:     0x5b4445677542 - std[70759c8f55707aa4]::panicking::panic_handler::{closure#0}
[INFO] [stderr]    |
[INFO] [stdout]    8:     0x5b444566ff49 - std[70759c8f55707aa4]::sys::backtrace::__rust_end_short_backtrace::<std[70759c8f55707aa4]::panicking::panic_handler::{closure#0}, !>
[INFO] [stderr] 34 | pub enum InnerError {
[INFO] [stdout]    9:     0x5b444567813d - __rustc[8fa7c3cbc660c2b3]::rust_begin_unwind
[INFO] [stderr]    | ^^^^^^^^^^^^^^^^^^^
[INFO] [stdout]   10:     0x5b44456b526c - core[df12db4294e9bfd3]::panicking::panic_fmt
[INFO] [stderr]    = note: required for `String` to implement `Into<InnerError>`
[INFO] [stdout]   11:     0x5b4445564c1a - <trybuild[97487f4bf4b86615]::Runner>::run
[INFO] [stderr] 
[INFO] [stdout]   12:     0x5b4445567f00 - <trybuild[97487f4bf4b86615]::TestCases as core[df12db4294e9bfd3]::ops::drop::Drop>::drop
[INFO] [stderr] error[E0277]: the trait bound `OuterError: From<InnerError>` is not satisfied
[INFO] [stdout]   13:     0x5b444555fa26 - <test_macro[66b7f1a438eddd76]::struct_compile_failures::{closure#0} as core[df12db4294e9bfd3]::ops::function::FnOnce<()>>::call_once
[INFO] [stderr]   --> tests/it/thiserror.rs:66:47
[INFO] [stdout]   14:     0x5b4445621cfb - test[9d35eded1c95d3be]::__rust_begin_short_backtrace::<core[df12db4294e9bfd3]::result::Result<(), alloc[2182bb758b4b3781]::string::String>, fn() -> core[df12db4294e9bfd3]::result::Result<(), alloc[2182bb758b4b3781]::string::String>>
[INFO] [stderr]    |
[INFO] [stdout]   15:     0x5b444562f365 - test[9d35eded1c95d3be]::run_test::{closure#0}
[INFO] [stderr] 66 |     let outer_error: OuterError = inner_error.into();
[INFO] [stdout]   16:     0x5b4445628c24 - std[70759c8f55707aa4]::sys::backtrace::__rust_begin_short_backtrace::<test[9d35eded1c95d3be]::run_test::{closure#1}, ()>
[INFO] [stderr]    |                                               ^^^^ unsatisfied trait bound
[INFO] [stdout]   17:     0x5b44456324c2 - <std[70759c8f55707aa4]::thread::lifecycle::spawn_unchecked<test[9d35eded1c95d3be]::run_test::{closure#1}, ()>::{closure#1} as core[df12db4294e9bfd3]::ops::function::FnOnce<()>>::call_once::{shim:vtable#0}
[INFO] [stderr]    |
[INFO] [stdout]   18:     0x5b444569da49 - <std[70759c8f55707aa4]::sys::thread::unix::Thread>::new::thread_start
[INFO] [stderr] help: the trait `From<InnerError>` is not implemented for `OuterError`
[INFO] [stdout]   19:     0x7f597ca51dfa - <unknown>
[INFO] [stderr]       but trait `From<TransparentError>` is implemented for it
[INFO] [stdout]   20:     0x7f597cae53d4 - clone
[INFO] [stderr]   --> tests/it/thiserror.rs:24:19
[INFO] [stdout]   21:                0x0 - <unknown>
[INFO] [stderr]    |
[INFO] [stdout] 
[INFO] [stderr] 24 |     Transparent(#[from] TransparentError),
[INFO] [stdout] ---- thiserror_integration stdout ----
[INFO] [stderr]    |                   ^^^^
[INFO] [stdout] 
[INFO] [stderr]    = help: for that trait implementation, expected `TransparentError`, found `InnerError`
[INFO] [stdout] thread 'thiserror_integration' (902) panicked at /opt/rustwide/cargo-home/registry/src/index.crates.io-1949cf8c6b5b557f/trybuild-1.0.104/src/run.rs:102:13:
[INFO] [stderr]    = note: required for `InnerError` to implement `Into<OuterError>`
[INFO] [stdout] 1 of 1 tests failed
[INFO] [stderr] 
[INFO] [stdout] stack backtrace:
[INFO] [stderr] error[E0277]: the trait bound `InnerError2: From<String>` is not satisfied
[INFO] [stdout]    0:     0x5b444569e791 - <<std[70759c8f55707aa4]::sys::backtrace::BacktraceLock>::print::DisplayBacktrace as core[df12db4294e9bfd3]::fmt::Display>::fmt
[INFO] [stderr]   --> tests/it/thiserror.rs:75:51
[INFO] [stdout]    1:     0x5b44456b4b3a - core[df12db4294e9bfd3]::fmt::write
[INFO] [stderr]    |
[INFO] [stdout]    2:     0x5b44456a32dc - <alloc[2182bb758b4b3781]::vec::Vec<u8> as core[df12db4294e9bfd3]::io::write::Write>::write_fmt
[INFO] [stderr] 75 |     let inner_error2: InnerError2 = error_message.into();
[INFO] [stdout]    3:     0x5b4445677496 - std[70759c8f55707aa4]::panicking::default_hook::{closure#0}
[INFO] [stderr]    |                                                   ^^^^ unsatisfied trait bound
[INFO] [stdout]    4:     0x5b44456956e9 - std[70759c8f55707aa4]::panicking::default_hook
[INFO] [stderr]    |
[INFO] [stdout]    5:     0x5b444562ea10 - test[9d35eded1c95d3be]::test_main_inner::<test[9d35eded1c95d3be]::test_main_static::{closure#0}>::{closure#0}
[INFO] [stderr] help: the trait `From<String>` is not implemented for `InnerError2`
[INFO] [stdout]    6:     0x5b44456958a2 - std[70759c8f55707aa4]::panicking::panic_with_hook
[INFO] [stderr]   --> tests/it/thiserror.rs:40:1
[INFO] [stdout]    7:     0x5b4445677542 - std[70759c8f55707aa4]::panicking::panic_handler::{closure#0}
[INFO] [stderr]    |
[INFO] [stdout]    8:     0x5b444566ff49 - std[70759c8f55707aa4]::sys::backtrace::__rust_end_short_backtrace::<std[70759c8f55707aa4]::panicking::panic_handler::{closure#0}, !>
[INFO] [stderr] 40 | pub enum InnerError2 {
[INFO] [stdout]    9:     0x5b444567813d - __rustc[8fa7c3cbc660c2b3]::rust_begin_unwind
[INFO] [stderr]    | ^^^^^^^^^^^^^^^^^^^^
[INFO] [stdout]   10:     0x5b44456b526c - core[df12db4294e9bfd3]::panicking::panic_fmt
[INFO] [stderr]    = note: required for `String` to implement `Into<InnerError2>`
[INFO] [stdout]   11:     0x5b4445564c1a - <trybuild[97487f4bf4b86615]::Runner>::run
[INFO] [stderr] 
[INFO] [stdout]   12:     0x5b4445567f00 - <trybuild[97487f4bf4b86615]::TestCases as core[df12db4294e9bfd3]::ops::drop::Drop>::drop
[INFO] [stderr] error[E0277]: the trait bound `OuterError: From<InnerError2>` is not satisfied
[INFO] [stdout]   13:     0x5b444555f926 - <test_macro[66b7f1a438eddd76]::thiserror_integration::{closure#0} as core[df12db4294e9bfd3]::ops::function::FnOnce<()>>::call_once
[INFO] [stderr]   --> tests/it/thiserror.rs:82:49
[INFO] [stdout]   14:     0x5b4445621cfb - test[9d35eded1c95d3be]::__rust_begin_short_backtrace::<core[df12db4294e9bfd3]::result::Result<(), alloc[2182bb758b4b3781]::string::String>, fn() -> core[df12db4294e9bfd3]::result::Result<(), alloc[2182bb758b4b3781]::string::String>>
[INFO] [stderr]    |
[INFO] [stdout]   15:     0x5b444562f365 - test[9d35eded1c95d3be]::run_test::{closure#0}
[INFO] [stderr] 82 |     let outer_error2: OuterError = inner_error2.into();
[INFO] [stdout]   16:     0x5b4445628c24 - std[70759c8f55707aa4]::sys::backtrace::__rust_begin_short_backtrace::<test[9d35eded1c95d3be]::run_test::{closure#1}, ()>
[INFO] [stderr]    |                                                 ^^^^ unsatisfied trait bound
[INFO] [stdout]   17:     0x5b44456324c2 - <std[70759c8f55707aa4]::thread::lifecycle::spawn_unchecked<test[9d35eded1c95d3be]::run_test::{closure#1}, ()>::{closure#1} as core[df12db4294e9bfd3]::ops::function::FnOnce<()>>::call_once::{shim:vtable#0}
[INFO] [stderr]    |
[INFO] [stdout]   18:     0x5b444569da49 - <std[70759c8f55707aa4]::sys::thread::unix::Thread>::new::thread_start
[INFO] [stderr] help: the trait `From<InnerError2>` is not implemented for `OuterError`
[INFO] [stdout]   19:     0x7f597ca51dfa - <unknown>
[INFO] [stderr]       but trait `From<TransparentError>` is implemented for it
[INFO] [stdout]   20:     0x7f597cae53d4 - clone
[INFO] [stderr]   --> tests/it/thiserror.rs:24:19
[INFO] [stdout]   21:                0x0 - <unknown>
[INFO] [stderr]    |
[INFO] [stdout] 
[INFO] [stderr] 24 |     Transparent(#[from] TransparentError),
[INFO] [stdout] 
[INFO] [stderr]    |                   ^^^^
[INFO] [stdout] failures:
[INFO] [stderr]    = help: for that trait implementation, expected `TransparentError`, found `InnerError2`
[INFO] [stdout]     enum_compile_failures
[INFO] [stderr]    = note: required for `InnerError2` to implement `Into<OuterError>`
[INFO] [stdout]     run_passing_tests
[INFO] [stderr] ┈┈┈┈┈┈┈┈┈┈┈┈┈┈┈┈┈┈┈┈┈┈┈┈┈┈┈┈┈┈┈┈┈┈┈┈┈┈┈┈┈┈┈┈┈┈┈┈┈┈┈┈┈┈┈┈┈┈┈┈
[INFO] [stdout]     struct_compile_failures
[INFO] [stderr] 
[INFO] [stdout]     thiserror_integration
[INFO] [stderr] 
[INFO] [stdout] 
[INFO] [stderr] 
[INFO] [stdout] test result: FAILED. 0 passed; 4 failed; 0 ignored; 0 measured; 0 filtered out; finished in 29.92s
[INFO] [stdout] 
[INFO] [stderr] error: test failed, to rerun pass `--test test_macro`
[INFO] running `Command { std: "docker" "inspect" "43667e4b1c8c56802a4997da150b7e5093196317012be52f3be89704c72ee8c4", kill_on_drop: false }`
[INFO] running `Command { std: "docker" "rm" "-f" "43667e4b1c8c56802a4997da150b7e5093196317012be52f3be89704c72ee8c4", kill_on_drop: false }`
[INFO] [stdout] 43667e4b1c8c56802a4997da150b7e5093196317012be52f3be89704c72ee8c4
