[INFO] fetching crate local-event 0.1.3...
[INFO] testing local-event-0.1.3 against 1.100.0-beta.1+cargoflags=--release for beta-release-1.100-2
[INFO] extracting crate local-event 0.1.3 into /workspace/builds/worker-2-tc2/source
[INFO] started tweaking crates.io crate local-event 0.1.3
[INFO] removed 0 missing tests
[INFO] finished tweaking crates.io crate local-event 0.1.3
[INFO] tweaked toml for crates.io crate local-event 0.1.3 written to /workspace/builds/worker-2-tc2/source/Cargo.toml
[INFO] validating manifest of crates.io crate local-event 0.1.3 on toolchain 1.100.0-beta.1
[INFO] running `Command { std: CARGO_HOME="/workspace/cargo-home" RUSTUP_HOME="/workspace/rustup-home" "/workspace/cargo-home/bin/cargo" "+1.100.0-beta.1" "metadata" "--manifest-path" "Cargo.toml" "--no-deps", kill_on_drop: false }`
[INFO] crate crates.io crate local-event 0.1.3 already has a lockfile, it will not be regenerated
[INFO] running `Command { std: CARGO_HOME="/workspace/cargo-home" RUSTUP_HOME="/workspace/rustup-home" "/workspace/cargo-home/bin/cargo" "+1.100.0-beta.1" "fetch" "--manifest-path" "Cargo.toml", kill_on_drop: false }`
[INFO] running `Command { std: "docker" "create" "-v" "/var/lib/crater-agent-workspace/builds/worker-2-tc2/source:/opt/rustwide/workdir:ro,Z" "-v" "/var/lib/crater-agent-workspace/builds/worker-2-tc2/target:/opt/rustwide/target:rw,Z" "-v" "/var/lib/crater-agent-workspace/cargo-home:/opt/rustwide/cargo-home:ro,Z" "-v" "/var/lib/crater-agent-workspace/rustup-home:/opt/rustwide/rustup-home:ro,Z" "-m" "1610612736" "--network" "none" "ghcr.io/rust-lang/crates-build-env/linux@sha256:77db811e55d90add9212f6832c23229e3de5f1c1f9905e8cb07319ea15df73ac" "sleep" "infinity", kill_on_drop: false }`
[INFO] [stdout] 90bc8d9b46bf09b7babb372d2a3b74e5d78192ebef86d50a05f0b57c1c71ea63
[INFO] running `Command { std: "docker" "start" "90bc8d9b46bf09b7babb372d2a3b74e5d78192ebef86d50a05f0b57c1c71ea63", kill_on_drop: false }`
[INFO] running `Command { std: "docker" "inspect" "90bc8d9b46bf09b7babb372d2a3b74e5d78192ebef86d50a05f0b57c1c71ea63", kill_on_drop: false }`
[INFO] running `Command { std: "docker" "exec" "-e" "SOURCE_DIR=/opt/rustwide/workdir" "-e" "CARGO_HOME=/opt/rustwide/cargo-home" "-e" "RUSTUP_HOME=/opt/rustwide/rustup-home" "-e" "CARGO_TARGET_DIR=/opt/rustwide/target" "-w" "/opt/rustwide/workdir" "--user" "0:0" "90bc8d9b46bf09b7babb372d2a3b74e5d78192ebef86d50a05f0b57c1c71ea63" "/opt/rustwide/cargo-home/bin/cargo" "+1.100.0-beta.1" "metadata" "--no-deps" "--format-version=1", kill_on_drop: false }`
[INFO] running `Command { std: "docker" "inspect" "90bc8d9b46bf09b7babb372d2a3b74e5d78192ebef86d50a05f0b57c1c71ea63", kill_on_drop: false }`
[INFO] running `Command { std: "docker" "exec" "-e" "SOURCE_DIR=/opt/rustwide/workdir" "-e" "CARGO_HOME=/opt/rustwide/cargo-home" "-e" "RUSTUP_HOME=/opt/rustwide/rustup-home" "-e" "CARGO_TARGET_DIR=/opt/rustwide/target" "-e" "CARGO_INCREMENTAL=0" "-e" "RUST_BACKTRACE=full" "-e" "RUSTFLAGS=--cap-lints=warn" "-e" "RUSTDOCFLAGS=--cap-lints=warn" "-w" "/opt/rustwide/workdir" "--user" "0:0" "90bc8d9b46bf09b7babb372d2a3b74e5d78192ebef86d50a05f0b57c1c71ea63" "/opt/rustwide/cargo-home/bin/cargo" "+1.100.0-beta.1" "build" "--frozen" "--message-format=json" "--release", kill_on_drop: false }`
[INFO] [stderr]    Compiling local-event v0.1.3 (/opt/rustwide/workdir)
[INFO] [stderr]     Finished `release` profile [optimized] target(s) in 0.86s
[INFO] running `Command { std: "docker" "inspect" "90bc8d9b46bf09b7babb372d2a3b74e5d78192ebef86d50a05f0b57c1c71ea63", kill_on_drop: false }`
[INFO] running `Command { std: "docker" "exec" "-e" "SOURCE_DIR=/opt/rustwide/workdir" "-e" "CARGO_HOME=/opt/rustwide/cargo-home" "-e" "RUSTUP_HOME=/opt/rustwide/rustup-home" "-e" "CARGO_TARGET_DIR=/opt/rustwide/target" "-e" "CARGO_INCREMENTAL=0" "-e" "RUST_BACKTRACE=full" "-e" "RUSTFLAGS=--cap-lints=warn" "-e" "RUSTDOCFLAGS=--cap-lints=warn" "-w" "/opt/rustwide/workdir" "--user" "0:0" "90bc8d9b46bf09b7babb372d2a3b74e5d78192ebef86d50a05f0b57c1c71ea63" "/opt/rustwide/cargo-home/bin/cargo" "+1.100.0-beta.1" "test" "--frozen" "--no-run" "--message-format=json" "--release", kill_on_drop: false }`
[INFO] [stderr]    Compiling proc-macro2 v1.0.101
[INFO] [stderr]    Compiling quote v1.0.41
[INFO] [stderr]    Compiling unicode-ident v1.0.19
[INFO] [stderr]    Compiling crossbeam-utils v0.8.22
[INFO] [stderr]    Compiling futures-io v0.3.33
[INFO] [stderr]    Compiling parking v2.2.1
[INFO] [stderr]    Compiling tracing-core v0.1.36
[INFO] [stderr]    Compiling memchr v2.8.3
[INFO] [stderr]    Compiling futures-core v0.3.33
[INFO] [stderr]    Compiling slotmap v1.1.1
[INFO] [stderr]    Compiling io-uring v0.7.13
[INFO] [stderr]    Compiling rustix v1.1.4
[INFO] [stderr]    Compiling bitflags v2.13.1
[INFO] [stderr]    Compiling cfg_aliases v0.2.2
[INFO] [stderr]    Compiling local-event v0.1.2
[INFO] [stderr]    Compiling spin v0.9.9
[INFO] [stderr]    Compiling compio-driver v0.12.4
[INFO] [stderr]    Compiling compio-send-wrapper v0.7.2
[INFO] [stderr]    Compiling event-listener v5.4.2
[INFO] [stderr]    Compiling linux-raw-sys v0.12.1
[INFO] [stderr]    Compiling compio-buf v0.8.3
[INFO] [stderr]    Compiling pastey v0.2.3
[INFO] [stderr]    Compiling smallvec v1.15.2
[INFO] [stderr]    Compiling mod_use v0.2.3
[INFO] [stderr]    Compiling scoped-tls v1.0.1
[INFO] [stderr]    Compiling flume v0.12.0
[INFO] [stderr]    Compiling tracing v0.1.44
[INFO] [stderr]    Compiling crossbeam-queue v0.3.13
[INFO] [stderr]    Compiling compio-log v0.2.0
[INFO] [stderr]    Compiling syn v2.0.106
[INFO] [stderr]    Compiling compio-executor v0.1.3
[INFO] [stderr]    Compiling futures-macro v0.3.33
[INFO] [stderr]    Compiling pollster-macro v0.4.0
[INFO] [stderr]    Compiling pollster v0.4.0
[INFO] [stderr]    Compiling futures-util v0.3.33
[INFO] [stderr]    Compiling synchrony v0.1.9
[INFO] [stderr]    Compiling thin-cell v0.2.1
[INFO] [stderr]    Compiling compio-runtime v0.12.4
[INFO] [stderr]    Compiling compio v0.19.1
[INFO] [stderr]    Compiling local-event v0.1.3 (/opt/rustwide/workdir)
[INFO] [stderr]     Finished `release` profile [optimized] target(s) in 21.63s
[INFO] running `Command { std: "docker" "inspect" "90bc8d9b46bf09b7babb372d2a3b74e5d78192ebef86d50a05f0b57c1c71ea63", kill_on_drop: false }`
[INFO] running `Command { std: "docker" "exec" "-e" "SOURCE_DIR=/opt/rustwide/workdir" "-e" "CARGO_HOME=/opt/rustwide/cargo-home" "-e" "RUSTUP_HOME=/opt/rustwide/rustup-home" "-e" "CARGO_TARGET_DIR=/opt/rustwide/target" "-e" "CARGO_INCREMENTAL=0" "-e" "RUST_BACKTRACE=full" "-e" "RUSTFLAGS=--cap-lints=warn" "-e" "RUSTDOCFLAGS=--cap-lints=warn" "-w" "/opt/rustwide/workdir" "--user" "0:0" "90bc8d9b46bf09b7babb372d2a3b74e5d78192ebef86d50a05f0b57c1c71ea63" "/opt/rustwide/cargo-home/bin/cargo" "+1.100.0-beta.1" "test" "--frozen" "--release", kill_on_drop: false }`
[INFO] [stderr]     Finished `release` profile [optimized] target(s) in 0.10s
[INFO] [stderr]      Running unittests src/lib.rs (/opt/rustwide/target/release/build/local-event/c36004e367fa5d80/out/local_event-c36004e367fa5d80)
[INFO] [stdout] 
[INFO] [stdout] running 7 tests
[INFO] [stdout] test tests::test_notify_consumed ... ok
[INFO] [stdout] test tests::test_notify_multiple ... ok
[INFO] [stdout] test tests::test_notify_all ... ok
[INFO] [stdout] test tests::test_notify_drop ... ok
[INFO] [stdout] test tests::test_notify_additional ... ok
[INFO] [stdout] test tests::test_listen_async ... ok
[INFO] [stdout] test tests::test_notify ... ok
[INFO] [stdout] 
[INFO] [stdout] test result: ok. 7 passed; 0 failed; 0 ignored; 0 measured; 0 filtered out; finished in 0.01s
[INFO] [stdout] 
[INFO] [stderr]      Running tests/wake.rs (/opt/rustwide/target/release/build/local-event/6f96a3e07c2d4aee/out/wake-6f96a3e07c2d4aee)
[INFO] [stdout] 
[INFO] [stdout] running 1 test
[INFO] [stdout] test notification_wakes_each_listener_once ... FAILED
[INFO] [stdout] 
[INFO] [stdout] failures:
[INFO] [stdout] 
[INFO] [stdout] ---- notification_wakes_each_listener_once stdout ----
[INFO] [stdout] 
[INFO] [stdout] thread 'notification_wakes_each_listener_once' (878) panicked at tests/wake.rs:74:20:
[INFO] [stdout] called `Result::unwrap()` on an `Err` value: Os { code: 1, kind: PermissionDenied, message: "Operation not permitted" }
[INFO] [stdout] stack backtrace:
[INFO] [stdout]    0:     0x65263f97fab1 - <<std[617be2ca0a6fd877]::sys::backtrace::BacktraceLock>::print::DisplayBacktrace as core[a373ad73a504971]::fmt::Display>::fmt
[INFO] [stdout]    1:     0x65263f993a8a - core[a373ad73a504971]::fmt::write
[INFO] [stdout]    2:     0x65263f983d7c - <alloc[2e1b2a31b91974c5]::vec::Vec<u8> as core[a373ad73a504971]::io::write::Write>::write_fmt
[INFO] [stdout]    3:     0x65263f95bd26 - std[617be2ca0a6fd877]::panicking::default_hook::{closure#0}
[INFO] [stdout]    4:     0x65263f977fb9 - std[617be2ca0a6fd877]::panicking::default_hook
[INFO] [stdout]    5:     0x65263f903d20 - test[aada8e7e76ba119b]::test_main_inner::{closure#0}
[INFO] [stdout]    6:     0x65263f978172 - std[617be2ca0a6fd877]::panicking::panic_with_hook
[INFO] [stdout]    7:     0x65263f95bdd2 - std[617be2ca0a6fd877]::panicking::panic_handler::{closure#0}
[INFO] [stdout]    8:     0x65263f954ab9 - std[617be2ca0a6fd877]::sys::backtrace::__rust_end_short_backtrace::<std[617be2ca0a6fd877]::panicking::panic_handler::{closure#0}, !>
[INFO] [stdout]    9:     0x65263f95c9dd - __rustc[ea4f61d10b84890b]::rust_begin_unwind
[INFO] [stdout]   10:     0x65263f9941ec - core[a373ad73a504971]::panicking::panic_fmt
[INFO] [stdout]   11:     0x65263f993fc2 - core[a373ad73a504971]::result::unwrap_failed
[INFO] [stdout]   12:     0x65263f8f3dd2 - <wake[fdb3ae8bca2c88a9]::notification_wakes_each_listener_once::{closure#0} as core[a373ad73a504971]::ops::function::FnOnce<()>>::call_once
[INFO] [stdout]   13:     0x65263f8f716b - test[aada8e7e76ba119b]::__rust_begin_short_backtrace::<core[a373ad73a504971]::result::Result<(), alloc[2e1b2a31b91974c5]::string::String>, fn() -> core[a373ad73a504971]::result::Result<(), alloc[2e1b2a31b91974c5]::string::String>>
[INFO] [stdout]   14:     0x65263f904345 - test[aada8e7e76ba119b]::run_test::{closure#0}
[INFO] [stdout]   15:     0x65263f8fdc34 - std[617be2ca0a6fd877]::sys::backtrace::__rust_begin_short_backtrace::<test[aada8e7e76ba119b]::run_test::{closure#1}, ()>
[INFO] [stdout]   16:     0x65263f9073d2 - <std[617be2ca0a6fd877]::thread::lifecycle::spawn_unchecked<test[aada8e7e76ba119b]::run_test::{closure#1}, ()>::{closure#1} as core[a373ad73a504971]::ops::function::FnOnce<()>>::call_once::{shim:vtable#0}
[INFO] [stdout]   17:     0x65263f97f2df - <std[617be2ca0a6fd877]::sys::thread::unix::Thread>::new::thread_start
[INFO] [stdout]   18:     0x75c2c8f70dfa - <unknown>
[INFO] [stdout]   19:     0x75c2c90043d4 - clone
[INFO] [stdout]   20:                0x0 - <unknown>
[INFO] [stdout] 
[INFO] [stdout] 
[INFO] [stdout] failures:
[INFO] [stdout]     notification_wakes_each_listener_once
[INFO] [stdout] 
[INFO] [stdout] test result: FAILED. 0 passed; 1 failed; 0 ignored; 0 measured; 0 filtered out; finished in 0.00s
[INFO] [stdout] 
[INFO] [stderr] error: test failed, to rerun pass `--test wake`
[INFO] running `Command { std: "docker" "inspect" "90bc8d9b46bf09b7babb372d2a3b74e5d78192ebef86d50a05f0b57c1c71ea63", kill_on_drop: false }`
[INFO] running `Command { std: "docker" "rm" "-f" "90bc8d9b46bf09b7babb372d2a3b74e5d78192ebef86d50a05f0b57c1c71ea63", kill_on_drop: false }`
[INFO] [stdout] 90bc8d9b46bf09b7babb372d2a3b74e5d78192ebef86d50a05f0b57c1c71ea63
