[INFO] fetching crate loadsmith-thunderstore 0.3.1...
[INFO] testing loadsmith-thunderstore-0.3.1 against 1.100.0-beta.1+cargoflags=--release for beta-release-1.100-2
[INFO] extracting crate loadsmith-thunderstore 0.3.1 into /workspace/builds/worker-7-tc2/source
[INFO] started tweaking crates.io crate loadsmith-thunderstore 0.3.1
[INFO] finished tweaking crates.io crate loadsmith-thunderstore 0.3.1
[INFO] tweaked toml for crates.io crate loadsmith-thunderstore 0.3.1 written to /workspace/builds/worker-7-tc2/source/Cargo.toml
[INFO] validating manifest of crates.io crate loadsmith-thunderstore 0.3.1 on toolchain 1.100.0-beta.1
[INFO] running `Command { std: CARGO_HOME="/workspace/cargo-home" RUSTUP_HOME="/workspace/rustup-home" "/workspace/cargo-home/bin/cargo" "+1.100.0-beta.1" "metadata" "--manifest-path" "Cargo.toml" "--no-deps", kill_on_drop: false }`
[INFO] crate crates.io crate loadsmith-thunderstore 0.3.1 already has a lockfile, it will not be regenerated
[INFO] running `Command { std: CARGO_HOME="/workspace/cargo-home" RUSTUP_HOME="/workspace/rustup-home" "/workspace/cargo-home/bin/cargo" "+1.100.0-beta.1" "fetch" "--manifest-path" "Cargo.toml", kill_on_drop: false }`
[INFO] running `Command { std: "docker" "create" "-v" "/var/lib/crater-agent-workspace/builds/worker-7-tc2/source:/opt/rustwide/workdir:ro,Z" "-v" "/var/lib/crater-agent-workspace/builds/worker-7-tc2/target:/opt/rustwide/target:rw,Z" "-v" "/var/lib/crater-agent-workspace/cargo-home:/opt/rustwide/cargo-home:ro,Z" "-v" "/var/lib/crater-agent-workspace/rustup-home:/opt/rustwide/rustup-home:ro,Z" "-m" "1610612736" "--network" "none" "ghcr.io/rust-lang/crates-build-env/linux@sha256:77db811e55d90add9212f6832c23229e3de5f1c1f9905e8cb07319ea15df73ac" "sleep" "infinity", kill_on_drop: false }`
[INFO] [stdout] 6cbea6cc9a485d1df15bd36342ad11b9d43a4f2046c2a7a743ae194c58e6c692
[INFO] running `Command { std: "docker" "start" "6cbea6cc9a485d1df15bd36342ad11b9d43a4f2046c2a7a743ae194c58e6c692", kill_on_drop: false }`
[INFO] running `Command { std: "docker" "inspect" "6cbea6cc9a485d1df15bd36342ad11b9d43a4f2046c2a7a743ae194c58e6c692", kill_on_drop: false }`
[INFO] running `Command { std: "docker" "exec" "-e" "SOURCE_DIR=/opt/rustwide/workdir" "-e" "CARGO_HOME=/opt/rustwide/cargo-home" "-e" "RUSTUP_HOME=/opt/rustwide/rustup-home" "-e" "CARGO_TARGET_DIR=/opt/rustwide/target" "-w" "/opt/rustwide/workdir" "--user" "0:0" "6cbea6cc9a485d1df15bd36342ad11b9d43a4f2046c2a7a743ae194c58e6c692" "/opt/rustwide/cargo-home/bin/cargo" "+1.100.0-beta.1" "metadata" "--no-deps" "--format-version=1", kill_on_drop: false }`
[INFO] running `Command { std: "docker" "inspect" "6cbea6cc9a485d1df15bd36342ad11b9d43a4f2046c2a7a743ae194c58e6c692", kill_on_drop: false }`
[INFO] running `Command { std: "docker" "exec" "-e" "SOURCE_DIR=/opt/rustwide/workdir" "-e" "CARGO_HOME=/opt/rustwide/cargo-home" "-e" "RUSTUP_HOME=/opt/rustwide/rustup-home" "-e" "CARGO_TARGET_DIR=/opt/rustwide/target" "-e" "CARGO_INCREMENTAL=0" "-e" "RUST_BACKTRACE=full" "-e" "RUSTFLAGS=--cap-lints=warn" "-e" "RUSTDOCFLAGS=--cap-lints=warn" "-w" "/opt/rustwide/workdir" "--user" "0:0" "6cbea6cc9a485d1df15bd36342ad11b9d43a4f2046c2a7a743ae194c58e6c692" "/opt/rustwide/cargo-home/bin/cargo" "+1.100.0-beta.1" "build" "--frozen" "--message-format=json" "--release", kill_on_drop: false }`
[INFO] [stderr]    Compiling serde_core v1.0.228
[INFO] [stderr]    Compiling hybrid-array v0.4.12
[INFO] [stderr]    Compiling bytes v1.12.0
[INFO] [stderr]    Compiling hashbrown v0.17.1
[INFO] [stderr]    Compiling syn v2.0.118
[INFO] [stderr]    Compiling simd-adler32 v0.3.9
[INFO] [stderr]    Compiling cc v1.2.65
[INFO] [stderr]    Compiling zlib-rs v0.6.4
[INFO] [stderr]    Compiling aws-lc-rs v1.17.0
[INFO] [stderr]    Compiling rustls-pki-types v1.14.1
[INFO] [stderr]    Compiling rustls v0.23.41
[INFO] [stderr]    Compiling zstd-safe v7.2.4
[INFO] [stderr]    Compiling arrayvec v0.7.7
[INFO] [stderr]    Compiling camino v1.2.3
[INFO] [stderr]    Compiling getrandom v0.4.3
[INFO] [stderr]    Compiling time v0.3.51
[INFO] [stderr]    Compiling aho-corasick v1.1.4
[INFO] [stderr]    Compiling ppmd-rust v1.4.0
[INFO] [stderr]    Compiling pest v2.8.7
[INFO] [stderr]    Compiling bstr v1.12.1
[INFO] [stderr]    Compiling tempfile v3.27.0
[INFO] [stderr]    Compiling miniz_oxide v0.8.9
[INFO] [stderr]    Compiling zopfli v0.8.3
[INFO] [stderr]    Compiling http v1.4.2
[INFO] [stderr]    Compiling crypto-common v0.2.2
[INFO] [stderr]    Compiling block-buffer v0.12.1
[INFO] [stderr]    Compiling inout v0.2.2
[INFO] [stderr]    Compiling rustls-native-certs v0.8.4
[INFO] [stderr]    Compiling indexmap v2.14.0
[INFO] [stderr]    Compiling is-docker v0.2.0
[INFO] [stderr]    Compiling hashlink v0.12.0
[INFO] [stderr]    Compiling cmake v0.1.58
[INFO] [stderr]    Compiling is-wsl v0.4.0
[INFO] [stderr]    Compiling open v5.3.6
[INFO] [stderr]    Compiling regex-automata v0.4.14
[INFO] [stderr]    Compiling fallible-iterator v0.3.0
[INFO] [stderr]    Compiling fallible-streaming-iterator v0.1.9
[INFO] [stderr]    Compiling aws-lc-sys v0.41.0
[INFO] [stderr]    Compiling zstd-sys v2.0.16+zstd.1.5.7
[INFO] [stderr]    Compiling digest v0.11.3
[INFO] [stderr]    Compiling http-body v1.0.1
[INFO] [stderr]    Compiling blake3 v1.8.5
[INFO] [stderr]    Compiling sha2 v0.11.0
[INFO] [stderr]    Compiling hmac v0.13.0
[INFO] [stderr]    Compiling cipher v0.5.2
[INFO] [stderr]    Compiling pbkdf2 v0.13.0
[INFO] [stderr]    Compiling sha1 v0.11.0
[INFO] [stderr]    Compiling aes v0.9.1
[INFO] [stderr]    Compiling digest-io v0.1.0
[INFO] [stderr]    Compiling http-body-util v0.1.3
[INFO] [stderr]    Compiling libsqlite3-sys v0.38.1
[INFO] [stderr]    Compiling flate2 v1.1.9
[INFO] [stderr]    Compiling lzma-rust2 v0.16.4
[INFO] [stderr]    Compiling serde_json v1.0.150
[INFO] [stderr]    Compiling semver v1.0.28
[INFO] [stderr]    Compiling compression-codecs v0.4.38
[INFO] [stderr]    Compiling keyvalues-parser v0.2.4
[INFO] [stderr]    Compiling uuid v1.23.4
[INFO] [stderr]    Compiling synstructure v0.13.2
[INFO] [stderr]    Compiling keyvalues-serde v0.2.4
[INFO] [stderr]    Compiling zerofrom-derive v0.1.7
[INFO] [stderr]    Compiling yoke-derive v0.8.2
[INFO] [stderr]    Compiling zerovec-derive v0.11.3
[INFO] [stderr]    Compiling displaydoc v0.2.6
[INFO] [stderr]    Compiling serde_derive v1.0.228
[INFO] [stderr]    Compiling tokio-macros v2.7.0
[INFO] [stderr]    Compiling tracing-attributes v0.1.31
[INFO] [stderr]    Compiling futures-macro v0.3.32
[INFO] [stderr]    Compiling thiserror-impl v2.0.18
[INFO] [stderr]    Compiling zerofrom v0.1.8
[INFO] [stderr]    Compiling yoke v0.8.3
[INFO] [stderr]    Compiling thiserror-impl v1.0.69
[INFO] [stderr]    Compiling zerovec v0.11.6
[INFO] [stderr]    Compiling zerotrie v0.2.4
[INFO] [stderr]    Compiling tokio v1.52.3
[INFO] [stderr]    Compiling futures-util v0.3.32
[INFO] [stderr]    Compiling tracing v0.1.44
[INFO] [stderr]    Compiling tinystr v0.8.3
[INFO] [stderr]    Compiling potential_utf v0.1.5
[INFO] [stderr]    Compiling icu_locale_core v2.2.0
[INFO] [stderr]    Compiling loadsmith-util v0.3.1
[INFO] [stderr]    Compiling thiserror v2.0.18
[INFO] [stderr]    Compiling icu_collections v2.2.0
[INFO] [stderr]    Compiling thiserror v1.0.69
[INFO] [stderr]    Compiling async-stream-impl v0.3.6
[INFO] [stderr]    Compiling async-stream v0.3.6
[INFO] [stderr]    Compiling serde v1.0.228
[INFO] [stderr]    Compiling icu_provider v2.2.0
[INFO] [stderr]    Compiling icu_properties v2.2.0
[INFO] [stderr]    Compiling icu_normalizer v2.2.0
[INFO] [stderr]    Compiling chrono v0.4.45
[INFO] [stderr]    Compiling globset v0.4.18
[INFO] [stderr]    Compiling arc-bytes v0.3.5
[INFO] [stderr]    Compiling steamlocate v2.1.0
[INFO] [stderr]    Compiling serde_yaml_ng v0.10.0
[INFO] [stderr]    Compiling idna_adapter v1.2.2
[INFO] [stderr]    Compiling idna v1.1.0
[INFO] [stderr]    Compiling url v2.5.8
[INFO] [stderr]    Compiling futures-executor v0.3.32
[INFO] [stderr]    Compiling futures v0.3.32
[INFO] [stderr]    Compiling loadsmith-core v0.3.1
[INFO] [stderr]    Compiling tokio-util v0.7.18
[INFO] [stderr]    Compiling async-compression v0.4.42
[INFO] [stderr]    Compiling tower v0.5.3
[INFO] [stderr]    Compiling h2 v0.4.15
[INFO] [stderr]    Compiling tower-http v0.6.11
[INFO] [stderr]    Compiling hyper v1.10.1
[INFO] [stderr]    Compiling zstd v0.13.3
[INFO] [stderr]    Compiling zip v8.6.0
[INFO] [stderr]    Compiling hyper-util v0.1.20
[INFO] [stderr]    Compiling loadsmith-install v0.3.1
[INFO] [stderr]    Compiling loadsmith-loader v0.3.1
[INFO] [stderr]    Compiling loadsmith-platform v0.3.1
[INFO] [stderr]    Compiling rustls-webpki v0.103.13
[INFO] [stderr]    Compiling tokio-rustls v0.26.4
[INFO] [stderr]    Compiling rustls-platform-verifier v0.7.0
[INFO] [stderr]    Compiling hyper-rustls v0.27.9
[INFO] [stderr]    Compiling reqwest v0.13.4
[INFO] [stderr]    Compiling thunderstore v0.6.0
[INFO] [stderr]    Compiling loadsmith-registry v0.3.1
[INFO] [stderr]    Compiling rusqlite v0.40.1
[INFO] [stderr]    Compiling loadsmith-thunderstore v0.3.1 (/opt/rustwide/workdir)
[INFO] [stderr]     Finished `release` profile [optimized] target(s) in 3m 47s
[INFO] running `Command { std: "docker" "inspect" "6cbea6cc9a485d1df15bd36342ad11b9d43a4f2046c2a7a743ae194c58e6c692", kill_on_drop: false }`
[INFO] running `Command { std: "docker" "exec" "-e" "SOURCE_DIR=/opt/rustwide/workdir" "-e" "CARGO_HOME=/opt/rustwide/cargo-home" "-e" "RUSTUP_HOME=/opt/rustwide/rustup-home" "-e" "CARGO_TARGET_DIR=/opt/rustwide/target" "-e" "CARGO_INCREMENTAL=0" "-e" "RUST_BACKTRACE=full" "-e" "RUSTFLAGS=--cap-lints=warn" "-e" "RUSTDOCFLAGS=--cap-lints=warn" "-w" "/opt/rustwide/workdir" "--user" "0:0" "6cbea6cc9a485d1df15bd36342ad11b9d43a4f2046c2a7a743ae194c58e6c692" "/opt/rustwide/cargo-home/bin/cargo" "+1.100.0-beta.1" "test" "--frozen" "--no-run" "--message-format=json" "--release", kill_on_drop: false }`
[INFO] [stderr]    Compiling console v0.16.4
[INFO] [stderr]    Compiling reqwest v0.13.4
[INFO] [stderr]    Compiling insta v1.48.0
[INFO] [stderr]    Compiling thunderstore v0.6.0
[INFO] [stderr]    Compiling loadsmith-registry v0.3.1
[INFO] [stderr]    Compiling loadsmith-thunderstore v0.3.1 (/opt/rustwide/workdir)
[INFO] [stderr]     Finished `release` profile [optimized] target(s) in 35.62s
[INFO] running `Command { std: "docker" "inspect" "6cbea6cc9a485d1df15bd36342ad11b9d43a4f2046c2a7a743ae194c58e6c692", kill_on_drop: false }`
[INFO] running `Command { std: "docker" "exec" "-e" "SOURCE_DIR=/opt/rustwide/workdir" "-e" "CARGO_HOME=/opt/rustwide/cargo-home" "-e" "RUSTUP_HOME=/opt/rustwide/rustup-home" "-e" "CARGO_TARGET_DIR=/opt/rustwide/target" "-e" "CARGO_INCREMENTAL=0" "-e" "RUST_BACKTRACE=full" "-e" "RUSTFLAGS=--cap-lints=warn" "-e" "RUSTDOCFLAGS=--cap-lints=warn" "-w" "/opt/rustwide/workdir" "--user" "0:0" "6cbea6cc9a485d1df15bd36342ad11b9d43a4f2046c2a7a743ae194c58e6c692" "/opt/rustwide/cargo-home/bin/cargo" "+1.100.0-beta.1" "test" "--frozen" "--release", kill_on_drop: false }`
[INFO] [stderr]     Finished `release` profile [optimized] target(s) in 0.26s
[INFO] [stderr]      Running unittests src/lib.rs (/opt/rustwide/target/release/build/loadsmith-thunderstore/ea804c8b0ba5e2c3/out/loadsmith_thunderstore-ea804c8b0ba5e2c3)
[INFO] [stdout] 
[INFO] [stdout] running 16 tests
[INFO] [stdout] test index::sqlite::tests::fetch_and_resolve_version ... ignored
[INFO] [stdout] test registry::tests::get_package ... ignored, requires network access
[INFO] [stdout] test schema::test::fetch_and_parse_ecosystem_live ... ignored
[INFO] [stdout] test ext::tests::package_id_into_ts_ident ... ok
[INFO] [stdout] test ext::tests::package_id_from_ts_ident ... ok
[INFO] [stdout] test r2z::import::tests::test_is_excluded ... ok
[INFO] [stdout] test ext::tests::package_id_into_ts_ident_hyphen_in_namespace ... ok
[INFO] [stdout] test r2z::tests::normalize_path_rejects_invalid ... ok
[INFO] [stdout] test r2z::tests::import_export_roundtrip ... ok
[INFO] [stdout] test r2z::export::tests::test_is_included ... ok
[INFO] [stdout] test r2z::tests::normalize_path_normalizes ... ok
[INFO] [stdout] test schema::test::parse_ecosystem ... ok
[INFO] [stdout] test schema::test::make_loader_voices_of_the_void ... ok
[INFO] [stdout] test schema::test::make_loader_schedule_i ... ok
[INFO] [stdout] test schema::test::make_loader_lethal_company ... ok
[INFO] [stdout] test schema::test::make_loader_boneworks ... FAILED
[INFO] [stdout] 
[INFO] [stdout] failures:
[INFO] [stdout] 
[INFO] [stdout] ---- schema::test::make_loader_boneworks stdout ----
[INFO] [stdout] ━━━━━━━━━━━━━━━━━━━━━━━━━━━━━━━ Snapshot Summary ━━━━━━━━━━━━━━━━━━━━━━━━━━━━━━━
[INFO] [stdout] Snapshot file: src/snapshots/loadsmith_thunderstore__schema__test__boneworks.snap
[INFO] [stdout] Snapshot: boneworks
[INFO] [stdout] Source: src/schema.rs:300
[INFO] [stdout] ────────────────────────────────────────────────────────────────────────────────
[INFO] [stdout] Expression: loader
[INFO] [stdout] ────────────────────────────────────────────────────────────────────────────────
[INFO] [stdout] -old snapshot
[INFO] [stdout] +new results
[INFO] [stdout] ────────────┬───────────────────────────────────────────────────────────────────
[INFO] [stdout]   115   115 │             ),
[INFO] [stdout]   116   116 │             Route(
[INFO] [stdout]   117   117 │                 RouteRule {
[INFO] [stdout]   118   118 │                     name: "Managed",
[INFO] [stdout]   119       │-                    target: "MelonLoader\\Managed",
[INFO] [stdout]         119 │+                    target: "MelonLoader/Managed",
[INFO] [stdout]   120   120 │                     file_extensions: [
[INFO] [stdout]   121   121 │                         "managed.dll",
[INFO] [stdout]   122   122 │                     ],
[INFO] [stdout]   123   123 │                     subdir: false,
[INFO] [stdout] ┈┈┈┈┈┈┈┈┈┈┈┈┼┈┈┈┈┈┈┈┈┈┈┈┈┈┈┈┈┈┈┈┈┈┈┈┈┈┈┈┈┈┈┈┈┈┈┈┈┈┈┈┈┈┈┈┈┈┈┈┈┈┈┈┈┈┈┈┈┈┈┈┈┈┈┈┈┈┈┈
[INFO] [stdout]   127   127 │             ),
[INFO] [stdout]   128   128 │             Route(
[INFO] [stdout]   129   129 │                 RouteRule {
[INFO] [stdout]   130   130 │                     name: "Libs",
[INFO] [stdout]   131       │-                    target: "MelonLoader\\Libs",
[INFO] [stdout]         131 │+                    target: "MelonLoader/Libs",
[INFO] [stdout]   132   132 │                     file_extensions: [],
[INFO] [stdout]   133   133 │                     subdir: false,
[INFO] [stdout]   134   134 │                     flatten: false,
[INFO] [stdout]   135   135 │                     mutable: true,
[INFO] [stdout] ┈┈┈┈┈┈┈┈┈┈┈┈┼┈┈┈┈┈┈┈┈┈┈┈┈┈┈┈┈┈┈┈┈┈┈┈┈┈┈┈┈┈┈┈┈┈┈┈┈┈┈┈┈┈┈┈┈┈┈┈┈┈┈┈┈┈┈┈┈┈┈┈┈┈┈┈┈┈┈┈
[INFO] [stdout]   147   147 │             ),
[INFO] [stdout]   148   148 │             Route(
[INFO] [stdout]   149   149 │                 RouteRule {
[INFO] [stdout]   150   150 │                     name: "CustomItems",
[INFO] [stdout]   151       │-                    target: "UserData\\CustomItems",
[INFO] [stdout]         151 │+                    target: "UserData/CustomItems",
[INFO] [stdout]   152   152 │                     file_extensions: [
[INFO] [stdout]   153   153 │                         "melon",
[INFO] [stdout]   154   154 │                     ],
[INFO] [stdout]   155   155 │                     subdir: false,
[INFO] [stdout] ┈┈┈┈┈┈┈┈┈┈┈┈┼┈┈┈┈┈┈┈┈┈┈┈┈┈┈┈┈┈┈┈┈┈┈┈┈┈┈┈┈┈┈┈┈┈┈┈┈┈┈┈┈┈┈┈┈┈┈┈┈┈┈┈┈┈┈┈┈┈┈┈┈┈┈┈┈┈┈┈
[INFO] [stdout]   159   159 │             ),
[INFO] [stdout]   160   160 │             Route(
[INFO] [stdout]   161   161 │                 RouteRule {
[INFO] [stdout]   162   162 │                     name: "CustomMaps",
[INFO] [stdout]   163       │-                    target: "UserData\\CustomMaps",
[INFO] [stdout]         163 │+                    target: "UserData/CustomMaps",
[INFO] [stdout]   164   164 │                     file_extensions: [
[INFO] [stdout]   165   165 │                         "bcm",
[INFO] [stdout]   166   166 │                         "cma",
[INFO] [stdout]   167   167 │                     ],
[INFO] [stdout] ┈┈┈┈┈┈┈┈┈┈┈┈┼┈┈┈┈┈┈┈┈┈┈┈┈┈┈┈┈┈┈┈┈┈┈┈┈┈┈┈┈┈┈┈┈┈┈┈┈┈┈┈┈┈┈┈┈┈┈┈┈┈┈┈┈┈┈┈┈┈┈┈┈┈┈┈┈┈┈┈
[INFO] [stdout]   172   172 │             ),
[INFO] [stdout]   173   173 │             Route(
[INFO] [stdout]   174   174 │                 RouteRule {
[INFO] [stdout]   175   175 │                     name: "PlayerModels",
[INFO] [stdout]   176       │-                    target: "UserData\\PlayerModels",
[INFO] [stdout]         176 │+                    target: "UserData/PlayerModels",
[INFO] [stdout]   177   177 │                     file_extensions: [
[INFO] [stdout]   178   178 │                         "body",
[INFO] [stdout]   179   179 │                     ],
[INFO] [stdout]   180   180 │                     subdir: false,
[INFO] [stdout] ┈┈┈┈┈┈┈┈┈┈┈┈┼┈┈┈┈┈┈┈┈┈┈┈┈┈┈┈┈┈┈┈┈┈┈┈┈┈┈┈┈┈┈┈┈┈┈┈┈┈┈┈┈┈┈┈┈┈┈┈┈┈┈┈┈┈┈┈┈┈┈┈┈┈┈┈┈┈┈┈
[INFO] [stdout]   184   184 │             ),
[INFO] [stdout]   185   185 │             Route(
[INFO] [stdout]   186   186 │                 RouteRule {
[INFO] [stdout]   187   187 │                     name: "CustomLoadScreens",
[INFO] [stdout]   188       │-                    target: "UserData\\CustomLoadScreens",
[INFO] [stdout]         188 │+                    target: "UserData/CustomLoadScreens",
[INFO] [stdout]   189   189 │                     file_extensions: [
[INFO] [stdout]   190   190 │                         "load",
[INFO] [stdout]   191   191 │                     ],
[INFO] [stdout]   192   192 │                     subdir: false,
[INFO] [stdout] ┈┈┈┈┈┈┈┈┈┈┈┈┼┈┈┈┈┈┈┈┈┈┈┈┈┈┈┈┈┈┈┈┈┈┈┈┈┈┈┈┈┈┈┈┈┈┈┈┈┈┈┈┈┈┈┈┈┈┈┈┈┈┈┈┈┈┈┈┈┈┈┈┈┈┈┈┈┈┈┈
[INFO] [stdout]   196   196 │             ),
[INFO] [stdout]   197   197 │             Route(
[INFO] [stdout]   198   198 │                 RouteRule {
[INFO] [stdout]   199   199 │                     name: "Music",
[INFO] [stdout]   200       │-                    target: "UserData\\Music",
[INFO] [stdout]         200 │+                    target: "UserData/Music",
[INFO] [stdout]   201   201 │                     file_extensions: [
[INFO] [stdout]   202   202 │                         "wav",
[INFO] [stdout]   203   203 │                     ],
[INFO] [stdout]   204   204 │                     subdir: false,
[INFO] [stdout] ┈┈┈┈┈┈┈┈┈┈┈┈┼┈┈┈┈┈┈┈┈┈┈┈┈┈┈┈┈┈┈┈┈┈┈┈┈┈┈┈┈┈┈┈┈┈┈┈┈┈┈┈┈┈┈┈┈┈┈┈┈┈┈┈┈┈┈┈┈┈┈┈┈┈┈┈┈┈┈┈
[INFO] [stdout]   208   208 │             ),
[INFO] [stdout]   209   209 │             Route(
[INFO] [stdout]   210   210 │                 RouteRule {
[INFO] [stdout]   211   211 │                     name: "Food",
[INFO] [stdout]   212       │-                    target: "UserData\\Food",
[INFO] [stdout]         212 │+                    target: "UserData/Food",
[INFO] [stdout]   213   213 │                     file_extensions: [
[INFO] [stdout]   214   214 │                         "food",
[INFO] [stdout]   215   215 │                     ],
[INFO] [stdout]   216   216 │                     subdir: false,
[INFO] [stdout] ┈┈┈┈┈┈┈┈┈┈┈┈┼┈┈┈┈┈┈┈┈┈┈┈┈┈┈┈┈┈┈┈┈┈┈┈┈┈┈┈┈┈┈┈┈┈┈┈┈┈┈┈┈┈┈┈┈┈┈┈┈┈┈┈┈┈┈┈┈┈┈┈┈┈┈┈┈┈┈┈
[INFO] [stdout]   220   220 │             ),
[INFO] [stdout]   221   221 │             Route(
[INFO] [stdout]   222   222 │                 RouteRule {
[INFO] [stdout]   223   223 │                     name: "Scoreworks",
[INFO] [stdout]   224       │-                    target: "UserData\\Scoreworks",
[INFO] [stdout]         224 │+                    target: "UserData/Scoreworks",
[INFO] [stdout]   225   225 │                     file_extensions: [
[INFO] [stdout]   226   226 │                         "sw",
[INFO] [stdout]   227   227 │                     ],
[INFO] [stdout]   228   228 │                     subdir: false,
[INFO] [stdout] ┈┈┈┈┈┈┈┈┈┈┈┈┼┈┈┈┈┈┈┈┈┈┈┈┈┈┈┈┈┈┈┈┈┈┈┈┈┈┈┈┈┈┈┈┈┈┈┈┈┈┈┈┈┈┈┈┈┈┈┈┈┈┈┈┈┈┈┈┈┈┈┈┈┈┈┈┈┈┈┈
[INFO] [stdout]   232   232 │             ),
[INFO] [stdout]   233   233 │             Route(
[INFO] [stdout]   234   234 │                 RouteRule {
[INFO] [stdout]   235   235 │                     name: "CustomSkins",
[INFO] [stdout]   236       │-                    target: "UserData\\CustomSkins",
[INFO] [stdout]         236 │+                    target: "UserData/CustomSkins",
[INFO] [stdout]   237   237 │                     file_extensions: [
[INFO] [stdout]   238   238 │                         "png",
[INFO] [stdout]   239   239 │                     ],
[INFO] [stdout]   240   240 │                     subdir: false,
[INFO] [stdout] ┈┈┈┈┈┈┈┈┈┈┈┈┼┈┈┈┈┈┈┈┈┈┈┈┈┈┈┈┈┈┈┈┈┈┈┈┈┈┈┈┈┈┈┈┈┈┈┈┈┈┈┈┈┈┈┈┈┈┈┈┈┈┈┈┈┈┈┈┈┈┈┈┈┈┈┈┈┈┈┈
[INFO] [stdout]   244   244 │             ),
[INFO] [stdout]   245   245 │             Route(
[INFO] [stdout]   246   246 │                 RouteRule {
[INFO] [stdout]   247   247 │                     name: "Grenades",
[INFO] [stdout]   248       │-                    target: "UserData\\Grenades",
[INFO] [stdout]         248 │+                    target: "UserData/Grenades",
[INFO] [stdout]   249   249 │                     file_extensions: [
[INFO] [stdout]   250   250 │                         "grenade",
[INFO] [stdout]   251   251 │                     ],
[INFO] [stdout]   252   252 │                     subdir: false,
[INFO] [stdout] ────────────┴───────────────────────────────────────────────────────────────────
[INFO] [stdout] 
[INFO] [stdout] thread 'schema::test::make_loader_boneworks' (3890) panicked at src/schema.rs:300:9:
[INFO] [stdout] called `Result::unwrap()` on an `Err` value: FileIo(Os { code: 30, kind: ReadOnlyFilesystem, message: "Read-only file system" }, "/opt/rustwide/workdir/src/snapshots/loadsmith_thunderstore__schema__test__boneworks.snap.new")
[INFO] [stdout] stack backtrace:
[INFO] [stdout]    0:     0x582090af2cb1 - <<std[617be2ca0a6fd877]::sys::backtrace::BacktraceLock>::print::DisplayBacktrace as core[a373ad73a504971]::fmt::Display>::fmt
[INFO] [stdout]    1:     0x582090b0bfba - core[a373ad73a504971]::fmt::write
[INFO] [stdout]    2:     0x582090af7cfc - <alloc[2e1b2a31b91974c5]::vec::Vec<u8> as core[a373ad73a504971]::io::write::Write>::write_fmt
[INFO] [stdout]    3:     0x582090ac9456 - std[617be2ca0a6fd877]::panicking::default_hook::{closure#0}
[INFO] [stdout]    4:     0x582090ae8279 - std[617be2ca0a6fd877]::panicking::default_hook
[INFO] [stdout]    5:     0x5820902e33d0 - test[aada8e7e76ba119b]::test_main_inner::{closure#0}
[INFO] [stdout]    6:     0x582090ae85a2 - std[617be2ca0a6fd877]::panicking::panic_with_hook
[INFO] [stdout]    7:     0x582090ac9502 - std[617be2ca0a6fd877]::panicking::panic_handler::{closure#0}
[INFO] [stdout]    8:     0x582090ac1c59 - std[617be2ca0a6fd877]::sys::backtrace::__rust_end_short_backtrace::<std[617be2ca0a6fd877]::panicking::panic_handler::{closure#0}, !>
[INFO] [stdout]    9:     0x582090aca39d - __rustc[ea4f61d10b84890b]::rust_begin_unwind
[INFO] [stdout]   10:     0x582090b0c79c - core[a373ad73a504971]::panicking::panic_fmt
[INFO] [stdout]   11:     0x582090b0c572 - core[a373ad73a504971]::result::unwrap_failed
[INFO] [stdout]   12:     0x58209022ad70 - loadsmith_thunderstore[5bd4fd352065e266]::schema::test::assert_loader_snapshot
[INFO] [stdout]   13:     0x582090230f61 - <loadsmith_thunderstore[5bd4fd352065e266]::schema::test::make_loader_boneworks::{closure#0} as core[a373ad73a504971]::ops::function::FnOnce<()>>::call_once
[INFO] [stdout]   14:     0x5820902d681b - test[aada8e7e76ba119b]::__rust_begin_short_backtrace::<core[a373ad73a504971]::result::Result<(), alloc[2e1b2a31b91974c5]::string::String>, fn() -> core[a373ad73a504971]::result::Result<(), alloc[2e1b2a31b91974c5]::string::String>>
[INFO] [stdout]   15:     0x5820902e39f5 - test[aada8e7e76ba119b]::run_test::{closure#0}
[INFO] [stdout]   16:     0x5820902dd2e4 - std[617be2ca0a6fd877]::sys::backtrace::__rust_begin_short_backtrace::<test[aada8e7e76ba119b]::run_test::{closure#1}, ()>
[INFO] [stdout]   17:     0x5820902e6a82 - <std[617be2ca0a6fd877]::thread::lifecycle::spawn_unchecked<test[aada8e7e76ba119b]::run_test::{closure#1}, ()>::{closure#1} as core[a373ad73a504971]::ops::function::FnOnce<()>>::call_once::{shim:vtable#0}
[INFO] [stdout]   18:     0x582090af184f - <std[617be2ca0a6fd877]::sys::thread::unix::Thread>::new::thread_start
[INFO] [stdout]   19:     0x7bef5fc90dfa - <unknown>
[INFO] [stdout]   20:     0x7bef5fd243d4 - clone
[INFO] [stdout]   21:                0x0 - <unknown>
[INFO] [stdout] 
[INFO] [stdout] 
[INFO] [stdout] failures:
[INFO] [stdout]     schema::test::make_loader_boneworks
[INFO] [stdout] 
[INFO] [stdout] test result: FAILED. 12 passed; 1 failed; 3 ignored; 0 measured; 0 filtered out; finished in 0.55s
[INFO] [stdout] 
[INFO] [stderr] error: test failed, to rerun pass `--lib`
[INFO] running `Command { std: "docker" "inspect" "6cbea6cc9a485d1df15bd36342ad11b9d43a4f2046c2a7a743ae194c58e6c692", kill_on_drop: false }`
[INFO] running `Command { std: "docker" "rm" "-f" "6cbea6cc9a485d1df15bd36342ad11b9d43a4f2046c2a7a743ae194c58e6c692", kill_on_drop: false }`
[INFO] [stdout] 6cbea6cc9a485d1df15bd36342ad11b9d43a4f2046c2a7a743ae194c58e6c692
