[INFO] fetching crate loadsmith-install 0.3.1...
[INFO] testing loadsmith-install-0.3.1 against 1.99.0-beta.8+cargoflags=--release for beta-release-1.100-2
[INFO] extracting crate loadsmith-install 0.3.1 into /workspace/builds/worker-4-tc1/source
[INFO] started tweaking crates.io crate loadsmith-install 0.3.1
[INFO] finished tweaking crates.io crate loadsmith-install 0.3.1
[INFO] tweaked toml for crates.io crate loadsmith-install 0.3.1 written to /workspace/builds/worker-4-tc1/source/Cargo.toml
[INFO] validating manifest of crates.io crate loadsmith-install 0.3.1 on toolchain 1.99.0-beta.8
[INFO] running `Command { std: CARGO_HOME="/workspace/cargo-home" RUSTUP_HOME="/workspace/rustup-home" "/workspace/cargo-home/bin/cargo" "+1.99.0-beta.8" "metadata" "--manifest-path" "Cargo.toml" "--no-deps", kill_on_drop: false }`
[INFO] crate crates.io crate loadsmith-install 0.3.1 already has a lockfile, it will not be regenerated
[INFO] running `Command { std: CARGO_HOME="/workspace/cargo-home" RUSTUP_HOME="/workspace/rustup-home" "/workspace/cargo-home/bin/cargo" "+1.99.0-beta.8" "fetch" "--manifest-path" "Cargo.toml", kill_on_drop: false }`
[INFO] [stderr]     Updating crates.io index
[INFO] [stderr]  Downloading crates ...
[INFO] [stderr]   Downloaded loadsmith-util v0.3.1
[INFO] [stderr]   Downloaded digest-io v0.1.0
[INFO] [stderr]   Downloaded loadsmith-core v0.3.1
[INFO] [stderr]   Downloaded camino v1.2.3
[INFO] [stderr]   Downloaded time v0.3.51
[INFO] [stderr]   Downloaded zlib-rs v0.6.4
[INFO] running `Command { std: "docker" "create" "-v" "/var/lib/crater-agent-workspace/builds/worker-4-tc1/source:/opt/rustwide/workdir:ro,Z" "-v" "/var/lib/crater-agent-workspace/builds/worker-4-tc1/target:/opt/rustwide/target:rw,Z" "-v" "/var/lib/crater-agent-workspace/cargo-home:/opt/rustwide/cargo-home:ro,Z" "-v" "/var/lib/crater-agent-workspace/rustup-home:/opt/rustwide/rustup-home:ro,Z" "-m" "1610612736" "--network" "none" "ghcr.io/rust-lang/crates-build-env/linux@sha256:77db811e55d90add9212f6832c23229e3de5f1c1f9905e8cb07319ea15df73ac" "sleep" "infinity", kill_on_drop: false }`
[INFO] [stdout] 13660adad9b5772cd0e2466bb9e6c8f21ba5e8f6e800c1d1734ddd2141e8f6a5
[INFO] running `Command { std: "docker" "start" "13660adad9b5772cd0e2466bb9e6c8f21ba5e8f6e800c1d1734ddd2141e8f6a5", kill_on_drop: false }`
[INFO] running `Command { std: "docker" "inspect" "13660adad9b5772cd0e2466bb9e6c8f21ba5e8f6e800c1d1734ddd2141e8f6a5", kill_on_drop: false }`
[INFO] running `Command { std: "docker" "exec" "-e" "SOURCE_DIR=/opt/rustwide/workdir" "-e" "CARGO_HOME=/opt/rustwide/cargo-home" "-e" "RUSTUP_HOME=/opt/rustwide/rustup-home" "-e" "CARGO_TARGET_DIR=/opt/rustwide/target" "-w" "/opt/rustwide/workdir" "--user" "0:0" "13660adad9b5772cd0e2466bb9e6c8f21ba5e8f6e800c1d1734ddd2141e8f6a5" "/opt/rustwide/cargo-home/bin/cargo" "+1.99.0-beta.8" "metadata" "--no-deps" "--format-version=1", kill_on_drop: false }`
[INFO] running `Command { std: "docker" "inspect" "13660adad9b5772cd0e2466bb9e6c8f21ba5e8f6e800c1d1734ddd2141e8f6a5", kill_on_drop: false }`
[INFO] running `Command { std: "docker" "exec" "-e" "SOURCE_DIR=/opt/rustwide/workdir" "-e" "CARGO_HOME=/opt/rustwide/cargo-home" "-e" "RUSTUP_HOME=/opt/rustwide/rustup-home" "-e" "CARGO_TARGET_DIR=/opt/rustwide/target" "-e" "CARGO_INCREMENTAL=0" "-e" "RUST_BACKTRACE=full" "-e" "RUSTFLAGS=--cap-lints=warn" "-e" "RUSTDOCFLAGS=--cap-lints=warn" "-w" "/opt/rustwide/workdir" "--user" "0:0" "13660adad9b5772cd0e2466bb9e6c8f21ba5e8f6e800c1d1734ddd2141e8f6a5" "/opt/rustwide/cargo-home/bin/cargo" "+1.99.0-beta.8" "build" "--frozen" "--message-format=json" "--release", kill_on_drop: false }`
[INFO] [stderr]    Compiling cmov v0.5.4
[INFO] [stderr]    Compiling smallvec v1.15.2
[INFO] [stderr]    Compiling zstd-safe v7.2.4
[INFO] [stderr]    Compiling block-buffer v0.12.1
[INFO] [stderr]    Compiling constant_time_eq v0.4.2
[INFO] [stderr]    Compiling getrandom v0.4.3
[INFO] [stderr]    Compiling jobserver v0.1.34
[INFO] [stderr]    Compiling inout v0.2.2
[INFO] [stderr]    Compiling synstructure v0.13.2
[INFO] [stderr]    Compiling zerovec-derive v0.11.3
[INFO] [stderr]    Compiling displaydoc v0.2.6
[INFO] [stderr]    Compiling serde_derive v1.0.228
[INFO] [stderr]    Compiling camino v1.2.3
[INFO] [stderr]    Compiling tracing-attributes v0.1.31
[INFO] [stderr]    Compiling thiserror-impl v2.0.18
[INFO] [stderr]    Compiling semver v1.0.28
[INFO] [stderr]    Compiling aho-corasick v1.1.4
[INFO] [stderr]    Compiling bumpalo v3.20.3
[INFO] [stderr]    Compiling cipher v0.5.2
[INFO] [stderr]    Compiling cpubits v0.1.1
[INFO] [stderr]    Compiling zlib-rs v0.6.4
[INFO] [stderr]    Compiling simd-adler32 v0.3.9
[INFO] [stderr]    Compiling libbz2-rs-sys v0.2.5
[INFO] [stderr]    Compiling ctutils v0.4.2
[INFO] [stderr]    Compiling time v0.3.51
[INFO] [stderr]    Compiling cc v1.2.65
[INFO] [stderr]    Compiling digest v0.11.3
[INFO] [stderr]    Compiling aes v0.9.1
[INFO] [stderr]    Compiling zopfli v0.8.3
[INFO] [stderr]    Compiling bzip2 v0.6.1
[INFO] [stderr]    Compiling serde_json v1.0.150
[INFO] [stderr]    Compiling sha2 v0.11.0
[INFO] [stderr]    Compiling hmac v0.13.0
[INFO] [stderr]    Compiling zerofrom-derive v0.1.7
[INFO] [stderr]    Compiling yoke-derive v0.8.2
[INFO] [stderr]    Compiling pbkdf2 v0.13.0
[INFO] [stderr]    Compiling digest-io v0.1.0
[INFO] [stderr]    Compiling sha1 v0.11.0
[INFO] [stderr]    Compiling bstr v1.12.1
[INFO] [stderr]    Compiling thiserror v2.0.18
[INFO] [stderr]    Compiling ppmd-rust v1.4.0
[INFO] [stderr]    Compiling tracing v0.1.44
[INFO] [stderr]    Compiling lzma-rust2 v0.16.4
[INFO] [stderr]    Compiling deflate64 v0.1.12
[INFO] [stderr]    Compiling typed-path v0.12.3
[INFO] [stderr]    Compiling regex-automata v0.4.14
[INFO] [stderr]    Compiling zerofrom v0.1.8
[INFO] [stderr]    Compiling tempfile v3.27.0
[INFO] [stderr]    Compiling yoke v0.8.3
[INFO] [stderr]    Compiling zstd-sys v2.0.16+zstd.1.5.7
[INFO] [stderr]    Compiling zerovec v0.11.6
[INFO] [stderr]    Compiling zerotrie v0.2.4
[INFO] [stderr]    Compiling blake3 v1.8.5
[INFO] [stderr]    Compiling tinystr v0.8.3
[INFO] [stderr]    Compiling potential_utf v0.1.5
[INFO] [stderr]    Compiling icu_locale_core v2.2.0
[INFO] [stderr]    Compiling icu_collections v2.2.0
[INFO] [stderr]    Compiling flate2 v1.1.9
[INFO] [stderr]    Compiling loadsmith-util v0.3.1
[INFO] [stderr]    Compiling serde v1.0.228
[INFO] [stderr]    Compiling icu_provider v2.2.0
[INFO] [stderr]    Compiling chrono v0.4.45
[INFO] [stderr]    Compiling icu_normalizer v2.2.0
[INFO] [stderr]    Compiling icu_properties v2.2.0
[INFO] [stderr]    Compiling globset v0.4.18
[INFO] [stderr]    Compiling idna_adapter v1.2.2
[INFO] [stderr]    Compiling idna v1.1.0
[INFO] [stderr]    Compiling url v2.5.8
[INFO] [stderr]    Compiling loadsmith-core v0.3.1
[INFO] [stderr]    Compiling zstd v0.13.3
[INFO] [stderr]    Compiling zip v8.6.0
[INFO] [stderr]    Compiling loadsmith-install v0.3.1 (/opt/rustwide/workdir)
[INFO] [stderr]     Finished `release` profile [optimized] target(s) in 1m 13s
[INFO] running `Command { std: "docker" "inspect" "13660adad9b5772cd0e2466bb9e6c8f21ba5e8f6e800c1d1734ddd2141e8f6a5", kill_on_drop: false }`
[INFO] running `Command { std: "docker" "exec" "-e" "SOURCE_DIR=/opt/rustwide/workdir" "-e" "CARGO_HOME=/opt/rustwide/cargo-home" "-e" "RUSTUP_HOME=/opt/rustwide/rustup-home" "-e" "CARGO_TARGET_DIR=/opt/rustwide/target" "-e" "CARGO_INCREMENTAL=0" "-e" "RUST_BACKTRACE=full" "-e" "RUSTFLAGS=--cap-lints=warn" "-e" "RUSTDOCFLAGS=--cap-lints=warn" "-w" "/opt/rustwide/workdir" "--user" "0:0" "13660adad9b5772cd0e2466bb9e6c8f21ba5e8f6e800c1d1734ddd2141e8f6a5" "/opt/rustwide/cargo-home/bin/cargo" "+1.99.0-beta.8" "test" "--frozen" "--no-run" "--message-format=json" "--release", kill_on_drop: false }`
[INFO] [stderr]    Compiling loadsmith-install v0.3.1 (/opt/rustwide/workdir)
[INFO] [stderr]     Finished `release` profile [optimized] target(s) in 1.88s
[INFO] running `Command { std: "docker" "inspect" "13660adad9b5772cd0e2466bb9e6c8f21ba5e8f6e800c1d1734ddd2141e8f6a5", kill_on_drop: false }`
[INFO] running `Command { std: "docker" "exec" "-e" "SOURCE_DIR=/opt/rustwide/workdir" "-e" "CARGO_HOME=/opt/rustwide/cargo-home" "-e" "RUSTUP_HOME=/opt/rustwide/rustup-home" "-e" "CARGO_TARGET_DIR=/opt/rustwide/target" "-e" "CARGO_INCREMENTAL=0" "-e" "RUST_BACKTRACE=full" "-e" "RUSTFLAGS=--cap-lints=warn" "-e" "RUSTDOCFLAGS=--cap-lints=warn" "-w" "/opt/rustwide/workdir" "--user" "0:0" "13660adad9b5772cd0e2466bb9e6c8f21ba5e8f6e800c1d1734ddd2141e8f6a5" "/opt/rustwide/cargo-home/bin/cargo" "+1.99.0-beta.8" "test" "--frozen" "--release", kill_on_drop: false }`
[INFO] [stderr]     Finished `release` profile [optimized] target(s) in 0.22s
[INFO] [stderr]      Running unittests src/lib.rs (/opt/rustwide/target/release/deps/loadsmith_install-5388d92961814655)
[INFO] [stdout] 
[INFO] [stdout] running 16 tests
[INFO] [stdout] test rule::glob::tests::map_file_strip_multiple ... ok
[INFO] [stdout] test rule::route::tests::map_file_empty ... ok
[INFO] [stdout] test rule::glob::tests::map_file_strip_top ... ok
[INFO] [stdout] test rule::route::tests::map_file_no_subdir_flatten ... ok
[INFO] [stdout] test rule::tests::ruleset_matches_path_over_extension ... ok
[INFO] [stdout] test rule::route::tests::matches_extension ... ok
[INFO] [stdout] test rule::route::tests::matches_path ... ok
[INFO] [stdout] test rule::glob::tests::map_file ... ok
[INFO] [stdout] test rule::route::tests::match_extension_with_dot ... ok
[INFO] [stdout] test rule::route::tests::new ... ok
[INFO] [stdout] test rule::route::tests::map_file_flatten ... ok
[INFO] [stdout] test rule::route::tests::defaults ... ok
[INFO] [stdout] test rule::route::tests::map_file_no_subdir_no_flatten ... ok
[INFO] [stderr]    Doc-tests loadsmith_install
[INFO] [stdout] test ops::extract::tests::simple_glob ... ok
[INFO] [stdout] test rule::route::tests::map_file ... ok
[INFO] [stdout] test rule::glob::tests::matches ... ok
[INFO] [stdout] 
[INFO] [stdout] test result: ok. 16 passed; 0 failed; 0 ignored; 0 measured; 0 filtered out; finished in 0.01s
[INFO] [stdout] 
[INFO] [stdout] 
[INFO] [stdout] running 11 tests
[INFO] [stdout] test src/rule/mod.rs - rule::InstallRuleset (line 43) ... ok
[INFO] [stdout] test src/ops/uninstall.rs - ops::uninstall::uninstall (line 15) - compile ... ok
[INFO] [stdout] test src/ops/extract.rs - ops::extract::extract (line 23) - compile ... ok
[INFO] [stdout] test src/ops/install.rs - ops::install::install (line 26) - compile ... ok
[INFO] [stdout] test src/lib.rs - (line 9) ... ok
[INFO] [stdout] test src/rule/mod.rs - rule::OwnedInstallRuleset (line 73) ... ok
[INFO] [stdout] test src/ops/install.rs - ops::install::ConflictStrategy (line 153) ... ok
[INFO] [stdout] test src/rule/mod.rs - rule::InstallRule (line 20) ... ok
[INFO] [stdout] test src/rule/glob.rs - rule::glob::GlobRule (line 15) ... ok
[INFO] [stdout] test src/error.rs - error::Error (line 7) ... ok
[INFO] [stdout] test src/rule/route.rs - rule::route::RouteRule (line 17) ... FAILED
[INFO] [stdout] 
[INFO] [stdout] failures:
[INFO] [stdout] 
[INFO] [stdout] ---- src/rule/route.rs - rule::route::RouteRule (line 17) stdout ----
[INFO] [stdout] Test executable failed (exit status: 101).
[INFO] [stdout] 
[INFO] [stdout] stderr:
[INFO] [stdout] 
[INFO] [stdout] thread 'main' (1580) panicked at /tmp/rustdoctestZqSXbI/doctest_bundle_2024.rs:178:1:
[INFO] [stdout] assertion failed: rule.matches_path("BepInEx\\plugins\\MyPlugin.dll")
[INFO] [stdout] stack backtrace:
[INFO] [stdout]    0:     0x5853cd7097d1 - std[70759c8f55707aa4]::backtrace_rs::backtrace::libunwind::trace
[INFO] [stdout]                                at /rustc/dfb0accb7f508ae8be965d8629557221c889dd98/library/std/src/../../backtrace/src/backtrace/libunwind.rs:117:9
[INFO] [stdout]    1:     0x5853cd7097d1 - std[70759c8f55707aa4]::backtrace_rs::backtrace::trace_unsynchronized::<std[70759c8f55707aa4]::sys::backtrace::_print_fmt::{closure#1}>
[INFO] [stdout]                                at /rustc/dfb0accb7f508ae8be965d8629557221c889dd98/library/std/src/../../backtrace/src/backtrace/mod.rs:66:14
[INFO] [stdout]    2:     0x5853cd7097d1 - std[70759c8f55707aa4]::sys::backtrace::_print_fmt
[INFO] [stdout]                                at /rustc/dfb0accb7f508ae8be965d8629557221c889dd98/library/std/src/sys/backtrace.rs:74:9
[INFO] [stdout]    3:     0x5853cd7097d1 - <<std[70759c8f55707aa4]::sys::backtrace::BacktraceLock>::print::DisplayBacktrace as core[df12db4294e9bfd3]::fmt::Display>::fmt
[INFO] [stdout]                                at /rustc/dfb0accb7f508ae8be965d8629557221c889dd98/library/std/src/sys/backtrace.rs:44:26
[INFO] [stdout]    4:     0x5853cd71f16a - <core[df12db4294e9bfd3]::fmt::rt::Argument>::fmt
[INFO] [stdout]                                at /rustc/dfb0accb7f508ae8be965d8629557221c889dd98/library/core/src/fmt/rt.rs:152:76
[INFO] [stdout]    5:     0x5853cd71f16a - core[df12db4294e9bfd3]::fmt::write
[INFO] [stdout]    6:     0x5853cd70eb9c - core[df12db4294e9bfd3]::io::write::default_write_fmt::<std[70759c8f55707aa4]::sys::stdio::unix::Stderr>
[INFO] [stdout]                                at /rustc/dfb0accb7f508ae8be965d8629557221c889dd98/library/core/src/io/write.rs:402:11
[INFO] [stdout]    7:     0x5853cd70eb9c - <std[70759c8f55707aa4]::sys::stdio::unix::Stderr as core[df12db4294e9bfd3]::io::write::Write>::write_fmt
[INFO] [stdout]                                at /rustc/dfb0accb7f508ae8be965d8629557221c889dd98/library/core/src/io/write.rs:335:13
[INFO] [stdout]    8:     0x5853cd6e58f6 - <std[70759c8f55707aa4]::sys::backtrace::BacktraceLock>::print
[INFO] [stdout]                                at /rustc/dfb0accb7f508ae8be965d8629557221c889dd98/library/std/src/sys/backtrace.rs:47:9
[INFO] [stdout]    9:     0x5853cd6e58f6 - std[70759c8f55707aa4]::panicking::default_hook::{closure#0}
[INFO] [stdout]                                at /rustc/dfb0accb7f508ae8be965d8629557221c889dd98/library/std/src/panicking.rs:292:27
[INFO] [stdout]   10:     0x5853cd701de1 - std[70759c8f55707aa4]::panicking::default_hook
[INFO] [stdout]                                at /rustc/dfb0accb7f508ae8be965d8629557221c889dd98/library/std/src/panicking.rs:319:9
[INFO] [stdout]   11:     0x5853cd701f9b - std[70759c8f55707aa4]::panicking::panic_with_hook
[INFO] [stdout]                                at /rustc/dfb0accb7f508ae8be965d8629557221c889dd98/library/std/src/panicking.rs:815:13
[INFO] [stdout]   12:     0x5853cd6e59d4 - std[70759c8f55707aa4]::panicking::panic_handler::{closure#0}
[INFO] [stdout]                                at /rustc/dfb0accb7f508ae8be965d8629557221c889dd98/library/std/src/panicking.rs:681:13
[INFO] [stdout]   13:     0x5853cd6de679 - std[70759c8f55707aa4]::sys::backtrace::__rust_end_short_backtrace::<std[70759c8f55707aa4]::panicking::panic_handler::{closure#0}, !>
[INFO] [stdout]                                at /rustc/dfb0accb7f508ae8be965d8629557221c889dd98/library/std/src/sys/backtrace.rs:182:18
[INFO] [stdout]   14:     0x5853cd6e671d - __rustc[8fa7c3cbc660c2b3]::rust_begin_unwind
[INFO] [stdout]                                at /rustc/dfb0accb7f508ae8be965d8629557221c889dd98/library/std/src/panicking.rs:679:5
[INFO] [stdout]   15:     0x5853cd71f9ec - core[df12db4294e9bfd3]::panicking::panic_fmt
[INFO] [stdout]                                at /rustc/dfb0accb7f508ae8be965d8629557221c889dd98/library/core/src/panicking.rs:80:14
[INFO] [stdout]   16:     0x5853cd71f9b2 - core[df12db4294e9bfd3]::panicking::panic
[INFO] [stdout]                                at /rustc/dfb0accb7f508ae8be965d8629557221c889dd98/library/core/src/panicking.rs:150:5
[INFO] [stdout]   17:     0x5853cd5cabf4 - doctest_bundle_2024[72c4b0461e1faad2]::__doctest_10::main
[INFO] [stdout]   18:     0x5853cd5cad86 - doctest_bundle_2024[72c4b0461e1faad2]::__doctest_10::__main_fn
[INFO] [stdout]   19:     0x5853cd5bcd61 - doctest_runner_2024[37d7b32fe5ed358d]::__doctest_10::TEST::{closure#0}
[INFO] [stdout]   20:     0x5853cd5c0b76 - <doctest_runner_2024[37d7b32fe5ed358d]::__doctest_10::TEST::{closure#0} as core[df12db4294e9bfd3]::ops::function::FnOnce<()>>::call_once
[INFO] [stdout]   21:     0x5853cd5bd4c5 - doctest_runner_2024[37d7b32fe5ed358d]::main
[INFO] [stdout]   22:     0x5853cd5c09c3 - <fn() -> std[70759c8f55707aa4]::process::ExitCode as core[df12db4294e9bfd3]::ops::function::FnOnce<()>>::call_once
[INFO] [stdout]   23:     0x5853cd5bc2e6 - std[70759c8f55707aa4]::sys::backtrace::__rust_begin_short_backtrace::<fn() -> std[70759c8f55707aa4]::process::ExitCode, std[70759c8f55707aa4]::process::ExitCode>
[INFO] [stdout]   24:     0x5853cd5bc789 - std[70759c8f55707aa4]::rt::lang_start::<std[70759c8f55707aa4]::process::ExitCode>::{closure#0}
[INFO] [stdout]   25:     0x5853cd700d69 - <&dyn core[df12db4294e9bfd3]::ops::function::Fn<(), Output = i32> + core[df12db4294e9bfd3]::panic::unwind_safe::RefUnwindSafe + core[df12db4294e9bfd3]::marker::Sync as core[df12db4294e9bfd3]::ops::function::FnOnce<()>>::call_once
[INFO] [stdout]                                at /rustc/dfb0accb7f508ae8be965d8629557221c889dd98/library/core/src/ops/function.rs:287:21
[INFO] [stdout]   26:     0x5853cd700d69 - std[70759c8f55707aa4]::panicking::catch_unwind::do_call::<&dyn core[df12db4294e9bfd3]::ops::function::Fn<(), Output = i32> + core[df12db4294e9bfd3]::panic::unwind_safe::RefUnwindSafe + core[df12db4294e9bfd3]::marker::Sync, i32>
[INFO] [stdout]                                at /rustc/dfb0accb7f508ae8be965d8629557221c889dd98/library/std/src/panicking.rs:576:43
[INFO] [stdout]   27:     0x5853cd700d69 - std[70759c8f55707aa4]::panicking::catch_unwind::<i32, &dyn core[df12db4294e9bfd3]::ops::function::Fn<(), Output = i32> + core[df12db4294e9bfd3]::panic::unwind_safe::RefUnwindSafe + core[df12db4294e9bfd3]::marker::Sync>
[INFO] [stdout]                                at /rustc/dfb0accb7f508ae8be965d8629557221c889dd98/library/std/src/panicking.rs:544:19
[INFO] [stdout]   28:     0x5853cd700d69 - std[70759c8f55707aa4]::panic::catch_unwind::<&dyn core[df12db4294e9bfd3]::ops::function::Fn<(), Output = i32> + core[df12db4294e9bfd3]::panic::unwind_safe::RefUnwindSafe + core[df12db4294e9bfd3]::marker::Sync, i32>
[INFO] [stdout]                                at /rustc/dfb0accb7f508ae8be965d8629557221c889dd98/library/std/src/panic.rs:359:14
[INFO] [stdout]   29:     0x5853cd700d69 - std[70759c8f55707aa4]::rt::lang_start_internal::{closure#0}
[INFO] [stdout]                                at /rustc/dfb0accb7f508ae8be965d8629557221c889dd98/library/std/src/rt.rs:175:24
[INFO] [stdout]   30:     0x5853cd700d69 - std[70759c8f55707aa4]::panicking::catch_unwind::do_call::<std[70759c8f55707aa4]::rt::lang_start_internal::{closure#0}, isize>
[INFO] [stdout]                                at /rustc/dfb0accb7f508ae8be965d8629557221c889dd98/library/std/src/panicking.rs:576:43
[INFO] [stdout]   31:     0x5853cd700d69 - std[70759c8f55707aa4]::panicking::catch_unwind::<isize, std[70759c8f55707aa4]::rt::lang_start_internal::{closure#0}>
[INFO] [stdout]                                at /rustc/dfb0accb7f508ae8be965d8629557221c889dd98/library/std/src/panicking.rs:544:19
[INFO] [stdout]   32:     0x5853cd700d69 - std[70759c8f55707aa4]::panic::catch_unwind::<std[70759c8f55707aa4]::rt::lang_start_internal::{closure#0}, isize>
[INFO] [stdout]                                at /rustc/dfb0accb7f508ae8be965d8629557221c889dd98/library/std/src/panic.rs:359:14
[INFO] [stdout]   33:     0x5853cd700d69 - std[70759c8f55707aa4]::rt::lang_start_internal
[INFO] [stdout]                                at /rustc/dfb0accb7f508ae8be965d8629557221c889dd98/library/std/src/rt.rs:171:5
[INFO] [stdout]   34:     0x5853cd5bb691 - std[70759c8f55707aa4]::rt::lang_start::<std[70759c8f55707aa4]::process::ExitCode>
[INFO] [stdout]   35:     0x5853cd5c0c55 - main
[INFO] [stdout]   36:     0x7ed01eee3601 - <unknown>
[INFO] [stdout]   37:     0x7ed01eee3718 - __libc_start_main
[INFO] [stdout]   38:     0x5853cd5ba7e5 - _start
[INFO] [stdout]   39:                0x0 - <unknown>
[INFO] [stdout] 
[INFO] [stdout] 
[INFO] [stdout] 
[INFO] [stdout] failures:
[INFO] [stdout]     src/rule/route.rs - rule::route::RouteRule (line 17)
[INFO] [stdout] 
[INFO] [stdout] test result: FAILED. 10 passed; 1 failed; 0 ignored; 0 measured; 0 filtered out; finished in 0.07s
[INFO] [stdout] 
[INFO] [stdout] all doctests ran in 1.23s; merged doctests compilation took 1.15s
[INFO] [stderr] error: doctest failed, to rerun pass `--doc`
[INFO] running `Command { std: "docker" "inspect" "13660adad9b5772cd0e2466bb9e6c8f21ba5e8f6e800c1d1734ddd2141e8f6a5", kill_on_drop: false }`
[INFO] running `Command { std: "docker" "rm" "-f" "13660adad9b5772cd0e2466bb9e6c8f21ba5e8f6e800c1d1734ddd2141e8f6a5", kill_on_drop: false }`
[INFO] [stdout] 13660adad9b5772cd0e2466bb9e6c8f21ba5e8f6e800c1d1734ddd2141e8f6a5
