[INFO] fetching crate loadr-config 1.0.0...
[INFO] testing loadr-config-1.0.0 against 1.99.0-beta.8+cargoflags=--release for beta-release-1.100-2
[INFO] extracting crate loadr-config 1.0.0 into /workspace/builds/worker-4-tc1/source
[INFO] started tweaking crates.io crate loadr-config 1.0.0
[INFO] removed 0 missing tests
[INFO] finished tweaking crates.io crate loadr-config 1.0.0
[INFO] tweaked toml for crates.io crate loadr-config 1.0.0 written to /workspace/builds/worker-4-tc1/source/Cargo.toml
[INFO] validating manifest of crates.io crate loadr-config 1.0.0 on toolchain 1.99.0-beta.8
[INFO] running `Command { std: CARGO_HOME="/workspace/cargo-home" RUSTUP_HOME="/workspace/rustup-home" "/workspace/cargo-home/bin/cargo" "+1.99.0-beta.8" "metadata" "--manifest-path" "Cargo.toml" "--no-deps", kill_on_drop: false }`
[INFO] crate crates.io crate loadr-config 1.0.0 already has a lockfile, it will not be regenerated
[INFO] running `Command { std: CARGO_HOME="/workspace/cargo-home" RUSTUP_HOME="/workspace/rustup-home" "/workspace/cargo-home/bin/cargo" "+1.99.0-beta.8" "fetch" "--manifest-path" "Cargo.toml", kill_on_drop: false }`
[INFO] [stderr]     Blocking waiting for file lock on package cache
[INFO] [stderr]     Blocking waiting for file lock on package cache
[INFO] running `Command { std: "docker" "create" "-v" "/var/lib/crater-agent-workspace/builds/worker-4-tc1/source:/opt/rustwide/workdir:ro,Z" "-v" "/var/lib/crater-agent-workspace/builds/worker-4-tc1/target:/opt/rustwide/target:rw,Z" "-v" "/var/lib/crater-agent-workspace/cargo-home:/opt/rustwide/cargo-home:ro,Z" "-v" "/var/lib/crater-agent-workspace/rustup-home:/opt/rustwide/rustup-home:ro,Z" "-m" "1610612736" "--network" "none" "ghcr.io/rust-lang/crates-build-env/linux@sha256:77db811e55d90add9212f6832c23229e3de5f1c1f9905e8cb07319ea15df73ac" "sleep" "infinity", kill_on_drop: false }`
[INFO] [stdout] a0ec05ed6bdaa42ea28bc7f1da8ddd82e8c11cf119e1518dcd02762aea3bc3d8
[INFO] running `Command { std: "docker" "start" "a0ec05ed6bdaa42ea28bc7f1da8ddd82e8c11cf119e1518dcd02762aea3bc3d8", kill_on_drop: false }`
[INFO] running `Command { std: "docker" "inspect" "a0ec05ed6bdaa42ea28bc7f1da8ddd82e8c11cf119e1518dcd02762aea3bc3d8", kill_on_drop: false }`
[INFO] running `Command { std: "docker" "exec" "-e" "SOURCE_DIR=/opt/rustwide/workdir" "-e" "CARGO_HOME=/opt/rustwide/cargo-home" "-e" "RUSTUP_HOME=/opt/rustwide/rustup-home" "-e" "CARGO_TARGET_DIR=/opt/rustwide/target" "-w" "/opt/rustwide/workdir" "--user" "0:0" "a0ec05ed6bdaa42ea28bc7f1da8ddd82e8c11cf119e1518dcd02762aea3bc3d8" "/opt/rustwide/cargo-home/bin/cargo" "+1.99.0-beta.8" "metadata" "--no-deps" "--format-version=1", kill_on_drop: false }`
[INFO] running `Command { std: "docker" "inspect" "a0ec05ed6bdaa42ea28bc7f1da8ddd82e8c11cf119e1518dcd02762aea3bc3d8", kill_on_drop: false }`
[INFO] running `Command { std: "docker" "exec" "-e" "SOURCE_DIR=/opt/rustwide/workdir" "-e" "CARGO_HOME=/opt/rustwide/cargo-home" "-e" "RUSTUP_HOME=/opt/rustwide/rustup-home" "-e" "CARGO_TARGET_DIR=/opt/rustwide/target" "-e" "CARGO_INCREMENTAL=0" "-e" "RUST_BACKTRACE=full" "-e" "RUSTFLAGS=--cap-lints=warn" "-e" "RUSTDOCFLAGS=--cap-lints=warn" "-w" "/opt/rustwide/workdir" "--user" "0:0" "a0ec05ed6bdaa42ea28bc7f1da8ddd82e8c11cf119e1518dcd02762aea3bc3d8" "/opt/rustwide/cargo-home/bin/cargo" "+1.99.0-beta.8" "build" "--frozen" "--message-format=json" "--release", kill_on_drop: false }`
[INFO] [stderr]    Compiling zerofrom v0.1.8
[INFO] [stderr]    Compiling displaydoc v0.2.6
[INFO] [stderr]    Compiling serde_json v1.0.150
[INFO] [stderr]    Compiling thiserror-impl v2.0.18
[INFO] [stderr]    Compiling smallvec v1.15.2
[INFO] [stderr]    Compiling ref-cast-impl v1.0.25
[INFO] [stderr]    Compiling serde_json_path_macros_internal v0.1.2
[INFO] [stderr]    Compiling serde_derive_internals v0.29.1
[INFO] [stderr]    Compiling serde v1.0.228
[INFO] [stderr]    Compiling regex-automata v0.4.14
[INFO] [stderr]    Compiling indexmap v2.14.0
[INFO] [stderr]    Compiling tracing-attributes v0.1.31
[INFO] [stderr]    Compiling nom v7.1.3
[INFO] [stderr]    Compiling dyn-clone v1.0.20
[INFO] [stderr]    Compiling serde_path_to_error v0.1.20
[INFO] [stderr]    Compiling humantime v2.3.0
[INFO] [stderr]    Compiling yoke v0.8.3
[INFO] [stderr]    Compiling zerovec v0.11.6
[INFO] [stderr]    Compiling ref-cast v1.0.25
[INFO] [stderr]    Compiling zerotrie v0.2.4
[INFO] [stderr]    Compiling tinystr v0.8.3
[INFO] [stderr]    Compiling potential_utf v0.1.5
[INFO] [stderr]    Compiling schemars_derive v1.2.1
[INFO] [stderr]    Compiling icu_collections v2.2.0
[INFO] [stderr]    Compiling icu_locale_core v2.2.0
[INFO] [stderr]    Compiling tracing v0.1.44
[INFO] [stderr]    Compiling thiserror v2.0.18
[INFO] [stderr]    Compiling serde_json_path_core v0.2.2
[INFO] [stderr]    Compiling serde_yaml v0.9.34+deprecated
[INFO] [stderr]    Compiling serde_json_path_macros v0.1.6
[INFO] [stderr]    Compiling schemars v1.2.1
[INFO] [stderr]    Compiling icu_provider v2.2.0
[INFO] [stderr]    Compiling icu_normalizer v2.2.0
[INFO] [stderr]    Compiling icu_properties v2.2.0
[INFO] [stderr]    Compiling regex v1.12.4
[INFO] [stderr]    Compiling serde_json_path v0.7.2
[INFO] [stderr]    Compiling idna_adapter v1.2.2
[INFO] [stderr]    Compiling idna v1.1.0
[INFO] [stderr]    Compiling url v2.5.8
[INFO] [stderr]    Compiling loadr-config v1.0.0 (/opt/rustwide/workdir)
[INFO] [stderr]     Finished `release` profile [optimized] target(s) in 33.79s
[INFO] running `Command { std: "docker" "inspect" "a0ec05ed6bdaa42ea28bc7f1da8ddd82e8c11cf119e1518dcd02762aea3bc3d8", kill_on_drop: false }`
[INFO] running `Command { std: "docker" "exec" "-e" "SOURCE_DIR=/opt/rustwide/workdir" "-e" "CARGO_HOME=/opt/rustwide/cargo-home" "-e" "RUSTUP_HOME=/opt/rustwide/rustup-home" "-e" "CARGO_TARGET_DIR=/opt/rustwide/target" "-e" "CARGO_INCREMENTAL=0" "-e" "RUST_BACKTRACE=full" "-e" "RUSTFLAGS=--cap-lints=warn" "-e" "RUSTDOCFLAGS=--cap-lints=warn" "-w" "/opt/rustwide/workdir" "--user" "0:0" "a0ec05ed6bdaa42ea28bc7f1da8ddd82e8c11cf119e1518dcd02762aea3bc3d8" "/opt/rustwide/cargo-home/bin/cargo" "+1.99.0-beta.8" "test" "--frozen" "--no-run" "--message-format=json" "--release", kill_on_drop: false }`
[INFO] [stderr]    Compiling libc v0.2.186
[INFO] [stderr]    Compiling getrandom v0.4.2
[INFO] [stderr]    Compiling tempfile v3.27.0
[INFO] [stderr]    Compiling loadr-config v1.0.0 (/opt/rustwide/workdir)
[INFO] [stderr]     Finished `release` profile [optimized] target(s) in 24.14s
[INFO] running `Command { std: "docker" "inspect" "a0ec05ed6bdaa42ea28bc7f1da8ddd82e8c11cf119e1518dcd02762aea3bc3d8", kill_on_drop: false }`
[INFO] running `Command { std: "docker" "exec" "-e" "SOURCE_DIR=/opt/rustwide/workdir" "-e" "CARGO_HOME=/opt/rustwide/cargo-home" "-e" "RUSTUP_HOME=/opt/rustwide/rustup-home" "-e" "CARGO_TARGET_DIR=/opt/rustwide/target" "-e" "CARGO_INCREMENTAL=0" "-e" "RUST_BACKTRACE=full" "-e" "RUSTFLAGS=--cap-lints=warn" "-e" "RUSTDOCFLAGS=--cap-lints=warn" "-w" "/opt/rustwide/workdir" "--user" "0:0" "a0ec05ed6bdaa42ea28bc7f1da8ddd82e8c11cf119e1518dcd02762aea3bc3d8" "/opt/rustwide/cargo-home/bin/cargo" "+1.99.0-beta.8" "test" "--frozen" "--release", kill_on_drop: false }`
[INFO] [stderr]     Finished `release` profile [optimized] target(s) in 0.11s
[INFO] [stderr]      Running unittests src/lib.rs (/opt/rustwide/target/release/deps/loadr_config-d1f3015f7eb98ce4)
[INFO] [stdout] 
[INFO] [stdout] running 48 tests
[INFO] [stdout] test diagnostics::tests::diagnostic_display ... ok
[INFO] [stdout] test diagnostics::tests::did_you_mean_suggests_close_match ... ok
[INFO] [stdout] test diagnostics::tests::lookup_falls_back_to_prefix ... ok
[INFO] [stdout] test diagnostics::tests::lookup_nested_keys ... ok
[INFO] [stdout] test diagnostics::tests::lookup_sequence_items ... ok
[INFO] [stdout] test duration::tests::parses_humantime_strings ... ok
[INFO] [stdout] test duration::tests::rejects_garbage ... ok
[INFO] [stdout] test duration::tests::parses_bare_numbers_as_seconds ... ok
[INFO] [stdout] test duration::tests::yaml_round_trip ... ok
[INFO] [stdout] test merge::tests::sequences_are_replaced_not_merged ... ok
[INFO] [stdout] test merge::tests::unknown_env_reports_available ... ok
[INFO] [stdout] test plan::tests::condition_display_names ... ok
[INFO] [stdout] test merge::tests::merges_nested_mappings ... ok
[INFO] [stdout] test plan::tests::executor_validation_errors ... ok
[INFO] [stdout] test plan::tests::rate_normalized_by_time_unit ... ok
[INFO] [stdout] test plan::tests::unknown_field_rejected ... ok
[INFO] [stdout] test template::tests::empty_is_error ... ok
[INFO] [stdout] test template::tests::escaped_dollar ... ok
[INFO] [stdout] test template::tests::json_value_rendering_preserves_types ... ok
[INFO] [stdout] test template::tests::literal_only ... ok
[INFO] [stdout] test template::tests::multibyte_literals ... ok
[INFO] [stdout] test template::tests::nested_braces ... ok
[INFO] [stdout] test template::tests::simple_expression ... ok
[INFO] [stdout] test template::tests::unresolved_is_error ... ok
[INFO] [stdout] test template::tests::unterminated_is_error ... ok
[INFO] [stdout] test tests::invalid_plan_fails_when_denying_errors ... ok
[INFO] [stdout] test tests::load_str_happy_path ... ok
[INFO] [stdout] test plan::tests::full_plan_round_trips ... ok
[INFO] [stdout] test tests::type_error_carries_path ... ok
[INFO] [stdout] test tests::env_override_applied ... ok
[INFO] [stdout] test tests::unknown_field_gets_suggestion_and_location ... ok
[INFO] [stdout] test threshold::tests::error_cases ... ok
[INFO] [stdout] test threshold::tests::parses_all_aggs ... ok
[INFO] [stdout] test threshold::tests::op_eval ... ok
[INFO] [stdout] test threshold::tests::parses_percentiles ... ok
[INFO] [stdout] test threshold::tests::selector_with_tags ... ok
[INFO] [stdout] test threshold::tests::selector_plain ... ok
[INFO] [stdout] test validate::tests::bad_threshold_expression ... ok
[INFO] [stdout] test validate::tests::bad_regex_extractor_reported ... ok
[INFO] [stdout] test validate::tests::missing_executor_field_is_located ... ok
[INFO] [stdout] test validate::tests::unknown_threshold_metric_warns_with_suggestion ... ok
[INFO] [stdout] test threshold::tests::duration_bounds_become_millis ... ok
[INFO] [stdout] test validate::tests::missing_data_file_with_check_enabled ... ok
[INFO] [stdout] test validate::tests::empty_plan_needs_scenarios ... ok
[INFO] [stdout] test validate::tests::valid_plan_has_no_errors ... ok
[INFO] [stdout] test validate::tests::undefined_var_suggests_close_match ... ok
[INFO] [stdout] test validate::tests::extracted_names_count_as_declared ... ok
[INFO] [stdout] test tests::schema_generates ... ok
[INFO] [stdout] 
[INFO] [stdout] test result: ok. 48 passed; 0 failed; 0 ignored; 0 measured; 0 filtered out; finished in 0.01s
[INFO] [stdout] 
[INFO] [stderr]      Running tests/examples.rs (/opt/rustwide/target/release/deps/examples-db76afd5dc999515)
[INFO] [stdout] 
[INFO] [stdout] running 1 test
[INFO] [stdout] test all_examples_validate ... FAILED
[INFO] [stdout] 
[INFO] [stdout] failures:
[INFO] [stdout] 
[INFO] [stdout] ---- all_examples_validate stdout ----
[INFO] [stdout] 
[INFO] [stdout] thread 'all_examples_validate' (1000) panicked at tests/examples.rs:10:10:
[INFO] [stdout] examples directory: Os { code: 2, kind: NotFound, message: "No such file or directory" }
[INFO] [stdout] stack backtrace:
[INFO] [stdout]    0:     0x5ccade63b5f1 - <<std[70759c8f55707aa4]::sys::backtrace::BacktraceLock>::print::DisplayBacktrace as core[df12db4294e9bfd3]::fmt::Display>::fmt
[INFO] [stdout]    1:     0x5ccade6521aa - core[df12db4294e9bfd3]::fmt::write
[INFO] [stdout]    2:     0x5ccade63fd7c - <alloc[2182bb758b4b3781]::vec::Vec<u8> as core[df12db4294e9bfd3]::io::write::Write>::write_fmt
[INFO] [stdout]    3:     0x5ccade617196 - std[70759c8f55707aa4]::panicking::default_hook::{closure#0}
[INFO] [stdout]    4:     0x5ccade633719 - std[70759c8f55707aa4]::panicking::default_hook
[INFO] [stdout]    5:     0x5ccade3d8020 - test[9d35eded1c95d3be]::test_main_inner::<test[9d35eded1c95d3be]::test_main_static::{closure#0}>::{closure#0}
[INFO] [stdout]    6:     0x5ccade6338d2 - std[70759c8f55707aa4]::panicking::panic_with_hook
[INFO] [stdout]    7:     0x5ccade617242 - std[70759c8f55707aa4]::panicking::panic_handler::{closure#0}
[INFO] [stdout]    8:     0x5ccade60fd99 - std[70759c8f55707aa4]::sys::backtrace::__rust_end_short_backtrace::<std[70759c8f55707aa4]::panicking::panic_handler::{closure#0}, !>
[INFO] [stdout]    9:     0x5ccade617e3d - __rustc[8fa7c3cbc660c2b3]::rust_begin_unwind
[INFO] [stdout]   10:     0x5ccade65298c - core[df12db4294e9bfd3]::panicking::panic_fmt
[INFO] [stdout]   11:     0x5ccade652762 - core[df12db4294e9bfd3]::result::unwrap_failed
[INFO] [stdout]   12:     0x5ccade3caff4 - <examples[eb811144edc3bf46]::all_examples_validate::{closure#0} as core[df12db4294e9bfd3]::ops::function::FnOnce<()>>::call_once
[INFO] [stdout]   13:     0x5ccade3cb30b - test[9d35eded1c95d3be]::__rust_begin_short_backtrace::<core[df12db4294e9bfd3]::result::Result<(), alloc[2182bb758b4b3781]::string::String>, fn() -> core[df12db4294e9bfd3]::result::Result<(), alloc[2182bb758b4b3781]::string::String>>
[INFO] [stdout]   14:     0x5ccade3d8975 - test[9d35eded1c95d3be]::run_test::{closure#0}
[INFO] [stdout]   15:     0x5ccade3d2234 - std[70759c8f55707aa4]::sys::backtrace::__rust_begin_short_backtrace::<test[9d35eded1c95d3be]::run_test::{closure#1}, ()>
[INFO] [stdout]   16:     0x5ccade3dbad2 - <std[70759c8f55707aa4]::thread::lifecycle::spawn_unchecked<test[9d35eded1c95d3be]::run_test::{closure#1}, ()>::{closure#1} as core[df12db4294e9bfd3]::ops::function::FnOnce<()>>::call_once::{shim:vtable#0}
[INFO] [stdout]   17:     0x5ccade63ab59 - <std[70759c8f55707aa4]::sys::thread::unix::Thread>::new::thread_start
[INFO] [stdout]   18:     0x75705d041dfa - <unknown>
[INFO] [stdout]   19:     0x75705d0d53d4 - clone
[INFO] [stdout]   20:                0x0 - <unknown>
[INFO] [stdout] 
[INFO] [stdout] 
[INFO] [stdout] failures:
[INFO] [stdout]     all_examples_validate
[INFO] [stdout] 
[INFO] [stdout] test result: FAILED. 0 passed; 1 failed; 0 ignored; 0 measured; 0 filtered out; finished in 0.00s
[INFO] [stdout] 
[INFO] [stderr] error: test failed, to rerun pass `--test examples`
[INFO] running `Command { std: "docker" "inspect" "a0ec05ed6bdaa42ea28bc7f1da8ddd82e8c11cf119e1518dcd02762aea3bc3d8", kill_on_drop: false }`
[INFO] running `Command { std: "docker" "rm" "-f" "a0ec05ed6bdaa42ea28bc7f1da8ddd82e8c11cf119e1518dcd02762aea3bc3d8", kill_on_drop: false }`
[INFO] [stdout] a0ec05ed6bdaa42ea28bc7f1da8ddd82e8c11cf119e1518dcd02762aea3bc3d8
