[INFO] fetching crate lnk-thrussh 0.33.5...
[INFO] testing lnk-thrussh-0.33.5 against 1.99.0-beta.8+cargoflags=--release for beta-release-1.100-2
[INFO] extracting crate lnk-thrussh 0.33.5 into /workspace/builds/worker-7-tc1/source
[INFO] started tweaking crates.io crate lnk-thrussh 0.33.5
[INFO] finished tweaking crates.io crate lnk-thrussh 0.33.5
[INFO] tweaked toml for crates.io crate lnk-thrussh 0.33.5 written to /workspace/builds/worker-7-tc1/source/Cargo.toml
[INFO] validating manifest of crates.io crate lnk-thrussh 0.33.5 on toolchain 1.99.0-beta.8
[INFO] running `Command { std: CARGO_HOME="/workspace/cargo-home" RUSTUP_HOME="/workspace/rustup-home" "/workspace/cargo-home/bin/cargo" "+1.99.0-beta.8" "metadata" "--manifest-path" "Cargo.toml" "--no-deps", kill_on_drop: false }`
[INFO] crate crates.io crate lnk-thrussh 0.33.5 already has a lockfile, it will not be regenerated
[INFO] running `Command { std: CARGO_HOME="/workspace/cargo-home" RUSTUP_HOME="/workspace/rustup-home" "/workspace/cargo-home/bin/cargo" "+1.99.0-beta.8" "fetch" "--manifest-path" "Cargo.toml", kill_on_drop: false }`
[INFO] [stderr]     Updating crates.io index
[INFO] [stderr]  Downloading crates ...
[INFO] [stderr]   Downloaded thiserror v1.0.30
[INFO] [stderr]   Downloaded generic-array v0.14.5
[INFO] [stderr]   Downloaded thiserror-impl v1.0.30
[INFO] [stderr]   Downloaded lnk-thrussh-libsodium v0.2.1
[INFO] [stderr]   Downloaded lnk-thrussh-keys v0.21.0
[INFO] [stderr]   Downloaded lnk-thrussh-agent v0.1.0
[INFO] [stderr]   Downloaded futures-macro v0.3.21
[INFO] [stderr]   Downloaded bcrypt-pbkdf v0.6.2
[INFO] [stderr]   Downloaded lnk-thrussh-encoding v0.1.0
[INFO] [stderr]   Downloaded futures v0.3.21
[INFO] [stderr]   Downloaded futures-io v0.3.21
[INFO] [stderr]   Downloaded async-trait v0.1.52
[INFO] [stderr]   Downloaded blowfish v0.8.0
[INFO] [stderr]   Downloaded lnk-cryptovec v0.6.1
[INFO] [stderr]   Downloaded base64ct v1.3.3
[INFO] [stderr]   Downloaded futures-executor v0.3.21
[INFO] [stderr]   Downloaded tokio-stream v0.1.8
[INFO] [stderr]   Downloaded data-encoding v2.3.2
[INFO] running `Command { std: "docker" "create" "-v" "/var/lib/crater-agent-workspace/builds/worker-7-tc1/source:/opt/rustwide/workdir:ro,Z" "-v" "/var/lib/crater-agent-workspace/builds/worker-7-tc1/target:/opt/rustwide/target:rw,Z" "-v" "/var/lib/crater-agent-workspace/cargo-home:/opt/rustwide/cargo-home:ro,Z" "-v" "/var/lib/crater-agent-workspace/rustup-home:/opt/rustwide/rustup-home:ro,Z" "-m" "1610612736" "--network" "none" "ghcr.io/rust-lang/crates-build-env/linux@sha256:77db811e55d90add9212f6832c23229e3de5f1c1f9905e8cb07319ea15df73ac" "sleep" "infinity", kill_on_drop: false }`
[INFO] [stdout] 213f8595aac4ff0d86a3beb92585e4177e7e362968b8ba397b87ab8f2c06cdd2
[INFO] running `Command { std: "docker" "start" "213f8595aac4ff0d86a3beb92585e4177e7e362968b8ba397b87ab8f2c06cdd2", kill_on_drop: false }`
[INFO] running `Command { std: "docker" "inspect" "213f8595aac4ff0d86a3beb92585e4177e7e362968b8ba397b87ab8f2c06cdd2", kill_on_drop: false }`
[INFO] running `Command { std: "docker" "exec" "-e" "SOURCE_DIR=/opt/rustwide/workdir" "-e" "CARGO_HOME=/opt/rustwide/cargo-home" "-e" "RUSTUP_HOME=/opt/rustwide/rustup-home" "-e" "CARGO_TARGET_DIR=/opt/rustwide/target" "-w" "/opt/rustwide/workdir" "--user" "0:0" "213f8595aac4ff0d86a3beb92585e4177e7e362968b8ba397b87ab8f2c06cdd2" "/opt/rustwide/cargo-home/bin/cargo" "+1.99.0-beta.8" "metadata" "--no-deps" "--format-version=1", kill_on_drop: false }`
[INFO] running `Command { std: "docker" "inspect" "213f8595aac4ff0d86a3beb92585e4177e7e362968b8ba397b87ab8f2c06cdd2", kill_on_drop: false }`
[INFO] running `Command { std: "docker" "exec" "-e" "SOURCE_DIR=/opt/rustwide/workdir" "-e" "CARGO_HOME=/opt/rustwide/cargo-home" "-e" "RUSTUP_HOME=/opt/rustwide/rustup-home" "-e" "CARGO_TARGET_DIR=/opt/rustwide/target" "-e" "CARGO_INCREMENTAL=0" "-e" "RUST_BACKTRACE=full" "-e" "RUSTFLAGS=--cap-lints=warn" "-e" "RUSTDOCFLAGS=--cap-lints=warn" "-w" "/opt/rustwide/workdir" "--user" "0:0" "213f8595aac4ff0d86a3beb92585e4177e7e362968b8ba397b87ab8f2c06cdd2" "/opt/rustwide/cargo-home/bin/cargo" "+1.99.0-beta.8" "build" "--frozen" "--message-format=json" "--release", kill_on_drop: false }`
[INFO] [stderr]    Compiling libc v0.2.119
[INFO] [stderr]    Compiling proc-macro2 v1.0.36
[INFO] [stderr]    Compiling unicode-xid v0.2.2
[INFO] [stderr]    Compiling syn v1.0.86
[INFO] [stderr]    Compiling generic-array v0.14.5
[INFO] [stderr]    Compiling memchr v2.4.1
[INFO] [stderr]    Compiling futures-core v0.3.21
[INFO] [stderr]    Compiling log v0.4.14
[INFO] [stderr]    Compiling futures-task v0.3.21
[INFO] [stderr]    Compiling futures-channel v0.3.21
[INFO] [stderr]    Compiling pin-project-lite v0.2.8
[INFO] [stderr]    Compiling num-traits v0.2.14
[INFO] [stderr]    Compiling opaque-debug v0.3.0
[INFO] [stderr]    Compiling futures-sink v0.3.21
[INFO] [stderr]    Compiling futures-util v0.3.21
[INFO] [stderr]    Compiling winapi v0.3.9
[INFO] [stderr]    Compiling subtle v2.4.1
[INFO] [stderr]    Compiling walkdir v2.3.2
[INFO] [stderr]    Compiling cipher v0.3.0
[INFO] [stderr]    Compiling getrandom v0.2.5
[INFO] [stderr]    Compiling digest v0.9.0
[INFO] [stderr]    Compiling num-integer v0.1.44
[INFO] [stderr]    Compiling cc v1.0.73
[INFO] [stderr]    Compiling futures-io v0.3.21
[INFO] [stderr]    Compiling quote v1.0.15
[INFO] [stderr]    Compiling pkg-config v0.3.24
[INFO] [stderr]    Compiling cpufeatures v0.2.1
[INFO] [stderr]    Compiling rand_core v0.6.3
[INFO] [stderr]    Compiling slab v0.4.5
[INFO] [stderr]    Compiling mio v0.8.0
[INFO] [stderr]    Compiling socket2 v0.4.4
[INFO] [stderr]    Compiling num_cpus v1.13.1
[INFO] [stderr]    Compiling signal-hook-registry v1.4.0
[INFO] [stderr]    Compiling block-buffer v0.9.0
[INFO] [stderr]    Compiling crypto-mac v0.11.1
[INFO] [stderr]    Compiling once_cell v1.10.0
[INFO] [stderr]    Compiling libsodium-sys v0.2.7
[INFO] [stderr]    Compiling async-trait v0.1.52
[INFO] [stderr]    Compiling bytes v1.1.0
[INFO] [stderr]    Compiling base64ct v1.3.3
[INFO] [stderr]    Compiling hmac v0.11.0
[INFO] [stderr]    Compiling sha2 v0.9.9
[INFO] [stderr]    Compiling lnk-cryptovec v0.6.1
[INFO] [stderr]    Compiling password-hash v0.2.3
[INFO] [stderr]    Compiling miniz_oxide v0.4.4
[INFO] [stderr]    Compiling ppv-lite86 v0.2.16
[INFO] [stderr]    Compiling serde_derive v1.0.136
[INFO] [stderr]    Compiling serde v1.0.136
[INFO] [stderr]    Compiling pbkdf2 v0.8.0
[INFO] [stderr]    Compiling rand_chacha v0.3.1
[INFO] [stderr]    Compiling blowfish v0.8.0
[INFO] [stderr]    Compiling ctr v0.8.0
[INFO] [stderr]    Compiling dirs-sys v0.3.6
[INFO] [stderr]    Compiling data-encoding v2.3.2
[INFO] [stderr]    Compiling num-bigint v0.4.3
[INFO] [stderr]    Compiling zeroize v1.3.0
[INFO] [stderr]    Compiling dirs v3.0.2
[INFO] [stderr]    Compiling bcrypt-pbkdf v0.6.2
[INFO] [stderr]    Compiling aes v0.7.5
[INFO] [stderr]    Compiling block-modes v0.8.1
[INFO] [stderr]    Compiling rand v0.8.5
[INFO] [stderr]    Compiling flate2 v1.0.22
[INFO] [stderr]    Compiling yasna v0.4.0
[INFO] [stderr]    Compiling futures-macro v0.3.21
[INFO] [stderr]    Compiling tokio-macros v1.7.0
[INFO] [stderr]    Compiling thiserror-impl v1.0.30
[INFO] [stderr]    Compiling tokio v1.17.0
[INFO] [stderr]    Compiling thiserror v1.0.30
[INFO] [stderr]    Compiling lnk-thrussh-encoding v0.1.0
[INFO] [stderr]    Compiling futures-executor v0.3.21
[INFO] [stderr]    Compiling futures v0.3.21
[INFO] [stderr]    Compiling lnk-thrussh-agent v0.1.0
[INFO] [stderr]    Compiling tokio-stream v0.1.8
[INFO] [stderr]    Compiling lnk-thrussh-libsodium v0.2.1
[INFO] [stderr]    Compiling lnk-thrussh-keys v0.21.0
[INFO] [stderr]    Compiling lnk-thrussh v0.33.5 (/opt/rustwide/workdir)
[INFO] [stdout] warning: unused import: `self::kex::*`
[INFO] [stdout]   --> src/server/mod.rs:33:9
[INFO] [stdout]    |
[INFO] [stdout] 33 | pub use self::kex::*;
[INFO] [stdout]    |         ^^^^^^^^^^^^
[INFO] [stdout]    |
[INFO] [stdout]    = note: `#[warn(unused_imports)]` (part of `#[warn(unused)]`) on by default
[INFO] [stdout] 
[INFO] [stdout] 
[INFO] [stdout] warning: unused import: `super::super::*`
[INFO] [stdout]   --> src/server/encrypted.rs:15:5
[INFO] [stdout]    |
[INFO] [stdout] 15 | use super::super::*;
[INFO] [stdout]    |     ^^^^^^^^^^^^^^^
[INFO] [stdout] 
[INFO] [stdout] 
[INFO] [stdout] warning: use of deprecated constant `std::u32::MAX`: replaced by the `MAX` associated constant on this type
[INFO] [stdout]    --> src/cipher/mod.rs:170:44
[INFO] [stdout]     |
[INFO] [stdout] 170 |         assert!(packet_length <= std::u32::MAX as usize);
[INFO] [stdout]     |                                            ^^^
[INFO] [stdout]     |
[INFO] [stdout]     = note: `#[warn(deprecated)]` on by default
[INFO] [stdout] 
[INFO] [stdout] 
[INFO] [stdout] warning: use of deprecated constant `std::u8::MAX`: replaced by the `MAX` associated constant on this type
[INFO] [stdout]    --> src/cipher/mod.rs:173:44
[INFO] [stdout]     |
[INFO] [stdout] 173 |         assert!(padding_length <= std::u8::MAX as usize);
[INFO] [stdout]     |                                            ^^^
[INFO] [stdout] 
[INFO] [stdout] 
[INFO] [stdout] warning: variable does not need to be mutable
[INFO] [stdout]   --> src/server/encrypted.rs:41:13
[INFO] [stdout]    |
[INFO] [stdout] 41 |         let mut enc = self.common.encrypted.as_mut().unwrap();
[INFO] [stdout]    |             ----^^^
[INFO] [stdout]    |             |
[INFO] [stdout]    |             help: remove this `mut`
[INFO] [stdout]    |
[INFO] [stdout]    = note: `#[warn(unused_mut)]` (part of `#[warn(unused)]`) on by default
[INFO] [stdout] 
[INFO] [stdout] 
[INFO] [stdout] warning: variable does not need to be mutable
[INFO] [stdout]    --> src/server/encrypted.rs:122:13
[INFO] [stdout]     |
[INFO] [stdout] 122 |         let mut enc = self.common.encrypted.as_mut().unwrap();
[INFO] [stdout]     |             ----^^^
[INFO] [stdout]     |             |
[INFO] [stdout]     |             help: remove this `mut`
[INFO] [stdout] 
[INFO] [stdout] 
[INFO] [stdout] warning: fields `key` and `algo` are never read
[INFO] [stdout]    --> src/auth.rs:143:9
[INFO] [stdout]     |
[INFO] [stdout] 142 |     PublicKey {
[INFO] [stdout]     |     --------- fields in this variant
[INFO] [stdout] 143 |         key: CryptoVec,
[INFO] [stdout]     |         ^^^
[INFO] [stdout] 144 |         algo: CryptoVec,
[INFO] [stdout]     |         ^^^^
[INFO] [stdout]     |
[INFO] [stdout]     = note: `CurrentRequest` has a derived impl for the trait `Debug`, but this is intentionally ignored during dead code analysis
[INFO] [stdout]     = note: `#[warn(dead_code)]` (part of `#[warn(unused)]`) on by default
[INFO] [stdout] 
[INFO] [stdout] 
[INFO] [stdout] warning: field `name` is never read
[INFO] [stdout]   --> src/cipher/mod.rs:24:9
[INFO] [stdout]    |
[INFO] [stdout] 23 | pub struct Cipher {
[INFO] [stdout]    |            ------ field in this struct
[INFO] [stdout] 24 |     pub name: Name,
[INFO] [stdout]    |         ^^^^
[INFO] [stdout] 
[INFO] [stdout] 
[INFO] [stdout] warning: field `wants_reply` is never read
[INFO] [stdout]   --> src/session.rs:39:9
[INFO] [stdout]    |
[INFO] [stdout] 27 | pub(crate) struct Encrypted {
[INFO] [stdout]    |                   --------- field in this struct
[INFO] [stdout] ...
[INFO] [stdout] 39 |     pub wants_reply: bool,
[INFO] [stdout]    |         ^^^^^^^^^^^
[INFO] [stdout]    |
[INFO] [stdout]    = note: `Encrypted` has a derived impl for the trait `Debug`, but this is intentionally ignored during dead code analysis
[INFO] [stdout] 
[INFO] [stdout] 
[INFO] [stdout] warning: field `received` is never read
[INFO] [stdout]    --> src/session.rs:508:9
[INFO] [stdout]     |
[INFO] [stdout] 501 | pub struct NewKeys {
[INFO] [stdout]     |            ------- field in this struct
[INFO] [stdout] ...
[INFO] [stdout] 508 |     pub received: bool,
[INFO] [stdout]     |         ^^^^^^^^
[INFO] [stdout]     |
[INFO] [stdout]     = note: `NewKeys` has a derived impl for the trait `Debug`, but this is intentionally ignored during dead code analysis
[INFO] [stdout] 
[INFO] [stdout] 
[INFO] [stderr]     Finished `release` profile [optimized] target(s) in 3m 02s
[INFO] running `Command { std: "docker" "inspect" "213f8595aac4ff0d86a3beb92585e4177e7e362968b8ba397b87ab8f2c06cdd2", kill_on_drop: false }`
[INFO] running `Command { std: "docker" "exec" "-e" "SOURCE_DIR=/opt/rustwide/workdir" "-e" "CARGO_HOME=/opt/rustwide/cargo-home" "-e" "RUSTUP_HOME=/opt/rustwide/rustup-home" "-e" "CARGO_TARGET_DIR=/opt/rustwide/target" "-e" "CARGO_INCREMENTAL=0" "-e" "RUST_BACKTRACE=full" "-e" "RUSTFLAGS=--cap-lints=warn" "-e" "RUSTDOCFLAGS=--cap-lints=warn" "-w" "/opt/rustwide/workdir" "--user" "0:0" "213f8595aac4ff0d86a3beb92585e4177e7e362968b8ba397b87ab8f2c06cdd2" "/opt/rustwide/cargo-home/bin/cargo" "+1.99.0-beta.8" "test" "--frozen" "--no-run" "--message-format=json" "--release", kill_on_drop: false }`
[INFO] [stderr]    Compiling aho-corasick v0.7.18
[INFO] [stderr]    Compiling regex-syntax v0.6.25
[INFO] [stderr]    Compiling anyhow v1.0.55
[INFO] [stderr]    Compiling humantime v1.3.0
[INFO] [stderr]    Compiling atty v0.2.14
[INFO] [stderr]    Compiling termcolor v1.1.3
[INFO] [stdout] warning: unused import: `self::kex::*`
[INFO] [stdout]   --> src/server/mod.rs:33:9
[INFO] [stdout]    |
[INFO] [stdout] 33 | pub use self::kex::*;
[INFO] [stdout]    |         ^^^^^^^^^^^^
[INFO] [stdout]    |
[INFO] [stdout]    = note: `#[warn(unused_imports)]` (part of `#[warn(unused)]`) on by default
[INFO] [stdout] 
[INFO] [stdout] 
[INFO] [stdout] warning: unused import: `super::super::*`
[INFO] [stdout]   --> src/server/encrypted.rs:15:5
[INFO] [stdout]    |
[INFO] [stdout] 15 | use super::super::*;
[INFO] [stdout]    |     ^^^^^^^^^^^^^^^
[INFO] [stdout] 
[INFO] [stdout] 
[INFO] [stdout] warning: use of deprecated constant `std::u32::MAX`: replaced by the `MAX` associated constant on this type
[INFO] [stdout]    --> src/cipher/mod.rs:170:44
[INFO] [stdout]     |
[INFO] [stdout] 170 |         assert!(packet_length <= std::u32::MAX as usize);
[INFO] [stdout]     |                                            ^^^
[INFO] [stdout]     |
[INFO] [stdout]     = note: `#[warn(deprecated)]` on by default
[INFO] [stdout] 
[INFO] [stdout] 
[INFO] [stdout] warning: use of deprecated constant `std::u8::MAX`: replaced by the `MAX` associated constant on this type
[INFO] [stdout]    --> src/cipher/mod.rs:173:44
[INFO] [stdout]     |
[INFO] [stdout] 173 |         assert!(padding_length <= std::u8::MAX as usize);
[INFO] [stdout]     |                                            ^^^
[INFO] [stdout] 
[INFO] [stdout] 
[INFO] [stdout] warning: variable does not need to be mutable
[INFO] [stdout]   --> src/server/encrypted.rs:41:13
[INFO] [stdout]    |
[INFO] [stdout] 41 |         let mut enc = self.common.encrypted.as_mut().unwrap();
[INFO] [stdout]    |             ----^^^
[INFO] [stdout]    |             |
[INFO] [stdout]    |             help: remove this `mut`
[INFO] [stdout]    |
[INFO] [stdout]    = note: `#[warn(unused_mut)]` (part of `#[warn(unused)]`) on by default
[INFO] [stdout] 
[INFO] [stdout] 
[INFO] [stdout] warning: variable does not need to be mutable
[INFO] [stdout]    --> src/server/encrypted.rs:122:13
[INFO] [stdout]     |
[INFO] [stdout] 122 |         let mut enc = self.common.encrypted.as_mut().unwrap();
[INFO] [stdout]     |             ----^^^
[INFO] [stdout]     |             |
[INFO] [stdout]     |             help: remove this `mut`
[INFO] [stdout] 
[INFO] [stdout] 
[INFO] [stdout] warning: fields `key` and `algo` are never read
[INFO] [stdout]    --> src/auth.rs:143:9
[INFO] [stdout]     |
[INFO] [stdout] 142 |     PublicKey {
[INFO] [stdout]     |     --------- fields in this variant
[INFO] [stdout] 143 |         key: CryptoVec,
[INFO] [stdout]     |         ^^^
[INFO] [stdout] 144 |         algo: CryptoVec,
[INFO] [stdout]     |         ^^^^
[INFO] [stdout]     |
[INFO] [stdout]     = note: `CurrentRequest` has a derived impl for the trait `Debug`, but this is intentionally ignored during dead code analysis
[INFO] [stdout]     = note: `#[warn(dead_code)]` (part of `#[warn(unused)]`) on by default
[INFO] [stdout] 
[INFO] [stdout] 
[INFO] [stdout] warning: field `name` is never read
[INFO] [stdout]   --> src/cipher/mod.rs:24:9
[INFO] [stdout]    |
[INFO] [stdout] 23 | pub struct Cipher {
[INFO] [stdout]    |            ------ field in this struct
[INFO] [stdout] 24 |     pub name: Name,
[INFO] [stdout]    |         ^^^^
[INFO] [stdout] 
[INFO] [stdout] 
[INFO] [stdout] warning: field `wants_reply` is never read
[INFO] [stdout]   --> src/session.rs:39:9
[INFO] [stdout]    |
[INFO] [stdout] 27 | pub(crate) struct Encrypted {
[INFO] [stdout]    |                   --------- field in this struct
[INFO] [stdout] ...
[INFO] [stdout] 39 |     pub wants_reply: bool,
[INFO] [stdout]    |         ^^^^^^^^^^^
[INFO] [stdout]    |
[INFO] [stdout]    = note: `Encrypted` has a derived impl for the trait `Debug`, but this is intentionally ignored during dead code analysis
[INFO] [stdout] 
[INFO] [stdout] 
[INFO] [stdout] warning: field `received` is never read
[INFO] [stdout]    --> src/session.rs:508:9
[INFO] [stdout]     |
[INFO] [stdout] 501 | pub struct NewKeys {
[INFO] [stdout]     |            ------- field in this struct
[INFO] [stdout] ...
[INFO] [stdout] 508 |     pub received: bool,
[INFO] [stdout]     |         ^^^^^^^^
[INFO] [stdout]     |
[INFO] [stdout]     = note: `NewKeys` has a derived impl for the trait `Debug`, but this is intentionally ignored during dead code analysis
[INFO] [stdout] 
[INFO] [stdout] 
[INFO] [stderr]    Compiling regex v1.5.4
[INFO] [stderr]    Compiling env_logger v0.7.1
[INFO] [stderr]    Compiling lnk-thrussh v0.33.5 (/opt/rustwide/workdir)
[INFO] [stdout] warning: unused import: `self::kex::*`
[INFO] [stdout]   --> src/server/mod.rs:33:9
[INFO] [stdout]    |
[INFO] [stdout] 33 | pub use self::kex::*;
[INFO] [stdout]    |         ^^^^^^^^^^^^
[INFO] [stdout]    |
[INFO] [stdout]    = note: `#[warn(unused_imports)]` (part of `#[warn(unused)]`) on by default
[INFO] [stdout] 
[INFO] [stdout] 
[INFO] [stdout] warning: unused import: `super::super::*`
[INFO] [stdout]   --> src/server/encrypted.rs:15:5
[INFO] [stdout]    |
[INFO] [stdout] 15 | use super::super::*;
[INFO] [stdout]    |     ^^^^^^^^^^^^^^^
[INFO] [stdout] 
[INFO] [stdout] 
[INFO] [stdout] warning: use of deprecated constant `std::u32::MAX`: replaced by the `MAX` associated constant on this type
[INFO] [stdout]    --> src/cipher/mod.rs:170:44
[INFO] [stdout]     |
[INFO] [stdout] 170 |         assert!(packet_length <= std::u32::MAX as usize);
[INFO] [stdout]     |                                            ^^^
[INFO] [stdout]     |
[INFO] [stdout]     = note: `#[warn(deprecated)]` on by default
[INFO] [stdout] 
[INFO] [stdout] 
[INFO] [stdout] warning: use of deprecated constant `std::u8::MAX`: replaced by the `MAX` associated constant on this type
[INFO] [stdout]    --> src/cipher/mod.rs:173:44
[INFO] [stdout]     |
[INFO] [stdout] 173 |         assert!(padding_length <= std::u8::MAX as usize);
[INFO] [stdout]     |                                            ^^^
[INFO] [stdout] 
[INFO] [stdout] 
[INFO] [stdout] warning: variable does not need to be mutable
[INFO] [stdout]   --> src/server/encrypted.rs:41:13
[INFO] [stdout]    |
[INFO] [stdout] 41 |         let mut enc = self.common.encrypted.as_mut().unwrap();
[INFO] [stdout]    |             ----^^^
[INFO] [stdout]    |             |
[INFO] [stdout]    |             help: remove this `mut`
[INFO] [stdout]    |
[INFO] [stdout]    = note: `#[warn(unused_mut)]` (part of `#[warn(unused)]`) on by default
[INFO] [stdout] 
[INFO] [stdout] 
[INFO] [stdout] warning: variable does not need to be mutable
[INFO] [stdout]    --> src/server/encrypted.rs:122:13
[INFO] [stdout]     |
[INFO] [stdout] 122 |         let mut enc = self.common.encrypted.as_mut().unwrap();
[INFO] [stdout]     |             ----^^^
[INFO] [stdout]     |             |
[INFO] [stdout]     |             help: remove this `mut`
[INFO] [stdout] 
[INFO] [stdout] 
[INFO] [stdout] warning: fields `key` and `algo` are never read
[INFO] [stdout]    --> src/auth.rs:143:9
[INFO] [stdout]     |
[INFO] [stdout] 142 |     PublicKey {
[INFO] [stdout]     |     --------- fields in this variant
[INFO] [stdout] 143 |         key: CryptoVec,
[INFO] [stdout]     |         ^^^
[INFO] [stdout] 144 |         algo: CryptoVec,
[INFO] [stdout]     |         ^^^^
[INFO] [stdout]     |
[INFO] [stdout]     = note: `CurrentRequest` has a derived impl for the trait `Debug`, but this is intentionally ignored during dead code analysis
[INFO] [stdout]     = note: `#[warn(dead_code)]` (part of `#[warn(unused)]`) on by default
[INFO] [stdout] 
[INFO] [stdout] 
[INFO] [stdout] warning: field `name` is never read
[INFO] [stdout]   --> src/cipher/mod.rs:24:9
[INFO] [stdout]    |
[INFO] [stdout] 23 | pub struct Cipher {
[INFO] [stdout]    |            ------ field in this struct
[INFO] [stdout] 24 |     pub name: Name,
[INFO] [stdout]    |         ^^^^
[INFO] [stdout] 
[INFO] [stdout] 
[INFO] [stdout] warning: field `wants_reply` is never read
[INFO] [stdout]   --> src/session.rs:39:9
[INFO] [stdout]    |
[INFO] [stdout] 27 | pub(crate) struct Encrypted {
[INFO] [stdout]    |                   --------- field in this struct
[INFO] [stdout] ...
[INFO] [stdout] 39 |     pub wants_reply: bool,
[INFO] [stdout]    |         ^^^^^^^^^^^
[INFO] [stdout]    |
[INFO] [stdout]    = note: `Encrypted` has a derived impl for the trait `Debug`, but this is intentionally ignored during dead code analysis
[INFO] [stdout] 
[INFO] [stdout] 
[INFO] [stdout] warning: field `received` is never read
[INFO] [stdout]    --> src/session.rs:508:9
[INFO] [stdout]     |
[INFO] [stdout] 501 | pub struct NewKeys {
[INFO] [stdout]     |            ------- field in this struct
[INFO] [stdout] ...
[INFO] [stdout] 508 |     pub received: bool,
[INFO] [stdout]     |         ^^^^^^^^
[INFO] [stdout]     |
[INFO] [stdout]     = note: `NewKeys` has a derived impl for the trait `Debug`, but this is intentionally ignored during dead code analysis
[INFO] [stdout] 
[INFO] [stdout] 
[INFO] [stdout] warning: field `client_pubkey` is never read
[INFO] [stdout]    --> src/lib.rs:718:9
[INFO] [stdout]     |
[INFO] [stdout] 717 |     struct Server {
[INFO] [stdout]     |            ------ field in this struct
[INFO] [stdout] 718 |         client_pubkey: Arc<lnk_thrussh_keys::key::PublicKey>,
[INFO] [stdout]     |         ^^^^^^^^^^^^^
[INFO] [stdout]     |
[INFO] [stdout]     = note: `Server` has a derived impl for the trait `Clone`, but this is intentionally ignored during dead code analysis
[INFO] [stdout] 
[INFO] [stdout] 
[INFO] [stderr]     Finished `release` profile [optimized] target(s) in 34.83s
[INFO] running `Command { std: "docker" "inspect" "213f8595aac4ff0d86a3beb92585e4177e7e362968b8ba397b87ab8f2c06cdd2", kill_on_drop: false }`
[INFO] running `Command { std: "docker" "exec" "-e" "SOURCE_DIR=/opt/rustwide/workdir" "-e" "CARGO_HOME=/opt/rustwide/cargo-home" "-e" "RUSTUP_HOME=/opt/rustwide/rustup-home" "-e" "CARGO_TARGET_DIR=/opt/rustwide/target" "-e" "CARGO_INCREMENTAL=0" "-e" "RUST_BACKTRACE=full" "-e" "RUSTFLAGS=--cap-lints=warn" "-e" "RUSTDOCFLAGS=--cap-lints=warn" "-w" "/opt/rustwide/workdir" "--user" "0:0" "213f8595aac4ff0d86a3beb92585e4177e7e362968b8ba397b87ab8f2c06cdd2" "/opt/rustwide/cargo-home/bin/cargo" "+1.99.0-beta.8" "test" "--frozen" "--release", kill_on_drop: false }`
[INFO] [stderr] warning: unused import: `self::kex::*`
[INFO] [stderr]   --> src/server/mod.rs:33:9
[INFO] [stderr]    |
[INFO] [stderr] 33 | pub use self::kex::*;
[INFO] [stderr]    |         ^^^^^^^^^^^^
[INFO] [stderr]    |
[INFO] [stderr]    = note: `#[warn(unused_imports)]` (part of `#[warn(unused)]`) on by default
[INFO] [stderr] 
[INFO] [stderr] warning: unused import: `super::super::*`
[INFO] [stderr]   --> src/server/encrypted.rs:15:5
[INFO] [stderr]    |
[INFO] [stderr] 15 | use super::super::*;
[INFO] [stderr]    |     ^^^^^^^^^^^^^^^
[INFO] [stderr] 
[INFO] [stderr] warning: use of deprecated constant `std::u32::MAX`: replaced by the `MAX` associated constant on this type
[INFO] [stderr]    --> src/cipher/mod.rs:170:44
[INFO] [stderr]     |
[INFO] [stderr] 170 |         assert!(packet_length <= std::u32::MAX as usize);
[INFO] [stderr]     |                                            ^^^
[INFO] [stderr]     |
[INFO] [stderr]     = note: `#[warn(deprecated)]` on by default
[INFO] [stderr] 
[INFO] [stderr] warning: use of deprecated constant `std::u8::MAX`: replaced by the `MAX` associated constant on this type
[INFO] [stderr]    --> src/cipher/mod.rs:173:44
[INFO] [stderr]     |
[INFO] [stderr] 173 |         assert!(padding_length <= std::u8::MAX as usize);
[INFO] [stderr]     |                                            ^^^
[INFO] [stderr] 
[INFO] [stderr] warning: variable does not need to be mutable
[INFO] [stderr]   --> src/server/encrypted.rs:41:13
[INFO] [stderr]    |
[INFO] [stderr] 41 |         let mut enc = self.common.encrypted.as_mut().unwrap();
[INFO] [stderr]    |             ----^^^
[INFO] [stderr]    |             |
[INFO] [stderr]    |             help: remove this `mut`
[INFO] [stderr]    |
[INFO] [stderr]    = note: `#[warn(unused_mut)]` (part of `#[warn(unused)]`) on by default
[INFO] [stderr] 
[INFO] [stderr] warning: variable does not need to be mutable
[INFO] [stderr]    --> src/server/encrypted.rs:122:13
[INFO] [stderr]     |
[INFO] [stderr] 122 |         let mut enc = self.common.encrypted.as_mut().unwrap();
[INFO] [stderr]     |             ----^^^
[INFO] [stderr]     |             |
[INFO] [stderr]     |             help: remove this `mut`
[INFO] [stderr] 
[INFO] [stderr] warning: fields `key` and `algo` are never read
[INFO] [stderr]    --> src/auth.rs:143:9
[INFO] [stderr]     |
[INFO] [stderr] 142 |     PublicKey {
[INFO] [stderr]     |     --------- fields in this variant
[INFO] [stderr] 143 |         key: CryptoVec,
[INFO] [stderr]     |         ^^^
[INFO] [stderr] 144 |         algo: CryptoVec,
[INFO] [stderr]     |         ^^^^
[INFO] [stderr]     |
[INFO] [stderr]     = note: `CurrentRequest` has a derived impl for the trait `Debug`, but this is intentionally ignored during dead code analysis
[INFO] [stderr]     = note: `#[warn(dead_code)]` (part of `#[warn(unused)]`) on by default
[INFO] [stderr] 
[INFO] [stderr] warning: field `name` is never read
[INFO] [stderr]   --> src/cipher/mod.rs:24:9
[INFO] [stderr]    |
[INFO] [stderr] 23 | pub struct Cipher {
[INFO] [stderr]    |            ------ field in this struct
[INFO] [stderr] 24 |     pub name: Name,
[INFO] [stderr]    |         ^^^^
[INFO] [stderr] 
[INFO] [stderr] warning: field `wants_reply` is never read
[INFO] [stderr]   --> src/session.rs:39:9
[INFO] [stderr]    |
[INFO] [stderr] 27 | pub(crate) struct Encrypted {
[INFO] [stderr]    |                   --------- field in this struct
[INFO] [stderr] ...
[INFO] [stderr] 39 |     pub wants_reply: bool,
[INFO] [stderr]    |         ^^^^^^^^^^^
[INFO] [stderr]    |
[INFO] [stderr]    = note: `Encrypted` has a derived impl for the trait `Debug`, but this is intentionally ignored during dead code analysis
[INFO] [stderr] 
[INFO] [stderr] warning: field `received` is never read
[INFO] [stderr]    --> src/session.rs:508:9
[INFO] [stderr]     |
[INFO] [stderr] 501 | pub struct NewKeys {
[INFO] [stderr]     |            ------- field in this struct
[INFO] [stderr] ...
[INFO] [stderr] 508 |     pub received: bool,
[INFO] [stderr]     |         ^^^^^^^^
[INFO] [stderr]     |
[INFO] [stderr]     = note: `NewKeys` has a derived impl for the trait `Debug`, but this is intentionally ignored during dead code analysis
[INFO] [stderr] 
[INFO] [stderr] warning: `lnk-thrussh` (lib) generated 10 warnings (run `cargo fix --lib -p lnk-thrussh` to apply 4 suggestions)
[INFO] [stderr] warning: field `client_pubkey` is never read
[INFO] [stderr]    --> src/lib.rs:718:9
[INFO] [stderr]     |
[INFO] [stderr] 717 |     struct Server {
[INFO] [stderr]     |            ------ field in this struct
[INFO] [stderr] 718 |         client_pubkey: Arc<lnk_thrussh_keys::key::PublicKey>,
[INFO] [stderr]     |         ^^^^^^^^^^^^^
[INFO] [stderr]     |
[INFO] [stderr]     = note: `Server` has a derived impl for the trait `Clone`, but this is intentionally ignored during dead code analysis
[INFO] [stderr] 
[INFO] [stderr] warning: `lnk-thrussh` (lib test) generated 11 warnings (10 duplicates)
[INFO] [stderr]     Finished `release` profile [optimized] target(s) in 0.13s
[INFO] [stderr]      Running unittests src/lib.rs (/opt/rustwide/target/release/deps/lnk_thrussh-8851953c179829e1)
[INFO] [stdout] 
[INFO] [stdout] running 1 test
[INFO] [stderr] error: test failed, to rerun pass `--lib`
[INFO] [stdout] test test_compress::compress_local_test ... FAILED
[INFO] [stdout] 
[INFO] [stdout] failures:
[INFO] [stdout] 
[INFO] [stdout] ---- test_compress::compress_local_test stdout ----
[INFO] [stdout] [src/lib.rs:696:9] &addr = 127.0.0.1:34583
[INFO] [stdout] check_server_key: Ed25519(PublicKey { key: [220, 191, 176, 209, 143, 139, 196, 30, 208, 47, 134, 135, 81, 251, 101, 184, 142, 21, 248, 19, 116, 23, 96, 209, 125, 23, 113, 234, 76, 106, 122, 111] })
[INFO] [stdout] 
[INFO] [stdout] thread 'test_compress::compress_local_test' (51999) panicked at src/lib.rs:699:59:
[INFO] [stdout] called `Result::unwrap()` on an `Err` value: NotPresent
[INFO] [stdout] stack backtrace:
[INFO] [stdout]    0:     0x64d0f4112441 - <<std[70759c8f55707aa4]::sys::backtrace::BacktraceLock>::print::DisplayBacktrace as core[df12db4294e9bfd3]::fmt::Display>::fmt
[INFO] [stdout]    1:     0x64d0f412890a - core[df12db4294e9bfd3]::fmt::write
[INFO] [stdout]    2:     0x64d0f41171ac - <alloc[2182bb758b4b3781]::vec::Vec<u8> as core[df12db4294e9bfd3]::io::write::Write>::write_fmt
[INFO] [stdout]    3:     0x64d0f40ed636 - std[70759c8f55707aa4]::panicking::default_hook::{closure#0}
[INFO] [stdout]    4:     0x64d0f410a489 - std[70759c8f55707aa4]::panicking::default_hook
[INFO] [stdout]    5:     0x64d0f404c360 - test[9d35eded1c95d3be]::test_main_inner::<test[9d35eded1c95d3be]::test_main_static::{closure#0}>::{closure#0}
[INFO] [stdout]    6:     0x64d0f410a7b2 - std[70759c8f55707aa4]::panicking::panic_with_hook
[INFO] [stdout]    7:     0x64d0f40ed6e2 - std[70759c8f55707aa4]::panicking::panic_handler::{closure#0}
[INFO] [stdout]    8:     0x64d0f40e6389 - std[70759c8f55707aa4]::sys::backtrace::__rust_end_short_backtrace::<std[70759c8f55707aa4]::panicking::panic_handler::{closure#0}, !>
[INFO] [stdout]    9:     0x64d0f40ee4cd - __rustc[8fa7c3cbc660c2b3]::rust_begin_unwind
[INFO] [stdout]   10:     0x64d0f412906c - core[df12db4294e9bfd3]::panicking::panic_fmt
[INFO] [stdout]   11:     0x64d0f4128e42 - core[df12db4294e9bfd3]::result::unwrap_failed
[INFO] [stdout]   12:     0x64d0f3f86b28 - lnk_thrussh[e7c283b862a5dcc]::test_compress::compress_local_test::{closure#0}
[INFO] [stdout]   13:     0x64d0f3fa8658 - <tokio[e65f70fd31016abd]::runtime::basic_scheduler::BasicScheduler>::block_on::<lnk_thrussh[e7c283b862a5dcc]::test_compress::compress_local_test::{closure#0}>
[INFO] [stdout]   14:     0x64d0f3fb8e67 - <tokio[e65f70fd31016abd]::runtime::Runtime>::block_on::<lnk_thrussh[e7c283b862a5dcc]::test_compress::compress_local_test::{closure#0}>
[INFO] [stdout]   15:     0x64d0f3fa65a0 - lnk_thrussh[e7c283b862a5dcc]::test_compress::compress_local_test
[INFO] [stdout]   16:     0x64d0f3fa3799 - <lnk_thrussh[e7c283b862a5dcc]::test_compress::compress_local_test::{closure#0} as core[df12db4294e9bfd3]::ops::function::FnOnce<()>>::call_once
[INFO] [stdout]   17:     0x64d0f403f64b - test[9d35eded1c95d3be]::__rust_begin_short_backtrace::<core[df12db4294e9bfd3]::result::Result<(), alloc[2182bb758b4b3781]::string::String>, fn() -> core[df12db4294e9bfd3]::result::Result<(), alloc[2182bb758b4b3781]::string::String>>
[INFO] [stdout]   18:     0x64d0f404ccb5 - test[9d35eded1c95d3be]::run_test::{closure#0}
[INFO] [stdout]   19:     0x64d0f4046574 - std[70759c8f55707aa4]::sys::backtrace::__rust_begin_short_backtrace::<test[9d35eded1c95d3be]::run_test::{closure#1}, ()>
[INFO] [stdout]   20:     0x64d0f404fe12 - <std[70759c8f55707aa4]::thread::lifecycle::spawn_unchecked<test[9d35eded1c95d3be]::run_test::{closure#1}, ()>::{closure#1} as core[df12db4294e9bfd3]::ops::function::FnOnce<()>>::call_once::{shim:vtable#0}
[INFO] [stdout]   21:     0x64d0f4111969 - <std[70759c8f55707aa4]::sys::thread::unix::Thread>::new::thread_start
[INFO] [stdout]   22:     0x784b4e4bedfa - <unknown>
[INFO] [stdout]   23:     0x784b4e5523d4 - clone
[INFO] [stdout]   24:                0x0 - <unknown>
[INFO] [stdout] 
[INFO] [stdout] 
[INFO] [stdout] failures:
[INFO] [stdout]     test_compress::compress_local_test
[INFO] [stdout] 
[INFO] [stdout] test result: FAILED. 0 passed; 1 failed; 0 ignored; 0 measured; 0 filtered out; finished in 0.05s
[INFO] [stdout] 
[INFO] running `Command { std: "docker" "inspect" "213f8595aac4ff0d86a3beb92585e4177e7e362968b8ba397b87ab8f2c06cdd2", kill_on_drop: false }`
[INFO] running `Command { std: "docker" "rm" "-f" "213f8595aac4ff0d86a3beb92585e4177e7e362968b8ba397b87ab8f2c06cdd2", kill_on_drop: false }`
[INFO] [stdout] 213f8595aac4ff0d86a3beb92585e4177e7e362968b8ba397b87ab8f2c06cdd2
