[INFO] fetching crate lnd 0.1.6...
[INFO] testing lnd-0.1.6 against 1.100.0-beta.1+cargoflags=--release for beta-release-1.100-2
[INFO] extracting crate lnd 0.1.6 into /workspace/builds/worker-7-tc2/source
[INFO] started tweaking crates.io crate lnd 0.1.6
[INFO] finished tweaking crates.io crate lnd 0.1.6
[INFO] tweaked toml for crates.io crate lnd 0.1.6 written to /workspace/builds/worker-7-tc2/source/Cargo.toml
[INFO] validating manifest of crates.io crate lnd 0.1.6 on toolchain 1.100.0-beta.1
[INFO] running `Command { std: CARGO_HOME="/workspace/cargo-home" RUSTUP_HOME="/workspace/rustup-home" "/workspace/cargo-home/bin/cargo" "+1.100.0-beta.1" "metadata" "--manifest-path" "Cargo.toml" "--no-deps", kill_on_drop: false }`
[INFO] running `Command { std: CARGO_HOME="/workspace/cargo-home" RUSTUP_HOME="/workspace/rustup-home" "/workspace/cargo-home/bin/cargo" "+1.100.0-beta.1" "generate-lockfile" "--manifest-path" "Cargo.toml", kill_on_drop: false }`
[INFO] [stderr]     Updating crates.io index
[INFO] [stderr]      Locking 197 packages to highest compatible versions
[INFO] [stderr]       Adding bitcoin_hashes v0.12.0 (available: v1.2.0)
[INFO] [stderr]       Adding bitcoind v0.34.3 (available: v0.42.0)
[INFO] [stderr]       Adding env_logger v0.10.2 (available: v0.11.11)
[INFO] [stderr]       Adding minreq v2.14.1 (available: v3.0.0)
[INFO] [stderr]       Adding nix v0.27.1 (available: v0.31.3)
[INFO] [stderr]       Adding which v5.0.0 (available: v8.0.6)
[INFO] running `Command { std: CARGO_HOME="/workspace/cargo-home" RUSTUP_HOME="/workspace/rustup-home" "/workspace/cargo-home/bin/cargo" "+1.100.0-beta.1" "fetch" "--manifest-path" "Cargo.toml", kill_on_drop: false }`
[INFO] running `Command { std: "docker" "create" "-v" "/var/lib/crater-agent-workspace/builds/worker-7-tc2/source:/opt/rustwide/workdir:ro,Z" "-v" "/var/lib/crater-agent-workspace/builds/worker-7-tc2/target:/opt/rustwide/target:rw,Z" "-v" "/var/lib/crater-agent-workspace/cargo-home:/opt/rustwide/cargo-home:ro,Z" "-v" "/var/lib/crater-agent-workspace/rustup-home:/opt/rustwide/rustup-home:ro,Z" "-m" "1610612736" "--network" "none" "ghcr.io/rust-lang/crates-build-env/linux@sha256:77db811e55d90add9212f6832c23229e3de5f1c1f9905e8cb07319ea15df73ac" "sleep" "infinity", kill_on_drop: false }`
[INFO] [stdout] 1e13e12f86f0f24952947dba512a3205784deaa3a4f88340d95da78c1e1e58f2
[INFO] running `Command { std: "docker" "start" "1e13e12f86f0f24952947dba512a3205784deaa3a4f88340d95da78c1e1e58f2", kill_on_drop: false }`
[INFO] running `Command { std: "docker" "inspect" "1e13e12f86f0f24952947dba512a3205784deaa3a4f88340d95da78c1e1e58f2", kill_on_drop: false }`
[INFO] running `Command { std: "docker" "exec" "-e" "SOURCE_DIR=/opt/rustwide/workdir" "-e" "CARGO_HOME=/opt/rustwide/cargo-home" "-e" "RUSTUP_HOME=/opt/rustwide/rustup-home" "-e" "CARGO_TARGET_DIR=/opt/rustwide/target" "-w" "/opt/rustwide/workdir" "--user" "0:0" "1e13e12f86f0f24952947dba512a3205784deaa3a4f88340d95da78c1e1e58f2" "/opt/rustwide/cargo-home/bin/cargo" "+1.100.0-beta.1" "metadata" "--no-deps" "--format-version=1", kill_on_drop: false }`
[INFO] running `Command { std: "docker" "inspect" "1e13e12f86f0f24952947dba512a3205784deaa3a4f88340d95da78c1e1e58f2", kill_on_drop: false }`
[INFO] running `Command { std: "docker" "exec" "-e" "SOURCE_DIR=/opt/rustwide/workdir" "-e" "CARGO_HOME=/opt/rustwide/cargo-home" "-e" "RUSTUP_HOME=/opt/rustwide/rustup-home" "-e" "CARGO_TARGET_DIR=/opt/rustwide/target" "-e" "CARGO_INCREMENTAL=0" "-e" "RUST_BACKTRACE=full" "-e" "RUSTFLAGS=--cap-lints=warn" "-e" "RUSTDOCFLAGS=--cap-lints=warn" "-w" "/opt/rustwide/workdir" "--user" "0:0" "1e13e12f86f0f24952947dba512a3205784deaa3a4f88340d95da78c1e1e58f2" "/opt/rustwide/cargo-home/bin/cargo" "+1.100.0-beta.1" "build" "--frozen" "--message-format=json" "--release", kill_on_drop: false }`
[INFO] [stderr]    Compiling proc-macro2 v1.0.107
[INFO] [stderr]    Compiling libc v0.2.191
[INFO] [stderr]    Compiling cfg-if v1.0.5
[INFO] [stderr]    Compiling find-msvc-tools v0.1.14
[INFO] [stderr]    Compiling rustix v0.38.44
[INFO] [stderr]    Compiling either v1.19.0
[INFO] [stderr]    Compiling smallvec v1.16.3
[INFO] [stderr]    Compiling log v0.4.34
[INFO] [stderr]    Compiling syn v1.0.109
[INFO] [stderr]    Compiling cc v1.8.0
[INFO] [stderr]    Compiling zerocopy v0.8.63
[INFO] [stderr]    Compiling indexmap v1.9.3
[INFO] [stderr]    Compiling rustix v1.1.5
[INFO] [stderr]    Compiling itertools v0.10.5
[INFO] [stderr]    Compiling bitflags v2.13.2
[INFO] [stderr]    Compiling linux-raw-sys v0.4.15
[INFO] [stderr]    Compiling home v0.5.12
[INFO] [stderr]    Compiling quote v1.0.47
[INFO] [stderr]    Compiling syn v3.0.9
[INFO] [stderr]    Compiling syn v2.0.119
[INFO] [stderr]    Compiling ring v0.16.20
[INFO] [stderr]    Compiling parking_lot_core v0.9.12
[INFO] [stderr]    Compiling errno v0.3.14
[INFO] [stderr]    Compiling signal-hook-registry v1.4.8
[INFO] [stderr]    Compiling parking_lot v0.12.5
[INFO] [stderr]    Compiling socket2 v0.6.5
[INFO] [stderr]    Compiling mio v1.2.4
[INFO] [stderr]    Compiling getrandom v0.2.17
[INFO] [stderr]    Compiling prost-derive v0.8.0
[INFO] [stderr]    Compiling which v4.4.2
[INFO] [stderr]    Compiling rand_core v0.6.4
[INFO] [stderr]    Compiling secp256k1-sys v0.9.2
[INFO] [stderr]    Compiling getrandom v0.4.3
[INFO] [stderr]    Compiling hashbrown v0.12.3
[INFO] [stderr]    Compiling futures-task v0.3.34
[INFO] [stderr]    Compiling spin v0.5.2
[INFO] [stderr]    Compiling linux-raw-sys v0.12.1
[INFO] [stderr]    Compiling base64 v0.13.1
[INFO] [stderr]    Compiling untrusted v0.7.1
[INFO] [stderr]    Compiling slab v0.4.12
[INFO] [stderr]    Compiling bytes v1.12.1
[INFO] [stderr]    Compiling http v0.2.12
[INFO] [stderr]    Compiling futures-util v0.3.34
[INFO] [stderr]    Compiling tokio-macros v2.7.2
[INFO] [stderr]    Compiling serde_derive v1.0.229
[INFO] [stderr]    Compiling prost v0.8.0
[INFO] [stderr]    Compiling ppv-lite86 v0.2.21
[INFO] [stderr]    Compiling tokio v1.53.3
[INFO] [stderr]    Compiling rand_chacha v0.3.1
[INFO] [stderr]    Compiling tracing-attributes v0.1.31
[INFO] [stderr]    Compiling rand v0.8.8
[INFO] [stderr]    Compiling prost-build v0.8.0
[INFO] [stderr]    Compiling hex-conservative v0.1.2
[INFO] [stderr]    Compiling tracing v0.1.44
[INFO] [stderr]    Compiling once_cell v1.21.4
[INFO] [stderr]    Compiling fastrand v2.5.0
[INFO] [stderr]    Compiling fixedbitset v0.2.0
[INFO] [stderr]    Compiling hex_lit v0.1.1
[INFO] [stderr]    Compiling equivalent v1.0.3
[INFO] [stderr]    Compiling serde_json v1.0.154
[INFO] [stderr]    Compiling bitcoin-internals v0.2.1
[INFO] [stderr]    Compiling indexmap v2.14.2
[INFO] [stderr]    Compiling heck v0.3.3
[INFO] [stderr]    Compiling tempfile v3.27.0
[INFO] [stderr]    Compiling petgraph v0.5.1
[INFO] [stderr]    Compiling pin-project-internal v1.1.13
[INFO] [stderr]    Compiling prost-types v0.8.0
[INFO] [stderr]    Compiling serde v1.0.229
[INFO] [stderr]    Compiling bitcoin v0.31.3
[INFO] [stderr]    Compiling multimap v0.8.3
[INFO] [stderr]    Compiling want v0.3.2
[INFO] [stderr]    Compiling pin-project v1.1.13
[INFO] [stderr]    Compiling http-body v0.4.6
[INFO] [stderr]    Compiling socket2 v0.5.10
[INFO] [stderr]    Compiling futures-channel v0.3.34
[INFO] [stderr]    Compiling bitcoin_hashes v0.13.1
[INFO] [stderr]    Compiling sct v0.6.1
[INFO] [stderr]    Compiling webpki v0.21.4
[INFO] [stderr]    Compiling bech32 v0.10.0-beta
[INFO] [stderr]    Compiling rustls v0.19.1
[INFO] [stderr]    Compiling tonic-build v0.5.2
[INFO] [stderr]    Compiling tokio-util v0.7.20
[INFO] [stderr]    Compiling tokio-io-timeout v1.2.1
[INFO] [stderr]    Compiling async-stream-impl v0.3.6
[INFO] [stderr]    Compiling prost-derive v0.9.0
[INFO] [stderr]    Compiling aho-corasick v1.1.5
[INFO] [stderr]    Compiling h2 v0.3.27
[INFO] [stderr]    Compiling tower-layer v0.3.3
[INFO] [stderr]    Compiling tower v0.4.13
[INFO] [stderr]    Compiling prost v0.9.0
[INFO] [stderr]    Compiling regex-automata v0.4.18
[INFO] [stderr]    Compiling secp256k1 v0.28.2
[INFO] [stderr]    Compiling tokio-rustls v0.22.0
[INFO] [stderr]    Compiling async-stream v0.3.6
[INFO] [stderr]    Compiling tonic_lnd v0.5.1
[INFO] [stderr]    Compiling tokio-stream v0.1.19
[INFO] [stderr]    Compiling tokio-util v0.6.10
[INFO] [stderr]    Compiling jsonrpc v0.14.1
[INFO] [stderr]    Compiling hyper v0.14.32
[INFO] [stderr]    Compiling tracing-futures v0.2.5
[INFO] [stderr]    Compiling async-trait v0.1.92
[INFO] [stderr]    Compiling bitcoind v0.34.3
[INFO] [stderr]    Compiling rustls-pemfile v1.0.4
[INFO] [stderr]    Compiling regex v1.13.1
[INFO] [stderr]    Compiling is-terminal v0.4.17
[INFO] [stderr]    Compiling termcolor v1.4.1
[INFO] [stderr]    Compiling lnd v0.1.6 (/opt/rustwide/workdir)
[INFO] [stderr]    Compiling humantime v2.4.0
[INFO] [stderr]    Compiling which v5.0.0
[INFO] [stderr]    Compiling bitcoincore-rpc-json v0.18.0
[INFO] [stderr]    Compiling env_logger v0.10.2
[INFO] [stderr]    Compiling async-recursion v1.2.0
[INFO] [stderr]    Compiling nix v0.27.1
[INFO] [stderr]    Compiling hyper-timeout v0.4.1
[INFO] [stderr]    Compiling tonic v0.6.2
[INFO] [stderr]    Compiling bitcoincore-rpc v0.18.0
[INFO] [stdout] warning: unexpected `cfg` condition value: `lnd_16_4`
[INFO] [stdout]   --> src/versions.rs:10:7
[INFO] [stdout]    |
[INFO] [stdout] 10 | #[cfg(feature = "lnd_16_4")]
[INFO] [stdout]    |       ^^^^^^^^^^----------
[INFO] [stdout]    |                 |
[INFO] [stdout]    |                 help: there is a expected value with a similar name: `"lnd_0_16_4"`
[INFO] [stdout]    |
[INFO] [stdout]    = note: expected values for `feature` are: `bitcoin_hashes`, `bitcoind`, `default`, `download`, `flate2`, `lnd_0_16_4`, `lnd_0_17_5`, `minreq`, and `tar`
[INFO] [stdout]    = help: consider adding `lnd_16_4` as a feature in `Cargo.toml`
[INFO] [stdout]    = note: see <https://doc.rust-lang.org/nightly/rustc/check-cfg/cargo-specifics.html> for more information about checking conditional configuration
[INFO] [stdout]    = note: `#[warn(unexpected_cfgs)]` on by default
[INFO] [stdout] 
[INFO] [stdout] 
[INFO] [stderr] warning: unused dependency `env_logger`
[INFO] [stderr]   --> Cargo.toml:29:15
[INFO] [stderr]    |
[INFO] [stderr] 29 | [dependencies.env_logger]
[INFO] [stderr]    |               ^^^^^^^^^^^
[INFO] [stderr]    |
[INFO] [stderr]    = note: `cargo::unused_dependencies` is set to `warn` by default
[INFO] [stderr] help: consider removing the dependency on `env_logger`
[INFO] [stderr] warning: `lnd` (manifest) generated 1 warning
[INFO] [stderr]     Finished `release` profile [optimized] target(s) in 4m 08s
[INFO] running `Command { std: "docker" "inspect" "1e13e12f86f0f24952947dba512a3205784deaa3a4f88340d95da78c1e1e58f2", kill_on_drop: false }`
[INFO] running `Command { std: "docker" "exec" "-e" "SOURCE_DIR=/opt/rustwide/workdir" "-e" "CARGO_HOME=/opt/rustwide/cargo-home" "-e" "RUSTUP_HOME=/opt/rustwide/rustup-home" "-e" "CARGO_TARGET_DIR=/opt/rustwide/target" "-e" "CARGO_INCREMENTAL=0" "-e" "RUST_BACKTRACE=full" "-e" "RUSTFLAGS=--cap-lints=warn" "-e" "RUSTDOCFLAGS=--cap-lints=warn" "-w" "/opt/rustwide/workdir" "--user" "0:0" "1e13e12f86f0f24952947dba512a3205784deaa3a4f88340d95da78c1e1e58f2" "/opt/rustwide/cargo-home/bin/cargo" "+1.100.0-beta.1" "test" "--frozen" "--no-run" "--message-format=json" "--release", kill_on_drop: false }`
[INFO] [stdout] warning: unexpected `cfg` condition value: `lnd_16_4`
[INFO] [stdout]   --> src/versions.rs:10:7
[INFO] [stdout]    |
[INFO] [stdout] 10 | #[cfg(feature = "lnd_16_4")]
[INFO] [stdout]    |       ^^^^^^^^^^----------
[INFO] [stdout]    |                 |
[INFO] [stdout]    |                 help: there is a expected value with a similar name: `"lnd_0_16_4"`
[INFO] [stdout]    |
[INFO] [stdout]    = note: expected values for `feature` are: `bitcoin_hashes`, `bitcoind`, `default`, `download`, `flate2`, `lnd_0_16_4`, `lnd_0_17_5`, `minreq`, and `tar`
[INFO] [stdout]    = help: consider adding `lnd_16_4` as a feature in `Cargo.toml`
[INFO] [stdout]    = note: see <https://doc.rust-lang.org/nightly/rustc/check-cfg/cargo-specifics.html> for more information about checking conditional configuration
[INFO] [stdout]    = note: `#[warn(unexpected_cfgs)]` on by default
[INFO] [stdout] 
[INFO] [stdout] 
[INFO] [stderr]    Compiling lnd v0.1.6 (/opt/rustwide/workdir)
[INFO] [stdout] warning: unexpected `cfg` condition value: `lnd_16_4`
[INFO] [stdout]   --> src/versions.rs:10:7
[INFO] [stdout]    |
[INFO] [stdout] 10 | #[cfg(feature = "lnd_16_4")]
[INFO] [stdout]    |       ^^^^^^^^^^----------
[INFO] [stdout]    |                 |
[INFO] [stdout]    |                 help: there is a expected value with a similar name: `"lnd_0_16_4"`
[INFO] [stdout]    |
[INFO] [stdout]    = note: expected values for `feature` are: `bitcoin_hashes`, `bitcoind`, `default`, `download`, `flate2`, `lnd_0_16_4`, `lnd_0_17_5`, `minreq`, and `tar`
[INFO] [stdout]    = help: consider adding `lnd_16_4` as a feature in `Cargo.toml`
[INFO] [stdout]    = note: see <https://doc.rust-lang.org/nightly/rustc/check-cfg/cargo-specifics.html> for more information about checking conditional configuration
[INFO] [stdout]    = note: `#[warn(unexpected_cfgs)]` on by default
[INFO] [stdout] 
[INFO] [stdout] 
[INFO] [stderr] warning: unused dependency `env_logger`
[INFO] [stderr]   --> Cargo.toml:29:15
[INFO] [stderr]    |
[INFO] [stderr] 29 | [dependencies.env_logger]
[INFO] [stderr]    |               ^^^^^^^^^^^
[INFO] [stderr]    |
[INFO] [stderr]    = note: `cargo::unused_dependencies` is set to `warn` by default
[INFO] [stderr] help: consider removing the dependency on `env_logger`
[INFO] [stderr] warning: `lnd` (manifest) generated 1 warning
[INFO] [stderr]     Finished `release` profile [optimized] target(s) in 24.20s
[INFO] running `Command { std: "docker" "inspect" "1e13e12f86f0f24952947dba512a3205784deaa3a4f88340d95da78c1e1e58f2", kill_on_drop: false }`
[INFO] running `Command { std: "docker" "exec" "-e" "SOURCE_DIR=/opt/rustwide/workdir" "-e" "CARGO_HOME=/opt/rustwide/cargo-home" "-e" "RUSTUP_HOME=/opt/rustwide/rustup-home" "-e" "CARGO_TARGET_DIR=/opt/rustwide/target" "-e" "CARGO_INCREMENTAL=0" "-e" "RUST_BACKTRACE=full" "-e" "RUSTFLAGS=--cap-lints=warn" "-e" "RUSTDOCFLAGS=--cap-lints=warn" "-w" "/opt/rustwide/workdir" "--user" "0:0" "1e13e12f86f0f24952947dba512a3205784deaa3a4f88340d95da78c1e1e58f2" "/opt/rustwide/cargo-home/bin/cargo" "+1.100.0-beta.1" "test" "--frozen" "--release", kill_on_drop: false }`
[INFO] [stderr] warning: unexpected `cfg` condition value: `lnd_16_4`
[INFO] [stderr]   --> src/versions.rs:10:7
[INFO] [stderr]    |
[INFO] [stderr] 10 | #[cfg(feature = "lnd_16_4")]
[INFO] [stderr]    |       ^^^^^^^^^^----------
[INFO] [stderr]    |                 |
[INFO] [stderr]    |                 help: there is a expected value with a similar name: `"lnd_0_16_4"`
[INFO] [stderr]    |
[INFO] [stderr]    = note: expected values for `feature` are: `bitcoin_hashes`, `bitcoind`, `default`, `download`, `flate2`, `lnd_0_16_4`, `lnd_0_17_5`, `minreq`, and `tar`
[INFO] [stderr]    = help: consider adding `lnd_16_4` as a feature in `Cargo.toml`
[INFO] [stderr]    = note: see <https://doc.rust-lang.org/nightly/rustc/check-cfg/cargo-specifics.html> for more information about checking conditional configuration
[INFO] [stderr]    = note: `#[warn(unexpected_cfgs)]` on by default
[INFO] [stderr] 
[INFO] [stderr] warning: `lnd` (lib) generated 1 warning
[INFO] [stderr] warning: `lnd` (lib test) generated 1 warning (1 duplicate)
[INFO] [stderr] warning: unused dependency `env_logger`
[INFO] [stderr]   --> Cargo.toml:29:15
[INFO] [stderr]    |
[INFO] [stderr] 29 | [dependencies.env_logger]
[INFO] [stderr]    |               ^^^^^^^^^^^
[INFO] [stderr]    |
[INFO] [stderr]    = note: `cargo::unused_dependencies` is set to `warn` by default
[INFO] [stderr] help: consider removing the dependency on `env_logger`
[INFO] [stderr] warning: `lnd` (manifest) generated 1 warning
[INFO] [stderr]     Finished `release` profile [optimized] target(s) in 0.23s
[INFO] [stderr]      Running unittests src/lib.rs (/opt/rustwide/target/release/build/lnd/eeb2ac129e6fe9f3/out/lnd-eeb2ac129e6fe9f3)
[INFO] [stdout] 
[INFO] [stdout] running 5 tests
[INFO] [stdout] test test::test_both_env_vars ... ok
[INFO] [stdout] test test::list_unspent ... FAILED
[INFO] [stdout] test test::two_lnd_nodes ... FAILED
[INFO] [stdout] test test::test_with_gen_blocks ... FAILED
[INFO] [stdout] test test::test_kill ... FAILED
[INFO] [stdout] 
[INFO] [stdout] failures:
[INFO] [stdout] 
[INFO] [stdout] ---- test::list_unspent stdout ----
[INFO] [stdout] 
[INFO] [stdout] thread 'test::list_unspent' (2482) panicked at src/lib.rs:538:54:
[INFO] [stdout] called `Result::unwrap()` on an `Err` value: `bitcoind` executable is required, provide it with one of the following: set env var `BITCOIND_EXE` or use a feature like "22_1" or have `bitcoind` executable in the `PATH`
[INFO] [stdout] 
[INFO] [stdout] Stack backtrace:
[INFO] [stdout]    0: <anyhow::Error as core::convert::From<bitcoind::Error>>::from
[INFO] [stdout]    1: bitcoind::exe_path
[INFO] [stdout]    2: lnd::test::setup_nodes::{closure#0}
[INFO] [stdout]    3: lnd::test::list_unspent::{closure#0}
[INFO] [stdout]    4: <tokio::runtime::scheduler::current_thread::Context>::enter::<core::task::poll::Poll<()>, <tokio::runtime::scheduler::current_thread::CoreGuard>::block_on<core::pin::Pin<&mut core::pin::Pin<&mut dyn core::future::future::Future<Output = ()>>>>::{closure#0}::{closure#0}>
[INFO] [stdout]    5: <std::thread::local::LocalKey<tokio::runtime::context::Context>>::with::<tokio::runtime::context::set_scheduler<(alloc::boxed::Box<tokio::runtime::scheduler::current_thread::Core>, core::option::Option<()>), <tokio::runtime::scheduler::current_thread::CoreGuard>::enter<<tokio::runtime::scheduler::current_thread::CoreGuard>::block_on<core::pin::Pin<&mut core::pin::Pin<&mut dyn core::future::future::Future<Output = ()>>>>::{closure#0}, core::option::Option<()>>::{closure#0}>::{closure#0}, (alloc::boxed::Box<tokio::runtime::scheduler::current_thread::Core>, core::option::Option<()>)>
[INFO] [stdout]    6: <tokio::runtime::scheduler::current_thread::CoreGuard>::block_on::<core::pin::Pin<&mut core::pin::Pin<&mut dyn core::future::future::Future<Output = ()>>>>
[INFO] [stdout]    7: tokio::runtime::context::runtime::enter_runtime::<<tokio::runtime::scheduler::current_thread::CurrentThread>::block_on<core::pin::Pin<&mut dyn core::future::future::Future<Output = ()>>>::{closure#0}, ()>
[INFO] [stdout]    8: <tokio::runtime::runtime::Runtime>::block_on::<core::pin::Pin<&mut dyn core::future::future::Future<Output = ()>>>
[INFO] [stdout]    9: <lnd::test::list_unspent::{closure#0} as core::ops::function::FnOnce<()>>::call_once
[INFO] [stdout]   10: test::__rust_begin_short_backtrace::<core::result::Result<(), alloc::string::String>, fn() -> core::result::Result<(), alloc::string::String>>
[INFO] [stdout]   11: test::run_test::{closure#0}
[INFO] [stdout]   12: std::sys::backtrace::__rust_begin_short_backtrace::<test::run_test::{closure#1}, ()>
[INFO] [stdout]   13: <std::thread::lifecycle::spawn_unchecked<test::run_test::{closure#1}, ()>::{closure#1} as core::ops::function::FnOnce<()>>::call_once::{shim:vtable#0}
[INFO] [stdout]   14: <std::sys::thread::unix::Thread>::new::thread_start
[INFO] [stdout]   15: <unknown>
[INFO] [stdout]   16: clone
[INFO] [stdout] stack backtrace:
[INFO] [stdout]    0:     0x60204ea62db1 - <<std[617be2ca0a6fd877]::sys::backtrace::BacktraceLock>::print::DisplayBacktrace as core[a373ad73a504971]::fmt::Display>::fmt
[INFO] [stdout]    1:     0x60204ea7a6ca - core[a373ad73a504971]::fmt::write
[INFO] [stdout]    2:     0x60204ea6840c - <alloc[2e1b2a31b91974c5]::vec::Vec<u8> as core[a373ad73a504971]::io::write::Write>::write_fmt
[INFO] [stdout]    3:     0x60204ea3b566 - std[617be2ca0a6fd877]::panicking::default_hook::{closure#0}
[INFO] [stdout]    4:     0x60204ea59f09 - std[617be2ca0a6fd877]::panicking::default_hook
[INFO] [stdout]    5:     0x60204e87a2f0 - test[aada8e7e76ba119b]::test_main_inner::{closure#0}
[INFO] [stdout]    6:     0x60204ea5a232 - std[617be2ca0a6fd877]::panicking::panic_with_hook
[INFO] [stdout]    7:     0x60204ea3b612 - std[617be2ca0a6fd877]::panicking::panic_handler::{closure#0}
[INFO] [stdout]    8:     0x60204ea33879 - std[617be2ca0a6fd877]::sys::backtrace::__rust_end_short_backtrace::<std[617be2ca0a6fd877]::panicking::panic_handler::{closure#0}, !>
[INFO] [stdout]    9:     0x60204ea3c73d - __rustc[ea4f61d10b84890b]::rust_begin_unwind
[INFO] [stdout]   10:     0x60204ea7ae2c - core[a373ad73a504971]::panicking::panic_fmt
[INFO] [stdout]   11:     0x60204ea7ac02 - core[a373ad73a504971]::result::unwrap_failed
[INFO] [stdout]   12:     0x60204e8583bc - lnd[c3ba3de6e8aa03a2]::test::setup_nodes::{closure#0}
[INFO] [stdout]   13:     0x60204e85871b - lnd[c3ba3de6e8aa03a2]::test::list_unspent::{closure#0}
[INFO] [stdout]   14:     0x60204e860783 - <tokio[4b6398695cadf0d3]::runtime::scheduler::current_thread::Context>::enter::<core[a373ad73a504971]::task::poll::Poll<()>, <tokio[4b6398695cadf0d3]::runtime::scheduler::current_thread::CoreGuard>::block_on<core[a373ad73a504971]::pin::Pin<&mut core[a373ad73a504971]::pin::Pin<&mut dyn core[a373ad73a504971]::future::future::Future<Output = ()>>>>::{closure#0}::{closure#0}>
[INFO] [stdout]   15:     0x60204e80ad59 - <std[617be2ca0a6fd877]::thread::local::LocalKey<tokio[4b6398695cadf0d3]::runtime::context::Context>>::with::<tokio[4b6398695cadf0d3]::runtime::context::set_scheduler<(alloc[2e1b2a31b91974c5]::boxed::Box<tokio[4b6398695cadf0d3]::runtime::scheduler::current_thread::Core>, core[a373ad73a504971]::option::Option<()>), <tokio[4b6398695cadf0d3]::runtime::scheduler::current_thread::CoreGuard>::enter<<tokio[4b6398695cadf0d3]::runtime::scheduler::current_thread::CoreGuard>::block_on<core[a373ad73a504971]::pin::Pin<&mut core[a373ad73a504971]::pin::Pin<&mut dyn core[a373ad73a504971]::future::future::Future<Output = ()>>>>::{closure#0}, core[a373ad73a504971]::option::Option<()>>::{closure#0}>::{closure#0}, (alloc[2e1b2a31b91974c5]::boxed::Box<tokio[4b6398695cadf0d3]::runtime::scheduler::current_thread::Core>, core[a373ad73a504971]::option::Option<()>)>
[INFO] [stdout]   16:     0x60204e8612d7 - <tokio[4b6398695cadf0d3]::runtime::scheduler::current_thread::CoreGuard>::block_on::<core[a373ad73a504971]::pin::Pin<&mut core[a373ad73a504971]::pin::Pin<&mut dyn core[a373ad73a504971]::future::future::Future<Output = ()>>>>
[INFO] [stdout]   17:     0x60204e80d46b - tokio[4b6398695cadf0d3]::runtime::context::runtime::enter_runtime::<<tokio[4b6398695cadf0d3]::runtime::scheduler::current_thread::CurrentThread>::block_on<core[a373ad73a504971]::pin::Pin<&mut dyn core[a373ad73a504971]::future::future::Future<Output = ()>>>::{closure#0}, ()>
[INFO] [stdout]   18:     0x60204e7a0625 - <tokio[4b6398695cadf0d3]::runtime::runtime::Runtime>::block_on::<core[a373ad73a504971]::pin::Pin<&mut dyn core[a373ad73a504971]::future::future::Future<Output = ()>>>
[INFO] [stdout]   19:     0x60204e85eb8e - <lnd[c3ba3de6e8aa03a2]::test::list_unspent::{closure#0} as core[a373ad73a504971]::ops::function::FnOnce<()>>::call_once
[INFO] [stdout]   20:     0x60204e86d73b - test[aada8e7e76ba119b]::__rust_begin_short_backtrace::<core[a373ad73a504971]::result::Result<(), alloc[2e1b2a31b91974c5]::string::String>, fn() -> core[a373ad73a504971]::result::Result<(), alloc[2e1b2a31b91974c5]::string::String>>
[INFO] [stdout]   21:     0x60204e87a915 - test[aada8e7e76ba119b]::run_test::{closure#0}
[INFO] [stdout]   22:     0x60204e874204 - std[617be2ca0a6fd877]::sys::backtrace::__rust_begin_short_backtrace::<test[aada8e7e76ba119b]::run_test::{closure#1}, ()>
[INFO] [stdout]   23:     0x60204e87d9a2 - <std[617be2ca0a6fd877]::thread::lifecycle::spawn_unchecked<test[aada8e7e76ba119b]::run_test::{closure#1}, ()>::{closure#1} as core[a373ad73a504971]::ops::function::FnOnce<()>>::call_once::{shim:vtable#0}
[INFO] [stdout]   24:     0x60204ea61cff - <std[617be2ca0a6fd877]::sys::thread::unix::Thread>::new::thread_start
[INFO] [stdout]   25:     0x7418d3002dfa - <unknown>
[INFO] [stdout]   26:     0x7418d30963d4 - clone
[INFO] [stdout]   27:                0x0 - <unknown>
[INFO] [stdout] 
[INFO] [stdout] ---- test::two_lnd_nodes stdout ----
[INFO] [stdout] 
[INFO] [stdout] thread 'test::two_lnd_nodes' (2486) panicked at src/lib.rs:538:54:
[INFO] [stdout] called `Result::unwrap()` on an `Err` value: `bitcoind` executable is required, provide it with one of the following: set env var `BITCOIND_EXE` or use a feature like "22_1" or have `bitcoind` executable in the `PATH`
[INFO] [stdout] 
[INFO] [stdout] Stack backtrace:
[INFO] [stdout]    0: <anyhow::Error as core::convert::From<bitcoind::Error>>::from
[INFO] [stdout]    1: bitcoind::exe_path
[INFO] [stdout]    2: lnd::test::setup_nodes::{closure#0}
[INFO] [stdout]    3: lnd::test::two_lnd_nodes::{closure#0}
[INFO] [stdout]    4: <tokio::runtime::scheduler::current_thread::Context>::enter::<core::task::poll::Poll<()>, <tokio::runtime::scheduler::current_thread::CoreGuard>::block_on<core::pin::Pin<&mut core::pin::Pin<&mut dyn core::future::future::Future<Output = ()>>>>::{closure#0}::{closure#0}>
[INFO] [stdout]    5: <std::thread::local::LocalKey<tokio::runtime::context::Context>>::with::<tokio::runtime::context::set_scheduler<(alloc::boxed::Box<tokio::runtime::scheduler::current_thread::Core>, core::option::Option<()>), <tokio::runtime::scheduler::current_thread::CoreGuard>::enter<<tokio::runtime::scheduler::current_thread::CoreGuard>::block_on<core::pin::Pin<&mut core::pin::Pin<&mut dyn core::future::future::Future<Output = ()>>>>::{closure#0}, core::option::Option<()>>::{closure#0}>::{closure#0}, (alloc::boxed::Box<tokio::runtime::scheduler::current_thread::Core>, core::option::Option<()>)>
[INFO] [stdout]    6: <tokio::runtime::scheduler::current_thread::CoreGuard>::block_on::<core::pin::Pin<&mut core::pin::Pin<&mut dyn core::future::future::Future<Output = ()>>>>
[INFO] [stdout]    7: tokio::runtime::context::runtime::enter_runtime::<<tokio::runtime::scheduler::current_thread::CurrentThread>::block_on<core::pin::Pin<&mut dyn core::future::future::Future<Output = ()>>>::{closure#0}, ()>
[INFO] [stdout]    8: <tokio::runtime::runtime::Runtime>::block_on::<core::pin::Pin<&mut dyn core::future::future::Future<Output = ()>>>
[INFO] [stdout]    9: <lnd::test::two_lnd_nodes::{closure#0} as core::ops::function::FnOnce<()>>::call_once
[INFO] [stdout]   10: test::__rust_begin_short_backtrace::<core::result::Result<(), alloc::string::String>, fn() -> core::result::Result<(), alloc::string::String>>
[INFO] [stdout]   11: test::run_test::{closure#0}
[INFO] [stdout]   12: std::sys::backtrace::__rust_begin_short_backtrace::<test::run_test::{closure#1}, ()>
[INFO] [stdout]   13: <std::thread::lifecycle::spawn_unchecked<test::run_test::{closure#1}, ()>::{closure#1} as core::ops::function::FnOnce<()>>::call_once::{shim:vtable#0}
[INFO] [stdout]   14: <std::sys::thread::unix::Thread>::new::thread_start
[INFO] [stdout]   15: <unknown>
[INFO] [stdout]   16: clone
[INFO] [stderr] error: test failed, to rerun pass `--lib`
[INFO] [stdout] stack backtrace:
[INFO] [stdout]    0:     0x60204ea62db1 - <<std[617be2ca0a6fd877]::sys::backtrace::BacktraceLock>::print::DisplayBacktrace as core[a373ad73a504971]::fmt::Display>::fmt
[INFO] [stdout]    1:     0x60204ea7a6ca - core[a373ad73a504971]::fmt::write
[INFO] [stdout]    2:     0x60204ea6840c - <alloc[2e1b2a31b91974c5]::vec::Vec<u8> as core[a373ad73a504971]::io::write::Write>::write_fmt
[INFO] [stdout]    3:     0x60204ea3b566 - std[617be2ca0a6fd877]::panicking::default_hook::{closure#0}
[INFO] [stdout]    4:     0x60204ea59f09 - std[617be2ca0a6fd877]::panicking::default_hook
[INFO] [stdout]    5:     0x60204e87a2f0 - test[aada8e7e76ba119b]::test_main_inner::{closure#0}
[INFO] [stdout]    6:     0x60204ea5a232 - std[617be2ca0a6fd877]::panicking::panic_with_hook
[INFO] [stdout]    7:     0x60204ea3b612 - std[617be2ca0a6fd877]::panicking::panic_handler::{closure#0}
[INFO] [stdout]    8:     0x60204ea33879 - std[617be2ca0a6fd877]::sys::backtrace::__rust_end_short_backtrace::<std[617be2ca0a6fd877]::panicking::panic_handler::{closure#0}, !>
[INFO] [stdout]    9:     0x60204ea3c73d - __rustc[ea4f61d10b84890b]::rust_begin_unwind
[INFO] [stdout]   10:     0x60204ea7ae2c - core[a373ad73a504971]::panicking::panic_fmt
[INFO] [stdout]   11:     0x60204ea7ac02 - core[a373ad73a504971]::result::unwrap_failed
[INFO] [stdout]   12:     0x60204e8583bc - lnd[c3ba3de6e8aa03a2]::test::setup_nodes::{closure#0}
[INFO] [stdout]   13:     0x60204e85be4c - lnd[c3ba3de6e8aa03a2]::test::two_lnd_nodes::{closure#0}
[INFO] [stdout]   14:     0x60204e860783 - <tokio[4b6398695cadf0d3]::runtime::scheduler::current_thread::Context>::enter::<core[a373ad73a504971]::task::poll::Poll<()>, <tokio[4b6398695cadf0d3]::runtime::scheduler::current_thread::CoreGuard>::block_on<core[a373ad73a504971]::pin::Pin<&mut core[a373ad73a504971]::pin::Pin<&mut dyn core[a373ad73a504971]::future::future::Future<Output = ()>>>>::{closure#0}::{closure#0}>
[INFO] [stdout]   15:     0x60204e80ad59 - <std[617be2ca0a6fd877]::thread::local::LocalKey<tokio[4b6398695cadf0d3]::runtime::context::Context>>::with::<tokio[4b6398695cadf0d3]::runtime::context::set_scheduler<(alloc[2e1b2a31b91974c5]::boxed::Box<tokio[4b6398695cadf0d3]::runtime::scheduler::current_thread::Core>, core[a373ad73a504971]::option::Option<()>), <tokio[4b6398695cadf0d3]::runtime::scheduler::current_thread::CoreGuard>::enter<<tokio[4b6398695cadf0d3]::runtime::scheduler::current_thread::CoreGuard>::block_on<core[a373ad73a504971]::pin::Pin<&mut core[a373ad73a504971]::pin::Pin<&mut dyn core[a373ad73a504971]::future::future::Future<Output = ()>>>>::{closure#0}, core[a373ad73a504971]::option::Option<()>>::{closure#0}>::{closure#0}, (alloc[2e1b2a31b91974c5]::boxed::Box<tokio[4b6398695cadf0d3]::runtime::scheduler::current_thread::Core>, core[a373ad73a504971]::option::Option<()>)>
[INFO] [stdout]   16:     0x60204e8612d7 - <tokio[4b6398695cadf0d3]::runtime::scheduler::current_thread::CoreGuard>::block_on::<core[a373ad73a504971]::pin::Pin<&mut core[a373ad73a504971]::pin::Pin<&mut dyn core[a373ad73a504971]::future::future::Future<Output = ()>>>>
[INFO] [stdout]   17:     0x60204e80d46b - tokio[4b6398695cadf0d3]::runtime::context::runtime::enter_runtime::<<tokio[4b6398695cadf0d3]::runtime::scheduler::current_thread::CurrentThread>::block_on<core[a373ad73a504971]::pin::Pin<&mut dyn core[a373ad73a504971]::future::future::Future<Output = ()>>>::{closure#0}, ()>
[INFO] [stdout]   18:     0x60204e7a0625 - <tokio[4b6398695cadf0d3]::runtime::runtime::Runtime>::block_on::<core[a373ad73a504971]::pin::Pin<&mut dyn core[a373ad73a504971]::future::future::Future<Output = ()>>>
[INFO] [stdout]   19:     0x60204e85ed3e - <lnd[c3ba3de6e8aa03a2]::test::two_lnd_nodes::{closure#0} as core[a373ad73a504971]::ops::function::FnOnce<()>>::call_once
[INFO] [stdout]   20:     0x60204e86d73b - test[aada8e7e76ba119b]::__rust_begin_short_backtrace::<core[a373ad73a504971]::result::Result<(), alloc[2e1b2a31b91974c5]::string::String>, fn() -> core[a373ad73a504971]::result::Result<(), alloc[2e1b2a31b91974c5]::string::String>>
[INFO] [stdout]   21:     0x60204e87a915 - test[aada8e7e76ba119b]::run_test::{closure#0}
[INFO] [stdout]   22:     0x60204e874204 - std[617be2ca0a6fd877]::sys::backtrace::__rust_begin_short_backtrace::<test[aada8e7e76ba119b]::run_test::{closure#1}, ()>
[INFO] [stdout]   23:     0x60204e87d9a2 - <std[617be2ca0a6fd877]::thread::lifecycle::spawn_unchecked<test[aada8e7e76ba119b]::run_test::{closure#1}, ()>::{closure#1} as core[a373ad73a504971]::ops::function::FnOnce<()>>::call_once::{shim:vtable#0}
[INFO] [stdout]   24:     0x60204ea61cff - <std[617be2ca0a6fd877]::sys::thread::unix::Thread>::new::thread_start
[INFO] [stdout]   25:     0x7418d3002dfa - <unknown>
[INFO] [stdout]   26:     0x7418d30963d4 - clone
[INFO] [stdout]   27:                0x0 - <unknown>
[INFO] [stdout] 
[INFO] [stdout] ---- test::test_with_gen_blocks stdout ----
[INFO] [stdout] 
[INFO] [stdout] thread 'test::test_with_gen_blocks' (2485) panicked at src/lib.rs:538:54:
[INFO] [stdout] called `Result::unwrap()` on an `Err` value: `bitcoind` executable is required, provide it with one of the following: set env var `BITCOIND_EXE` or use a feature like "22_1" or have `bitcoind` executable in the `PATH`
[INFO] [stdout] 
[INFO] [stdout] Stack backtrace:
[INFO] [stdout]    0: <anyhow::Error as core::convert::From<bitcoind::Error>>::from
[INFO] [stdout]    1: bitcoind::exe_path
[INFO] [stdout]    2: lnd::test::setup_nodes::{closure#0}
[INFO] [stdout]    3: lnd::test::test_with_gen_blocks::{closure#0}
[INFO] [stdout]    4: <tokio::runtime::scheduler::current_thread::Context>::enter::<core::task::poll::Poll<()>, <tokio::runtime::scheduler::current_thread::CoreGuard>::block_on<core::pin::Pin<&mut core::pin::Pin<&mut dyn core::future::future::Future<Output = ()>>>>::{closure#0}::{closure#0}>
[INFO] [stdout]    5: <std::thread::local::LocalKey<tokio::runtime::context::Context>>::with::<tokio::runtime::context::set_scheduler<(alloc::boxed::Box<tokio::runtime::scheduler::current_thread::Core>, core::option::Option<()>), <tokio::runtime::scheduler::current_thread::CoreGuard>::enter<<tokio::runtime::scheduler::current_thread::CoreGuard>::block_on<core::pin::Pin<&mut core::pin::Pin<&mut dyn core::future::future::Future<Output = ()>>>>::{closure#0}, core::option::Option<()>>::{closure#0}>::{closure#0}, (alloc::boxed::Box<tokio::runtime::scheduler::current_thread::Core>, core::option::Option<()>)>
[INFO] [stdout]    6: <tokio::runtime::scheduler::current_thread::CoreGuard>::block_on::<core::pin::Pin<&mut core::pin::Pin<&mut dyn core::future::future::Future<Output = ()>>>>
[INFO] [stdout]    7: tokio::runtime::context::runtime::enter_runtime::<<tokio::runtime::scheduler::current_thread::CurrentThread>::block_on<core::pin::Pin<&mut dyn core::future::future::Future<Output = ()>>>::{closure#0}, ()>
[INFO] [stdout]    8: <tokio::runtime::runtime::Runtime>::block_on::<core::pin::Pin<&mut dyn core::future::future::Future<Output = ()>>>
[INFO] [stdout]    9: <lnd::test::test_with_gen_blocks::{closure#0} as core::ops::function::FnOnce<()>>::call_once
[INFO] [stdout]   10: test::__rust_begin_short_backtrace::<core::result::Result<(), alloc::string::String>, fn() -> core::result::Result<(), alloc::string::String>>
[INFO] [stdout]   11: test::run_test::{closure#0}
[INFO] [stdout]   12: std::sys::backtrace::__rust_begin_short_backtrace::<test::run_test::{closure#1}, ()>
[INFO] [stdout]   13: <std::thread::lifecycle::spawn_unchecked<test::run_test::{closure#1}, ()>::{closure#1} as core::ops::function::FnOnce<()>>::call_once::{shim:vtable#0}
[INFO] [stdout]   14: <std::sys::thread::unix::Thread>::new::thread_start
[INFO] [stdout]   15: <unknown>
[INFO] [stdout]   16: clone
[INFO] [stdout] stack backtrace:
[INFO] [stdout]    0:     0x60204ea62db1 - <<std[617be2ca0a6fd877]::sys::backtrace::BacktraceLock>::print::DisplayBacktrace as core[a373ad73a504971]::fmt::Display>::fmt
[INFO] [stdout]    1:     0x60204ea7a6ca - core[a373ad73a504971]::fmt::write
[INFO] [stdout]    2:     0x60204ea6840c - <alloc[2e1b2a31b91974c5]::vec::Vec<u8> as core[a373ad73a504971]::io::write::Write>::write_fmt
[INFO] [stdout]    3:     0x60204ea3b566 - std[617be2ca0a6fd877]::panicking::default_hook::{closure#0}
[INFO] [stdout]    4:     0x60204ea59f09 - std[617be2ca0a6fd877]::panicking::default_hook
[INFO] [stdout]    5:     0x60204e87a2f0 - test[aada8e7e76ba119b]::test_main_inner::{closure#0}
[INFO] [stdout]    6:     0x60204ea5a232 - std[617be2ca0a6fd877]::panicking::panic_with_hook
[INFO] [stdout]    7:     0x60204ea3b612 - std[617be2ca0a6fd877]::panicking::panic_handler::{closure#0}
[INFO] [stdout]    8:     0x60204ea33879 - std[617be2ca0a6fd877]::sys::backtrace::__rust_end_short_backtrace::<std[617be2ca0a6fd877]::panicking::panic_handler::{closure#0}, !>
[INFO] [stdout]    9:     0x60204ea3c73d - __rustc[ea4f61d10b84890b]::rust_begin_unwind
[INFO] [stdout]   10:     0x60204ea7ae2c - core[a373ad73a504971]::panicking::panic_fmt
[INFO] [stdout]   11:     0x60204ea7ac02 - core[a373ad73a504971]::result::unwrap_failed
[INFO] [stdout]   12:     0x60204e8583bc - lnd[c3ba3de6e8aa03a2]::test::setup_nodes::{closure#0}
[INFO] [stdout]   13:     0x60204e85c5a0 - lnd[c3ba3de6e8aa03a2]::test::test_with_gen_blocks::{closure#0}
[INFO] [stdout]   14:     0x60204e860783 - <tokio[4b6398695cadf0d3]::runtime::scheduler::current_thread::Context>::enter::<core[a373ad73a504971]::task::poll::Poll<()>, <tokio[4b6398695cadf0d3]::runtime::scheduler::current_thread::CoreGuard>::block_on<core[a373ad73a504971]::pin::Pin<&mut core[a373ad73a504971]::pin::Pin<&mut dyn core[a373ad73a504971]::future::future::Future<Output = ()>>>>::{closure#0}::{closure#0}>
[INFO] [stdout]   15:     0x60204e80ad59 - <std[617be2ca0a6fd877]::thread::local::LocalKey<tokio[4b6398695cadf0d3]::runtime::context::Context>>::with::<tokio[4b6398695cadf0d3]::runtime::context::set_scheduler<(alloc[2e1b2a31b91974c5]::boxed::Box<tokio[4b6398695cadf0d3]::runtime::scheduler::current_thread::Core>, core[a373ad73a504971]::option::Option<()>), <tokio[4b6398695cadf0d3]::runtime::scheduler::current_thread::CoreGuard>::enter<<tokio[4b6398695cadf0d3]::runtime::scheduler::current_thread::CoreGuard>::block_on<core[a373ad73a504971]::pin::Pin<&mut core[a373ad73a504971]::pin::Pin<&mut dyn core[a373ad73a504971]::future::future::Future<Output = ()>>>>::{closure#0}, core[a373ad73a504971]::option::Option<()>>::{closure#0}>::{closure#0}, (alloc[2e1b2a31b91974c5]::boxed::Box<tokio[4b6398695cadf0d3]::runtime::scheduler::current_thread::Core>, core[a373ad73a504971]::option::Option<()>)>
[INFO] [stdout]   16:     0x60204e8612d7 - <tokio[4b6398695cadf0d3]::runtime::scheduler::current_thread::CoreGuard>::block_on::<core[a373ad73a504971]::pin::Pin<&mut core[a373ad73a504971]::pin::Pin<&mut dyn core[a373ad73a504971]::future::future::Future<Output = ()>>>>
[INFO] [stdout]   17:     0x60204e80d46b - tokio[4b6398695cadf0d3]::runtime::context::runtime::enter_runtime::<<tokio[4b6398695cadf0d3]::runtime::scheduler::current_thread::CurrentThread>::block_on<core[a373ad73a504971]::pin::Pin<&mut dyn core[a373ad73a504971]::future::future::Future<Output = ()>>>::{closure#0}, ()>
[INFO] [stdout]   18:     0x60204e7a0625 - <tokio[4b6398695cadf0d3]::runtime::runtime::Runtime>::block_on::<core[a373ad73a504971]::pin::Pin<&mut dyn core[a373ad73a504971]::future::future::Future<Output = ()>>>
[INFO] [stdout]   19:     0x60204e85efee - <lnd[c3ba3de6e8aa03a2]::test::test_with_gen_blocks::{closure#0} as core[a373ad73a504971]::ops::function::FnOnce<()>>::call_once
[INFO] [stdout]   20:     0x60204e86d73b - test[aada8e7e76ba119b]::__rust_begin_short_backtrace::<core[a373ad73a504971]::result::Result<(), alloc[2e1b2a31b91974c5]::string::String>, fn() -> core[a373ad73a504971]::result::Result<(), alloc[2e1b2a31b91974c5]::string::String>>
[INFO] [stdout]   21:     0x60204e87a915 - test[aada8e7e76ba119b]::run_test::{closure#0}
[INFO] [stdout]   22:     0x60204e874204 - std[617be2ca0a6fd877]::sys::backtrace::__rust_begin_short_backtrace::<test[aada8e7e76ba119b]::run_test::{closure#1}, ()>
[INFO] [stdout]   23:     0x60204e87d9a2 - <std[617be2ca0a6fd877]::thread::lifecycle::spawn_unchecked<test[aada8e7e76ba119b]::run_test::{closure#1}, ()>::{closure#1} as core[a373ad73a504971]::ops::function::FnOnce<()>>::call_once::{shim:vtable#0}
[INFO] [stdout]   24:     0x60204ea61cff - <std[617be2ca0a6fd877]::sys::thread::unix::Thread>::new::thread_start
[INFO] [stdout]   25:     0x7418d3002dfa - <unknown>
[INFO] [stdout]   26:     0x7418d30963d4 - clone
[INFO] [stdout]   27:                0x0 - <unknown>
[INFO] [stdout] 
[INFO] [stdout] ---- test::test_kill stdout ----
[INFO] [stdout] 
[INFO] [stdout] thread 'test::test_kill' (2484) panicked at src/lib.rs:538:54:
[INFO] [stdout] called `Result::unwrap()` on an `Err` value: `bitcoind` executable is required, provide it with one of the following: set env var `BITCOIND_EXE` or use a feature like "22_1" or have `bitcoind` executable in the `PATH`
[INFO] [stdout] 
[INFO] [stdout] Stack backtrace:
[INFO] [stdout]    0: <anyhow::Error as core::convert::From<bitcoind::Error>>::from
[INFO] [stdout]    1: bitcoind::exe_path
[INFO] [stdout]    2: lnd::test::setup_nodes::{closure#0}
[INFO] [stdout]    3: lnd::test::test_kill::{closure#0}
[INFO] [stdout]    4: <tokio::runtime::scheduler::current_thread::Context>::enter::<core::task::poll::Poll<()>, <tokio::runtime::scheduler::current_thread::CoreGuard>::block_on<core::pin::Pin<&mut core::pin::Pin<&mut dyn core::future::future::Future<Output = ()>>>>::{closure#0}::{closure#0}>
[INFO] [stdout]    5: <std::thread::local::LocalKey<tokio::runtime::context::Context>>::with::<tokio::runtime::context::set_scheduler<(alloc::boxed::Box<tokio::runtime::scheduler::current_thread::Core>, core::option::Option<()>), <tokio::runtime::scheduler::current_thread::CoreGuard>::enter<<tokio::runtime::scheduler::current_thread::CoreGuard>::block_on<core::pin::Pin<&mut core::pin::Pin<&mut dyn core::future::future::Future<Output = ()>>>>::{closure#0}, core::option::Option<()>>::{closure#0}>::{closure#0}, (alloc::boxed::Box<tokio::runtime::scheduler::current_thread::Core>, core::option::Option<()>)>
[INFO] [stdout]    6: <tokio::runtime::scheduler::current_thread::CoreGuard>::block_on::<core::pin::Pin<&mut core::pin::Pin<&mut dyn core::future::future::Future<Output = ()>>>>
[INFO] [stdout]    7: tokio::runtime::context::runtime::enter_runtime::<<tokio::runtime::scheduler::current_thread::CurrentThread>::block_on<core::pin::Pin<&mut dyn core::future::future::Future<Output = ()>>>::{closure#0}, ()>
[INFO] [stdout]    8: <tokio::runtime::runtime::Runtime>::block_on::<core::pin::Pin<&mut dyn core::future::future::Future<Output = ()>>>
[INFO] [stdout]    9: <lnd::test::test_kill::{closure#0} as core::ops::function::FnOnce<()>>::call_once
[INFO] [stdout]   10: test::__rust_begin_short_backtrace::<core::result::Result<(), alloc::string::String>, fn() -> core::result::Result<(), alloc::string::String>>
[INFO] [stdout]   11: test::run_test::{closure#0}
[INFO] [stdout]   12: std::sys::backtrace::__rust_begin_short_backtrace::<test::run_test::{closure#1}, ()>
[INFO] [stdout]   13: <std::thread::lifecycle::spawn_unchecked<test::run_test::{closure#1}, ()>::{closure#1} as core::ops::function::FnOnce<()>>::call_once::{shim:vtable#0}
[INFO] [stdout]   14: <std::sys::thread::unix::Thread>::new::thread_start
[INFO] [stdout]   15: <unknown>
[INFO] [stdout]   16: clone
[INFO] [stdout] stack backtrace:
[INFO] [stdout]    0:     0x60204ea62db1 - <<std[617be2ca0a6fd877]::sys::backtrace::BacktraceLock>::print::DisplayBacktrace as core[a373ad73a504971]::fmt::Display>::fmt
[INFO] [stdout]    1:     0x60204ea7a6ca - core[a373ad73a504971]::fmt::write
[INFO] [stdout]    2:     0x60204ea6840c - <alloc[2e1b2a31b91974c5]::vec::Vec<u8> as core[a373ad73a504971]::io::write::Write>::write_fmt
[INFO] [stdout]    3:     0x60204ea3b566 - std[617be2ca0a6fd877]::panicking::default_hook::{closure#0}
[INFO] [stdout]    4:     0x60204ea59f09 - std[617be2ca0a6fd877]::panicking::default_hook
[INFO] [stdout]    5:     0x60204e87a2f0 - test[aada8e7e76ba119b]::test_main_inner::{closure#0}
[INFO] [stdout]    6:     0x60204ea5a232 - std[617be2ca0a6fd877]::panicking::panic_with_hook
[INFO] [stdout]    7:     0x60204ea3b612 - std[617be2ca0a6fd877]::panicking::panic_handler::{closure#0}
[INFO] [stdout]    8:     0x60204ea33879 - std[617be2ca0a6fd877]::sys::backtrace::__rust_end_short_backtrace::<std[617be2ca0a6fd877]::panicking::panic_handler::{closure#0}, !>
[INFO] [stdout]    9:     0x60204ea3c73d - __rustc[ea4f61d10b84890b]::rust_begin_unwind
[INFO] [stdout]   10:     0x60204ea7ae2c - core[a373ad73a504971]::panicking::panic_fmt
[INFO] [stdout]   11:     0x60204ea7ac02 - core[a373ad73a504971]::result::unwrap_failed
[INFO] [stdout]   12:     0x60204e8583bc - lnd[c3ba3de6e8aa03a2]::test::setup_nodes::{closure#0}
[INFO] [stdout]   13:     0x60204e85c87a - lnd[c3ba3de6e8aa03a2]::test::test_kill::{closure#0}
[INFO] [stdout]   14:     0x60204e860783 - <tokio[4b6398695cadf0d3]::runtime::scheduler::current_thread::Context>::enter::<core[a373ad73a504971]::task::poll::Poll<()>, <tokio[4b6398695cadf0d3]::runtime::scheduler::current_thread::CoreGuard>::block_on<core[a373ad73a504971]::pin::Pin<&mut core[a373ad73a504971]::pin::Pin<&mut dyn core[a373ad73a504971]::future::future::Future<Output = ()>>>>::{closure#0}::{closure#0}>
[INFO] [stdout]   15:     0x60204e80ad59 - <std[617be2ca0a6fd877]::thread::local::LocalKey<tokio[4b6398695cadf0d3]::runtime::context::Context>>::with::<tokio[4b6398695cadf0d3]::runtime::context::set_scheduler<(alloc[2e1b2a31b91974c5]::boxed::Box<tokio[4b6398695cadf0d3]::runtime::scheduler::current_thread::Core>, core[a373ad73a504971]::option::Option<()>), <tokio[4b6398695cadf0d3]::runtime::scheduler::current_thread::CoreGuard>::enter<<tokio[4b6398695cadf0d3]::runtime::scheduler::current_thread::CoreGuard>::block_on<core[a373ad73a504971]::pin::Pin<&mut core[a373ad73a504971]::pin::Pin<&mut dyn core[a373ad73a504971]::future::future::Future<Output = ()>>>>::{closure#0}, core[a373ad73a504971]::option::Option<()>>::{closure#0}>::{closure#0}, (alloc[2e1b2a31b91974c5]::boxed::Box<tokio[4b6398695cadf0d3]::runtime::scheduler::current_thread::Core>, core[a373ad73a504971]::option::Option<()>)>
[INFO] [stdout]   16:     0x60204e8612d7 - <tokio[4b6398695cadf0d3]::runtime::scheduler::current_thread::CoreGuard>::block_on::<core[a373ad73a504971]::pin::Pin<&mut core[a373ad73a504971]::pin::Pin<&mut dyn core[a373ad73a504971]::future::future::Future<Output = ()>>>>
[INFO] [stdout]   17:     0x60204e80d46b - tokio[4b6398695cadf0d3]::runtime::context::runtime::enter_runtime::<<tokio[4b6398695cadf0d3]::runtime::scheduler::current_thread::CurrentThread>::block_on<core[a373ad73a504971]::pin::Pin<&mut dyn core[a373ad73a504971]::future::future::Future<Output = ()>>>::{closure#0}, ()>
[INFO] [stdout]   18:     0x60204e7a0625 - <tokio[4b6398695cadf0d3]::runtime::runtime::Runtime>::block_on::<core[a373ad73a504971]::pin::Pin<&mut dyn core[a373ad73a504971]::future::future::Future<Output = ()>>>
[INFO] [stdout]   19:     0x60204e85f15e - <lnd[c3ba3de6e8aa03a2]::test::test_kill::{closure#0} as core[a373ad73a504971]::ops::function::FnOnce<()>>::call_once
[INFO] [stdout]   20:     0x60204e86d73b - test[aada8e7e76ba119b]::__rust_begin_short_backtrace::<core[a373ad73a504971]::result::Result<(), alloc[2e1b2a31b91974c5]::string::String>, fn() -> core[a373ad73a504971]::result::Result<(), alloc[2e1b2a31b91974c5]::string::String>>
[INFO] [stdout]   21:     0x60204e87a915 - test[aada8e7e76ba119b]::run_test::{closure#0}
[INFO] [stdout]   22:     0x60204e874204 - std[617be2ca0a6fd877]::sys::backtrace::__rust_begin_short_backtrace::<test[aada8e7e76ba119b]::run_test::{closure#1}, ()>
[INFO] [stdout]   23:     0x60204e87d9a2 - <std[617be2ca0a6fd877]::thread::lifecycle::spawn_unchecked<test[aada8e7e76ba119b]::run_test::{closure#1}, ()>::{closure#1} as core[a373ad73a504971]::ops::function::FnOnce<()>>::call_once::{shim:vtable#0}
[INFO] [stdout]   24:     0x60204ea61cff - <std[617be2ca0a6fd877]::sys::thread::unix::Thread>::new::thread_start
[INFO] [stdout]   25:     0x7418d3002dfa - <unknown>
[INFO] [stdout]   26:     0x7418d30963d4 - clone
[INFO] [stdout]   27:                0x0 - <unknown>
[INFO] [stdout] 
[INFO] [stdout] 
[INFO] [stdout] failures:
[INFO] [stdout]     test::list_unspent
[INFO] [stdout]     test::test_kill
[INFO] [stdout]     test::test_with_gen_blocks
[INFO] [stdout]     test::two_lnd_nodes
[INFO] [stdout] 
[INFO] [stdout] test result: FAILED. 1 passed; 4 failed; 0 ignored; 0 measured; 0 filtered out; finished in 0.01s
[INFO] [stdout] 
[INFO] running `Command { std: "docker" "inspect" "1e13e12f86f0f24952947dba512a3205784deaa3a4f88340d95da78c1e1e58f2", kill_on_drop: false }`
[INFO] running `Command { std: "docker" "rm" "-f" "1e13e12f86f0f24952947dba512a3205784deaa3a4f88340d95da78c1e1e58f2", kill_on_drop: false }`
[INFO] [stdout] 1e13e12f86f0f24952947dba512a3205784deaa3a4f88340d95da78c1e1e58f2
