[INFO] fetching crate lmrc-docker 0.3.16...
[INFO] testing lmrc-docker-0.3.16 against 1.100.0-beta.1+cargoflags=--release for beta-release-1.100-2
[INFO] extracting crate lmrc-docker 0.3.16 into /workspace/builds/worker-4-tc2/source
[INFO] started tweaking crates.io crate lmrc-docker 0.3.16
[INFO] removed 0 missing examples
[INFO] removed 0 missing tests
[INFO] finished tweaking crates.io crate lmrc-docker 0.3.16
[INFO] tweaked toml for crates.io crate lmrc-docker 0.3.16 written to /workspace/builds/worker-4-tc2/source/Cargo.toml
[INFO] validating manifest of crates.io crate lmrc-docker 0.3.16 on toolchain 1.100.0-beta.1
[INFO] running `Command { std: CARGO_HOME="/workspace/cargo-home" RUSTUP_HOME="/workspace/rustup-home" "/workspace/cargo-home/bin/cargo" "+1.100.0-beta.1" "metadata" "--manifest-path" "Cargo.toml" "--no-deps", kill_on_drop: false }`
[INFO] crate crates.io crate lmrc-docker 0.3.16 already has a lockfile, it will not be regenerated
[INFO] running `Command { std: CARGO_HOME="/workspace/cargo-home" RUSTUP_HOME="/workspace/rustup-home" "/workspace/cargo-home/bin/cargo" "+1.100.0-beta.1" "fetch" "--manifest-path" "Cargo.toml", kill_on_drop: false }`
[INFO] running `Command { std: "docker" "create" "-v" "/var/lib/crater-agent-workspace/builds/worker-4-tc2/source:/opt/rustwide/workdir:ro,Z" "-v" "/var/lib/crater-agent-workspace/builds/worker-4-tc2/target:/opt/rustwide/target:rw,Z" "-v" "/var/lib/crater-agent-workspace/cargo-home:/opt/rustwide/cargo-home:ro,Z" "-v" "/var/lib/crater-agent-workspace/rustup-home:/opt/rustwide/rustup-home:ro,Z" "-m" "1610612736" "--network" "none" "ghcr.io/rust-lang/crates-build-env/linux@sha256:77db811e55d90add9212f6832c23229e3de5f1c1f9905e8cb07319ea15df73ac" "sleep" "infinity", kill_on_drop: false }`
[INFO] [stdout] 09b04962ebb191372cc3e855a82f34fa1c82755cf295d14150f495c80bba1567
[INFO] running `Command { std: "docker" "start" "09b04962ebb191372cc3e855a82f34fa1c82755cf295d14150f495c80bba1567", kill_on_drop: false }`
[INFO] running `Command { std: "docker" "inspect" "09b04962ebb191372cc3e855a82f34fa1c82755cf295d14150f495c80bba1567", kill_on_drop: false }`
[INFO] running `Command { std: "docker" "exec" "-e" "SOURCE_DIR=/opt/rustwide/workdir" "-e" "CARGO_HOME=/opt/rustwide/cargo-home" "-e" "RUSTUP_HOME=/opt/rustwide/rustup-home" "-e" "CARGO_TARGET_DIR=/opt/rustwide/target" "-w" "/opt/rustwide/workdir" "--user" "0:0" "09b04962ebb191372cc3e855a82f34fa1c82755cf295d14150f495c80bba1567" "/opt/rustwide/cargo-home/bin/cargo" "+1.100.0-beta.1" "metadata" "--no-deps" "--format-version=1", kill_on_drop: false }`
[INFO] running `Command { std: "docker" "inspect" "09b04962ebb191372cc3e855a82f34fa1c82755cf295d14150f495c80bba1567", kill_on_drop: false }`
[INFO] running `Command { std: "docker" "exec" "-e" "SOURCE_DIR=/opt/rustwide/workdir" "-e" "CARGO_HOME=/opt/rustwide/cargo-home" "-e" "RUSTUP_HOME=/opt/rustwide/rustup-home" "-e" "CARGO_TARGET_DIR=/opt/rustwide/target" "-e" "CARGO_INCREMENTAL=0" "-e" "RUST_BACKTRACE=full" "-e" "RUSTFLAGS=--cap-lints=warn" "-e" "RUSTDOCFLAGS=--cap-lints=warn" "-w" "/opt/rustwide/workdir" "--user" "0:0" "09b04962ebb191372cc3e855a82f34fa1c82755cf295d14150f495c80bba1567" "/opt/rustwide/cargo-home/bin/cargo" "+1.100.0-beta.1" "build" "--frozen" "--message-format=json" "--release", kill_on_drop: false }`
[INFO] [stderr]    Compiling proc-macro2 v1.0.103
[INFO] [stderr]    Compiling libc v0.2.177
[INFO] [stderr]    Compiling bytes v1.11.0
[INFO] [stderr]    Compiling icu_properties_data v2.1.1
[INFO] [stderr]    Compiling rustix v1.1.2
[INFO] [stderr]    Compiling futures-channel v0.3.31
[INFO] [stderr]    Compiling serde_json v1.0.145
[INFO] [stderr]    Compiling serde_with v3.16.0
[INFO] [stderr]    Compiling http v1.4.0
[INFO] [stderr]    Compiling quote v1.0.42
[INFO] [stderr]    Compiling syn v2.0.111
[INFO] [stderr]    Compiling parking_lot_core v0.9.12
[INFO] [stderr]    Compiling signal-hook-registry v1.4.7
[INFO] [stderr]    Compiling mio v1.1.0
[INFO] [stderr]    Compiling socket2 v0.6.1
[INFO] [stderr]    Compiling filetime v0.2.26
[INFO] [stderr]    Compiling getrandom v0.3.4
[INFO] [stderr]    Compiling parking_lot v0.12.5
[INFO] [stderr]    Compiling http-body v1.0.1
[INFO] [stderr]    Compiling http-body-util v0.1.3
[INFO] [stderr]    Compiling xattr v1.6.1
[INFO] [stderr]    Compiling tempfile v3.23.0
[INFO] [stderr]    Compiling tar v0.4.44
[INFO] [stderr]    Compiling synstructure v0.13.2
[INFO] [stderr]    Compiling zerofrom-derive v0.1.6
[INFO] [stderr]    Compiling yoke-derive v0.8.1
[INFO] [stderr]    Compiling zerovec-derive v0.11.2
[INFO] [stderr]    Compiling displaydoc v0.2.5
[INFO] [stderr]    Compiling tokio-macros v2.6.0
[INFO] [stderr]    Compiling serde_derive v1.0.228
[INFO] [stderr]    Compiling futures-macro v0.3.31
[INFO] [stderr]    Compiling tracing-attributes v0.1.31
[INFO] [stderr]    Compiling serde_repr v0.1.20
[INFO] [stderr]    Compiling thiserror-impl v2.0.17
[INFO] [stderr]    Compiling futures-util v0.3.31
[INFO] [stderr]    Compiling tokio v1.48.0
[INFO] [stderr]    Compiling zerofrom v0.1.6
[INFO] [stderr]    Compiling yoke v0.8.1
[INFO] [stderr]    Compiling thiserror v2.0.17
[INFO] [stderr]    Compiling zerovec v0.11.5
[INFO] [stderr]    Compiling zerotrie v0.2.3
[INFO] [stderr]    Compiling tracing v0.1.42
[INFO] [stderr]    Compiling tinystr v0.8.2
[INFO] [stderr]    Compiling potential_utf v0.1.4
[INFO] [stderr]    Compiling icu_locale_core v2.1.1
[INFO] [stderr]    Compiling icu_collections v2.1.1
[INFO] [stderr]    Compiling serde v1.0.228
[INFO] [stderr]    Compiling icu_provider v2.1.1
[INFO] [stderr]    Compiling serde_urlencoded v0.7.1
[INFO] [stderr]    Compiling bollard-stubs v1.49.1-rc.28.4.0
[INFO] [stderr]    Compiling icu_normalizer v2.1.1
[INFO] [stderr]    Compiling icu_properties v2.1.1
[INFO] [stderr]    Compiling idna_adapter v1.2.1
[INFO] [stderr]    Compiling idna v1.1.0
[INFO] [stderr]    Compiling url v2.5.7
[INFO] [stderr]    Compiling hyper v1.8.1
[INFO] [stderr]    Compiling tokio-util v0.7.17
[INFO] [stderr]    Compiling hyper-util v0.1.18
[INFO] [stderr]    Compiling hyperlocal v0.9.1
[INFO] [stderr]    Compiling bollard v0.19.4
[INFO] [stderr]    Compiling lmrc-docker v0.3.16 (/opt/rustwide/workdir)
[INFO] [stderr] warning: unused dependency `tempfile`
[INFO] [stderr]   --> Cargo.toml:23:15
[INFO] [stderr]    |
[INFO] [stderr] 23 | [dependencies.tempfile]
[INFO] [stderr]    |               ^^^^^^^^^
[INFO] [stderr]    |
[INFO] [stderr]    = note: `cargo::unused_dependencies` is set to `warn` by default
[INFO] [stderr] help: consider removing the dependency on `tempfile`
[INFO] [stderr] warning: `lmrc-docker` (manifest) generated 1 warning
[INFO] [stderr]     Finished `release` profile [optimized] target(s) in 52.60s
[INFO] running `Command { std: "docker" "inspect" "09b04962ebb191372cc3e855a82f34fa1c82755cf295d14150f495c80bba1567", kill_on_drop: false }`
[INFO] running `Command { std: "docker" "exec" "-e" "SOURCE_DIR=/opt/rustwide/workdir" "-e" "CARGO_HOME=/opt/rustwide/cargo-home" "-e" "RUSTUP_HOME=/opt/rustwide/rustup-home" "-e" "CARGO_TARGET_DIR=/opt/rustwide/target" "-e" "CARGO_INCREMENTAL=0" "-e" "RUST_BACKTRACE=full" "-e" "RUSTFLAGS=--cap-lints=warn" "-e" "RUSTDOCFLAGS=--cap-lints=warn" "-w" "/opt/rustwide/workdir" "--user" "0:0" "09b04962ebb191372cc3e855a82f34fa1c82755cf295d14150f495c80bba1567" "/opt/rustwide/cargo-home/bin/cargo" "+1.100.0-beta.1" "test" "--frozen" "--no-run" "--message-format=json" "--release", kill_on_drop: false }`
[INFO] [stderr]    Compiling tokio v1.48.0
[INFO] [stderr]    Compiling hyper v1.8.1
[INFO] [stderr]    Compiling tokio-util v0.7.17
[INFO] [stderr]    Compiling hyper-util v0.1.18
[INFO] [stderr]    Compiling hyperlocal v0.9.1
[INFO] [stderr]    Compiling bollard v0.19.4
[INFO] [stderr]    Compiling lmrc-docker v0.3.16 (/opt/rustwide/workdir)
[INFO] [stderr] warning: unused dependency `tempfile`
[INFO] [stderr]   --> Cargo.toml:36:19
[INFO] [stderr]    |
[INFO] [stderr] 36 | [dev-dependencies.tempfile]
[INFO] [stderr]    |                   ^^^^^^^^^
[INFO] [stderr]    |
[INFO] [stderr]    = note: `cargo::unused_dependencies` is set to `warn` by default
[INFO] [stderr] help: consider removing the dependency on `tempfile`
[INFO] [stderr] warning: unused dependency `tempfile`
[INFO] [stderr]   --> Cargo.toml:23:15
[INFO] [stderr]    |
[INFO] [stderr] 23 | [dependencies.tempfile]
[INFO] [stderr]    |               ^^^^^^^^^
[INFO] [stderr]    |
[INFO] [stderr] help: consider removing the dependency on `tempfile`
[INFO] [stderr] warning: `lmrc-docker` (manifest) generated 2 warnings
[INFO] [stderr]     Finished `release` profile [optimized] target(s) in 1m 04s
[INFO] running `Command { std: "docker" "inspect" "09b04962ebb191372cc3e855a82f34fa1c82755cf295d14150f495c80bba1567", kill_on_drop: false }`
[INFO] running `Command { std: "docker" "exec" "-e" "SOURCE_DIR=/opt/rustwide/workdir" "-e" "CARGO_HOME=/opt/rustwide/cargo-home" "-e" "RUSTUP_HOME=/opt/rustwide/rustup-home" "-e" "CARGO_TARGET_DIR=/opt/rustwide/target" "-e" "CARGO_INCREMENTAL=0" "-e" "RUST_BACKTRACE=full" "-e" "RUSTFLAGS=--cap-lints=warn" "-e" "RUSTDOCFLAGS=--cap-lints=warn" "-w" "/opt/rustwide/workdir" "--user" "0:0" "09b04962ebb191372cc3e855a82f34fa1c82755cf295d14150f495c80bba1567" "/opt/rustwide/cargo-home/bin/cargo" "+1.100.0-beta.1" "test" "--frozen" "--release", kill_on_drop: false }`
[INFO] [stderr] warning: unused dependency `tempfile`
[INFO] [stderr]   --> Cargo.toml:36:19
[INFO] [stderr]    |
[INFO] [stderr] 36 | [dev-dependencies.tempfile]
[INFO] [stderr]    |                   ^^^^^^^^^
[INFO] [stderr]    |
[INFO] [stderr]    = note: `cargo::unused_dependencies` is set to `warn` by default
[INFO] [stderr] help: consider removing the dependency on `tempfile`
[INFO] [stderr] warning: unused dependency `tempfile`
[INFO] [stderr]   --> Cargo.toml:23:15
[INFO] [stderr]    |
[INFO] [stderr] 23 | [dependencies.tempfile]
[INFO] [stderr]    |               ^^^^^^^^^
[INFO] [stderr]    |
[INFO] [stderr] help: consider removing the dependency on `tempfile`
[INFO] [stderr] warning: `lmrc-docker` (manifest) generated 2 warnings
[INFO] [stderr]     Finished `release` profile [optimized] target(s) in 0.16s
[INFO] [stderr]      Running unittests src/lib.rs (/opt/rustwide/target/release/build/lmrc-docker/ff6a07aaee791fc9/out/lmrc_docker-ff6a07aaee791fc9)
[INFO] [stdout] 
[INFO] [stdout] running 28 tests
[INFO] [stdout] test error::tests::test_all_error_variants ... ok
[INFO] [stdout] test error::tests::test_error_display ... ok
[INFO] [stdout] test containers::builder::tests::test_builder_labels ... FAILED
[INFO] [stdout] test error::tests::test_error_from_io ... ok
[INFO] [stdout] test containers::builder::tests::test_builder_working_dir ... FAILED
[INFO] [stdout] test containers::builder::tests::test_builder_auto_remove ... FAILED
[INFO] [stdout] test images::builder::tests::test_builder_build_args ... FAILED
[INFO] [stdout] test containers::builder::tests::test_builder_memory ... FAILED
[INFO] [stdout] test containers::builder::tests::test_builder_volume ... FAILED
[INFO] [stdout] test containers::builder::tests::test_builder_env ... FAILED
[INFO] [stdout] test containers::builder::tests::test_builder_port ... FAILED
[INFO] [stdout] test containers::builder::tests::test_builder_cpu_shares ... FAILED
[INFO] [stdout] test containers::builder::tests::test_builder_privileged ... FAILED
[INFO] [stdout] test error::tests::test_result_type ... ok
[INFO] [stdout] test containers::builder::tests::test_builder_restart_policies ... FAILED
[INFO] [stdout] test images::builder::tests::test_builder_chaining ... FAILED
[INFO] [stdout] test images::builder::tests::test_builder_pull ... FAILED
[INFO] [stdout] test error::tests::test_error_from_string ... ok
[INFO] [stdout] test containers::builder::tests::test_builder_name ... FAILED
[INFO] [stdout] test images::builder::tests::test_builder_dockerfile ... FAILED
[INFO] [stdout] test images::builder::tests::test_builder_cache_from ... FAILED
[INFO] [stdout] test containers::builder::tests::test_builder_chaining ... FAILED
[INFO] [stdout] test containers::builder::tests::test_builder_cmd ... FAILED
[INFO] [stdout] test images::builder::tests::test_builder_new ... FAILED
[INFO] [stdout] test images::builder::tests::test_builder_target ... FAILED
[INFO] [stdout] test images::builder::tests::test_builder_remove_intermediate ... FAILED
[INFO] [stdout] test images::builder::tests::test_builder_context ... FAILED
[INFO] [stdout] test images::builder::tests::test_builder_labels ... FAILED
[INFO] [stdout] 
[INFO] [stdout] failures:
[INFO] [stdout] 
[INFO] [stdout] ---- containers::builder::tests::test_builder_labels stdout ----
[INFO] [stdout] 
[INFO] [stdout] thread 'containers::builder::tests::test_builder_labels' (1731) panicked at src/containers/builder.rs:426:42:
[INFO] [stdout] called `Result::unwrap()` on an `Err` value: Connection("Socket not found: /var/run/docker.sock")
[INFO] [stdout] stack backtrace:
[INFO] [stdout]    0:     0x58a42e90d0d1 - <<std[617be2ca0a6fd877]::sys::backtrace::BacktraceLock>::print::DisplayBacktrace as core[a373ad73a504971]::fmt::Display>::fmt
[INFO] [stdout]    1:     0x58a42e92152a - core[a373ad73a504971]::fmt::write
[INFO] [stdout]    2:     0x58a42e91135c - <alloc[2e1b2a31b91974c5]::vec::Vec<u8> as core[a373ad73a504971]::io::write::Write>::write_fmt
[INFO] [stdout]    3:     0x58a42e8e9286 - std[617be2ca0a6fd877]::panicking::default_hook::{closure#0}
[INFO] [stdout]    4:     0x58a42e9055d9 - std[617be2ca0a6fd877]::panicking::default_hook
[INFO] [stdout]    5:     0x58a42e88e190 - test[aada8e7e76ba119b]::test_main_inner::{closure#0}
[INFO] [stdout]    6:     0x58a42e905792 - std[617be2ca0a6fd877]::panicking::panic_with_hook
[INFO] [stdout]    7:     0x58a42e8e9332 - std[617be2ca0a6fd877]::panicking::panic_handler::{closure#0}
[INFO] [stdout]    8:     0x58a42e8e2049 - std[617be2ca0a6fd877]::sys::backtrace::__rust_end_short_backtrace::<std[617be2ca0a6fd877]::panicking::panic_handler::{closure#0}, !>
[INFO] [stdout]    9:     0x58a42e8e9f3d - __rustc[ea4f61d10b84890b]::rust_begin_unwind
[INFO] [stdout]   10:     0x58a42e921c8c - core[a373ad73a504971]::panicking::panic_fmt
[INFO] [stdout]   11:     0x58a42e921a62 - core[a373ad73a504971]::result::unwrap_failed
[INFO] [stdout]   12:     0x58a42e87d18f - <lmrc_docker[7375efa7f6a1affb]::containers::builder::tests::test_builder_labels::{closure#0} as core[a373ad73a504971]::ops::function::FnOnce<()>>::call_once
[INFO] [stdout]   13:     0x58a42e8815db - test[aada8e7e76ba119b]::__rust_begin_short_backtrace::<core[a373ad73a504971]::result::Result<(), alloc[2e1b2a31b91974c5]::string::String>, fn() -> core[a373ad73a504971]::result::Result<(), alloc[2e1b2a31b91974c5]::string::String>>
[INFO] [stdout]   14:     0x58a42e88e7b5 - test[aada8e7e76ba119b]::run_test::{closure#0}
[INFO] [stdout]   15:     0x58a42e8880a4 - std[617be2ca0a6fd877]::sys::backtrace::__rust_begin_short_backtrace::<test[aada8e7e76ba119b]::run_test::{closure#1}, ()>
[INFO] [stdout]   16:     0x58a42e891842 - <std[617be2ca0a6fd877]::thread::lifecycle::spawn_unchecked<test[aada8e7e76ba119b]::run_test::{closure#1}, ()>::{closure#1} as core[a373ad73a504971]::ops::function::FnOnce<()>>::call_once::{shim:vtable#0}
[INFO] [stdout]   17:     0x58a42e90c8ff - <std[617be2ca0a6fd877]::sys::thread::unix::Thread>::new::thread_start
[INFO] [stdout]   18:     0x73c0c2c1bdfa - <unknown>
[INFO] [stdout]   19:     0x73c0c2caf3d4 - clone
[INFO] [stdout]   20:                0x0 - <unknown>
[INFO] [stdout] 
[INFO] [stdout] ---- containers::builder::tests::test_builder_working_dir stdout ----
[INFO] [stdout] 
[INFO] [stdout] thread 'containers::builder::tests::test_builder_working_dir' (1738) panicked at src/containers/builder.rs:377:42:
[INFO] [stdout] called `Result::unwrap()` on an `Err` value: Connection("Socket not found: /var/run/docker.sock")
[INFO] [stdout] stack backtrace:
[INFO] [stdout]    0:     0x58a42e90d0d1 - <<std[617be2ca0a6fd877]::sys::backtrace::BacktraceLock>::print::DisplayBacktrace as core[a373ad73a504971]::fmt::Display>::fmt
[INFO] [stdout]    1:     0x58a42e92152a - core[a373ad73a504971]::fmt::write
[INFO] [stdout]    2:     0x58a42e91135c - <alloc[2e1b2a31b91974c5]::vec::Vec<u8> as core[a373ad73a504971]::io::write::Write>::write_fmt
[INFO] [stdout]    3:     0x58a42e8e9286 - std[617be2ca0a6fd877]::panicking::default_hook::{closure#0}
[INFO] [stdout]    4:     0x58a42e9055d9 - std[617be2ca0a6fd877]::panicking::default_hook
[INFO] [stdout]    5:     0x58a42e88e190 - test[aada8e7e76ba119b]::test_main_inner::{closure#0}
[INFO] [stdout]    6:     0x58a42e905792 - std[617be2ca0a6fd877]::panicking::panic_with_hook
[INFO] [stdout]    7:     0x58a42e8e9332 - std[617be2ca0a6fd877]::panicking::panic_handler::{closure#0}
[INFO] [stdout]    8:     0x58a42e8e2049 - std[617be2ca0a6fd877]::sys::backtrace::__rust_end_short_backtrace::<std[617be2ca0a6fd877]::panicking::panic_handler::{closure#0}, !>
[INFO] [stdout]    9:     0x58a42e8e9f3d - __rustc[ea4f61d10b84890b]::rust_begin_unwind
[INFO] [stdout]   10:     0x58a42e921c8c - core[a373ad73a504971]::panicking::panic_fmt
[INFO] [stdout]   11:     0x58a42e921a62 - core[a373ad73a504971]::result::unwrap_failed
[INFO] [stdout]   12:     0x58a42e87e33b - <lmrc_docker[7375efa7f6a1affb]::containers::builder::tests::test_builder_working_dir::{closure#0} as core[a373ad73a504971]::ops::function::FnOnce<()>>::call_once
[INFO] [stdout]   13:     0x58a42e8815db - test[aada8e7e76ba119b]::__rust_begin_short_backtrace::<core[a373ad73a504971]::result::Result<(), alloc[2e1b2a31b91974c5]::string::String>, fn() -> core[a373ad73a504971]::result::Result<(), alloc[2e1b2a31b91974c5]::string::String>>
[INFO] [stdout]   14:     0x58a42e88e7b5 - test[aada8e7e76ba119b]::run_test::{closure#0}
[INFO] [stdout]   15:     0x58a42e8880a4 - std[617be2ca0a6fd877]::sys::backtrace::__rust_begin_short_backtrace::<test[aada8e7e76ba119b]::run_test::{closure#1}, ()>
[INFO] [stdout]   16:     0x58a42e891842 - <std[617be2ca0a6fd877]::thread::lifecycle::spawn_unchecked<test[aada8e7e76ba119b]::run_test::{closure#1}, ()>::{closure#1} as core[a373ad73a504971]::ops::function::FnOnce<()>>::call_once::{shim:vtable#0}
[INFO] [stdout]   17:     0x58a42e90c8ff - <std[617be2ca0a6fd877]::sys::thread::unix::Thread>::new::thread_start
[INFO] [stdout]   18:     0x73c0c2c1bdfa - <unknown>
[INFO] [stdout]   19:     0x73c0c2caf3d4 - clone
[INFO] [stdout]   20:                0x0 - <unknown>
[INFO] [stdout] 
[INFO] [stdout] ---- containers::builder::tests::test_builder_auto_remove stdout ----
[INFO] [stdout] 
[INFO] [stdout] thread 'containers::builder::tests::test_builder_auto_remove' (1726) panicked at src/containers/builder.rs:439:42:
[INFO] [stdout] called `Result::unwrap()` on an `Err` value: Connection("Socket not found: /var/run/docker.sock")
[INFO] [stdout] stack backtrace:
[INFO] [stdout]    0:     0x58a42e90d0d1 - <<std[617be2ca0a6fd877]::sys::backtrace::BacktraceLock>::print::DisplayBacktrace as core[a373ad73a504971]::fmt::Display>::fmt
[INFO] [stdout]    1:     0x58a42e92152a - core[a373ad73a504971]::fmt::write
[INFO] [stdout]    2:     0x58a42e91135c - <alloc[2e1b2a31b91974c5]::vec::Vec<u8> as core[a373ad73a504971]::io::write::Write>::write_fmt
[INFO] [stdout]    3:     0x58a42e8e9286 - std[617be2ca0a6fd877]::panicking::default_hook::{closure#0}
[INFO] [stdout]    4:     0x58a42e9055d9 - std[617be2ca0a6fd877]::panicking::default_hook
[INFO] [stdout]    5:     0x58a42e88e190 - test[aada8e7e76ba119b]::test_main_inner::{closure#0}
[INFO] [stdout]    6:     0x58a42e905792 - std[617be2ca0a6fd877]::panicking::panic_with_hook
[INFO] [stdout]    7:     0x58a42e8e9332 - std[617be2ca0a6fd877]::panicking::panic_handler::{closure#0}
[INFO] [stdout]    8:     0x58a42e8e2049 - std[617be2ca0a6fd877]::sys::backtrace::__rust_end_short_backtrace::<std[617be2ca0a6fd877]::panicking::panic_handler::{closure#0}, !>
[INFO] [stdout]    9:     0x58a42e8e9f3d - __rustc[ea4f61d10b84890b]::rust_begin_unwind
[INFO] [stdout]   10:     0x58a42e921c8c - core[a373ad73a504971]::panicking::panic_fmt
[INFO] [stdout]   11:     0x58a42e921a62 - core[a373ad73a504971]::result::unwrap_failed
[INFO] [stdout]   12:     0x58a42e87e0d7 - <lmrc_docker[7375efa7f6a1affb]::containers::builder::tests::test_builder_auto_remove::{closure#0} as core[a373ad73a504971]::ops::function::FnOnce<()>>::call_once
[INFO] [stdout]   13:     0x58a42e8815db - test[aada8e7e76ba119b]::__rust_begin_short_backtrace::<core[a373ad73a504971]::result::Result<(), alloc[2e1b2a31b91974c5]::string::String>, fn() -> core[a373ad73a504971]::result::Result<(), alloc[2e1b2a31b91974c5]::string::String>>
[INFO] [stdout]   14:     0x58a42e88e7b5 - test[aada8e7e76ba119b]::run_test::{closure#0}
[INFO] [stdout]   15:     0x58a42e8880a4 - std[617be2ca0a6fd877]::sys::backtrace::__rust_begin_short_backtrace::<test[aada8e7e76ba119b]::run_test::{closure#1}, ()>
[INFO] [stdout]   16:     0x58a42e891842 - <std[617be2ca0a6fd877]::thread::lifecycle::spawn_unchecked<test[aada8e7e76ba119b]::run_test::{closure#1}, ()>::{closure#1} as core[a373ad73a504971]::ops::function::FnOnce<()>>::call_once::{shim:vtable#0}
[INFO] [stdout]   17:     0x58a42e90c8ff - <std[617be2ca0a6fd877]::sys::thread::unix::Thread>::new::thread_start
[INFO] [stdout]   18:     0x73c0c2c1bdfa - <unknown>
[INFO] [stdout]   19:     0x73c0c2caf3d4 - clone
[INFO] [stdout]   20:                0x0 - <unknown>
[INFO] [stdout] 
[INFO] [stdout] ---- images::builder::tests::test_builder_build_args stdout ----
[INFO] [stdout] 
[INFO] [stdout] thread 'images::builder::tests::test_builder_build_args' (1744) panicked at src/images/builder.rs:274:42:
[INFO] [stdout] called `Result::unwrap()` on an `Err` value: Connection("Socket not found: /var/run/docker.sock")
[INFO] [stdout] stack backtrace:
[INFO] [stdout]    0:     0x58a42e90d0d1 - <<std[617be2ca0a6fd877]::sys::backtrace::BacktraceLock>::print::DisplayBacktrace as core[a373ad73a504971]::fmt::Display>::fmt
[INFO] [stdout]    1:     0x58a42e92152a - core[a373ad73a504971]::fmt::write
[INFO] [stdout]    2:     0x58a42e91135c - <alloc[2e1b2a31b91974c5]::vec::Vec<u8> as core[a373ad73a504971]::io::write::Write>::write_fmt
[INFO] [stdout]    3:     0x58a42e8e9286 - std[617be2ca0a6fd877]::panicking::default_hook::{closure#0}
[INFO] [stdout]    4:     0x58a42e9055d9 - std[617be2ca0a6fd877]::panicking::default_hook
[INFO] [stdout]    5:     0x58a42e88e190 - test[aada8e7e76ba119b]::test_main_inner::{closure#0}
[INFO] [stdout]    6:     0x58a42e905792 - std[617be2ca0a6fd877]::panicking::panic_with_hook
[INFO] [stdout]    7:     0x58a42e8e9332 - std[617be2ca0a6fd877]::panicking::panic_handler::{closure#0}
[INFO] [stdout]    8:     0x58a42e8e2049 - std[617be2ca0a6fd877]::sys::backtrace::__rust_end_short_backtrace::<std[617be2ca0a6fd877]::panicking::panic_handler::{closure#0}, !>
[INFO] [stdout]    9:     0x58a42e8e9f3d - __rustc[ea4f61d10b84890b]::rust_begin_unwind
[INFO] [stdout]   10:     0x58a42e921c8c - core[a373ad73a504971]::panicking::panic_fmt
[INFO] [stdout]   11:     0x58a42e921a62 - core[a373ad73a504971]::result::unwrap_failed
[INFO] [stdout]   12:     0x58a42e880d1a - <lmrc_docker[7375efa7f6a1affb]::images::builder::tests::test_builder_build_args::{closure#0} as core[a373ad73a504971]::ops::function::FnOnce<()>>::call_once
[INFO] [stdout]   13:     0x58a42e8815db - test[aada8e7e76ba119b]::__rust_begin_short_backtrace::<core[a373ad73a504971]::result::Result<(), alloc[2e1b2a31b91974c5]::string::String>, fn() -> core[a373ad73a504971]::result::Result<(), alloc[2e1b2a31b91974c5]::string::String>>
[INFO] [stdout]   14:     0x58a42e88e7b5 - test[aada8e7e76ba119b]::run_test::{closure#0}
[INFO] [stdout]   15:     0x58a42e8880a4 - std[617be2ca0a6fd877]::sys::backtrace::__rust_begin_short_backtrace::<test[aada8e7e76ba119b]::run_test::{closure#1}, ()>
[INFO] [stdout]   16:     0x58a42e891842 - <std[617be2ca0a6fd877]::thread::lifecycle::spawn_unchecked<test[aada8e7e76ba119b]::run_test::{closure#1}, ()>::{closure#1} as core[a373ad73a504971]::ops::function::FnOnce<()>>::call_once::{shim:vtable#0}
[INFO] [stdout]   17:     0x58a42e90c8ff - <std[617be2ca0a6fd877]::sys::thread::unix::Thread>::new::thread_start
[INFO] [stdout]   18:     0x73c0c2c1bdfa - <unknown>
[INFO] [stdout]   19:     0x73c0c2caf3d4 - clone
[INFO] [stdout]   20:                0x0 - <unknown>
[INFO] [stdout] 
[INFO] [stdout] ---- containers::builder::tests::test_builder_memory stdout ----
[INFO] [stdout] 
[INFO] [stdout] thread 'containers::builder::tests::test_builder_memory' (1732) panicked at src/containers/builder.rs:410:42:
[INFO] [stdout] called `Result::unwrap()` on an `Err` value: Connection("Socket not found: /var/run/docker.sock")
[INFO] [stdout] stack backtrace:
[INFO] [stdout]    0:     0x58a42e90d0d1 - <<std[617be2ca0a6fd877]::sys::backtrace::BacktraceLock>::print::DisplayBacktrace as core[a373ad73a504971]::fmt::Display>::fmt
[INFO] [stdout]    1:     0x58a42e92152a - core[a373ad73a504971]::fmt::write
[INFO] [stdout]    2:     0x58a42e91135c - <alloc[2e1b2a31b91974c5]::vec::Vec<u8> as core[a373ad73a504971]::io::write::Write>::write_fmt
[INFO] [stdout]    3:     0x58a42e8e9286 - std[617be2ca0a6fd877]::panicking::default_hook::{closure#0}
[INFO] [stdout]    4:     0x58a42e9055d9 - std[617be2ca0a6fd877]::panicking::default_hook
[INFO] [stdout]    5:     0x58a42e88e190 - test[aada8e7e76ba119b]::test_main_inner::{closure#0}
[INFO] [stdout]    6:     0x58a42e905792 - std[617be2ca0a6fd877]::panicking::panic_with_hook
[INFO] [stdout]    7:     0x58a42e8e9332 - std[617be2ca0a6fd877]::panicking::panic_handler::{closure#0}
[INFO] [stdout]    8:     0x58a42e8e2049 - std[617be2ca0a6fd877]::sys::backtrace::__rust_end_short_backtrace::<std[617be2ca0a6fd877]::panicking::panic_handler::{closure#0}, !>
[INFO] [stdout]    9:     0x58a42e8e9f3d - __rustc[ea4f61d10b84890b]::rust_begin_unwind
[INFO] [stdout]   10:     0x58a42e921c8c - core[a373ad73a504971]::panicking::panic_fmt
[INFO] [stdout]   11:     0x58a42e921a62 - core[a373ad73a504971]::result::unwrap_failed
[INFO] [stdout]   12:     0x58a42e87d3f0 - <lmrc_docker[7375efa7f6a1affb]::containers::builder::tests::test_builder_memory::{closure#0} as core[a373ad73a504971]::ops::function::FnOnce<()>>::call_once
[INFO] [stdout]   13:     0x58a42e8815db - test[aada8e7e76ba119b]::__rust_begin_short_backtrace::<core[a373ad73a504971]::result::Result<(), alloc[2e1b2a31b91974c5]::string::String>, fn() -> core[a373ad73a504971]::result::Result<(), alloc[2e1b2a31b91974c5]::string::String>>
[INFO] [stdout]   14:     0x58a42e88e7b5 - test[aada8e7e76ba119b]::run_test::{closure#0}
[INFO] [stdout]   15:     0x58a42e8880a4 - std[617be2ca0a6fd877]::sys::backtrace::__rust_begin_short_backtrace::<test[aada8e7e76ba119b]::run_test::{closure#1}, ()>
[INFO] [stdout]   16:     0x58a42e891842 - <std[617be2ca0a6fd877]::thread::lifecycle::spawn_unchecked<test[aada8e7e76ba119b]::run_test::{closure#1}, ()>::{closure#1} as core[a373ad73a504971]::ops::function::FnOnce<()>>::call_once::{shim:vtable#0}
[INFO] [stdout]   17:     0x58a42e90c8ff - <std[617be2ca0a6fd877]::sys::thread::unix::Thread>::new::thread_start
[INFO] [stdout]   18:     0x73c0c2c1bdfa - <unknown>
[INFO] [stdout]   19:     0x73c0c2caf3d4 - clone
[INFO] [stdout]   20:                0x0 - <unknown>
[INFO] [stdout] 
[INFO] [stdout] ---- containers::builder::tests::test_builder_volume stdout ----
[INFO] [stdout] 
[INFO] [stdout] thread 'containers::builder::tests::test_builder_volume' (1737) panicked at src/containers/builder.rs:353:42:
[INFO] [stdout] called `Result::unwrap()` on an `Err` value: Connection("Socket not found: /var/run/docker.sock")
[INFO] [stdout] stack backtrace:
[INFO] [stdout]    0:     0x58a42e90d0d1 - <<std[617be2ca0a6fd877]::sys::backtrace::BacktraceLock>::print::DisplayBacktrace as core[a373ad73a504971]::fmt::Display>::fmt
[INFO] [stdout]    1:     0x58a42e92152a - core[a373ad73a504971]::fmt::write
[INFO] [stdout]    2:     0x58a42e91135c - <alloc[2e1b2a31b91974c5]::vec::Vec<u8> as core[a373ad73a504971]::io::write::Write>::write_fmt
[INFO] [stdout]    3:     0x58a42e8e9286 - std[617be2ca0a6fd877]::panicking::default_hook::{closure#0}
[INFO] [stdout]    4:     0x58a42e9055d9 - std[617be2ca0a6fd877]::panicking::default_hook
[INFO] [stdout]    5:     0x58a42e88e190 - test[aada8e7e76ba119b]::test_main_inner::{closure#0}
[INFO] [stdout]    6:     0x58a42e905792 - std[617be2ca0a6fd877]::panicking::panic_with_hook
[INFO] [stdout]    7:     0x58a42e8e9332 - std[617be2ca0a6fd877]::panicking::panic_handler::{closure#0}
[INFO] [stdout]    8:     0x58a42e8e2049 - std[617be2ca0a6fd877]::sys::backtrace::__rust_end_short_backtrace::<std[617be2ca0a6fd877]::panicking::panic_handler::{closure#0}, !>
[INFO] [stdout]    9:     0x58a42e8e9f3d - __rustc[ea4f61d10b84890b]::rust_begin_unwind
[INFO] [stdout]   10:     0x58a42e921c8c - core[a373ad73a504971]::panicking::panic_fmt
[INFO] [stdout]   11:     0x58a42e921a62 - core[a373ad73a504971]::result::unwrap_failed
[INFO] [stdout]   12:     0x58a42e87d63f - <lmrc_docker[7375efa7f6a1affb]::containers::builder::tests::test_builder_volume::{closure#0} as core[a373ad73a504971]::ops::function::FnOnce<()>>::call_once
[INFO] [stdout]   13:     0x58a42e8815db - test[aada8e7e76ba119b]::__rust_begin_short_backtrace::<core[a373ad73a504971]::result::Result<(), alloc[2e1b2a31b91974c5]::string::String>, fn() -> core[a373ad73a504971]::result::Result<(), alloc[2e1b2a31b91974c5]::string::String>>
[INFO] [stdout]   14:     0x58a42e88e7b5 - test[aada8e7e76ba119b]::run_test::{closure#0}
[INFO] [stdout]   15:     0x58a42e8880a4 - std[617be2ca0a6fd877]::sys::backtrace::__rust_begin_short_backtrace::<test[aada8e7e76ba119b]::run_test::{closure#1}, ()>
[INFO] [stdout]   16:     0x58a42e891842 - <std[617be2ca0a6fd877]::thread::lifecycle::spawn_unchecked<test[aada8e7e76ba119b]::run_test::{closure#1}, ()>::{closure#1} as core[a373ad73a504971]::ops::function::FnOnce<()>>::call_once::{shim:vtable#0}
[INFO] [stdout]   17:     0x58a42e90c8ff - <std[617be2ca0a6fd877]::sys::thread::unix::Thread>::new::thread_start
[INFO] [stdout]   18:     0x73c0c2c1bdfa - <unknown>
[INFO] [stdout]   19:     0x73c0c2caf3d4 - clone
[INFO] [stdout]   20:                0x0 - <unknown>
[INFO] [stdout] 
[INFO] [stdout] ---- containers::builder::tests::test_builder_env stdout ----
[INFO] [stdout] 
[INFO] [stdout] thread 'containers::builder::tests::test_builder_env' (1730) panicked at src/containers/builder.rs:307:42:
[INFO] [stdout] called `Result::unwrap()` on an `Err` value: Connection("Socket not found: /var/run/docker.sock")
[INFO] [stdout] stack backtrace:
[INFO] [stdout]    0:     0x58a42e90d0d1 - <<std[617be2ca0a6fd877]::sys::backtrace::BacktraceLock>::print::DisplayBacktrace as core[a373ad73a504971]::fmt::Display>::fmt
[INFO] [stdout]    1:     0x58a42e92152a - core[a373ad73a504971]::fmt::write
[INFO] [stdout]    2:     0x58a42e91135c - <alloc[2e1b2a31b91974c5]::vec::Vec<u8> as core[a373ad73a504971]::io::write::Write>::write_fmt
[INFO] [stdout]    3:     0x58a42e8e9286 - std[617be2ca0a6fd877]::panicking::default_hook::{closure#0}
[INFO] [stdout]    4:     0x58a42e9055d9 - std[617be2ca0a6fd877]::panicking::default_hook
[INFO] [stdout]    5:     0x58a42e88e190 - test[aada8e7e76ba119b]::test_main_inner::{closure#0}
[INFO] [stdout]    6:     0x58a42e905792 - std[617be2ca0a6fd877]::panicking::panic_with_hook
[INFO] [stdout]    7:     0x58a42e8e9332 - std[617be2ca0a6fd877]::panicking::panic_handler::{closure#0}
[INFO] [stdout]    8:     0x58a42e8e2049 - std[617be2ca0a6fd877]::sys::backtrace::__rust_end_short_backtrace::<std[617be2ca0a6fd877]::panicking::panic_handler::{closure#0}, !>
[INFO] [stdout]    9:     0x58a42e8e9f3d - __rustc[ea4f61d10b84890b]::rust_begin_unwind
[INFO] [stdout]   10:     0x58a42e921c8c - core[a373ad73a504971]::panicking::panic_fmt
[INFO] [stdout]   11:     0x58a42e921a62 - core[a373ad73a504971]::result::unwrap_failed
[INFO] [stdout]   12:     0x58a42e87c5f8 - <lmrc_docker[7375efa7f6a1affb]::containers::builder::tests::test_builder_env::{closure#0} as core[a373ad73a504971]::ops::function::FnOnce<()>>::call_once
[INFO] [stdout]   13:     0x58a42e8815db - test[aada8e7e76ba119b]::__rust_begin_short_backtrace::<core[a373ad73a504971]::result::Result<(), alloc[2e1b2a31b91974c5]::string::String>, fn() -> core[a373ad73a504971]::result::Result<(), alloc[2e1b2a31b91974c5]::string::String>>
[INFO] [stdout]   14:     0x58a42e88e7b5 - test[aada8e7e76ba119b]::run_test::{closure#0}
[INFO] [stdout]   15:     0x58a42e8880a4 - std[617be2ca0a6fd877]::sys::backtrace::__rust_begin_short_backtrace::<test[aada8e7e76ba119b]::run_test::{closure#1}, ()>
[INFO] [stdout]   16:     0x58a42e891842 - <std[617be2ca0a6fd877]::thread::lifecycle::spawn_unchecked<test[aada8e7e76ba119b]::run_test::{closure#1}, ()>::{closure#1} as core[a373ad73a504971]::ops::function::FnOnce<()>>::call_once::{shim:vtable#0}
[INFO] [stdout]   17:     0x58a42e90c8ff - <std[617be2ca0a6fd877]::sys::thread::unix::Thread>::new::thread_start
[INFO] [stdout]   18:     0x73c0c2c1bdfa - <unknown>
[INFO] [stdout]   19:     0x73c0c2caf3d4 - clone
[INFO] [stdout]   20:                0x0 - <unknown>
[INFO] [stdout] 
[INFO] [stdout] ---- containers::builder::tests::test_builder_port stdout ----
[INFO] [stdout] 
[INFO] [stdout] thread 'containers::builder::tests::test_builder_port' (1734) panicked at src/containers/builder.rs:341:42:
[INFO] [stdout] called `Result::unwrap()` on an `Err` value: Connection("Socket not found: /var/run/docker.sock")
[INFO] [stdout] stack backtrace:
[INFO] [stdout]    0:     0x58a42e90d0d1 - <<std[617be2ca0a6fd877]::sys::backtrace::BacktraceLock>::print::DisplayBacktrace as core[a373ad73a504971]::fmt::Display>::fmt
[INFO] [stdout]    1:     0x58a42e92152a - core[a373ad73a504971]::fmt::write
[INFO] [stdout]    2:     0x58a42e91135c - <alloc[2e1b2a31b91974c5]::vec::Vec<u8> as core[a373ad73a504971]::io::write::Write>::write_fmt
[INFO] [stdout]    3:     0x58a42e8e9286 - std[617be2ca0a6fd877]::panicking::default_hook::{closure#0}
[INFO] [stdout]    4:     0x58a42e9055d9 - std[617be2ca0a6fd877]::panicking::default_hook
[INFO] [stdout]    5:     0x58a42e88e190 - test[aada8e7e76ba119b]::test_main_inner::{closure#0}
[INFO] [stdout]    6:     0x58a42e905792 - std[617be2ca0a6fd877]::panicking::panic_with_hook
[INFO] [stdout]    7:     0x58a42e8e9332 - std[617be2ca0a6fd877]::panicking::panic_handler::{closure#0}
[INFO] [stdout]    8:     0x58a42e8e2049 - std[617be2ca0a6fd877]::sys::backtrace::__rust_end_short_backtrace::<std[617be2ca0a6fd877]::panicking::panic_handler::{closure#0}, !>
[INFO] [stdout]    9:     0x58a42e8e9f3d - __rustc[ea4f61d10b84890b]::rust_begin_unwind
[INFO] [stdout]   10:     0x58a42e921c8c - core[a373ad73a504971]::panicking::panic_fmt
[INFO] [stdout]   11:     0x58a42e921a62 - core[a373ad73a504971]::result::unwrap_failed
[INFO] [stdout]   12:     0x58a42e87cbfb - <lmrc_docker[7375efa7f6a1affb]::containers::builder::tests::test_builder_port::{closure#0} as core[a373ad73a504971]::ops::function::FnOnce<()>>::call_once
[INFO] [stdout]   13:     0x58a42e8815db - test[aada8e7e76ba119b]::__rust_begin_short_backtrace::<core[a373ad73a504971]::result::Result<(), alloc[2e1b2a31b91974c5]::string::String>, fn() -> core[a373ad73a504971]::result::Result<(), alloc[2e1b2a31b91974c5]::string::String>>
[INFO] [stdout]   14:     0x58a42e88e7b5 - test[aada8e7e76ba119b]::run_test::{closure#0}
[INFO] [stdout]   15:     0x58a42e8880a4 - std[617be2ca0a6fd877]::sys::backtrace::__rust_begin_short_backtrace::<test[aada8e7e76ba119b]::run_test::{closure#1}, ()>
[INFO] [stdout]   16:     0x58a42e891842 - <std[617be2ca0a6fd877]::thread::lifecycle::spawn_unchecked<test[aada8e7e76ba119b]::run_test::{closure#1}, ()>::{closure#1} as core[a373ad73a504971]::ops::function::FnOnce<()>>::call_once::{shim:vtable#0}
[INFO] [stdout]   17:     0x58a42e90c8ff - <std[617be2ca0a6fd877]::sys::thread::unix::Thread>::new::thread_start
[INFO] [stdout]   18:     0x73c0c2c1bdfa - <unknown>
[INFO] [stdout]   19:     0x73c0c2caf3d4 - clone
[INFO] [stdout]   20:                0x0 - <unknown>
[INFO] [stdout] 
[INFO] [stdout] ---- containers::builder::tests::test_builder_cpu_shares stdout ----
[INFO] [stdout] 
[INFO] [stdout] thread 'containers::builder::tests::test_builder_cpu_shares' (1729) panicked at src/containers/builder.rs:418:42:
[INFO] [stdout] called `Result::unwrap()` on an `Err` value: Connection("Socket not found: /var/run/docker.sock")
[INFO] [stdout] stack backtrace:
[INFO] [stdout]    0:     0x58a42e90d0d1 - <<std[617be2ca0a6fd877]::sys::backtrace::BacktraceLock>::print::DisplayBacktrace as core[a373ad73a504971]::fmt::Display>::fmt
[INFO] [stdout]    1:     0x58a42e92152a - core[a373ad73a504971]::fmt::write
[INFO] [stdout]    2:     0x58a42e91135c - <alloc[2e1b2a31b91974c5]::vec::Vec<u8> as core[a373ad73a504971]::io::write::Write>::write_fmt
[INFO] [stdout]    3:     0x58a42e8e9286 - std[617be2ca0a6fd877]::panicking::default_hook::{closure#0}
[INFO] [stdout]    4:     0x58a42e9055d9 - std[617be2ca0a6fd877]::panicking::default_hook
[INFO] [stdout]    5:     0x58a42e88e190 - test[aada8e7e76ba119b]::test_main_inner::{closure#0}
[INFO] [stdout]    6:     0x58a42e905792 - std[617be2ca0a6fd877]::panicking::panic_with_hook
[INFO] [stdout]    7:     0x58a42e8e9332 - std[617be2ca0a6fd877]::panicking::panic_handler::{closure#0}
[INFO] [stdout]    8:     0x58a42e8e2049 - std[617be2ca0a6fd877]::sys::backtrace::__rust_end_short_backtrace::<std[617be2ca0a6fd877]::panicking::panic_handler::{closure#0}, !>
[INFO] [stdout]    9:     0x58a42e8e9f3d - __rustc[ea4f61d10b84890b]::rust_begin_unwind
[INFO] [stdout]   10:     0x58a42e921c8c - core[a373ad73a504971]::panicking::panic_fmt
[INFO] [stdout]   11:     0x58a42e921a62 - core[a373ad73a504971]::result::unwrap_failed
[INFO] [stdout]   12:     0x58a42e87dd10 - <lmrc_docker[7375efa7f6a1affb]::containers::builder::tests::test_builder_cpu_shares::{closure#0} as core[a373ad73a504971]::ops::function::FnOnce<()>>::call_once
[INFO] [stdout]   13:     0x58a42e8815db - test[aada8e7e76ba119b]::__rust_begin_short_backtrace::<core[a373ad73a504971]::result::Result<(), alloc[2e1b2a31b91974c5]::string::String>, fn() -> core[a373ad73a504971]::result::Result<(), alloc[2e1b2a31b91974c5]::string::String>>
[INFO] [stdout]   14:     0x58a42e88e7b5 - test[aada8e7e76ba119b]::run_test::{closure#0}
[INFO] [stdout]   15:     0x58a42e8880a4 - std[617be2ca0a6fd877]::sys::backtrace::__rust_begin_short_backtrace::<test[aada8e7e76ba119b]::run_test::{closure#1}, ()>
[INFO] [stdout]   16:     0x58a42e891842 - <std[617be2ca0a6fd877]::thread::lifecycle::spawn_unchecked<test[aada8e7e76ba119b]::run_test::{closure#1}, ()>::{closure#1} as core[a373ad73a504971]::ops::function::FnOnce<()>>::call_once::{shim:vtable#0}
[INFO] [stdout]   17:     0x58a42e90c8ff - <std[617be2ca0a6fd877]::sys::thread::unix::Thread>::new::thread_start
[INFO] [stdout]   18:     0x73c0c2c1bdfa - <unknown>
[INFO] [stdout]   19:     0x73c0c2caf3d4 - clone
[INFO] [stdout]   20:                0x0 - <unknown>
[INFO] [stdout] 
[INFO] [stdout] ---- containers::builder::tests::test_builder_privileged stdout ----
[INFO] [stdout] 
[INFO] [stdout] thread 'containers::builder::tests::test_builder_privileged' (1735) panicked at src/containers/builder.rs:447:42:
[INFO] [stdout] called `Result::unwrap()` on an `Err` value: Connection("Socket not found: /var/run/docker.sock")
[INFO] [stdout] stack backtrace:
[INFO] [stdout]    0:     0x58a42e90d0d1 - <<std[617be2ca0a6fd877]::sys::backtrace::BacktraceLock>::print::DisplayBacktrace as core[a373ad73a504971]::fmt::Display>::fmt
[INFO] [stdout]    1:     0x58a42e92152a - core[a373ad73a504971]::fmt::write
[INFO] [stdout]    2:     0x58a42e91135c - <alloc[2e1b2a31b91974c5]::vec::Vec<u8> as core[a373ad73a504971]::io::write::Write>::write_fmt
[INFO] [stdout]    3:     0x58a42e8e9286 - std[617be2ca0a6fd877]::panicking::default_hook::{closure#0}
[INFO] [stdout]    4:     0x58a42e9055d9 - std[617be2ca0a6fd877]::panicking::default_hook
[INFO] [stdout]    5:     0x58a42e88e190 - test[aada8e7e76ba119b]::test_main_inner::{closure#0}
[INFO] [stdout]    6:     0x58a42e905792 - std[617be2ca0a6fd877]::panicking::panic_with_hook
[INFO] [stdout]    7:     0x58a42e8e9332 - std[617be2ca0a6fd877]::panicking::panic_handler::{closure#0}
[INFO] [stdout]    8:     0x58a42e8e2049 - std[617be2ca0a6fd877]::sys::backtrace::__rust_end_short_backtrace::<std[617be2ca0a6fd877]::panicking::panic_handler::{closure#0}, !>
[INFO] [stdout]    9:     0x58a42e8e9f3d - __rustc[ea4f61d10b84890b]::rust_begin_unwind
[INFO] [stdout]   10:     0x58a42e921c8c - core[a373ad73a504971]::panicking::panic_fmt
[INFO] [stdout]   11:     0x58a42e921a62 - core[a373ad73a504971]::result::unwrap_failed
[INFO] [stdout]   12:     0x58a42e87def7 - <lmrc_docker[7375efa7f6a1affb]::containers::builder::tests::test_builder_privileged::{closure#0} as core[a373ad73a504971]::ops::function::FnOnce<()>>::call_once
[INFO] [stdout]   13:     0x58a42e8815db - test[aada8e7e76ba119b]::__rust_begin_short_backtrace::<core[a373ad73a504971]::result::Result<(), alloc[2e1b2a31b91974c5]::string::String>, fn() -> core[a373ad73a504971]::result::Result<(), alloc[2e1b2a31b91974c5]::string::String>>
[INFO] [stdout]   14:     0x58a42e88e7b5 - test[aada8e7e76ba119b]::run_test::{closure#0}
[INFO] [stdout]   15:     0x58a42e8880a4 - std[617be2ca0a6fd877]::sys::backtrace::__rust_begin_short_backtrace::<test[aada8e7e76ba119b]::run_test::{closure#1}, ()>
[INFO] [stdout]   16:     0x58a42e891842 - <std[617be2ca0a6fd877]::thread::lifecycle::spawn_unchecked<test[aada8e7e76ba119b]::run_test::{closure#1}, ()>::{closure#1} as core[a373ad73a504971]::ops::function::FnOnce<()>>::call_once::{shim:vtable#0}
[INFO] [stdout]   17:     0x58a42e90c8ff - <std[617be2ca0a6fd877]::sys::thread::unix::Thread>::new::thread_start
[INFO] [stdout]   18:     0x73c0c2c1bdfa - <unknown>
[INFO] [stdout]   19:     0x73c0c2caf3d4 - clone
[INFO] [stdout]   20:                0x0 - <unknown>
[INFO] [stdout] 
[INFO] [stdout] ---- containers::builder::tests::test_builder_restart_policies stdout ----
[INFO] [stdout] 
[INFO] [stdout] thread 'containers::builder::tests::test_builder_restart_policies' (1736) panicked at src/containers/builder.rs:385:42:
[INFO] [stdout] called `Result::unwrap()` on an `Err` value: Connection("Socket not found: /var/run/docker.sock")
[INFO] [stdout] stack backtrace:
[INFO] [stdout]    0:     0x58a42e90d0d1 - <<std[617be2ca0a6fd877]::sys::backtrace::BacktraceLock>::print::DisplayBacktrace as core[a373ad73a504971]::fmt::Display>::fmt
[INFO] [stdout]    1:     0x58a42e92152a - core[a373ad73a504971]::fmt::write
[INFO] [stdout]    2:     0x58a42e91135c - <alloc[2e1b2a31b91974c5]::vec::Vec<u8> as core[a373ad73a504971]::io::write::Write>::write_fmt
[INFO] [stdout]    3:     0x58a42e8e9286 - std[617be2ca0a6fd877]::panicking::default_hook::{closure#0}
[INFO] [stdout]    4:     0x58a42e9055d9 - std[617be2ca0a6fd877]::panicking::default_hook
[INFO] [stdout]    5:     0x58a42e88e190 - test[aada8e7e76ba119b]::test_main_inner::{closure#0}
[INFO] [stdout]    6:     0x58a42e905792 - std[617be2ca0a6fd877]::panicking::panic_with_hook
[INFO] [stdout]    7:     0x58a42e8e9332 - std[617be2ca0a6fd877]::panicking::panic_handler::{closure#0}
[INFO] [stdout]    8:     0x58a42e8e2049 - std[617be2ca0a6fd877]::sys::backtrace::__rust_end_short_backtrace::<std[617be2ca0a6fd877]::panicking::panic_handler::{closure#0}, !>
[INFO] [stdout]    9:     0x58a42e8e9f3d - __rustc[ea4f61d10b84890b]::rust_begin_unwind
[INFO] [stdout]   10:     0x58a42e921c8c - core[a373ad73a504971]::panicking::panic_fmt
[INFO] [stdout]   11:     0x58a42e921a62 - core[a373ad73a504971]::result::unwrap_failed
[INFO] [stdout]   12:     0x58a42e87e664 - <lmrc_docker[7375efa7f6a1affb]::containers::builder::tests::test_builder_restart_policies::{closure#0} as core[a373ad73a504971]::ops::function::FnOnce<()>>::call_once
[INFO] [stdout]   13:     0x58a42e8815db - test[aada8e7e76ba119b]::__rust_begin_short_backtrace::<core[a373ad73a504971]::result::Result<(), alloc[2e1b2a31b91974c5]::string::String>, fn() -> core[a373ad73a504971]::result::Result<(), alloc[2e1b2a31b91974c5]::string::String>>
[INFO] [stdout]   14:     0x58a42e88e7b5 - test[aada8e7e76ba119b]::run_test::{closure#0}
[INFO] [stdout]   15:     0x58a42e8880a4 - std[617be2ca0a6fd877]::sys::backtrace::__rust_begin_short_backtrace::<test[aada8e7e76ba119b]::run_test::{closure#1}, ()>
[INFO] [stdout]   16:     0x58a42e891842 - <std[617be2ca0a6fd877]::thread::lifecycle::spawn_unchecked<test[aada8e7e76ba119b]::run_test::{closure#1}, ()>::{closure#1} as core[a373ad73a504971]::ops::function::FnOnce<()>>::call_once::{shim:vtable#0}
[INFO] [stdout]   17:     0x58a42e90c8ff - <std[617be2ca0a6fd877]::sys::thread::unix::Thread>::new::thread_start
[INFO] [stdout]   18:     0x73c0c2c1bdfa - <unknown>
[INFO] [stdout]   19:     0x73c0c2caf3d4 - clone
[INFO] [stdout]   20:                0x0 - <unknown>
[INFO] [stdout] 
[INFO] [stdout] ---- images::builder::tests::test_builder_chaining stdout ----
[INFO] [stdout] 
[INFO] [stdout] thread 'images::builder::tests::test_builder_chaining' (1746) panicked at src/images/builder.rs:343:42:
[INFO] [stdout] called `Result::unwrap()` on an `Err` value: Connection("Socket not found: /var/run/docker.sock")
[INFO] [stdout] stack backtrace:
[INFO] [stdout]    0:     0x58a42e90d0d1 - <<std[617be2ca0a6fd877]::sys::backtrace::BacktraceLock>::print::DisplayBacktrace as core[a373ad73a504971]::fmt::Display>::fmt
[INFO] [stdout]    1:     0x58a42e92152a - core[a373ad73a504971]::fmt::write
[INFO] [stdout]    2:     0x58a42e91135c - <alloc[2e1b2a31b91974c5]::vec::Vec<u8> as core[a373ad73a504971]::io::write::Write>::write_fmt
[INFO] [stdout]    3:     0x58a42e8e9286 - std[617be2ca0a6fd877]::panicking::default_hook::{closure#0}
[INFO] [stdout]    4:     0x58a42e9055d9 - std[617be2ca0a6fd877]::panicking::default_hook
[INFO] [stdout]    5:     0x58a42e88e190 - test[aada8e7e76ba119b]::test_main_inner::{closure#0}
[INFO] [stdout]    6:     0x58a42e905792 - std[617be2ca0a6fd877]::panicking::panic_with_hook
[INFO] [stdout]    7:     0x58a42e8e9332 - std[617be2ca0a6fd877]::panicking::panic_handler::{closure#0}
[INFO] [stdout]    8:     0x58a42e8e2049 - std[617be2ca0a6fd877]::sys::backtrace::__rust_end_short_backtrace::<std[617be2ca0a6fd877]::panicking::panic_handler::{closure#0}, !>
[INFO] [stdout]    9:     0x58a42e8e9f3d - __rustc[ea4f61d10b84890b]::rust_begin_unwind
[INFO] [stdout]   10:     0x58a42e921c8c - core[a373ad73a504971]::panicking::panic_fmt
[INFO] [stdout]   11:     0x58a42e921a62 - core[a373ad73a504971]::result::unwrap_failed
[INFO] [stdout]   12:     0x58a42e8806d6 - <lmrc_docker[7375efa7f6a1affb]::images::builder::tests::test_builder_chaining::{closure#0} as core[a373ad73a504971]::ops::function::FnOnce<()>>::call_once
[INFO] [stdout]   13:     0x58a42e8815db - test[aada8e7e76ba119b]::__rust_begin_short_backtrace::<core[a373ad73a504971]::result::Result<(), alloc[2e1b2a31b91974c5]::string::String>, fn() -> core[a373ad73a504971]::result::Result<(), alloc[2e1b2a31b91974c5]::string::String>>
[INFO] [stdout]   14:     0x58a42e88e7b5 - test[aada8e7e76ba119b]::run_test::{closure#0}
[INFO] [stdout]   15:     0x58a42e8880a4 - std[617be2ca0a6fd877]::sys::backtrace::__rust_begin_short_backtrace::<test[aada8e7e76ba119b]::run_test::{closure#1}, ()>
[INFO] [stdout]   16:     0x58a42e891842 - <std[617be2ca0a6fd877]::thread::lifecycle::spawn_unchecked<test[aada8e7e76ba119b]::run_test::{closure#1}, ()>::{closure#1} as core[a373ad73a504971]::ops::function::FnOnce<()>>::call_once::{shim:vtable#0}
[INFO] [stdout]   17:     0x58a42e90c8ff - <std[617be2ca0a6fd877]::sys::thread::unix::Thread>::new::thread_start
[INFO] [stdout]   18:     0x73c0c2c1bdfa - <unknown>
[INFO] [stdout]   19:     0x73c0c2caf3d4 - clone
[INFO] [stdout]   20:                0x0 - <unknown>
[INFO] [stdout] 
[INFO] [stdout] ---- images::builder::tests::test_builder_pull stdout ----
[INFO] [stdout] 
[INFO] [stdout] thread 'images::builder::tests::test_builder_pull' (1751) panicked at src/images/builder.rs:335:42:
[INFO] [stdout] called `Result::unwrap()` on an `Err` value: Connection("Socket not found: /var/run/docker.sock")
[INFO] [stdout] stack backtrace:
[INFO] [stdout]    0:     0x58a42e90d0d1 - <<std[617be2ca0a6fd877]::sys::backtrace::BacktraceLock>::print::DisplayBacktrace as core[a373ad73a504971]::fmt::Display>::fmt
[INFO] [stdout]    1:     0x58a42e92152a - core[a373ad73a504971]::fmt::write
[INFO] [stdout]    2:     0x58a42e91135c - <alloc[2e1b2a31b91974c5]::vec::Vec<u8> as core[a373ad73a504971]::io::write::Write>::write_fmt
[INFO] [stdout]    3:     0x58a42e8e9286 - std[617be2ca0a6fd877]::panicking::default_hook::{closure#0}
[INFO] [stdout]    4:     0x58a42e9055d9 - std[617be2ca0a6fd877]::panicking::default_hook
[INFO] [stdout]    5:     0x58a42e88e190 - test[aada8e7e76ba119b]::test_main_inner::{closure#0}
[INFO] [stdout]    6:     0x58a42e905792 - std[617be2ca0a6fd877]::panicking::panic_with_hook
[INFO] [stdout]    7:     0x58a42e8e9332 - std[617be2ca0a6fd877]::panicking::panic_handler::{closure#0}
[INFO] [stdout]    8:     0x58a42e8e2049 - std[617be2ca0a6fd877]::sys::backtrace::__rust_end_short_backtrace::<std[617be2ca0a6fd877]::panicking::panic_handler::{closure#0}, !>
[INFO] [stdout]    9:     0x58a42e8e9f3d - __rustc[ea4f61d10b84890b]::rust_begin_unwind
[INFO] [stdout]   10:     0x58a42e921c8c - core[a373ad73a504971]::panicking::panic_fmt
[INFO] [stdout]   11:     0x58a42e921a62 - core[a373ad73a504971]::result::unwrap_failed
[INFO] [stdout]   12:     0x58a42e87f66b - <lmrc_docker[7375efa7f6a1affb]::images::builder::tests::test_builder_pull::{closure#0} as core[a373ad73a504971]::ops::function::FnOnce<()>>::call_once
[INFO] [stdout]   13:     0x58a42e8815db - test[aada8e7e76ba119b]::__rust_begin_short_backtrace::<core[a373ad73a504971]::result::Result<(), alloc[2e1b2a31b91974c5]::string::String>, fn() -> core[a373ad73a504971]::result::Result<(), alloc[2e1b2a31b91974c5]::string::String>>
[INFO] [stdout]   14:     0x58a42e88e7b5 - test[aada8e7e76ba119b]::run_test::{closure#0}
[INFO] [stdout]   15:     0x58a42e8880a4 - std[617be2ca0a6fd877]::sys::backtrace::__rust_begin_short_backtrace::<test[aada8e7e76ba119b]::run_test::{closure#1}, ()>
[INFO] [stdout]   16:     0x58a42e891842 - <std[617be2ca0a6fd877]::thread::lifecycle::spawn_unchecked<test[aada8e7e76ba119b]::run_test::{closure#1}, ()>::{closure#1} as core[a373ad73a504971]::ops::function::FnOnce<()>>::call_once::{shim:vtable#0}
[INFO] [stdout]   17:     0x58a42e90c8ff - <std[617be2ca0a6fd877]::sys::thread::unix::Thread>::new::thread_start
[INFO] [stdout]   18:     0x73c0c2c1bdfa - <unknown>
[INFO] [stdout]   19:     0x73c0c2caf3d4 - clone
[INFO] [stdout]   20:                0x0 - <unknown>
[INFO] [stdout] 
[INFO] [stdout] ---- containers::builder::tests::test_builder_name stdout ----
[INFO] [stdout] 
[INFO] [stdout] thread 'containers::builder::tests::test_builder_name' (1733) panicked at src/containers/builder.rs:333:42:
[INFO] [stdout] called `Result::unwrap()` on an `Err` value: Connection("Socket not found: /var/run/docker.sock")
[INFO] [stdout] stack backtrace:
[INFO] [stdout]    0:     0x58a42e90d0d1 - <<std[617be2ca0a6fd877]::sys::backtrace::BacktraceLock>::print::DisplayBacktrace as core[a373ad73a504971]::fmt::Display>::fmt
[INFO] [stdout]    1:     0x58a42e92152a - core[a373ad73a504971]::fmt::write
[INFO] [stdout]    2:     0x58a42e91135c - <alloc[2e1b2a31b91974c5]::vec::Vec<u8> as core[a373ad73a504971]::io::write::Write>::write_fmt
[INFO] [stdout]    3:     0x58a42e8e9286 - std[617be2ca0a6fd877]::panicking::default_hook::{closure#0}
[INFO] [stdout]    4:     0x58a42e9055d9 - std[617be2ca0a6fd877]::panicking::default_hook
[INFO] [stdout]    5:     0x58a42e88e190 - test[aada8e7e76ba119b]::test_main_inner::{closure#0}
[INFO] [stdout]    6:     0x58a42e905792 - std[617be2ca0a6fd877]::panicking::panic_with_hook
[INFO] [stdout]    7:     0x58a42e8e9332 - std[617be2ca0a6fd877]::panicking::panic_handler::{closure#0}
[INFO] [stdout]    8:     0x58a42e8e2049 - std[617be2ca0a6fd877]::sys::backtrace::__rust_end_short_backtrace::<std[617be2ca0a6fd877]::panicking::panic_handler::{closure#0}, !>
[INFO] [stdout]    9:     0x58a42e8e9f3d - __rustc[ea4f61d10b84890b]::rust_begin_unwind
[INFO] [stdout]   10:     0x58a42e921c8c - core[a373ad73a504971]::panicking::panic_fmt
[INFO] [stdout]   11:     0x58a42e921a62 - core[a373ad73a504971]::result::unwrap_failed
[INFO] [stdout]   12:     0x58a42e87c8ec - <lmrc_docker[7375efa7f6a1affb]::containers::builder::tests::test_builder_name::{closure#0} as core[a373ad73a504971]::ops::function::FnOnce<()>>::call_once
[INFO] [stdout]   13:     0x58a42e8815db - test[aada8e7e76ba119b]::__rust_begin_short_backtrace::<core[a373ad73a504971]::result::Result<(), alloc[2e1b2a31b91974c5]::string::String>, fn() -> core[a373ad73a504971]::result::Result<(), alloc[2e1b2a31b91974c5]::string::String>>
[INFO] [stdout]   14:     0x58a42e88e7b5 - test[aada8e7e76ba119b]::run_test::{closure#0}
[INFO] [stdout]   15:     0x58a42e8880a4 - std[617be2ca0a6fd877]::sys::backtrace::__rust_begin_short_backtrace::<test[aada8e7e76ba119b]::run_test::{closure#1}, ()>
[INFO] [stdout]   16:     0x58a42e891842 - <std[617be2ca0a6fd877]::thread::lifecycle::spawn_unchecked<test[aada8e7e76ba119b]::run_test::{closure#1}, ()>::{closure#1} as core[a373ad73a504971]::ops::function::FnOnce<()>>::call_once::{shim:vtable#0}
[INFO] [stdout]   17:     0x58a42e90c8ff - <std[617be2ca0a6fd877]::sys::thread::unix::Thread>::new::thread_start
[INFO] [stdout]   18:     0x73c0c2c1bdfa - <unknown>
[INFO] [stdout]   19:     0x73c0c2caf3d4 - clone
[INFO] [stdout]   20:                0x0 - <unknown>
[INFO] [stdout] 
[INFO] [stdout] ---- images::builder::tests::test_builder_dockerfile stdout ----
[INFO] [stdout] 
[INFO] [stdout] thread 'images::builder::tests::test_builder_dockerfile' (1748) panicked at src/images/builder.rs:257:42:
[INFO] [stdout] called `Result::unwrap()` on an `Err` value: Connection("Socket not found: /var/run/docker.sock")
[INFO] [stdout] stack backtrace:
[INFO] [stdout]    0:     0x58a42e90d0d1 - <<std[617be2ca0a6fd877]::sys::backtrace::BacktraceLock>::print::DisplayBacktrace as core[a373ad73a504971]::fmt::Display>::fmt
[INFO] [stdout]    1:     0x58a42e92152a - core[a373ad73a504971]::fmt::write
[INFO] [stdout]    2:     0x58a42e91135c - <alloc[2e1b2a31b91974c5]::vec::Vec<u8> as core[a373ad73a504971]::io::write::Write>::write_fmt
[INFO] [stdout]    3:     0x58a42e8e9286 - std[617be2ca0a6fd877]::panicking::default_hook::{closure#0}
[INFO] [stdout]    4:     0x58a42e9055d9 - std[617be2ca0a6fd877]::panicking::default_hook
[INFO] [stdout]    5:     0x58a42e88e190 - test[aada8e7e76ba119b]::test_main_inner::{closure#0}
[INFO] [stdout]    6:     0x58a42e905792 - std[617be2ca0a6fd877]::panicking::panic_with_hook
[INFO] [stdout]    7:     0x58a42e8e9332 - std[617be2ca0a6fd877]::panicking::panic_handler::{closure#0}
[INFO] [stdout]    8:     0x58a42e8e2049 - std[617be2ca0a6fd877]::sys::backtrace::__rust_end_short_backtrace::<std[617be2ca0a6fd877]::panicking::panic_handler::{closure#0}, !>
[INFO] [stdout]    9:     0x58a42e8e9f3d - __rustc[ea4f61d10b84890b]::rust_begin_unwind
[INFO] [stdout]   10:     0x58a42e921c8c - core[a373ad73a504971]::panicking::panic_fmt
[INFO] [stdout]   11:     0x58a42e921a62 - core[a373ad73a504971]::result::unwrap_failed
[INFO] [stdout]   12:     0x58a42e88136d - <lmrc_docker[7375efa7f6a1affb]::images::builder::tests::test_builder_dockerfile::{closure#0} as core[a373ad73a504971]::ops::function::FnOnce<()>>::call_once
[INFO] [stdout]   13:     0x58a42e8815db - test[aada8e7e76ba119b]::__rust_begin_short_backtrace::<core[a373ad73a504971]::result::Result<(), alloc[2e1b2a31b91974c5]::string::String>, fn() -> core[a373ad73a504971]::result::Result<(), alloc[2e1b2a31b91974c5]::string::String>>
[INFO] [stdout]   14:     0x58a42e88e7b5 - test[aada8e7e76ba119b]::run_test::{closure#0}
[INFO] [stdout]   15:     0x58a42e8880a4 - std[617be2ca0a6fd877]::sys::backtrace::__rust_begin_short_backtrace::<test[aada8e7e76ba119b]::run_test::{closure#1}, ()>
[INFO] [stdout]   16:     0x58a42e891842 - <std[617be2ca0a6fd877]::thread::lifecycle::spawn_unchecked<test[aada8e7e76ba119b]::run_test::{closure#1}, ()>::{closure#1} as core[a373ad73a504971]::ops::function::FnOnce<()>>::call_once::{shim:vtable#0}
[INFO] [stdout]   17:     0x58a42e90c8ff - <std[617be2ca0a6fd877]::sys::thread::unix::Thread>::new::thread_start
[INFO] [stdout]   18:     0x73c0c2c1bdfa - <unknown>
[INFO] [stdout]   19:     0x73c0c2caf3d4 - clone
[INFO] [stdout]   20:                0x0 - <unknown>
[INFO] [stdout] 
[INFO] [stdout] ---- images::builder::tests::test_builder_cache_from stdout ----
[INFO] [stdout] 
[INFO] [stdout] thread 'images::builder::tests::test_builder_cache_from' (1745) panicked at src/images/builder.rs:315:42:
[INFO] [stdout] called `Result::unwrap()` on an `Err` value: Connection("Socket not found: /var/run/docker.sock")
[INFO] [stdout] stack backtrace:
[INFO] [stdout]    0:     0x58a42e90d0d1 - <<std[617be2ca0a6fd877]::sys::backtrace::BacktraceLock>::print::DisplayBacktrace as core[a373ad73a504971]::fmt::Display>::fmt
[INFO] [stdout]    1:     0x58a42e92152a - core[a373ad73a504971]::fmt::write
[INFO] [stdout]    2:     0x58a42e91135c - <alloc[2e1b2a31b91974c5]::vec::Vec<u8> as core[a373ad73a504971]::io::write::Write>::write_fmt
[INFO] [stdout]    3:     0x58a42e8e9286 - std[617be2ca0a6fd877]::panicking::default_hook::{closure#0}
[INFO] [stdout]    4:     0x58a42e9055d9 - std[617be2ca0a6fd877]::panicking::default_hook
[INFO] [stdout]    5:     0x58a42e88e190 - test[aada8e7e76ba119b]::test_main_inner::{closure#0}
[INFO] [stdout]    6:     0x58a42e905792 - std[617be2ca0a6fd877]::panicking::panic_with_hook
[INFO] [stdout]    7:     0x58a42e8e9332 - std[617be2ca0a6fd877]::panicking::panic_handler::{closure#0}
[INFO] [stdout]    8:     0x58a42e8e2049 - std[617be2ca0a6fd877]::sys::backtrace::__rust_end_short_backtrace::<std[617be2ca0a6fd877]::panicking::panic_handler::{closure#0}, !>
[INFO] [stdout]    9:     0x58a42e8e9f3d - __rustc[ea4f61d10b84890b]::rust_begin_unwind
[INFO] [stdout]   10:     0x58a42e921c8c - core[a373ad73a504971]::panicking::panic_fmt
[INFO] [stdout]   11:     0x58a42e921a62 - core[a373ad73a504971]::result::unwrap_failed
[INFO] [stdout]   12:     0x58a42e881070 - <lmrc_docker[7375efa7f6a1affb]::images::builder::tests::test_builder_cache_from::{closure#0} as core[a373ad73a504971]::ops::function::FnOnce<()>>::call_once
[INFO] [stdout]   13:     0x58a42e8815db - test[aada8e7e76ba119b]::__rust_begin_short_backtrace::<core[a373ad73a504971]::result::Result<(), alloc[2e1b2a31b91974c5]::string::String>, fn() -> core[a373ad73a504971]::result::Result<(), alloc[2e1b2a31b91974c5]::string::String>>
[INFO] [stdout]   14:     0x58a42e88e7b5 - test[aada8e7e76ba119b]::run_test::{closure#0}
[INFO] [stdout]   15:     0x58a42e8880a4 - std[617be2ca0a6fd877]::sys::backtrace::__rust_begin_short_backtrace::<test[aada8e7e76ba119b]::run_test::{closure#1}, ()>
[INFO] [stdout]   16:     0x58a42e891842 - <std[617be2ca0a6fd877]::thread::lifecycle::spawn_unchecked<test[aada8e7e76ba119b]::run_test::{closure#1}, ()>::{closure#1} as core[a373ad73a504971]::ops::function::FnOnce<()>>::call_once::{shim:vtable#0}
[INFO] [stdout]   17:     0x58a42e90c8ff - <std[617be2ca0a6fd877]::sys::thread::unix::Thread>::new::thread_start
[INFO] [stdout]   18:     0x73c0c2c1bdfa - <unknown>
[INFO] [stdout]   19:     0x73c0c2caf3d4 - clone
[INFO] [stdout]   20:                0x0 - <unknown>
[INFO] [stdout] 
[INFO] [stdout] ---- containers::builder::tests::test_builder_chaining stdout ----
[INFO] [stdout] 
[INFO] [stdout] thread 'containers::builder::tests::test_builder_chaining' (1727) panicked at src/containers/builder.rs:455:42:
[INFO] [stdout] called `Result::unwrap()` on an `Err` value: Connection("Socket not found: /var/run/docker.sock")
[INFO] [stdout] stack backtrace:
[INFO] [stdout]    0:     0x58a42e90d0d1 - <<std[617be2ca0a6fd877]::sys::backtrace::BacktraceLock>::print::DisplayBacktrace as core[a373ad73a504971]::fmt::Display>::fmt
[INFO] [stdout]    1:     0x58a42e92152a - core[a373ad73a504971]::fmt::write
[INFO] [stdout]    2:     0x58a42e91135c - <alloc[2e1b2a31b91974c5]::vec::Vec<u8> as core[a373ad73a504971]::io::write::Write>::write_fmt
[INFO] [stdout]    3:     0x58a42e8e9286 - std[617be2ca0a6fd877]::panicking::default_hook::{closure#0}
[INFO] [stdout]    4:     0x58a42e9055d9 - std[617be2ca0a6fd877]::panicking::default_hook
[INFO] [stdout]    5:     0x58a42e88e190 - test[aada8e7e76ba119b]::test_main_inner::{closure#0}
[INFO] [stdout]    6:     0x58a42e905792 - std[617be2ca0a6fd877]::panicking::panic_with_hook
[INFO] [stdout]    7:     0x58a42e8e9332 - std[617be2ca0a6fd877]::panicking::panic_handler::{closure#0}
[INFO] [stdout]    8:     0x58a42e8e2049 - std[617be2ca0a6fd877]::sys::backtrace::__rust_end_short_backtrace::<std[617be2ca0a6fd877]::panicking::panic_handler::{closure#0}, !>
[INFO] [stdout]    9:     0x58a42e8e9f3d - __rustc[ea4f61d10b84890b]::rust_begin_unwind
[INFO] [stdout]   10:     0x58a42e921c8c - core[a373ad73a504971]::panicking::panic_fmt
[INFO] [stdout]   11:     0x58a42e921a62 - core[a373ad73a504971]::result::unwrap_failed
[INFO] [stdout]   12:     0x58a42e87da56 - <lmrc_docker[7375efa7f6a1affb]::containers::builder::tests::test_builder_chaining::{closure#0} as core[a373ad73a504971]::ops::function::FnOnce<()>>::call_once
[INFO] [stdout]   13:     0x58a42e8815db - test[aada8e7e76ba119b]::__rust_begin_short_backtrace::<core[a373ad73a504971]::result::Result<(), alloc[2e1b2a31b91974c5]::string::String>, fn() -> core[a373ad73a504971]::result::Result<(), alloc[2e1b2a31b91974c5]::string::String>>
[INFO] [stdout]   14:     0x58a42e88e7b5 - test[aada8e7e76ba119b]::run_test::{closure#0}
[INFO] [stdout]   15:     0x58a42e8880a4 - std[617be2ca0a6fd877]::sys::backtrace::__rust_begin_short_backtrace::<test[aada8e7e76ba119b]::run_test::{closure#1}, ()>
[INFO] [stdout]   16:     0x58a42e891842 - <std[617be2ca0a6fd877]::thread::lifecycle::spawn_unchecked<test[aada8e7e76ba119b]::run_test::{closure#1}, ()>::{closure#1} as core[a373ad73a504971]::ops::function::FnOnce<()>>::call_once::{shim:vtable#0}
[INFO] [stdout]   17:     0x58a42e90c8ff - <std[617be2ca0a6fd877]::sys::thread::unix::Thread>::new::thread_start
[INFO] [stdout]   18:     0x73c0c2c1bdfa - <unknown>
[INFO] [stdout]   19:     0x73c0c2caf3d4 - clone
[INFO] [stdout]   20:                0x0 - <unknown>
[INFO] [stdout] 
[INFO] [stdout] ---- containers::builder::tests::test_builder_cmd stdout ----
[INFO] [stdout] 
[INFO] [stdout] thread 'containers::builder::tests::test_builder_cmd' (1728) panicked at src/containers/builder.rs:365:42:
[INFO] [stdout] called `Result::unwrap()` on an `Err` value: Connection("Socket not found: /var/run/docker.sock")
[INFO] [stdout] stack backtrace:
[INFO] [stdout]    0:     0x58a42e90d0d1 - <<std[617be2ca0a6fd877]::sys::backtrace::BacktraceLock>::print::DisplayBacktrace as core[a373ad73a504971]::fmt::Display>::fmt
[INFO] [stdout]    1:     0x58a42e92152a - core[a373ad73a504971]::fmt::write
[INFO] [stdout]    2:     0x58a42e91135c - <alloc[2e1b2a31b91974c5]::vec::Vec<u8> as core[a373ad73a504971]::io::write::Write>::write_fmt
[INFO] [stdout]    3:     0x58a42e8e9286 - std[617be2ca0a6fd877]::panicking::default_hook::{closure#0}
[INFO] [stdout]    4:     0x58a42e9055d9 - std[617be2ca0a6fd877]::panicking::default_hook
[INFO] [stdout]    5:     0x58a42e88e190 - test[aada8e7e76ba119b]::test_main_inner::{closure#0}
[INFO] [stdout]    6:     0x58a42e905792 - std[617be2ca0a6fd877]::panicking::panic_with_hook
[INFO] [stdout]    7:     0x58a42e8e9332 - std[617be2ca0a6fd877]::panicking::panic_handler::{closure#0}
[INFO] [stdout]    8:     0x58a42e8e2049 - std[617be2ca0a6fd877]::sys::backtrace::__rust_end_short_backtrace::<std[617be2ca0a6fd877]::panicking::panic_handler::{closure#0}, !>
[INFO] [stdout]    9:     0x58a42e8e9f3d - __rustc[ea4f61d10b84890b]::rust_begin_unwind
[INFO] [stdout]   10:     0x58a42e921c8c - core[a373ad73a504971]::panicking::panic_fmt
[INFO] [stdout]   11:     0x58a42e921a62 - core[a373ad73a504971]::result::unwrap_failed
[INFO] [stdout]   12:     0x58a42e87c1fb - <lmrc_docker[7375efa7f6a1affb]::containers::builder::tests::test_builder_cmd::{closure#0} as core[a373ad73a504971]::ops::function::FnOnce<()>>::call_once
[INFO] [stdout]   13:     0x58a42e8815db - test[aada8e7e76ba119b]::__rust_begin_short_backtrace::<core[a373ad73a504971]::result::Result<(), alloc[2e1b2a31b91974c5]::string::String>, fn() -> core[a373ad73a504971]::result::Result<(), alloc[2e1b2a31b91974c5]::string::String>>
[INFO] [stdout]   14:     0x58a42e88e7b5 - test[aada8e7e76ba119b]::run_test::{closure#0}
[INFO] [stdout]   15:     0x58a42e8880a4 - std[617be2ca0a6fd877]::sys::backtrace::__rust_begin_short_backtrace::<test[aada8e7e76ba119b]::run_test::{closure#1}, ()>
[INFO] [stdout]   16:     0x58a42e891842 - <std[617be2ca0a6fd877]::thread::lifecycle::spawn_unchecked<test[aada8e7e76ba119b]::run_test::{closure#1}, ()>::{closure#1} as core[a373ad73a504971]::ops::function::FnOnce<()>>::call_once::{shim:vtable#0}
[INFO] [stdout]   17:     0x58a42e90c8ff - <std[617be2ca0a6fd877]::sys::thread::unix::Thread>::new::thread_start
[INFO] [stdout]   18:     0x73c0c2c1bdfa - <unknown>
[INFO] [stdout]   19:     0x73c0c2caf3d4 - clone
[INFO] [stdout]   20:                0x0 - <unknown>
[INFO] [stdout] 
[INFO] [stdout] ---- images::builder::tests::test_builder_new stdout ----
[INFO] [stdout] 
[INFO] [stdout] thread 'images::builder::tests::test_builder_new' (1750) panicked at src/images/builder.rs:245:42:
[INFO] [stdout] called `Result::unwrap()` on an `Err` value: Connection("Socket not found: /var/run/docker.sock")
[INFO] [stdout] stack backtrace:
[INFO] [stdout]    0:     0x58a42e90d0d1 - <<std[617be2ca0a6fd877]::sys::backtrace::BacktraceLock>::print::DisplayBacktrace as core[a373ad73a504971]::fmt::Display>::fmt
[INFO] [stdout]    1:     0x58a42e92152a - core[a373ad73a504971]::fmt::write
[INFO] [stdout]    2:     0x58a42e91135c - <alloc[2e1b2a31b91974c5]::vec::Vec<u8> as core[a373ad73a504971]::io::write::Write>::write_fmt
[INFO] [stdout]    3:     0x58a42e8e9286 - std[617be2ca0a6fd877]::panicking::default_hook::{closure#0}
[INFO] [stdout]    4:     0x58a42e9055d9 - std[617be2ca0a6fd877]::panicking::default_hook
[INFO] [stdout]    5:     0x58a42e88e190 - test[aada8e7e76ba119b]::test_main_inner::{closure#0}
[INFO] [stdout]    6:     0x58a42e905792 - std[617be2ca0a6fd877]::panicking::panic_with_hook
[INFO] [stdout]    7:     0x58a42e8e9332 - std[617be2ca0a6fd877]::panicking::panic_handler::{closure#0}
[INFO] [stdout]    8:     0x58a42e8e2049 - std[617be2ca0a6fd877]::sys::backtrace::__rust_end_short_backtrace::<std[617be2ca0a6fd877]::panicking::panic_handler::{closure#0}, !>
[INFO] [stdout]    9:     0x58a42e8e9f3d - __rustc[ea4f61d10b84890b]::rust_begin_unwind
[INFO] [stdout]   10:     0x58a42e921c8c - core[a373ad73a504971]::panicking::panic_fmt
[INFO] [stdout]   11:     0x58a42e921a62 - core[a373ad73a504971]::result::unwrap_failed
[INFO] [stdout]   12:     0x58a42e87f434 - <lmrc_docker[7375efa7f6a1affb]::images::builder::tests::test_builder_new::{closure#0} as core[a373ad73a504971]::ops::function::FnOnce<()>>::call_once
[INFO] [stdout]   13:     0x58a42e8815db - test[aada8e7e76ba119b]::__rust_begin_short_backtrace::<core[a373ad73a504971]::result::Result<(), alloc[2e1b2a31b91974c5]::string::String>, fn() -> core[a373ad73a504971]::result::Result<(), alloc[2e1b2a31b91974c5]::string::String>>
[INFO] [stdout]   14:     0x58a42e88e7b5 - test[aada8e7e76ba119b]::run_test::{closure#0}
[INFO] [stdout]   15:     0x58a42e8880a4 - std[617be2ca0a6fd877]::sys::backtrace::__rust_begin_short_backtrace::<test[aada8e7e76ba119b]::run_test::{closure#1}, ()>
[INFO] [stdout]   16:     0x58a42e891842 - <std[617be2ca0a6fd877]::thread::lifecycle::spawn_unchecked<test[aada8e7e76ba119b]::run_test::{closure#1}, ()>::{closure#1} as core[a373ad73a504971]::ops::function::FnOnce<()>>::call_once::{shim:vtable#0}
[INFO] [stdout]   17:     0x58a42e90c8ff - <std[617be2ca0a6fd877]::sys::thread::unix::Thread>::new::thread_start
[INFO] [stdout]   18:     0x73c0c2c1bdfa - <unknown>
[INFO] [stdout]   19:     0x73c0c2caf3d4 - clone
[INFO] [stdout]   20:                0x0 - <unknown>
[INFO] [stdout] 
[INFO] [stdout] ---- images::builder::tests::test_builder_target stdout ----
[INFO] [stdout] 
[INFO] [stdout] thread 'images::builder::tests::test_builder_target' (1753) panicked at src/images/builder.rs:307:42:
[INFO] [stdout] called `Result::unwrap()` on an `Err` value: Connection("Socket not found: /var/run/docker.sock")
[INFO] [stdout] stack backtrace:
[INFO] [stdout]    0:     0x58a42e90d0d1 - <<std[617be2ca0a6fd877]::sys::backtrace::BacktraceLock>::print::DisplayBacktrace as core[a373ad73a504971]::fmt::Display>::fmt
[INFO] [stdout]    1:     0x58a42e92152a - core[a373ad73a504971]::fmt::write
[INFO] [stdout]    2:     0x58a42e91135c - <alloc[2e1b2a31b91974c5]::vec::Vec<u8> as core[a373ad73a504971]::io::write::Write>::write_fmt
[INFO] [stdout]    3:     0x58a42e8e9286 - std[617be2ca0a6fd877]::panicking::default_hook::{closure#0}
[INFO] [stdout]    4:     0x58a42e9055d9 - std[617be2ca0a6fd877]::panicking::default_hook
[INFO] [stdout]    5:     0x58a42e88e190 - test[aada8e7e76ba119b]::test_main_inner::{closure#0}
[INFO] [stdout]    6:     0x58a42e905792 - std[617be2ca0a6fd877]::panicking::panic_with_hook
[INFO] [stdout]    7:     0x58a42e8e9332 - std[617be2ca0a6fd877]::panicking::panic_handler::{closure#0}
[INFO] [stdout]    8:     0x58a42e8e2049 - std[617be2ca0a6fd877]::sys::backtrace::__rust_end_short_backtrace::<std[617be2ca0a6fd877]::panicking::panic_handler::{closure#0}, !>
[INFO] [stdout]    9:     0x58a42e8e9f3d - __rustc[ea4f61d10b84890b]::rust_begin_unwind
[INFO] [stdout]   10:     0x58a42e921c8c - core[a373ad73a504971]::panicking::panic_fmt
[INFO] [stdout]   11:     0x58a42e921a62 - core[a373ad73a504971]::result::unwrap_failed
[INFO] [stdout]   12:     0x58a42e87fecd - <lmrc_docker[7375efa7f6a1affb]::images::builder::tests::test_builder_target::{closure#0} as core[a373ad73a504971]::ops::function::FnOnce<()>>::call_once
[INFO] [stdout]   13:     0x58a42e8815db - test[aada8e7e76ba119b]::__rust_begin_short_backtrace::<core[a373ad73a504971]::result::Result<(), alloc[2e1b2a31b91974c5]::string::String>, fn() -> core[a373ad73a504971]::result::Result<(), alloc[2e1b2a31b91974c5]::string::String>>
[INFO] [stdout]   14:     0x58a42e88e7b5 - test[aada8e7e76ba119b]::run_test::{closure#0}
[INFO] [stdout]   15:     0x58a42e8880a4 - std[617be2ca0a6fd877]::sys::backtrace::__rust_begin_short_backtrace::<test[aada8e7e76ba119b]::run_test::{closure#1}, ()>
[INFO] [stdout]   16:     0x58a42e891842 - <std[617be2ca0a6fd877]::thread::lifecycle::spawn_unchecked<test[aada8e7e76ba119b]::run_test::{closure#1}, ()>::{closure#1} as core[a373ad73a504971]::ops::function::FnOnce<()>>::call_once::{shim:vtable#0}
[INFO] [stdout]   17:     0x58a42e90c8ff - <std[617be2ca0a6fd877]::sys::thread::unix::Thread>::new::thread_start
[INFO] [stdout]   18:     0x73c0c2c1bdfa - <unknown>
[INFO] [stdout]   19:     0x73c0c2caf3d4 - clone
[INFO] [stdout]   20:                0x0 - <unknown>
[INFO] [stdout] 
[INFO] [stdout] ---- images::builder::tests::test_builder_remove_intermediate stdout ----
[INFO] [stdout] 
[INFO] [stdout] thread 'images::builder::tests::test_builder_remove_intermediate' (1752) panicked at src/images/builder.rs:327:42:
[INFO] [stdout] called `Result::unwrap()` on an `Err` value: Connection("Socket not found: /var/run/docker.sock")
[INFO] [stdout] stack backtrace:
[INFO] [stdout]    0:     0x58a42e90d0d1 - <<std[617be2ca0a6fd877]::sys::backtrace::BacktraceLock>::print::DisplayBacktrace as core[a373ad73a504971]::fmt::Display>::fmt
[INFO] [stdout]    1:     0x58a42e92152a - core[a373ad73a504971]::fmt::write
[INFO] [stdout]    2:     0x58a42e91135c - <alloc[2e1b2a31b91974c5]::vec::Vec<u8> as core[a373ad73a504971]::io::write::Write>::write_fmt
[INFO] [stdout]    3:     0x58a42e8e9286 - std[617be2ca0a6fd877]::panicking::default_hook::{closure#0}
[INFO] [stdout]    4:     0x58a42e9055d9 - std[617be2ca0a6fd877]::panicking::default_hook
[INFO] [stdout]    5:     0x58a42e88e190 - test[aada8e7e76ba119b]::test_main_inner::{closure#0}
[INFO] [stdout]    6:     0x58a42e905792 - std[617be2ca0a6fd877]::panicking::panic_with_hook
[INFO] [stdout]    7:     0x58a42e8e9332 - std[617be2ca0a6fd877]::panicking::panic_handler::{closure#0}
[INFO] [stdout]    8:     0x58a42e8e2049 - std[617be2ca0a6fd877]::sys::backtrace::__rust_end_short_backtrace::<std[617be2ca0a6fd877]::panicking::panic_handler::{closure#0}, !>
[INFO] [stdout]    9:     0x58a42e8e9f3d - __rustc[ea4f61d10b84890b]::rust_begin_unwind
[INFO] [stdout]   10:     0x58a42e921c8c - core[a373ad73a504971]::panicking::panic_fmt
[INFO] [stdout]   11:     0x58a42e921a62 - core[a373ad73a504971]::result::unwrap_failed
[INFO] [stdout]   12:     0x58a42e88154b - <lmrc_docker[7375efa7f6a1affb]::images::builder::tests::test_builder_remove_intermediate::{closure#0} as core[a373ad73a504971]::ops::function::FnOnce<()>>::call_once
[INFO] [stdout]   13:     0x58a42e8815db - test[aada8e7e76ba119b]::__rust_begin_short_backtrace::<core[a373ad73a504971]::result::Result<(), alloc[2e1b2a31b91974c5]::string::String>, fn() -> core[a373ad73a504971]::result::Result<(), alloc[2e1b2a31b91974c5]::string::String>>
[INFO] [stdout]   14:     0x58a42e88e7b5 - test[aada8e7e76ba119b]::run_test::{closure#0}
[INFO] [stdout]   15:     0x58a42e8880a4 - std[617be2ca0a6fd877]::sys::backtrace::__rust_begin_short_backtrace::<test[aada8e7e76ba119b]::run_test::{closure#1}, ()>
[INFO] [stdout]   16:     0x58a42e891842 - <std[617be2ca0a6fd877]::thread::lifecycle::spawn_unchecked<test[aada8e7e76ba119b]::run_test::{closure#1}, ()>::{closure#1} as core[a373ad73a504971]::ops::function::FnOnce<()>>::call_once::{shim:vtable#0}
[INFO] [stdout]   17:     0x58a42e90c8ff - <std[617be2ca0a6fd877]::sys::thread::unix::Thread>::new::thread_start
[INFO] [stdout]   18:     0x73c0c2c1bdfa - <unknown>
[INFO] [stdout]   19:     0x73c0c2caf3d4 - clone
[INFO] [stdout]   20:                0x0 - <unknown>
[INFO] [stdout] 
[INFO] [stdout] ---- images::builder::tests::test_builder_context stdout ----
[INFO] [stdout] 
[INFO] [stdout] thread 'images::builder::tests::test_builder_context' (1747) panicked at src/images/builder.rs:266:42:
[INFO] [stdout] called `Result::unwrap()` on an `Err` value: Connection("Socket not found: /var/run/docker.sock")
[INFO] [stdout] stack backtrace:
[INFO] [stdout]    0:     0x58a42e90d0d1 - <<std[617be2ca0a6fd877]::sys::backtrace::BacktraceLock>::print::DisplayBacktrace as core[a373ad73a504971]::fmt::Display>::fmt
[INFO] [stdout]    1:     0x58a42e92152a - core[a373ad73a504971]::fmt::write
[INFO] [stdout]    2:     0x58a42e91135c - <alloc[2e1b2a31b91974c5]::vec::Vec<u8> as core[a373ad73a504971]::io::write::Write>::write_fmt
[INFO] [stdout]    3:     0x58a42e8e9286 - std[617be2ca0a6fd877]::panicking::default_hook::{closure#0}
[INFO] [stdout]    4:     0x58a42e9055d9 - std[617be2ca0a6fd877]::panicking::default_hook
[INFO] [stdout]    5:     0x58a42e88e190 - test[aada8e7e76ba119b]::test_main_inner::{closure#0}
[INFO] [stdout]    6:     0x58a42e905792 - std[617be2ca0a6fd877]::panicking::panic_with_hook
[INFO] [stdout]    7:     0x58a42e8e9332 - std[617be2ca0a6fd877]::panicking::panic_handler::{closure#0}
[INFO] [stdout]    8:     0x58a42e8e2049 - std[617be2ca0a6fd877]::sys::backtrace::__rust_end_short_backtrace::<std[617be2ca0a6fd877]::panicking::panic_handler::{closure#0}, !>
[INFO] [stdout]    9:     0x58a42e8e9f3d - __rustc[ea4f61d10b84890b]::rust_begin_unwind
[INFO] [stdout]   10:     0x58a42e921c8c - core[a373ad73a504971]::panicking::panic_fmt
[INFO] [stdout]   11:     0x58a42e921a62 - core[a373ad73a504971]::result::unwrap_failed
[INFO] [stdout]   12:     0x58a42e880139 - <lmrc_docker[7375efa7f6a1affb]::images::builder::tests::test_builder_context::{closure#0} as core[a373ad73a504971]::ops::function::FnOnce<()>>::call_once
[INFO] [stdout]   13:     0x58a42e8815db - test[aada8e7e76ba119b]::__rust_begin_short_backtrace::<core[a373ad73a504971]::result::Result<(), alloc[2e1b2a31b91974c5]::string::String>, fn() -> core[a373ad73a504971]::result::Result<(), alloc[2e1b2a31b91974c5]::string::String>>
[INFO] [stdout]   14:     0x58a42e88e7b5 - test[aada8e7e76ba119b]::run_test::{closure#0}
[INFO] [stdout]   15:     0x58a42e8880a4 - std[617be2ca0a6fd877]::sys::backtrace::__rust_begin_short_backtrace::<test[aada8e7e76ba119b]::run_test::{closure#1}, ()>
[INFO] [stdout]   16:     0x58a42e891842 - <std[617be2ca0a6fd877]::thread::lifecycle::spawn_unchecked<test[aada8e7e76ba119b]::run_test::{closure#1}, ()>::{closure#1} as core[a373ad73a504971]::ops::function::FnOnce<()>>::call_once::{shim:vtable#0}
[INFO] [stdout]   17:     0x58a42e90c8ff - <std[617be2ca0a6fd877]::sys::thread::unix::Thread>::new::thread_start
[INFO] [stdout]   18:     0x73c0c2c1bdfa - <unknown>
[INFO] [stdout]   19:     0x73c0c2caf3d4 - clone
[INFO] [stdout]   20:                0x0 - <unknown>
[INFO] [stdout] 
[INFO] [stdout] ---- images::builder::tests::test_builder_labels stdout ----
[INFO] [stdout] 
[INFO] [stdout] thread 'images::builder::tests::test_builder_labels' (1749) panicked at src/images/builder.rs:292:42:
[INFO] [stdout] called `Result::unwrap()` on an `Err` value: Connection("Socket not found: /var/run/docker.sock")
[INFO] [stdout] stack backtrace:
[INFO] [stdout]    0:     0x58a42e90d0d1 - <<std[617be2ca0a6fd877]::sys::backtrace::BacktraceLock>::print::DisplayBacktrace as core[a373ad73a504971]::fmt::Display>::fmt
[INFO] [stdout]    1:     0x58a42e92152a - core[a373ad73a504971]::fmt::write
[INFO] [stdout]    2:     0x58a42e91135c - <alloc[2e1b2a31b91974c5]::vec::Vec<u8> as core[a373ad73a504971]::io::write::Write>::write_fmt
[INFO] [stdout]    3:     0x58a42e8e9286 - std[617be2ca0a6fd877]::panicking::default_hook::{closure#0}
[INFO] [stdout]    4:     0x58a42e9055d9 - std[617be2ca0a6fd877]::panicking::default_hook
[INFO] [stdout]    5:     0x58a42e88e190 - test[aada8e7e76ba119b]::test_main_inner::{closure#0}
[INFO] [stdout]    6:     0x58a42e905792 - std[617be2ca0a6fd877]::panicking::panic_with_hook
[INFO] [stdout]    7:     0x58a42e8e9332 - std[617be2ca0a6fd877]::panicking::panic_handler::{closure#0}
[INFO] [stdout]    8:     0x58a42e8e2049 - std[617be2ca0a6fd877]::sys::backtrace::__rust_end_short_backtrace::<std[617be2ca0a6fd877]::panicking::panic_handler::{closure#0}, !>
[INFO] [stdout]    9:     0x58a42e8e9f3d - __rustc[ea4f61d10b84890b]::rust_begin_unwind
[INFO] [stdout]   10:     0x58a42e921c8c - core[a373ad73a504971]::panicking::panic_fmt
[INFO] [stdout]   11:     0x58a42e921a62 - core[a373ad73a504971]::result::unwrap_failed
[INFO] [stdout]   12:     0x58a42e87fbb6 - <lmrc_docker[7375efa7f6a1affb]::images::builder::tests::test_builder_labels::{closure#0} as core[a373ad73a504971]::ops::function::FnOnce<()>>::call_once
[INFO] [stdout]   13:     0x58a42e8815db - test[aada8e7e76ba119b]::__rust_begin_short_backtrace::<core[a373ad73a504971]::result::Result<(), alloc[2e1b2a31b91974c5]::string::String>, fn() -> core[a373ad73a504971]::result::Result<(), alloc[2e1b2a31b91974c5]::string::String>>
[INFO] [stdout]   14:     0x58a42e88e7b5 - test[aada8e7e76ba119b]::run_test::{closure#0}
[INFO] [stdout]   15:     0x58a42e8880a4 - std[617be2ca0a6fd877]::sys::backtrace::__rust_begin_short_backtrace::<test[aada8e7e76ba119b]::run_test::{closure#1}, ()>
[INFO] [stdout]   16:     0x58a42e891842 - <std[617be2ca0a6fd877]::thread::lifecycle::spawn_unchecked<test[aada8e7e76ba119b]::run_test::{closure#1}, ()>::{closure#1} as core[a373ad73a504971]::ops::function::FnOnce<()>>::call_once::{shim:vtable#0}
[INFO] [stdout]   17:     0x58a42e90c8ff - <std[617be2ca0a6fd877]::sys::thread::unix::Thread>::new::thread_start
[INFO] [stdout]   18:     0x73c0c2c1bdfa - <unknown>
[INFO] [stdout]   19:     0x73c0c2caf3d4 - clone
[INFO] [stdout]   20:                0x0 - <unknown>
[INFO] [stdout] 
[INFO] [stdout] 
[INFO] [stdout] failures:
[INFO] [stdout]     containers::builder::tests::test_builder_auto_remove
[INFO] [stdout]     containers::builder::tests::test_builder_chaining
[INFO] [stdout]     containers::builder::tests::test_builder_cmd
[INFO] [stdout]     containers::builder::tests::test_builder_cpu_shares
[INFO] [stdout]     containers::builder::tests::test_builder_env
[INFO] [stdout]     containers::builder::tests::test_builder_labels
[INFO] [stdout]     containers::builder::tests::test_builder_memory
[INFO] [stdout]     containers::builder::tests::test_builder_name
[INFO] [stdout]     containers::builder::tests::test_builder_port
[INFO] [stdout]     containers::builder::tests::test_builder_privileged
[INFO] [stdout]     containers::builder::tests::test_builder_restart_policies
[INFO] [stdout]     containers::builder::tests::test_builder_volume
[INFO] [stdout]     containers::builder::tests::test_builder_working_dir
[INFO] [stdout]     images::builder::tests::test_builder_build_args
[INFO] [stdout]     images::builder::tests::test_builder_cache_from
[INFO] [stdout]     images::builder::tests::test_builder_chaining
[INFO] [stdout]     images::builder::tests::test_builder_context
[INFO] [stdout]     images::builder::tests::test_builder_dockerfile
[INFO] [stdout]     images::builder::tests::test_builder_labels
[INFO] [stdout]     images::builder::tests::test_builder_new
[INFO] [stdout]     images::builder::tests::test_builder_pull
[INFO] [stdout]     images::builder::tests::test_builder_remove_intermediate
[INFO] [stdout]     images::builder::tests::test_builder_target
[INFO] [stdout] 
[INFO] [stdout] test result: FAILED. 5 passed; 23 failed; 0 ignored; 0 measured; 0 filtered out; finished in 0.01s
[INFO] [stdout] 
[INFO] [stderr] error: test failed, to rerun pass `--lib`
[INFO] running `Command { std: "docker" "inspect" "09b04962ebb191372cc3e855a82f34fa1c82755cf295d14150f495c80bba1567", kill_on_drop: false }`
[INFO] running `Command { std: "docker" "rm" "-f" "09b04962ebb191372cc3e855a82f34fa1c82755cf295d14150f495c80bba1567", kill_on_drop: false }`
[INFO] [stdout] 09b04962ebb191372cc3e855a82f34fa1c82755cf295d14150f495c80bba1567
