[INFO] fetching crate lm-provision-mcp 0.13.0...
[INFO] testing lm-provision-mcp-0.13.0 against 1.100.0-beta.1+cargoflags=--release for beta-release-1.100-2
[INFO] extracting crate lm-provision-mcp 0.13.0 into /workspace/builds/worker-0-tc2/source
[INFO] started tweaking crates.io crate lm-provision-mcp 0.13.0
[INFO] finished tweaking crates.io crate lm-provision-mcp 0.13.0
[INFO] tweaked toml for crates.io crate lm-provision-mcp 0.13.0 written to /workspace/builds/worker-0-tc2/source/Cargo.toml
[INFO] validating manifest of crates.io crate lm-provision-mcp 0.13.0 on toolchain 1.100.0-beta.1
[INFO] running `Command { std: CARGO_HOME="/workspace/cargo-home" RUSTUP_HOME="/workspace/rustup-home" "/workspace/cargo-home/bin/cargo" "+1.100.0-beta.1" "metadata" "--manifest-path" "Cargo.toml" "--no-deps", kill_on_drop: false }`
[INFO] crate crates.io crate lm-provision-mcp 0.13.0 already has a lockfile, it will not be regenerated
[INFO] running `Command { std: CARGO_HOME="/workspace/cargo-home" RUSTUP_HOME="/workspace/rustup-home" "/workspace/cargo-home/bin/cargo" "+1.100.0-beta.1" "fetch" "--manifest-path" "Cargo.toml", kill_on_drop: false }`
[INFO] [stderr] warning: `package.homepage` is redundant with `package.repository`
[INFO] [stderr]   --> Cargo.toml:63:12
[INFO] [stderr]    |
[INFO] [stderr] 63 | homepage = "https://github.com/ynishi/lm-provision"
[INFO] [stderr]    |            ^^^^^^^^^^^^^^^^^^^^^^^^^^^^^^^^^^^^^^^^
[INFO] [stderr] ...
[INFO] [stderr] 68 | repository = "https://github.com/ynishi/lm-provision"
[INFO] [stderr]    |              ----------------------------------------
[INFO] [stderr]    |
[INFO] [stderr]    = note: `cargo::redundant_homepage` is set to `warn` by default
[INFO] [stderr] help: consider removing `package.homepage`
[INFO] [stderr] warning: `lm-provision-mcp` (manifest) generated 1 warning
[INFO] running `Command { std: "docker" "create" "-v" "/var/lib/crater-agent-workspace/builds/worker-0-tc2/source:/opt/rustwide/workdir:ro,Z" "-v" "/var/lib/crater-agent-workspace/builds/worker-0-tc2/target:/opt/rustwide/target:rw,Z" "-v" "/var/lib/crater-agent-workspace/cargo-home:/opt/rustwide/cargo-home:ro,Z" "-v" "/var/lib/crater-agent-workspace/rustup-home:/opt/rustwide/rustup-home:ro,Z" "-m" "1610612736" "--network" "none" "ghcr.io/rust-lang/crates-build-env/linux@sha256:77db811e55d90add9212f6832c23229e3de5f1c1f9905e8cb07319ea15df73ac" "sleep" "infinity", kill_on_drop: false }`
[INFO] [stdout] 732daeed9e7bc76ef7899a4b2a5c4aae41b88418d8f3a7529dc94b708fb09707
[INFO] running `Command { std: "docker" "start" "732daeed9e7bc76ef7899a4b2a5c4aae41b88418d8f3a7529dc94b708fb09707", kill_on_drop: false }`
[INFO] running `Command { std: "docker" "inspect" "732daeed9e7bc76ef7899a4b2a5c4aae41b88418d8f3a7529dc94b708fb09707", kill_on_drop: false }`
[INFO] running `Command { std: "docker" "exec" "-e" "SOURCE_DIR=/opt/rustwide/workdir" "-e" "CARGO_HOME=/opt/rustwide/cargo-home" "-e" "RUSTUP_HOME=/opt/rustwide/rustup-home" "-e" "CARGO_TARGET_DIR=/opt/rustwide/target" "-w" "/opt/rustwide/workdir" "--user" "0:0" "732daeed9e7bc76ef7899a4b2a5c4aae41b88418d8f3a7529dc94b708fb09707" "/opt/rustwide/cargo-home/bin/cargo" "+1.100.0-beta.1" "metadata" "--no-deps" "--format-version=1", kill_on_drop: false }`
[INFO] running `Command { std: "docker" "inspect" "732daeed9e7bc76ef7899a4b2a5c4aae41b88418d8f3a7529dc94b708fb09707", kill_on_drop: false }`
[INFO] running `Command { std: "docker" "exec" "-e" "SOURCE_DIR=/opt/rustwide/workdir" "-e" "CARGO_HOME=/opt/rustwide/cargo-home" "-e" "RUSTUP_HOME=/opt/rustwide/rustup-home" "-e" "CARGO_TARGET_DIR=/opt/rustwide/target" "-e" "CARGO_INCREMENTAL=0" "-e" "RUST_BACKTRACE=full" "-e" "RUSTFLAGS=--cap-lints=warn" "-e" "RUSTDOCFLAGS=--cap-lints=warn" "-w" "/opt/rustwide/workdir" "--user" "0:0" "732daeed9e7bc76ef7899a4b2a5c4aae41b88418d8f3a7529dc94b708fb09707" "/opt/rustwide/cargo-home/bin/cargo" "+1.100.0-beta.1" "build" "--frozen" "--message-format=json" "--release", kill_on_drop: false }`
[INFO] [stderr] warning: `package.homepage` is redundant with `package.repository`
[INFO] [stderr]   --> Cargo.toml:63:12
[INFO] [stderr]    |
[INFO] [stderr] 63 | homepage = "https://github.com/ynishi/lm-provision"
[INFO] [stderr]    |            ^^^^^^^^^^^^^^^^^^^^^^^^^^^^^^^^^^^^^^^^
[INFO] [stderr] ...
[INFO] [stderr] 68 | repository = "https://github.com/ynishi/lm-provision"
[INFO] [stderr]    |              ----------------------------------------
[INFO] [stderr]    |
[INFO] [stderr]    = note: `cargo::redundant_homepage` is set to `warn` by default
[INFO] [stderr] help: consider removing `package.homepage`
[INFO] [stderr] warning: `lm-provision-mcp` (manifest) generated 1 warning
[INFO] [stderr]    Compiling proc-macro2 v1.0.106
[INFO] [stderr]    Compiling quote v1.0.46
[INFO] [stderr]    Compiling libc v0.2.186
[INFO] [stderr]    Compiling serde_core v1.0.228
[INFO] [stderr]    Compiling futures-core v0.3.32
[INFO] [stderr]    Compiling serde v1.0.228
[INFO] [stderr]    Compiling smallvec v1.15.2
[INFO] [stderr]    Compiling stable_deref_trait v1.2.1
[INFO] [stderr]    Compiling futures-sink v0.3.32
[INFO] [stderr]    Compiling serde_json v1.0.150
[INFO] [stderr]    Compiling futures-channel v0.3.32
[INFO] [stderr]    Compiling futures-task v0.3.32
[INFO] [stderr]    Compiling futures-io v0.3.32
[INFO] [stderr]    Compiling slab v0.4.12
[INFO] [stderr]    Compiling rustix v1.1.4
[INFO] [stderr]    Compiling find-msvc-tools v0.1.9
[INFO] [stderr]    Compiling object v0.37.3
[INFO] [stderr]    Compiling tracing-core v0.1.36
[INFO] [stderr]    Compiling litemap v0.8.2
[INFO] [stderr]    Compiling cc v1.2.67
[INFO] [stderr]    Compiling writeable v0.6.3
[INFO] [stderr]    Compiling adler2 v2.0.1
[INFO] [stderr]    Compiling thiserror v2.0.18
[INFO] [stderr]    Compiling gimli v0.32.3
[INFO] [stderr]    Compiling syn v2.0.118
[INFO] [stderr]    Compiling syn v3.0.3
[INFO] [stderr]    Compiling miniz_oxide v0.8.9
[INFO] [stderr]    Compiling ring v0.17.14
[INFO] [stderr]    Compiling owo-colors v4.3.0
[INFO] [stderr]    Compiling errno v0.3.14
[INFO] [stderr]    Compiling signal-hook-registry v1.4.8
[INFO] [stderr]    Compiling socket2 v0.6.5
[INFO] [stderr]    Compiling mio v1.2.1
[INFO] [stderr]    Compiling rustc-demangle v0.1.28
[INFO] [stderr]    Compiling icu_normalizer_data v2.2.0
[INFO] [stderr]    Compiling icu_properties_data v2.2.0
[INFO] [stderr]    Compiling utf8_iter v1.0.4
[INFO] [stderr]    Compiling displaydoc v0.2.7
[INFO] [stderr]    Compiling addr2line v0.25.1
[INFO] [stderr]    Compiling http v1.4.2
[INFO] [stderr]    Compiling unicode-linebreak v0.1.5
[INFO] [stderr]    Compiling is_ci v1.2.0
[INFO] [stderr]    Compiling version_check v0.9.5
[INFO] [stderr]    Compiling textwrap v0.16.2
[INFO] [stderr]    Compiling supports-color v3.0.2
[INFO] [stderr]    Compiling generic-array v0.14.7
[INFO] [stderr]    Compiling rustls-pki-types v1.15.0
[INFO] [stderr]    Compiling synstructure v0.13.2
[INFO] [stderr]    Compiling http-body v1.1.0
[INFO] [stderr]    Compiling terminal_size v0.4.4
[INFO] [stderr]    Compiling getrandom v0.2.17
[INFO] [stderr]    Compiling supports-unicode v3.0.0
[INFO] [stderr]    Compiling unicode-width v0.1.14
[INFO] [stderr]    Compiling autocfg v1.5.1
[INFO] [stderr]    Compiling supports-hyperlinks v3.2.0
[INFO] [stderr]    Compiling strsim v0.11.1
[INFO] [stderr]    Compiling ident_case v1.0.1
[INFO] [stderr]    Compiling serde_derive_internals v0.29.1
[INFO] [stderr]    Compiling zmij v1.0.21
[INFO] [stderr]    Compiling typenum v1.20.1
[INFO] [stderr]    Compiling num-traits v0.2.19
[INFO] [stderr]    Compiling backtrace v0.3.76
[INFO] [stderr]    Compiling rustls v0.23.41
[INFO] [stderr]    Compiling darling_core v0.23.0
[INFO] [stderr]    Compiling zerofrom-derive v0.1.7
[INFO] [stderr]    Compiling yoke-derive v0.8.2
[INFO] [stderr]    Compiling serde_derive v1.0.228
[INFO] [stderr]    Compiling zerovec-derive v0.11.3
[INFO] [stderr]    Compiling tokio-macros v2.7.0
[INFO] [stderr]    Compiling zerofrom v0.1.8
[INFO] [stderr]    Compiling yoke v0.8.3
[INFO] [stderr]    Compiling futures-macro v0.3.32
[INFO] [stderr]    Compiling tokio v1.52.3
[INFO] [stderr]    Compiling zerovec v0.11.6
[INFO] [stderr]    Compiling futures-util v0.3.32
[INFO] [stderr]    Compiling tinystr v0.8.3
[INFO] [stderr]    Compiling icu_locale_core v2.2.0
[INFO] [stderr]    Compiling potential_utf v0.1.5
[INFO] [stderr]    Compiling zerotrie v0.2.4
[INFO] [stderr]    Compiling tracing-attributes v0.1.31
[INFO] [stderr]    Compiling thiserror-impl v2.0.18
[INFO] [stderr]    Compiling tracing v0.1.44
[INFO] [stderr]    Compiling icu_provider v2.2.0
[INFO] [stderr]    Compiling icu_collections v2.2.0
[INFO] [stderr]    Compiling backtrace-ext v0.2.1
[INFO] [stderr]    Compiling miette-derive v7.6.0
[INFO] [stderr]    Compiling icu_properties v2.2.0
[INFO] [stderr]    Compiling icu_normalizer v2.2.0
[INFO] [stderr]    Compiling darling_macro v0.23.0
[INFO] [stderr]    Compiling form_urlencoded v1.2.2
[INFO] [stderr]    Compiling memchr v2.8.3
[INFO] [stderr]    Compiling itoa v1.0.18
[INFO] [stderr]    Compiling ref-cast v1.0.25
[INFO] [stderr]    Compiling miette v7.6.0
[INFO] [stderr]    Compiling utf8parse v0.2.2
[INFO] [stderr]    Compiling anstyle-parse v1.0.0
[INFO] [stderr]    Compiling darling v0.23.0
[INFO] [stderr]    Compiling ref-cast-impl v1.0.25
[INFO] [stderr]    Compiling dsl-kit-macros v0.11.0
[INFO] [stderr]    Compiling idna_adapter v1.2.2
[INFO] [stderr]    Compiling idna v1.1.0
[INFO] [stderr]    Compiling dsl-kit-schema v0.11.0
[INFO] [stderr]    Compiling tokio-util v0.7.18
[INFO] [stderr]    Compiling dsl-kit-core v0.11.0
[INFO] [stderr]    Compiling hyper v1.11.0
[INFO] [stderr]    Compiling sync_wrapper v1.0.2
[INFO] [stderr]    Compiling cfg_aliases v0.2.1
[INFO] [stderr]    Compiling is_terminal_polyfill v1.70.2
[INFO] [stderr]    Compiling thiserror v1.0.69
[INFO] [stderr]    Compiling log v0.4.33
[INFO] [stderr]    Compiling dyn-clone v1.0.20
[INFO] [stderr]    Compiling anstyle-query v1.1.5
[INFO] [stderr]    Compiling iana-time-zone v0.1.65
[INFO] [stderr]    Compiling colorchoice v1.0.5
[INFO] [stderr]    Compiling ipnet v2.12.1
[INFO] [stderr]    Compiling regex-syntax v0.8.11
[INFO] [stderr]    Compiling anstyle v1.0.14
[INFO] [stderr]    Compiling tower v0.5.3
[INFO] [stderr]    Compiling rustls-webpki v0.103.13
[INFO] [stderr]    Compiling anstream v1.0.0
[INFO] [stderr]    Compiling hyper-util v0.1.20
[INFO] [stderr]    Compiling regex-automata v0.4.15
[INFO] [stderr]    Compiling chrono v0.4.45
[INFO] [stderr]    Compiling nix v0.29.0
[INFO] [stderr]    Compiling url v2.5.8
[INFO] [stderr]    Compiling crypto-common v0.1.7
[INFO] [stderr]    Compiling block-buffer v0.10.4
[INFO] [stderr]    Compiling futures-executor v0.3.32
[INFO] [stderr]    Compiling schemars_derive v1.2.1
[INFO] [stderr]    Compiling thiserror-impl v1.0.69
[INFO] [stderr]    Compiling webpki-roots v1.0.8
[INFO] [stderr]    Compiling anyhow v1.0.103
[INFO] [stderr]    Compiling ryu v1.0.23
[INFO] [stderr]    Compiling clap_lex v1.1.0
[INFO] [stderr]    Compiling lazy_static v1.5.0
[INFO] [stderr]    Compiling clap_derive v4.6.1
[INFO] [stderr]    Compiling tokio-rustls v0.26.4
[INFO] [stderr]    Compiling hyper-rustls v0.27.9
[INFO] [stderr]    Compiling clap_builder v4.6.0
[INFO] [stderr]    Compiling sharded-slab v0.1.7
[INFO] [stderr]    Compiling serde_urlencoded v0.7.1
[INFO] [stderr]    Compiling schemars v1.2.1
[INFO] [stderr]    Compiling matchers v0.2.0
[INFO] [stderr]    Compiling tower-http v0.6.11
[INFO] [stderr]    Compiling futures v0.3.32
[INFO] [stderr]    Compiling digest v0.10.7
[INFO] [stderr]    Compiling dsl-kit v0.11.0
[INFO] [stderr]    Compiling tracing-log v0.2.0
[INFO] [stderr]    Compiling async-trait v0.1.89
[INFO] [stderr]    Compiling http-body-util v0.1.4
[INFO] [stderr]    Compiling thread_local v1.1.10
[INFO] [stderr]    Compiling nu-ansi-term v0.50.3
[INFO] [stderr]    Compiling pastey v0.2.3
[INFO] [stderr]    Compiling rmcp v0.16.0
[INFO] [stderr]    Compiling crc-catalog v2.5.0
[INFO] [stderr]    Compiling cpufeatures v0.2.17
[INFO] [stderr]    Compiling schemars v0.8.22
[INFO] [stderr]    Compiling sha2 v0.10.9
[INFO] [stderr]    Compiling tracing-subscriber v0.3.23
[INFO] [stderr]    Compiling crc v3.4.0
[INFO] [stderr]    Compiling reqwest v0.12.28
[INFO] [stderr]    Compiling clap v4.6.1
[INFO] [stderr]    Compiling dsl-kit-parse v0.11.0
[INFO] [stderr]    Compiling rmcp-macros v0.16.0
[INFO] [stderr]    Compiling schemars_derive v0.8.22
[INFO] [stderr]    Compiling xattr v1.6.1
[INFO] [stderr]    Compiling filetime v0.2.29
[INFO] [stderr]    Compiling byteorder v1.5.0
[INFO] [stderr]    Compiling rmcp v2.2.0
[INFO] [stderr]    Compiling lzma-rs v0.3.0
[INFO] [stderr]    Compiling tar v0.4.46
[INFO] [stderr]    Compiling lm-provision v0.13.0
[INFO] [stderr]    Compiling lm-provision-protocol v0.13.0
[INFO] [stderr]    Compiling dsl-kit-lint v0.11.0
[INFO] [stderr]    Compiling rmcp-macros v2.2.0
[INFO] [stderr]    Compiling dotenvy v0.15.7
[INFO] [stderr]    Compiling jiff v0.1.29
[INFO] [stderr]    Compiling lm-provision-driver v0.13.0
[INFO] [stderr]    Compiling dsl-kit-mcp v0.11.0
[INFO] [stderr]    Compiling lm-provision-mcp v0.13.0 (/opt/rustwide/workdir)
[INFO] [stderr]     Finished `release` profile [optimized] target(s) in 6m 43s
[INFO] [stderr] warning: the following packages contain code that will be rejected by a future version of Rust: nix v0.29.0
[INFO] [stderr] note: to see what the problems were, use the option `--future-incompat-report`, or run `cargo report future-incompatibilities --id 1`
[INFO] running `Command { std: "docker" "inspect" "732daeed9e7bc76ef7899a4b2a5c4aae41b88418d8f3a7529dc94b708fb09707", kill_on_drop: false }`
[INFO] running `Command { std: "docker" "exec" "-e" "SOURCE_DIR=/opt/rustwide/workdir" "-e" "CARGO_HOME=/opt/rustwide/cargo-home" "-e" "RUSTUP_HOME=/opt/rustwide/rustup-home" "-e" "CARGO_TARGET_DIR=/opt/rustwide/target" "-e" "CARGO_INCREMENTAL=0" "-e" "RUST_BACKTRACE=full" "-e" "RUSTFLAGS=--cap-lints=warn" "-e" "RUSTDOCFLAGS=--cap-lints=warn" "-w" "/opt/rustwide/workdir" "--user" "0:0" "732daeed9e7bc76ef7899a4b2a5c4aae41b88418d8f3a7529dc94b708fb09707" "/opt/rustwide/cargo-home/bin/cargo" "+1.100.0-beta.1" "test" "--frozen" "--no-run" "--message-format=json" "--release", kill_on_drop: false }`
[INFO] [stderr] warning: `package.homepage` is redundant with `package.repository`
[INFO] [stderr]   --> Cargo.toml:63:12
[INFO] [stderr]    |
[INFO] [stderr] 63 | homepage = "https://github.com/ynishi/lm-provision"
[INFO] [stderr]    |            ^^^^^^^^^^^^^^^^^^^^^^^^^^^^^^^^^^^^^^^^
[INFO] [stderr] ...
[INFO] [stderr] 68 | repository = "https://github.com/ynishi/lm-provision"
[INFO] [stderr]    |              ----------------------------------------
[INFO] [stderr]    |
[INFO] [stderr]    = note: `cargo::redundant_homepage` is set to `warn` by default
[INFO] [stderr] help: consider removing `package.homepage`
[INFO] [stderr] warning: `lm-provision-mcp` (manifest) generated 1 warning
[INFO] [stderr]    Compiling lm-provision-mcp v0.13.0 (/opt/rustwide/workdir)
[INFO] [stderr]     Finished `release` profile [optimized] target(s) in 17.72s
[INFO] [stderr] warning: the following packages contain code that will be rejected by a future version of Rust: nix v0.29.0
[INFO] [stderr] note: to see what the problems were, use the option `--future-incompat-report`, or run `cargo report future-incompatibilities --id 1`
[INFO] running `Command { std: "docker" "inspect" "732daeed9e7bc76ef7899a4b2a5c4aae41b88418d8f3a7529dc94b708fb09707", kill_on_drop: false }`
[INFO] running `Command { std: "docker" "exec" "-e" "SOURCE_DIR=/opt/rustwide/workdir" "-e" "CARGO_HOME=/opt/rustwide/cargo-home" "-e" "RUSTUP_HOME=/opt/rustwide/rustup-home" "-e" "CARGO_TARGET_DIR=/opt/rustwide/target" "-e" "CARGO_INCREMENTAL=0" "-e" "RUST_BACKTRACE=full" "-e" "RUSTFLAGS=--cap-lints=warn" "-e" "RUSTDOCFLAGS=--cap-lints=warn" "-w" "/opt/rustwide/workdir" "--user" "0:0" "732daeed9e7bc76ef7899a4b2a5c4aae41b88418d8f3a7529dc94b708fb09707" "/opt/rustwide/cargo-home/bin/cargo" "+1.100.0-beta.1" "test" "--frozen" "--release", kill_on_drop: false }`
[INFO] [stderr] warning: `package.homepage` is redundant with `package.repository`
[INFO] [stderr]   --> Cargo.toml:63:12
[INFO] [stderr]    |
[INFO] [stderr] 63 | homepage = "https://github.com/ynishi/lm-provision"
[INFO] [stderr]    |            ^^^^^^^^^^^^^^^^^^^^^^^^^^^^^^^^^^^^^^^^
[INFO] [stderr] ...
[INFO] [stderr] 68 | repository = "https://github.com/ynishi/lm-provision"
[INFO] [stderr]    |              ----------------------------------------
[INFO] [stderr]    |
[INFO] [stderr]    = note: `cargo::redundant_homepage` is set to `warn` by default
[INFO] [stderr] help: consider removing `package.homepage`
[INFO] [stderr] warning: `lm-provision-mcp` (manifest) generated 1 warning
[INFO] [stderr]     Finished `release` profile [optimized] target(s) in 0.32s
[INFO] [stderr] warning: the following packages contain code that will be rejected by a future version of Rust: nix v0.29.0
[INFO] [stderr] note: to see what the problems were, use the option `--future-incompat-report`, or run `cargo report future-incompatibilities --id 1`
[INFO] [stderr]      Running unittests src/lib.rs (/opt/rustwide/target/release/build/lm-provision-mcp/71183b9729d4f1ad/out/lm_provision_mcp-71183b9729d4f1ad)
[INFO] [stdout] 
[INFO] [stdout] running 50 tests
[INFO] [stdout] test apply_tool::tests::a_profile_that_fails_validate_never_reaches_the_transport ... ok
[INFO] [stdout] test apply_tool::tests::client_message_keeps_the_detail_of_variants_that_relay_no_external_output ... ok
[INFO] [stdout] test config::tests::a_local_exec_entry_without_a_staging_dir_inherits_the_servers_default ... ok
[INFO] [stdout] test apply_tool::tests::a_failed_ledger_append_still_returns_the_report_with_a_warning ... FAILED
[INFO] [stdout] test config::tests::an_https_value_is_an_archive_url_and_a_bare_value_is_a_path ... ok
[INFO] [stdout] test apply_tool::tests::lm_apply_dry_run_through_the_registry_returns_an_ok_report_and_appends_to_the_ledger ... FAILED
[INFO] [stdout] test config::tests::any_other_scheme_is_refused_rather_than_read_as_a_path ... ok
[INFO] [stdout] test config::tests::explicit_staging_dir_and_ledger_path_override_the_default ... ok
[INFO] [stdout] test config::tests::resolving_a_path_source_touches_nothing ... ok
[INFO] [stdout] test apply_tool::tests::client_message_drops_the_pod_authored_side_of_an_integrity_mismatch ... ok
[INFO] [stdout] test config::tests::an_unset_binary_variable_means_this_builds_own_release ... ok
[INFO] [stdout] test config::tests::an_unreadable_or_invalid_registry_path_fails_startup_while_unset_is_an_empty_registry ... ok
[INFO] [stdout] test config::tests::staging_dir_and_ledger_path_default_when_unset ... ok
[INFO] [stdout] test apply_tool::tests::a_binary_path_this_host_cannot_execute_still_reaches_the_transport ... FAILED
[INFO] [stdout] test apply_tool::tests::lm_apply_appends_one_more_row_per_call_even_for_the_same_pod_and_profile ... FAILED
[INFO] [stdout] test ledger_tools::tests::lm_ledger_get_returns_the_row_at_the_newest_first_index ... ok
[INFO] [stdout] test ledger_tools::tests::lm_ledger_list_filters_by_profile_hash ... ok
[INFO] [stdout] test apply_tool::tests::lm_apply_profile_eval_failure_is_a_precondition_error ... FAILED
[INFO] [stdout] test pipeline::tests::lm_hash_returns_a_64_char_lowercase_hex_digest ... FAILED
[INFO] [stdout] test pipeline::tests::lm_plan_missing_file_is_a_precondition_class_error ... ok
[INFO] [stdout] test ledger_tools::tests::lm_ledger_list_applies_limit_after_filtering ... ok
[INFO] [stdout] test apply_tool::tests::lm_apply_reports_missing_secret_env_as_a_precondition_error_before_any_invoke ... FAILED
[INFO] [stdout] test ledger_tools::tests::lm_ledger_list_on_a_missing_ledger_is_an_empty_vec_not_an_error ... ok
[INFO] [stdout] test pipeline::tests::lm_validate_missing_file_is_a_precondition_class_error ... ok
[INFO] [stdout] test pipeline::tests::lm_validate_rejects_a_lua_profile ... ok
[INFO] [stdout] test ledger_tools::tests::lm_ledger_list_with_no_filters_returns_every_row_newest_first ... ok
[INFO] [stdout] test pipeline::tests::lm_hash_is_deterministic_across_repeated_calls ... FAILED
[INFO] [stdout] test profile_host::tests::test_profile_host_mcp_handler_integration ... ok
[INFO] [stdout] test pipeline::tests::lm_plan_returns_the_plan_artifact_as_a_json_object_with_steps ... FAILED
[INFO] [stdout] test pipeline::tests::lm_validate_happy_returns_ok_true_and_the_profile_name ... FAILED
[INFO] [stdout] test server::tests::a_transport_failure_names_the_pod_and_nothing_about_the_connection ... FAILED
[INFO] [stdout] test server::tests::lm_machine_list_takes_a_provider_and_nothing_else ... ok
[INFO] [stdout] test targets::tests::a_malformed_top_level_is_a_decode_error_without_a_pod_id ... ok
[INFO] [stdout] test server::tests::handle_lm_apply_redacts_a_transport_failure_from_a_registered_pod ... FAILED
[INFO] [stdout] test targets::tests::a_repeated_pod_id_within_one_entry_is_a_decode_error_labelled_last_wins ... ok
[INFO] [stdout] test server::tests::lm_apply_schema_requires_profile_path_and_pod_id ... ok
[INFO] [stdout] test targets::tests::a_repeated_key_within_one_entry_is_a_decode_error_that_names_the_entry ... ok
[INFO] [stdout] test server::tests::an_unregistered_pod_id_is_rejected_before_any_effect ... ok
[INFO] [stdout] test server::tests::tool_router_lists_exactly_the_spec_tools ... ok
[INFO] [stdout] test server::tests::an_unknown_provider_is_an_error_and_an_unaskable_platform_is_a_failed_row ... ok
[INFO] [stdout] test targets::tests::an_empty_host_is_invalid_and_a_repeated_pod_id_is_a_duplicate ... ok
[INFO] [stdout] test targets::tests::an_ssh_entry_becomes_the_transport_it_declares ... ok
[INFO] [stdout] test targets::tests::schema_violations_are_decode_errors_that_name_the_entry ... ok
[INFO] [stdout] test targets::tests::both_kinds_decode_and_ssh_defaults_come_from_the_driver_constants ... ok
[INFO] [stdout] test targets::tests::local_exec_staging_dir_defaults_at_load_time_and_keeps_an_explicit_value ... ok
[INFO] [stdout] test targets::tests::to_transport_builds_the_kind_the_entry_declared ... ok
[INFO] [stdout] test targets::tests::an_unset_registry_names_the_env_var_instead_of_a_path ... ok
[INFO] [stdout] test server::tests::a_remote_hash_failure_keeps_the_exit_code_and_drops_the_pod_stderr ... FAILED
[INFO] [stdout] test targets::tests::an_unknown_pod_id_names_the_file_and_the_registered_ids_only ... ok
[INFO] [stdout] test ledger_tools::tests::lm_ledger_list_filters_by_pod_id ... ok
[INFO] [stderr] error: test failed, to rerun pass `--lib`
[INFO] [stdout] 
[INFO] [stdout] failures:
[INFO] [stdout] 
[INFO] [stdout] ---- apply_tool::tests::a_failed_ledger_append_still_returns_the_report_with_a_warning stdout ----
[INFO] [stdout] 
[INFO] [stdout] thread 'apply_tool::tests::a_failed_ledger_append_still_returns_the_report_with_a_warning' (3630) panicked at src/apply_tool.rs:448:71:
[INFO] [stdout] fixture loads: Io { path: "/opt/rustwide/workdir/../lm-provision/tests/fixtures/apply-sh-fs.json", source: Os { code: 2, kind: NotFound, message: "No such file or directory" } }
[INFO] [stdout] stack backtrace:
[INFO] [stdout]    0:     0x57015f0d9951 - <<std[617be2ca0a6fd877]::sys::backtrace::BacktraceLock>::print::DisplayBacktrace as core[a373ad73a504971]::fmt::Display>::fmt
[INFO] [stdout]    1:     0x57015f0f0e0a - core[a373ad73a504971]::fmt::write
[INFO] [stdout]    2:     0x57015f0de88c - <alloc[2e1b2a31b91974c5]::vec::Vec<u8> as core[a373ad73a504971]::io::write::Write>::write_fmt
[INFO] [stdout]    3:     0x57015f0b0496 - std[617be2ca0a6fd877]::panicking::default_hook::{closure#0}
[INFO] [stdout]    4:     0x57015f0cf249 - std[617be2ca0a6fd877]::panicking::default_hook
[INFO] [stdout]    5:     0x57015ec43890 - test[aada8e7e76ba119b]::test_main_inner::{closure#0}
[INFO] [stdout]    6:     0x57015f0cf572 - std[617be2ca0a6fd877]::panicking::panic_with_hook
[INFO] [stdout]    7:     0x57015f0b0542 - std[617be2ca0a6fd877]::panicking::panic_handler::{closure#0}
[INFO] [stdout]    8:     0x57015f0a8c39 - std[617be2ca0a6fd877]::sys::backtrace::__rust_end_short_backtrace::<std[617be2ca0a6fd877]::panicking::panic_handler::{closure#0}, !>
[INFO] [stdout]    9:     0x57015f0b170d - __rustc[ea4f61d10b84890b]::rust_begin_unwind
[INFO] [stdout]   10:     0x57015f0f15ec - core[a373ad73a504971]::panicking::panic_fmt
[INFO] [stdout]   11:     0x57015f0f13c2 - core[a373ad73a504971]::result::unwrap_failed
[INFO] [stdout]   12:     0x57015ebc60aa - lm_provision_mcp[1da385c850fee82a]::apply_tool::tests::profile_hash
[INFO] [stdout]   13:     0x57015ebc8d45 - <lm_provision_mcp[1da385c850fee82a]::apply_tool::tests::a_failed_ledger_append_still_returns_the_report_with_a_warning::{closure#0} as core[a373ad73a504971]::ops::function::FnOnce<()>>::call_once
[INFO] [stdout]   14:     0x57015ec36cdb - test[aada8e7e76ba119b]::__rust_begin_short_backtrace::<core[a373ad73a504971]::result::Result<(), alloc[2e1b2a31b91974c5]::string::String>, fn() -> core[a373ad73a504971]::result::Result<(), alloc[2e1b2a31b91974c5]::string::String>>
[INFO] [stdout]   15:     0x57015ec43eb5 - test[aada8e7e76ba119b]::run_test::{closure#0}
[INFO] [stdout]   16:     0x57015ec3d7a4 - std[617be2ca0a6fd877]::sys::backtrace::__rust_begin_short_backtrace::<test[aada8e7e76ba119b]::run_test::{closure#1}, ()>
[INFO] [stdout]   17:     0x57015ec46f42 - <std[617be2ca0a6fd877]::thread::lifecycle::spawn_unchecked<test[aada8e7e76ba119b]::run_test::{closure#1}, ()>::{closure#1} as core[a373ad73a504971]::ops::function::FnOnce<()>>::call_once::{shim:vtable#0}
[INFO] [stdout]   18:     0x57015f0d840f - <std[617be2ca0a6fd877]::sys::thread::unix::Thread>::new::thread_start
[INFO] [stdout]   19:     0x7e996ff24dfa - <unknown>
[INFO] [stdout]   20:     0x7e996ffb83d4 - clone
[INFO] [stdout]   21:                0x0 - <unknown>
[INFO] [stdout] 
[INFO] [stdout] ---- apply_tool::tests::lm_apply_dry_run_through_the_registry_returns_an_ok_report_and_appends_to_the_ledger stdout ----
[INFO] [stdout] 
[INFO] [stdout] thread 'apply_tool::tests::lm_apply_dry_run_through_the_registry_returns_an_ok_report_and_appends_to_the_ledger' (3635) panicked at src/apply_tool.rs:344:9:
[INFO] [stdout] lm-provisioner binary not found under /opt/rustwide/target/{debug,release} — build the workspace first
[INFO] [stdout] stack backtrace:
[INFO] [stdout]    0:     0x57015f0d9951 - <<std[617be2ca0a6fd877]::sys::backtrace::BacktraceLock>::print::DisplayBacktrace as core[a373ad73a504971]::fmt::Display>::fmt
[INFO] [stdout]    1:     0x57015f0f0e0a - core[a373ad73a504971]::fmt::write
[INFO] [stdout]    2:     0x57015f0de88c - <alloc[2e1b2a31b91974c5]::vec::Vec<u8> as core[a373ad73a504971]::io::write::Write>::write_fmt
[INFO] [stdout]    3:     0x57015f0b0496 - std[617be2ca0a6fd877]::panicking::default_hook::{closure#0}
[INFO] [stdout]    4:     0x57015f0cf249 - std[617be2ca0a6fd877]::panicking::default_hook
[INFO] [stdout]    5:     0x57015ec43890 - test[aada8e7e76ba119b]::test_main_inner::{closure#0}
[INFO] [stdout]    6:     0x57015f0cf572 - std[617be2ca0a6fd877]::panicking::panic_with_hook
[INFO] [stdout]    7:     0x57015f0b0542 - std[617be2ca0a6fd877]::panicking::panic_handler::{closure#0}
[INFO] [stdout]    8:     0x57015f0a8c39 - std[617be2ca0a6fd877]::sys::backtrace::__rust_end_short_backtrace::<std[617be2ca0a6fd877]::panicking::panic_handler::{closure#0}, !>
[INFO] [stdout]    9:     0x57015f0b170d - __rustc[ea4f61d10b84890b]::rust_begin_unwind
[INFO] [stdout]   10:     0x57015f0f15ec - core[a373ad73a504971]::panicking::panic_fmt
[INFO] [stdout]   11:     0x57015ebc638c - lm_provision_mcp[1da385c850fee82a]::apply_tool::tests::built_binary_path
[INFO] [stdout]   12:     0x57015ebcbdbb - <lm_provision_mcp[1da385c850fee82a]::apply_tool::tests::lm_apply_dry_run_through_the_registry_returns_an_ok_report_and_appends_to_the_ledger::{closure#0} as core[a373ad73a504971]::ops::function::FnOnce<()>>::call_once
[INFO] [stdout]   13:     0x57015ec36cdb - test[aada8e7e76ba119b]::__rust_begin_short_backtrace::<core[a373ad73a504971]::result::Result<(), alloc[2e1b2a31b91974c5]::string::String>, fn() -> core[a373ad73a504971]::result::Result<(), alloc[2e1b2a31b91974c5]::string::String>>
[INFO] [stdout]   14:     0x57015ec43eb5 - test[aada8e7e76ba119b]::run_test::{closure#0}
[INFO] [stdout]   15:     0x57015ec3d7a4 - std[617be2ca0a6fd877]::sys::backtrace::__rust_begin_short_backtrace::<test[aada8e7e76ba119b]::run_test::{closure#1}, ()>
[INFO] [stdout]   16:     0x57015ec46f42 - <std[617be2ca0a6fd877]::thread::lifecycle::spawn_unchecked<test[aada8e7e76ba119b]::run_test::{closure#1}, ()>::{closure#1} as core[a373ad73a504971]::ops::function::FnOnce<()>>::call_once::{shim:vtable#0}
[INFO] [stdout]   17:     0x57015f0d840f - <std[617be2ca0a6fd877]::sys::thread::unix::Thread>::new::thread_start
[INFO] [stdout]   18:     0x7e996ff24dfa - <unknown>
[INFO] [stdout]   19:     0x7e996ffb83d4 - clone
[INFO] [stdout]   20:                0x0 - <unknown>
[INFO] [stdout] 
[INFO] [stdout] ---- apply_tool::tests::a_binary_path_this_host_cannot_execute_still_reaches_the_transport stdout ----
[INFO] [stdout] 
[INFO] [stdout] thread 'apply_tool::tests::a_binary_path_this_host_cannot_execute_still_reaches_the_transport' (3629) panicked at src/apply_tool.rs:448:71:
[INFO] [stdout] fixture loads: Io { path: "/opt/rustwide/workdir/../lm-provision/tests/fixtures/apply-sh-fs.json", source: Os { code: 2, kind: NotFound, message: "No such file or directory" } }
[INFO] [stdout] stack backtrace:
[INFO] [stdout]    0:     0x57015f0d9951 - <<std[617be2ca0a6fd877]::sys::backtrace::BacktraceLock>::print::DisplayBacktrace as core[a373ad73a504971]::fmt::Display>::fmt
[INFO] [stdout]    1:     0x57015f0f0e0a - core[a373ad73a504971]::fmt::write
[INFO] [stdout]    2:     0x57015f0de88c - <alloc[2e1b2a31b91974c5]::vec::Vec<u8> as core[a373ad73a504971]::io::write::Write>::write_fmt
[INFO] [stdout]    3:     0x57015f0b0496 - std[617be2ca0a6fd877]::panicking::default_hook::{closure#0}
[INFO] [stdout]    4:     0x57015f0cf249 - std[617be2ca0a6fd877]::panicking::default_hook
[INFO] [stdout]    5:     0x57015ec43890 - test[aada8e7e76ba119b]::test_main_inner::{closure#0}
[INFO] [stdout]    6:     0x57015f0cf572 - std[617be2ca0a6fd877]::panicking::panic_with_hook
[INFO] [stdout]    7:     0x57015f0b0542 - std[617be2ca0a6fd877]::panicking::panic_handler::{closure#0}
[INFO] [stdout]    8:     0x57015f0a8c39 - std[617be2ca0a6fd877]::sys::backtrace::__rust_end_short_backtrace::<std[617be2ca0a6fd877]::panicking::panic_handler::{closure#0}, !>
[INFO] [stdout]    9:     0x57015f0b170d - __rustc[ea4f61d10b84890b]::rust_begin_unwind
[INFO] [stdout]   10:     0x57015f0f15ec - core[a373ad73a504971]::panicking::panic_fmt
[INFO] [stdout]   11:     0x57015f0f13c2 - core[a373ad73a504971]::result::unwrap_failed
[INFO] [stdout]   12:     0x57015ebc60aa - lm_provision_mcp[1da385c850fee82a]::apply_tool::tests::profile_hash
[INFO] [stdout]   13:     0x57015ebc9548 - <lm_provision_mcp[1da385c850fee82a]::apply_tool::tests::a_binary_path_this_host_cannot_execute_still_reaches_the_transport::{closure#0} as core[a373ad73a504971]::ops::function::FnOnce<()>>::call_once
[INFO] [stdout]   14:     0x57015ec36cdb - test[aada8e7e76ba119b]::__rust_begin_short_backtrace::<core[a373ad73a504971]::result::Result<(), alloc[2e1b2a31b91974c5]::string::String>, fn() -> core[a373ad73a504971]::result::Result<(), alloc[2e1b2a31b91974c5]::string::String>>
[INFO] [stdout]   15:     0x57015ec43eb5 - test[aada8e7e76ba119b]::run_test::{closure#0}
[INFO] [stdout]   16:     0x57015ec3d7a4 - std[617be2ca0a6fd877]::sys::backtrace::__rust_begin_short_backtrace::<test[aada8e7e76ba119b]::run_test::{closure#1}, ()>
[INFO] [stdout]   17:     0x57015ec46f42 - <std[617be2ca0a6fd877]::thread::lifecycle::spawn_unchecked<test[aada8e7e76ba119b]::run_test::{closure#1}, ()>::{closure#1} as core[a373ad73a504971]::ops::function::FnOnce<()>>::call_once::{shim:vtable#0}
[INFO] [stdout]   18:     0x57015f0d840f - <std[617be2ca0a6fd877]::sys::thread::unix::Thread>::new::thread_start
[INFO] [stdout]   19:     0x7e996ff24dfa - <unknown>
[INFO] [stdout]   20:     0x7e996ffb83d4 - clone
[INFO] [stdout]   21:                0x0 - <unknown>
[INFO] [stdout] 
[INFO] [stdout] ---- apply_tool::tests::lm_apply_appends_one_more_row_per_call_even_for_the_same_pod_and_profile stdout ----
[INFO] [stdout] 
[INFO] [stdout] thread 'apply_tool::tests::lm_apply_appends_one_more_row_per_call_even_for_the_same_pod_and_profile' (3634) panicked at src/apply_tool.rs:344:9:
[INFO] [stdout] lm-provisioner binary not found under /opt/rustwide/target/{debug,release} — build the workspace first
[INFO] [stdout] stack backtrace:
[INFO] [stdout]    0:     0x57015f0d9951 - <<std[617be2ca0a6fd877]::sys::backtrace::BacktraceLock>::print::DisplayBacktrace as core[a373ad73a504971]::fmt::Display>::fmt
[INFO] [stdout]    1:     0x57015f0f0e0a - core[a373ad73a504971]::fmt::write
[INFO] [stdout]    2:     0x57015f0de88c - <alloc[2e1b2a31b91974c5]::vec::Vec<u8> as core[a373ad73a504971]::io::write::Write>::write_fmt
[INFO] [stdout]    3:     0x57015f0b0496 - std[617be2ca0a6fd877]::panicking::default_hook::{closure#0}
[INFO] [stdout]    4:     0x57015f0cf249 - std[617be2ca0a6fd877]::panicking::default_hook
[INFO] [stdout]    5:     0x57015ec43890 - test[aada8e7e76ba119b]::test_main_inner::{closure#0}
[INFO] [stdout]    6:     0x57015f0cf572 - std[617be2ca0a6fd877]::panicking::panic_with_hook
[INFO] [stdout]    7:     0x57015f0b0542 - std[617be2ca0a6fd877]::panicking::panic_handler::{closure#0}
[INFO] [stdout]    8:     0x57015f0a8c39 - std[617be2ca0a6fd877]::sys::backtrace::__rust_end_short_backtrace::<std[617be2ca0a6fd877]::panicking::panic_handler::{closure#0}, !>
[INFO] [stdout]    9:     0x57015f0b170d - __rustc[ea4f61d10b84890b]::rust_begin_unwind
[INFO] [stdout]   10:     0x57015f0f15ec - core[a373ad73a504971]::panicking::panic_fmt
[INFO] [stdout]   11:     0x57015ebc638c - lm_provision_mcp[1da385c850fee82a]::apply_tool::tests::built_binary_path
[INFO] [stdout]   12:     0x57015ebca326 - <lm_provision_mcp[1da385c850fee82a]::apply_tool::tests::lm_apply_appends_one_more_row_per_call_even_for_the_same_pod_and_profile::{closure#0} as core[a373ad73a504971]::ops::function::FnOnce<()>>::call_once
[INFO] [stdout]   13:     0x57015ec36cdb - test[aada8e7e76ba119b]::__rust_begin_short_backtrace::<core[a373ad73a504971]::result::Result<(), alloc[2e1b2a31b91974c5]::string::String>, fn() -> core[a373ad73a504971]::result::Result<(), alloc[2e1b2a31b91974c5]::string::String>>
[INFO] [stdout]   14:     0x57015ec43eb5 - test[aada8e7e76ba119b]::run_test::{closure#0}
[INFO] [stdout]   15:     0x57015ec3d7a4 - std[617be2ca0a6fd877]::sys::backtrace::__rust_begin_short_backtrace::<test[aada8e7e76ba119b]::run_test::{closure#1}, ()>
[INFO] [stdout]   16:     0x57015ec46f42 - <std[617be2ca0a6fd877]::thread::lifecycle::spawn_unchecked<test[aada8e7e76ba119b]::run_test::{closure#1}, ()>::{closure#1} as core[a373ad73a504971]::ops::function::FnOnce<()>>::call_once::{shim:vtable#0}
[INFO] [stdout]   17:     0x57015f0d840f - <std[617be2ca0a6fd877]::sys::thread::unix::Thread>::new::thread_start
[INFO] [stdout]   18:     0x7e996ff24dfa - <unknown>
[INFO] [stdout]   19:     0x7e996ffb83d4 - clone
[INFO] [stdout]   20:                0x0 - <unknown>
[INFO] [stdout] 
[INFO] [stdout] ---- apply_tool::tests::lm_apply_profile_eval_failure_is_a_precondition_error stdout ----
[INFO] [stdout] 
[INFO] [stdout] thread 'apply_tool::tests::lm_apply_profile_eval_failure_is_a_precondition_error' (3636) panicked at src/apply_tool.rs:344:9:
[INFO] [stdout] lm-provisioner binary not found under /opt/rustwide/target/{debug,release} — build the workspace first
[INFO] [stdout] stack backtrace:
[INFO] [stdout]    0:     0x57015f0d9951 - <<std[617be2ca0a6fd877]::sys::backtrace::BacktraceLock>::print::DisplayBacktrace as core[a373ad73a504971]::fmt::Display>::fmt
[INFO] [stdout]    1:     0x57015f0f0e0a - core[a373ad73a504971]::fmt::write
[INFO] [stdout]    2:     0x57015f0de88c - <alloc[2e1b2a31b91974c5]::vec::Vec<u8> as core[a373ad73a504971]::io::write::Write>::write_fmt
[INFO] [stdout]    3:     0x57015f0b0496 - std[617be2ca0a6fd877]::panicking::default_hook::{closure#0}
[INFO] [stdout]    4:     0x57015f0cf249 - std[617be2ca0a6fd877]::panicking::default_hook
[INFO] [stdout]    5:     0x57015ec43890 - test[aada8e7e76ba119b]::test_main_inner::{closure#0}
[INFO] [stdout]    6:     0x57015f0cf572 - std[617be2ca0a6fd877]::panicking::panic_with_hook
[INFO] [stdout]    7:     0x57015f0b0542 - std[617be2ca0a6fd877]::panicking::panic_handler::{closure#0}
[INFO] [stdout]    8:     0x57015f0a8c39 - std[617be2ca0a6fd877]::sys::backtrace::__rust_end_short_backtrace::<std[617be2ca0a6fd877]::panicking::panic_handler::{closure#0}, !>
[INFO] [stdout]    9:     0x57015f0b170d - __rustc[ea4f61d10b84890b]::rust_begin_unwind
[INFO] [stdout]   10:     0x57015f0f15ec - core[a373ad73a504971]::panicking::panic_fmt
[INFO] [stdout]   11:     0x57015ebc638c - lm_provision_mcp[1da385c850fee82a]::apply_tool::tests::built_binary_path
[INFO] [stdout]   12:     0x57015ebc7976 - <lm_provision_mcp[1da385c850fee82a]::apply_tool::tests::lm_apply_profile_eval_failure_is_a_precondition_error::{closure#0} as core[a373ad73a504971]::ops::function::FnOnce<()>>::call_once
[INFO] [stdout]   13:     0x57015ec36cdb - test[aada8e7e76ba119b]::__rust_begin_short_backtrace::<core[a373ad73a504971]::result::Result<(), alloc[2e1b2a31b91974c5]::string::String>, fn() -> core[a373ad73a504971]::result::Result<(), alloc[2e1b2a31b91974c5]::string::String>>
[INFO] [stdout]   14:     0x57015ec43eb5 - test[aada8e7e76ba119b]::run_test::{closure#0}
[INFO] [stdout]   15:     0x57015ec3d7a4 - std[617be2ca0a6fd877]::sys::backtrace::__rust_begin_short_backtrace::<test[aada8e7e76ba119b]::run_test::{closure#1}, ()>
[INFO] [stdout]   16:     0x57015ec46f42 - <std[617be2ca0a6fd877]::thread::lifecycle::spawn_unchecked<test[aada8e7e76ba119b]::run_test::{closure#1}, ()>::{closure#1} as core[a373ad73a504971]::ops::function::FnOnce<()>>::call_once::{shim:vtable#0}
[INFO] [stdout]   17:     0x57015f0d840f - <std[617be2ca0a6fd877]::sys::thread::unix::Thread>::new::thread_start
[INFO] [stdout]   18:     0x7e996ff24dfa - <unknown>
[INFO] [stdout]   19:     0x7e996ffb83d4 - clone
[INFO] [stdout]   20:                0x0 - <unknown>
[INFO] [stdout] 
[INFO] [stdout] ---- pipeline::tests::lm_hash_returns_a_64_char_lowercase_hex_digest stdout ----
[INFO] [stdout] 
[INFO] [stdout] thread 'pipeline::tests::lm_hash_returns_a_64_char_lowercase_hex_digest' (3654) panicked at src/pipeline.rs:85:53:
[INFO] [stdout] valid.json should hash: "failed to read profile '/opt/rustwide/workdir/../lm-provision/tests/fixtures/valid.json': No such file or directory (os error 2)"
[INFO] [stdout] stack backtrace:
[INFO] [stdout]    0:     0x57015f0d9951 - <<std[617be2ca0a6fd877]::sys::backtrace::BacktraceLock>::print::DisplayBacktrace as core[a373ad73a504971]::fmt::Display>::fmt
[INFO] [stdout]    1:     0x57015f0f0e0a - core[a373ad73a504971]::fmt::write
[INFO] [stdout]    2:     0x57015f0de88c - <alloc[2e1b2a31b91974c5]::vec::Vec<u8> as core[a373ad73a504971]::io::write::Write>::write_fmt
[INFO] [stdout]    3:     0x57015f0b0496 - std[617be2ca0a6fd877]::panicking::default_hook::{closure#0}
[INFO] [stdout]    4:     0x57015f0cf249 - std[617be2ca0a6fd877]::panicking::default_hook
[INFO] [stdout]    5:     0x57015ec43890 - test[aada8e7e76ba119b]::test_main_inner::{closure#0}
[INFO] [stdout]    6:     0x57015f0cf572 - std[617be2ca0a6fd877]::panicking::panic_with_hook
[INFO] [stdout]    7:     0x57015f0b0542 - std[617be2ca0a6fd877]::panicking::panic_handler::{closure#0}
[INFO] [stdout]    8:     0x57015f0a8c39 - std[617be2ca0a6fd877]::sys::backtrace::__rust_end_short_backtrace::<std[617be2ca0a6fd877]::panicking::panic_handler::{closure#0}, !>
[INFO] [stdout]    9:     0x57015f0b170d - __rustc[ea4f61d10b84890b]::rust_begin_unwind
[INFO] [stdout]   10:     0x57015f0f15ec - core[a373ad73a504971]::panicking::panic_fmt
[INFO] [stdout]   11:     0x57015f0f13c2 - core[a373ad73a504971]::result::unwrap_failed
[INFO] [stdout]   12:     0x57015ec082fa - <lm_provision_mcp[1da385c850fee82a]::pipeline::tests::lm_hash_returns_a_64_char_lowercase_hex_digest::{closure#0} as core[a373ad73a504971]::ops::function::FnOnce<()>>::call_once
[INFO] [stdout]   13:     0x57015ec36cdb - test[aada8e7e76ba119b]::__rust_begin_short_backtrace::<core[a373ad73a504971]::result::Result<(), alloc[2e1b2a31b91974c5]::string::String>, fn() -> core[a373ad73a504971]::result::Result<(), alloc[2e1b2a31b91974c5]::string::String>>
[INFO] [stdout]   14:     0x57015ec43eb5 - test[aada8e7e76ba119b]::run_test::{closure#0}
[INFO] [stdout]   15:     0x57015ec3d7a4 - std[617be2ca0a6fd877]::sys::backtrace::__rust_begin_short_backtrace::<test[aada8e7e76ba119b]::run_test::{closure#1}, ()>
[INFO] [stdout]   16:     0x57015ec46f42 - <std[617be2ca0a6fd877]::thread::lifecycle::spawn_unchecked<test[aada8e7e76ba119b]::run_test::{closure#1}, ()>::{closure#1} as core[a373ad73a504971]::ops::function::FnOnce<()>>::call_once::{shim:vtable#0}
[INFO] [stdout]   17:     0x57015f0d840f - <std[617be2ca0a6fd877]::sys::thread::unix::Thread>::new::thread_start
[INFO] [stdout]   18:     0x7e996ff24dfa - <unknown>
[INFO] [stdout]   19:     0x7e996ffb83d4 - clone
[INFO] [stdout]   20:                0x0 - <unknown>
[INFO] [stdout] 
[INFO] [stdout] ---- apply_tool::tests::lm_apply_reports_missing_secret_env_as_a_precondition_error_before_any_invoke stdout ----
[INFO] [stdout] 
[INFO] [stdout] thread 'apply_tool::tests::lm_apply_reports_missing_secret_env_as_a_precondition_error_before_any_invoke' (3638) panicked at src/apply_tool.rs:344:9:
[INFO] [stdout] lm-provisioner binary not found under /opt/rustwide/target/{debug,release} — build the workspace first
[INFO] [stdout] stack backtrace:
[INFO] [stdout]    0:     0x57015f0d9951 - <<std[617be2ca0a6fd877]::sys::backtrace::BacktraceLock>::print::DisplayBacktrace as core[a373ad73a504971]::fmt::Display>::fmt
[INFO] [stdout]    1:     0x57015f0f0e0a - core[a373ad73a504971]::fmt::write
[INFO] [stdout]    2:     0x57015f0de88c - <alloc[2e1b2a31b91974c5]::vec::Vec<u8> as core[a373ad73a504971]::io::write::Write>::write_fmt
[INFO] [stdout]    3:     0x57015f0b0496 - std[617be2ca0a6fd877]::panicking::default_hook::{closure#0}
[INFO] [stdout]    4:     0x57015f0cf249 - std[617be2ca0a6fd877]::panicking::default_hook
[INFO] [stdout]    5:     0x57015ec43890 - test[aada8e7e76ba119b]::test_main_inner::{closure#0}
[INFO] [stdout]    6:     0x57015f0cf572 - std[617be2ca0a6fd877]::panicking::panic_with_hook
[INFO] [stdout]    7:     0x57015f0b0542 - std[617be2ca0a6fd877]::panicking::panic_handler::{closure#0}
[INFO] [stdout]    8:     0x57015f0a8c39 - std[617be2ca0a6fd877]::sys::backtrace::__rust_end_short_backtrace::<std[617be2ca0a6fd877]::panicking::panic_handler::{closure#0}, !>
[INFO] [stdout]    9:     0x57015f0b170d - __rustc[ea4f61d10b84890b]::rust_begin_unwind
[INFO] [stdout]   10:     0x57015f0f15ec - core[a373ad73a504971]::panicking::panic_fmt
[INFO] [stdout]   11:     0x57015ebc638c - lm_provision_mcp[1da385c850fee82a]::apply_tool::tests::built_binary_path
[INFO] [stdout]   12:     0x57015ebcb46d - <lm_provision_mcp[1da385c850fee82a]::apply_tool::tests::lm_apply_reports_missing_secret_env_as_a_precondition_error_before_any_invoke::{closure#0} as core[a373ad73a504971]::ops::function::FnOnce<()>>::call_once
[INFO] [stdout]   13:     0x57015ec36cdb - test[aada8e7e76ba119b]::__rust_begin_short_backtrace::<core[a373ad73a504971]::result::Result<(), alloc[2e1b2a31b91974c5]::string::String>, fn() -> core[a373ad73a504971]::result::Result<(), alloc[2e1b2a31b91974c5]::string::String>>
[INFO] [stdout]   14:     0x57015ec43eb5 - test[aada8e7e76ba119b]::run_test::{closure#0}
[INFO] [stdout]   15:     0x57015ec3d7a4 - std[617be2ca0a6fd877]::sys::backtrace::__rust_begin_short_backtrace::<test[aada8e7e76ba119b]::run_test::{closure#1}, ()>
[INFO] [stdout]   16:     0x57015ec46f42 - <std[617be2ca0a6fd877]::thread::lifecycle::spawn_unchecked<test[aada8e7e76ba119b]::run_test::{closure#1}, ()>::{closure#1} as core[a373ad73a504971]::ops::function::FnOnce<()>>::call_once::{shim:vtable#0}
[INFO] [stdout]   17:     0x57015f0d840f - <std[617be2ca0a6fd877]::sys::thread::unix::Thread>::new::thread_start
[INFO] [stdout]   18:     0x7e996ff24dfa - <unknown>
[INFO] [stdout]   19:     0x7e996ffb83d4 - clone
[INFO] [stdout]   20:                0x0 - <unknown>
[INFO] [stdout] 
[INFO] [stdout] ---- pipeline::tests::lm_hash_is_deterministic_across_repeated_calls stdout ----
[INFO] [stdout] 
[INFO] [stdout] thread 'pipeline::tests::lm_hash_is_deterministic_across_repeated_calls' (3653) panicked at src/pipeline.rs:95:53:
[INFO] [stdout] first hash: "failed to read profile '/opt/rustwide/workdir/../lm-provision/tests/fixtures/valid.json': No such file or directory (os error 2)"
[INFO] [stdout] stack backtrace:
[INFO] [stdout]    0:     0x57015f0d9951 - <<std[617be2ca0a6fd877]::sys::backtrace::BacktraceLock>::print::DisplayBacktrace as core[a373ad73a504971]::fmt::Display>::fmt
[INFO] [stdout]    1:     0x57015f0f0e0a - core[a373ad73a504971]::fmt::write
[INFO] [stdout]    2:     0x57015f0de88c - <alloc[2e1b2a31b91974c5]::vec::Vec<u8> as core[a373ad73a504971]::io::write::Write>::write_fmt
[INFO] [stdout]    3:     0x57015f0b0496 - std[617be2ca0a6fd877]::panicking::default_hook::{closure#0}
[INFO] [stdout]    4:     0x57015f0cf249 - std[617be2ca0a6fd877]::panicking::default_hook
[INFO] [stdout]    5:     0x57015ec43890 - test[aada8e7e76ba119b]::test_main_inner::{closure#0}
[INFO] [stdout]    6:     0x57015f0cf572 - std[617be2ca0a6fd877]::panicking::panic_with_hook
[INFO] [stdout]    7:     0x57015f0b0542 - std[617be2ca0a6fd877]::panicking::panic_handler::{closure#0}
[INFO] [stdout]    8:     0x57015f0a8c39 - std[617be2ca0a6fd877]::sys::backtrace::__rust_end_short_backtrace::<std[617be2ca0a6fd877]::panicking::panic_handler::{closure#0}, !>
[INFO] [stdout]    9:     0x57015f0b170d - __rustc[ea4f61d10b84890b]::rust_begin_unwind
[INFO] [stdout]   10:     0x57015f0f15ec - core[a373ad73a504971]::panicking::panic_fmt
[INFO] [stdout]   11:     0x57015f0f13c2 - core[a373ad73a504971]::result::unwrap_failed
[INFO] [stdout]   12:     0x57015ec07fdb - <lm_provision_mcp[1da385c850fee82a]::pipeline::tests::lm_hash_is_deterministic_across_repeated_calls::{closure#0} as core[a373ad73a504971]::ops::function::FnOnce<()>>::call_once
[INFO] [stdout]   13:     0x57015ec36cdb - test[aada8e7e76ba119b]::__rust_begin_short_backtrace::<core[a373ad73a504971]::result::Result<(), alloc[2e1b2a31b91974c5]::string::String>, fn() -> core[a373ad73a504971]::result::Result<(), alloc[2e1b2a31b91974c5]::string::String>>
[INFO] [stdout]   14:     0x57015ec43eb5 - test[aada8e7e76ba119b]::run_test::{closure#0}
[INFO] [stdout]   15:     0x57015ec3d7a4 - std[617be2ca0a6fd877]::sys::backtrace::__rust_begin_short_backtrace::<test[aada8e7e76ba119b]::run_test::{closure#1}, ()>
[INFO] [stdout]   16:     0x57015ec46f42 - <std[617be2ca0a6fd877]::thread::lifecycle::spawn_unchecked<test[aada8e7e76ba119b]::run_test::{closure#1}, ()>::{closure#1} as core[a373ad73a504971]::ops::function::FnOnce<()>>::call_once::{shim:vtable#0}
[INFO] [stdout]   17:     0x57015f0d840f - <std[617be2ca0a6fd877]::sys::thread::unix::Thread>::new::thread_start
[INFO] [stdout]   18:     0x7e996ff24dfa - <unknown>
[INFO] [stdout]   19:     0x7e996ffb83d4 - clone
[INFO] [stdout]   20:                0x0 - <unknown>
[INFO] [stdout] 
[INFO] [stdout] ---- pipeline::tests::lm_plan_returns_the_plan_artifact_as_a_json_object_with_steps stdout ----
[INFO] [stdout] 
[INFO] [stdout] thread 'pipeline::tests::lm_plan_returns_the_plan_artifact_as_a_json_object_with_steps' (3656) panicked at src/pipeline.rs:102:53:
[INFO] [stdout] valid.json should plan: "failed to read profile '/opt/rustwide/workdir/../lm-provision/tests/fixtures/valid.json': No such file or directory (os error 2)"
[INFO] [stdout] stack backtrace:
[INFO] [stdout]    0:     0x57015f0d9951 - <<std[617be2ca0a6fd877]::sys::backtrace::BacktraceLock>::print::DisplayBacktrace as core[a373ad73a504971]::fmt::Display>::fmt
[INFO] [stdout]    1:     0x57015f0f0e0a - core[a373ad73a504971]::fmt::write
[INFO] [stdout]    2:     0x57015f0de88c - <alloc[2e1b2a31b91974c5]::vec::Vec<u8> as core[a373ad73a504971]::io::write::Write>::write_fmt
[INFO] [stdout]    3:     0x57015f0b0496 - std[617be2ca0a6fd877]::panicking::default_hook::{closure#0}
[INFO] [stdout]    4:     0x57015f0cf249 - std[617be2ca0a6fd877]::panicking::default_hook
[INFO] [stdout]    5:     0x57015ec43890 - test[aada8e7e76ba119b]::test_main_inner::{closure#0}
[INFO] [stdout]    6:     0x57015f0cf572 - std[617be2ca0a6fd877]::panicking::panic_with_hook
[INFO] [stdout]    7:     0x57015f0b0542 - std[617be2ca0a6fd877]::panicking::panic_handler::{closure#0}
[INFO] [stdout]    8:     0x57015f0a8c39 - std[617be2ca0a6fd877]::sys::backtrace::__rust_end_short_backtrace::<std[617be2ca0a6fd877]::panicking::panic_handler::{closure#0}, !>
[INFO] [stdout]    9:     0x57015f0b170d - __rustc[ea4f61d10b84890b]::rust_begin_unwind
[INFO] [stdout]   10:     0x57015f0f15ec - core[a373ad73a504971]::panicking::panic_fmt
[INFO] [stdout]   11:     0x57015f0f13c2 - core[a373ad73a504971]::result::unwrap_failed
[INFO] [stdout]   12:     0x57015ec089f1 - <lm_provision_mcp[1da385c850fee82a]::pipeline::tests::lm_plan_returns_the_plan_artifact_as_a_json_object_with_steps::{closure#0} as core[a373ad73a504971]::ops::function::FnOnce<()>>::call_once
[INFO] [stdout]   13:     0x57015ec36cdb - test[aada8e7e76ba119b]::__rust_begin_short_backtrace::<core[a373ad73a504971]::result::Result<(), alloc[2e1b2a31b91974c5]::string::String>, fn() -> core[a373ad73a504971]::result::Result<(), alloc[2e1b2a31b91974c5]::string::String>>
[INFO] [stdout]   14:     0x57015ec43eb5 - test[aada8e7e76ba119b]::run_test::{closure#0}
[INFO] [stdout]   15:     0x57015ec3d7a4 - std[617be2ca0a6fd877]::sys::backtrace::__rust_begin_short_backtrace::<test[aada8e7e76ba119b]::run_test::{closure#1}, ()>
[INFO] [stdout]   16:     0x57015ec46f42 - <std[617be2ca0a6fd877]::thread::lifecycle::spawn_unchecked<test[aada8e7e76ba119b]::run_test::{closure#1}, ()>::{closure#1} as core[a373ad73a504971]::ops::function::FnOnce<()>>::call_once::{shim:vtable#0}
[INFO] [stdout]   17:     0x57015f0d840f - <std[617be2ca0a6fd877]::sys::thread::unix::Thread>::new::thread_start
[INFO] [stdout]   18:     0x7e996ff24dfa - <unknown>
[INFO] [stdout]   19:     0x7e996ffb83d4 - clone
[INFO] [stdout]   20:                0x0 - <unknown>
[INFO] [stdout] 
[INFO] [stdout] ---- pipeline::tests::lm_validate_happy_returns_ok_true_and_the_profile_name stdout ----
[INFO] [stdout] 
[INFO] [stdout] thread 'pipeline::tests::lm_validate_happy_returns_ok_true_and_the_profile_name' (3657) panicked at src/pipeline.rs:68:57:
[INFO] [stdout] valid.json should validate: "failed to read profile '/opt/rustwide/workdir/../lm-provision/tests/fixtures/valid.json': No such file or directory (os error 2)"
[INFO] [stdout] stack backtrace:
[INFO] [stdout]    0:     0x57015f0d9951 - <<std[617be2ca0a6fd877]::sys::backtrace::BacktraceLock>::print::DisplayBacktrace as core[a373ad73a504971]::fmt::Display>::fmt
[INFO] [stdout]    1:     0x57015f0f0e0a - core[a373ad73a504971]::fmt::write
[INFO] [stdout]    2:     0x57015f0de88c - <alloc[2e1b2a31b91974c5]::vec::Vec<u8> as core[a373ad73a504971]::io::write::Write>::write_fmt
[INFO] [stdout]    3:     0x57015f0b0496 - std[617be2ca0a6fd877]::panicking::default_hook::{closure#0}
[INFO] [stdout]    4:     0x57015f0cf249 - std[617be2ca0a6fd877]::panicking::default_hook
[INFO] [stdout]    5:     0x57015ec43890 - test[aada8e7e76ba119b]::test_main_inner::{closure#0}
[INFO] [stdout]    6:     0x57015f0cf572 - std[617be2ca0a6fd877]::panicking::panic_with_hook
[INFO] [stdout]    7:     0x57015f0b0542 - std[617be2ca0a6fd877]::panicking::panic_handler::{closure#0}
[INFO] [stdout]    8:     0x57015f0a8c39 - std[617be2ca0a6fd877]::sys::backtrace::__rust_end_short_backtrace::<std[617be2ca0a6fd877]::panicking::panic_handler::{closure#0}, !>
[INFO] [stdout]    9:     0x57015f0b170d - __rustc[ea4f61d10b84890b]::rust_begin_unwind
[INFO] [stdout]   10:     0x57015f0f15ec - core[a373ad73a504971]::panicking::panic_fmt
[INFO] [stdout]   11:     0x57015f0f13c2 - core[a373ad73a504971]::result::unwrap_failed
[INFO] [stdout]   12:     0x57015ec0863f - <lm_provision_mcp[1da385c850fee82a]::pipeline::tests::lm_validate_happy_returns_ok_true_and_the_profile_name::{closure#0} as core[a373ad73a504971]::ops::function::FnOnce<()>>::call_once
[INFO] [stdout]   13:     0x57015ec36cdb - test[aada8e7e76ba119b]::__rust_begin_short_backtrace::<core[a373ad73a504971]::result::Result<(), alloc[2e1b2a31b91974c5]::string::String>, fn() -> core[a373ad73a504971]::result::Result<(), alloc[2e1b2a31b91974c5]::string::String>>
[INFO] [stdout]   14:     0x57015ec43eb5 - test[aada8e7e76ba119b]::run_test::{closure#0}
[INFO] [stdout]   15:     0x57015ec3d7a4 - std[617be2ca0a6fd877]::sys::backtrace::__rust_begin_short_backtrace::<test[aada8e7e76ba119b]::run_test::{closure#1}, ()>
[INFO] [stdout]   16:     0x57015ec46f42 - <std[617be2ca0a6fd877]::thread::lifecycle::spawn_unchecked<test[aada8e7e76ba119b]::run_test::{closure#1}, ()>::{closure#1} as core[a373ad73a504971]::ops::function::FnOnce<()>>::call_once::{shim:vtable#0}
[INFO] [stdout]   17:     0x57015f0d840f - <std[617be2ca0a6fd877]::sys::thread::unix::Thread>::new::thread_start
[INFO] [stdout]   18:     0x7e996ff24dfa - <unknown>
[INFO] [stdout]   19:     0x7e996ffb83d4 - clone
[INFO] [stdout]   20:                0x0 - <unknown>
[INFO] [stdout] 
[INFO] [stdout] ---- server::tests::a_transport_failure_names_the_pod_and_nothing_about_the_connection stdout ----
[INFO] [stdout] 
[INFO] [stdout] thread 'server::tests::a_transport_failure_names_the_pod_and_nothing_about_the_connection' (3662) panicked at src/server.rs:1094:13:
[INFO] [stdout] the server-side error must keep 'pod.example.com': apply session failed: profile precondition failed: failed to read profile '/opt/rustwide/workdir/../lm-provision/tests/fixtures/apply-sh-fs.json': No such file or directory (os error 2)
[INFO] [stdout] stack backtrace:
[INFO] [stdout]    0:     0x57015f0d9951 - <<std[617be2ca0a6fd877]::sys::backtrace::BacktraceLock>::print::DisplayBacktrace as core[a373ad73a504971]::fmt::Display>::fmt
[INFO] [stdout]    1:     0x57015f0f0e0a - core[a373ad73a504971]::fmt::write
[INFO] [stdout]    2:     0x57015f0de88c - <alloc[2e1b2a31b91974c5]::vec::Vec<u8> as core[a373ad73a504971]::io::write::Write>::write_fmt
[INFO] [stdout]    3:     0x57015f0b0496 - std[617be2ca0a6fd877]::panicking::default_hook::{closure#0}
[INFO] [stdout]    4:     0x57015f0cf249 - std[617be2ca0a6fd877]::panicking::default_hook
[INFO] [stdout]    5:     0x57015ec43890 - test[aada8e7e76ba119b]::test_main_inner::{closure#0}
[INFO] [stdout]    6:     0x57015f0cf572 - std[617be2ca0a6fd877]::panicking::panic_with_hook
[INFO] [stdout]    7:     0x57015f0b0542 - std[617be2ca0a6fd877]::panicking::panic_handler::{closure#0}
[INFO] [stdout]    8:     0x57015f0a8c39 - std[617be2ca0a6fd877]::sys::backtrace::__rust_end_short_backtrace::<std[617be2ca0a6fd877]::panicking::panic_handler::{closure#0}, !>
[INFO] [stdout]    9:     0x57015f0b170d - __rustc[ea4f61d10b84890b]::rust_begin_unwind
[INFO] [stdout]   10:     0x57015f0f15ec - core[a373ad73a504971]::panicking::panic_fmt
[INFO] [stdout]   11:     0x57015ebbdd8e - <lm_provision_mcp[1da385c850fee82a]::server::tests::a_transport_failure_names_the_pod_and_nothing_about_the_connection::{closure#0} as core[a373ad73a504971]::ops::function::FnOnce<()>>::call_once
[INFO] [stdout]   12:     0x57015ec36cdb - test[aada8e7e76ba119b]::__rust_begin_short_backtrace::<core[a373ad73a504971]::result::Result<(), alloc[2e1b2a31b91974c5]::string::String>, fn() -> core[a373ad73a504971]::result::Result<(), alloc[2e1b2a31b91974c5]::string::String>>
[INFO] [stdout]   13:     0x57015ec43eb5 - test[aada8e7e76ba119b]::run_test::{closure#0}
[INFO] [stdout]   14:     0x57015ec3d7a4 - std[617be2ca0a6fd877]::sys::backtrace::__rust_begin_short_backtrace::<test[aada8e7e76ba119b]::run_test::{closure#1}, ()>
[INFO] [stdout]   15:     0x57015ec46f42 - <std[617be2ca0a6fd877]::thread::lifecycle::spawn_unchecked<test[aada8e7e76ba119b]::run_test::{closure#1}, ()>::{closure#1} as core[a373ad73a504971]::ops::function::FnOnce<()>>::call_once::{shim:vtable#0}
[INFO] [stdout]   16:     0x57015f0d840f - <std[617be2ca0a6fd877]::sys::thread::unix::Thread>::new::thread_start
[INFO] [stdout]   17:     0x7e996ff24dfa - <unknown>
[INFO] [stdout]   18:     0x7e996ffb83d4 - clone
[INFO] [stdout]   19:                0x0 - <unknown>
[INFO] [stdout] 
[INFO] [stdout] ---- server::tests::handle_lm_apply_redacts_a_transport_failure_from_a_registered_pod stdout ----
[INFO] [stdout] 
[INFO] [stdout] thread 'server::tests::handle_lm_apply_redacts_a_transport_failure_from_a_registered_pod' (3665) panicked at src/server.rs:1174:9:
[INFO] [stdout] the tool call must return the redacted form: apply against pod 'dev-local' failed: profile precondition failed: failed to read profile '/opt/rustwide/workdir/../lm-provision/tests/fixtures/apply-sh-fs.json': No such file or directory (os error 2)
[INFO] [stdout] stack backtrace:
[INFO] [stdout]    0:     0x57015f0d9951 - <<std[617be2ca0a6fd877]::sys::backtrace::BacktraceLock>::print::DisplayBacktrace as core[a373ad73a504971]::fmt::Display>::fmt
[INFO] [stdout]    1:     0x57015f0f0e0a - core[a373ad73a504971]::fmt::write
[INFO] [stdout]    2:     0x57015f0de88c - <alloc[2e1b2a31b91974c5]::vec::Vec<u8> as core[a373ad73a504971]::io::write::Write>::write_fmt
[INFO] [stdout]    3:     0x57015f0b0496 - std[617be2ca0a6fd877]::panicking::default_hook::{closure#0}
[INFO] [stdout]    4:     0x57015f0cf249 - std[617be2ca0a6fd877]::panicking::default_hook
[INFO] [stdout]    5:     0x57015ec43890 - test[aada8e7e76ba119b]::test_main_inner::{closure#0}
[INFO] [stdout]    6:     0x57015f0cf572 - std[617be2ca0a6fd877]::panicking::panic_with_hook
[INFO] [stdout]    7:     0x57015f0b0542 - std[617be2ca0a6fd877]::panicking::panic_handler::{closure#0}
[INFO] [stdout]    8:     0x57015f0a8c39 - std[617be2ca0a6fd877]::sys::backtrace::__rust_end_short_backtrace::<std[617be2ca0a6fd877]::panicking::panic_handler::{closure#0}, !>
[INFO] [stdout]    9:     0x57015f0b170d - __rustc[ea4f61d10b84890b]::rust_begin_unwind
[INFO] [stdout]   10:     0x57015f0f15ec - core[a373ad73a504971]::panicking::panic_fmt
[INFO] [stdout]   11:     0x57015ebbd447 - <lm_provision_mcp[1da385c850fee82a]::server::tests::handle_lm_apply_redacts_a_transport_failure_from_a_registered_pod::{closure#0} as core[a373ad73a504971]::ops::function::FnOnce<()>>::call_once
[INFO] [stdout]   12:     0x57015ec36cdb - test[aada8e7e76ba119b]::__rust_begin_short_backtrace::<core[a373ad73a504971]::result::Result<(), alloc[2e1b2a31b91974c5]::string::String>, fn() -> core[a373ad73a504971]::result::Result<(), alloc[2e1b2a31b91974c5]::string::String>>
[INFO] [stdout]   13:     0x57015ec43eb5 - test[aada8e7e76ba119b]::run_test::{closure#0}
[INFO] [stdout]   14:     0x57015ec3d7a4 - std[617be2ca0a6fd877]::sys::backtrace::__rust_begin_short_backtrace::<test[aada8e7e76ba119b]::run_test::{closure#1}, ()>
[INFO] [stdout]   15:     0x57015ec46f42 - <std[617be2ca0a6fd877]::thread::lifecycle::spawn_unchecked<test[aada8e7e76ba119b]::run_test::{closure#1}, ()>::{closure#1} as core[a373ad73a504971]::ops::function::FnOnce<()>>::call_once::{shim:vtable#0}
[INFO] [stdout]   16:     0x57015f0d840f - <std[617be2ca0a6fd877]::sys::thread::unix::Thread>::new::thread_start
[INFO] [stdout]   17:     0x7e996ff24dfa - <unknown>
[INFO] [stdout]   18:     0x7e996ffb83d4 - clone
[INFO] [stdout]   19:                0x0 - <unknown>
[INFO] [stdout] 
[INFO] [stdout] ---- server::tests::a_remote_hash_failure_keeps_the_exit_code_and_drops_the_pod_stderr stdout ----
[INFO] [stdout] 
[INFO] [stdout] thread 'server::tests::a_remote_hash_failure_keeps_the_exit_code_and_drops_the_pod_stderr' (3661) panicked at src/server.rs:1119:9:
[INFO] [stdout] the exit code and the pod are what the client can act on: apply against pod 'test-pod-1' failed: profile precondition failed: failed to read profile '/opt/rustwide/workdir/../lm-provision/tests/fixtures/apply-sh-fs.json': No such file or directory (os error 2)
[INFO] [stdout] stack backtrace:
[INFO] [stdout]    0:     0x57015f0d9951 - <<std[617be2ca0a6fd877]::sys::backtrace::BacktraceLock>::print::DisplayBacktrace as core[a373ad73a504971]::fmt::Display>::fmt
[INFO] [stdout]    1:     0x57015f0f0e0a - core[a373ad73a504971]::fmt::write
[INFO] [stdout]    2:     0x57015f0de88c - <alloc[2e1b2a31b91974c5]::vec::Vec<u8> as core[a373ad73a504971]::io::write::Write>::write_fmt
[INFO] [stdout]    3:     0x57015f0b0496 - std[617be2ca0a6fd877]::panicking::default_hook::{closure#0}
[INFO] [stdout]    4:     0x57015f0cf249 - std[617be2ca0a6fd877]::panicking::default_hook
[INFO] [stdout]    5:     0x57015ec43890 - test[aada8e7e76ba119b]::test_main_inner::{closure#0}
[INFO] [stdout]    6:     0x57015f0cf572 - std[617be2ca0a6fd877]::panicking::panic_with_hook
[INFO] [stdout]    7:     0x57015f0b0542 - std[617be2ca0a6fd877]::panicking::panic_handler::{closure#0}
[INFO] [stdout]    8:     0x57015f0a8c39 - std[617be2ca0a6fd877]::sys::backtrace::__rust_end_short_backtrace::<std[617be2ca0a6fd877]::panicking::panic_handler::{closure#0}, !>
[INFO] [stdout]    9:     0x57015f0b170d - __rustc[ea4f61d10b84890b]::rust_begin_unwind
[INFO] [stdout]   10:     0x57015f0f15ec - core[a373ad73a504971]::panicking::panic_fmt
[INFO] [stdout]   11:     0x57015ebbd951 - <lm_provision_mcp[1da385c850fee82a]::server::tests::a_remote_hash_failure_keeps_the_exit_code_and_drops_the_pod_stderr::{closure#0} as core[a373ad73a504971]::ops::function::FnOnce<()>>::call_once
[INFO] [stdout]   12:     0x57015ec36cdb - test[aada8e7e76ba119b]::__rust_begin_short_backtrace::<core[a373ad73a504971]::result::Result<(), alloc[2e1b2a31b91974c5]::string::String>, fn() -> core[a373ad73a504971]::result::Result<(), alloc[2e1b2a31b91974c5]::string::String>>
[INFO] [stdout]   13:     0x57015ec43eb5 - test[aada8e7e76ba119b]::run_test::{closure#0}
[INFO] [stdout]   14:     0x57015ec3d7a4 - std[617be2ca0a6fd877]::sys::backtrace::__rust_begin_short_backtrace::<test[aada8e7e76ba119b]::run_test::{closure#1}, ()>
[INFO] [stdout]   15:     0x57015ec46f42 - <std[617be2ca0a6fd877]::thread::lifecycle::spawn_unchecked<test[aada8e7e76ba119b]::run_test::{closure#1}, ()>::{closure#1} as core[a373ad73a504971]::ops::function::FnOnce<()>>::call_once::{shim:vtable#0}
[INFO] [stdout]   16:     0x57015f0d840f - <std[617be2ca0a6fd877]::sys::thread::unix::Thread>::new::thread_start
[INFO] [stdout]   17:     0x7e996ff24dfa - <unknown>
[INFO] [stdout]   18:     0x7e996ffb83d4 - clone
[INFO] [stdout]   19:                0x0 - <unknown>
[INFO] [stdout] 
[INFO] [stdout] 
[INFO] [stdout] failures:
[INFO] [stdout]     apply_tool::tests::a_binary_path_this_host_cannot_execute_still_reaches_the_transport
[INFO] [stdout]     apply_tool::tests::a_failed_ledger_append_still_returns_the_report_with_a_warning
[INFO] [stdout]     apply_tool::tests::lm_apply_appends_one_more_row_per_call_even_for_the_same_pod_and_profile
[INFO] [stdout]     apply_tool::tests::lm_apply_dry_run_through_the_registry_returns_an_ok_report_and_appends_to_the_ledger
[INFO] [stdout]     apply_tool::tests::lm_apply_profile_eval_failure_is_a_precondition_error
[INFO] [stdout]     apply_tool::tests::lm_apply_reports_missing_secret_env_as_a_precondition_error_before_any_invoke
[INFO] [stdout]     pipeline::tests::lm_hash_is_deterministic_across_repeated_calls
[INFO] [stdout]     pipeline::tests::lm_hash_returns_a_64_char_lowercase_hex_digest
[INFO] [stdout]     pipeline::tests::lm_plan_returns_the_plan_artifact_as_a_json_object_with_steps
[INFO] [stdout]     pipeline::tests::lm_validate_happy_returns_ok_true_and_the_profile_name
[INFO] [stdout]     server::tests::a_remote_hash_failure_keeps_the_exit_code_and_drops_the_pod_stderr
[INFO] [stdout]     server::tests::a_transport_failure_names_the_pod_and_nothing_about_the_connection
[INFO] [stdout]     server::tests::handle_lm_apply_redacts_a_transport_failure_from_a_registered_pod
[INFO] [stdout] 
[INFO] [stdout] test result: FAILED. 37 passed; 13 failed; 0 ignored; 0 measured; 0 filtered out; finished in 0.02s
[INFO] [stdout] 
[INFO] running `Command { std: "docker" "inspect" "732daeed9e7bc76ef7899a4b2a5c4aae41b88418d8f3a7529dc94b708fb09707", kill_on_drop: false }`
[INFO] running `Command { std: "docker" "rm" "-f" "732daeed9e7bc76ef7899a4b2a5c4aae41b88418d8f3a7529dc94b708fb09707", kill_on_drop: false }`
[INFO] [stdout] 732daeed9e7bc76ef7899a4b2a5c4aae41b88418d8f3a7529dc94b708fb09707
