[INFO] fetching crate llmosafe 0.9.0...
[INFO] testing llmosafe-0.9.0 against 1.100.0-beta.1+cargoflags=--release for beta-release-1.100-2
[INFO] extracting crate llmosafe 0.9.0 into /workspace/builds/worker-0-tc2/source
[INFO] removed /workspace/builds/worker-0-tc2/source/rust-toolchain.toml
[INFO] started tweaking crates.io crate llmosafe 0.9.0
[INFO] removed 0 missing examples
[INFO] finished tweaking crates.io crate llmosafe 0.9.0
[INFO] tweaked toml for crates.io crate llmosafe 0.9.0 written to /workspace/builds/worker-0-tc2/source/Cargo.toml
[INFO] validating manifest of crates.io crate llmosafe 0.9.0 on toolchain 1.100.0-beta.1
[INFO] running `Command { std: CARGO_HOME="/workspace/cargo-home" RUSTUP_HOME="/workspace/rustup-home" "/workspace/cargo-home/bin/cargo" "+1.100.0-beta.1" "metadata" "--manifest-path" "Cargo.toml" "--no-deps", kill_on_drop: false }`
[INFO] crate crates.io crate llmosafe 0.9.0 already has a lockfile, it will not be regenerated
[INFO] running `Command { std: CARGO_HOME="/workspace/cargo-home" RUSTUP_HOME="/workspace/rustup-home" "/workspace/cargo-home/bin/cargo" "+1.100.0-beta.1" "fetch" "--manifest-path" "Cargo.toml", kill_on_drop: false }`
[INFO] [stderr] warning: `package.homepage` is redundant with `package.repository`
[INFO] [stderr]    --> Cargo.toml:197:12
[INFO] [stderr]     |
[INFO] [stderr] 197 | homepage = "https://github.com/moeshawky/llmosafe"
[INFO] [stderr]     |            ^^^^^^^^^^^^^^^^^^^^^^^^^^^^^^^^^^^^^^^
[INFO] [stderr] ...
[INFO] [stderr] 202 | repository = "https://github.com/moeshawky/llmosafe"
[INFO] [stderr]     |              ---------------------------------------
[INFO] [stderr]     |
[INFO] [stderr]     = note: `cargo::redundant_homepage` is set to `warn` by default
[INFO] [stderr] help: consider removing `package.homepage`
[INFO] [stderr] warning: `llmosafe` (manifest) generated 1 warning
[INFO] running `Command { std: "docker" "create" "-v" "/var/lib/crater-agent-workspace/builds/worker-0-tc2/source:/opt/rustwide/workdir:ro,Z" "-v" "/var/lib/crater-agent-workspace/builds/worker-0-tc2/target:/opt/rustwide/target:rw,Z" "-v" "/var/lib/crater-agent-workspace/cargo-home:/opt/rustwide/cargo-home:ro,Z" "-v" "/var/lib/crater-agent-workspace/rustup-home:/opt/rustwide/rustup-home:ro,Z" "-m" "1610612736" "--network" "none" "ghcr.io/rust-lang/crates-build-env/linux@sha256:77db811e55d90add9212f6832c23229e3de5f1c1f9905e8cb07319ea15df73ac" "sleep" "infinity", kill_on_drop: false }`
[INFO] [stdout] 8062a15acee2691a8398458f4b39236f720d7d5c61ad14504ec4caba5f03eefb
[INFO] running `Command { std: "docker" "start" "8062a15acee2691a8398458f4b39236f720d7d5c61ad14504ec4caba5f03eefb", kill_on_drop: false }`
[INFO] running `Command { std: "docker" "inspect" "8062a15acee2691a8398458f4b39236f720d7d5c61ad14504ec4caba5f03eefb", kill_on_drop: false }`
[INFO] running `Command { std: "docker" "exec" "-e" "SOURCE_DIR=/opt/rustwide/workdir" "-e" "CARGO_HOME=/opt/rustwide/cargo-home" "-e" "RUSTUP_HOME=/opt/rustwide/rustup-home" "-e" "CARGO_TARGET_DIR=/opt/rustwide/target" "-w" "/opt/rustwide/workdir" "--user" "0:0" "8062a15acee2691a8398458f4b39236f720d7d5c61ad14504ec4caba5f03eefb" "/opt/rustwide/cargo-home/bin/cargo" "+1.100.0-beta.1" "metadata" "--no-deps" "--format-version=1", kill_on_drop: false }`
[INFO] running `Command { std: "docker" "inspect" "8062a15acee2691a8398458f4b39236f720d7d5c61ad14504ec4caba5f03eefb", kill_on_drop: false }`
[INFO] running `Command { std: "docker" "exec" "-e" "SOURCE_DIR=/opt/rustwide/workdir" "-e" "CARGO_HOME=/opt/rustwide/cargo-home" "-e" "RUSTUP_HOME=/opt/rustwide/rustup-home" "-e" "CARGO_TARGET_DIR=/opt/rustwide/target" "-e" "CARGO_INCREMENTAL=0" "-e" "RUST_BACKTRACE=full" "-e" "RUSTFLAGS=--cap-lints=warn" "-e" "RUSTDOCFLAGS=--cap-lints=warn" "-w" "/opt/rustwide/workdir" "--user" "0:0" "8062a15acee2691a8398458f4b39236f720d7d5c61ad14504ec4caba5f03eefb" "/opt/rustwide/cargo-home/bin/cargo" "+1.100.0-beta.1" "build" "--frozen" "--message-format=json" "--release", kill_on_drop: false }`
[INFO] [stderr] warning: `package.homepage` is redundant with `package.repository`
[INFO] [stderr]    --> Cargo.toml:197:12
[INFO] [stderr]     |
[INFO] [stderr] 197 | homepage = "https://github.com/moeshawky/llmosafe"
[INFO] [stderr]     |            ^^^^^^^^^^^^^^^^^^^^^^^^^^^^^^^^^^^^^^^
[INFO] [stderr] ...
[INFO] [stderr] 202 | repository = "https://github.com/moeshawky/llmosafe"
[INFO] [stderr]     |              ---------------------------------------
[INFO] [stderr]     |
[INFO] [stderr]     = note: `cargo::redundant_homepage` is set to `warn` by default
[INFO] [stderr] help: consider removing `package.homepage`
[INFO] [stderr] warning: `llmosafe` (manifest) generated 1 warning
[INFO] [stderr]    Compiling proc-macro2 v1.0.107
[INFO] [stderr]    Compiling quote v1.0.47
[INFO] [stderr]    Compiling unicode-ident v1.0.26
[INFO] [stderr]    Compiling libc v0.2.189
[INFO] [stderr]    Compiling serde_core v1.0.229
[INFO] [stderr]    Compiling autocfg v1.5.1
[INFO] [stderr]    Compiling syn v1.0.109
[INFO] [stderr]    Compiling zmij v1.0.23
[INFO] [stderr]    Compiling rustix v1.1.5
[INFO] [stderr]    Compiling serde v1.0.229
[INFO] [stderr]    Compiling getrandom v0.4.3
[INFO] [stderr]    Compiling serde_json v1.0.151
[INFO] [stderr]    Compiling hashbrown v0.12.3
[INFO] [stderr]    Compiling bitflags v2.13.2
[INFO] [stderr]    Compiling linux-raw-sys v0.12.1
[INFO] [stderr]    Compiling os_str_bytes v6.6.1
[INFO] [stderr]    Compiling cfg-if v1.0.5
[INFO] [stderr]    Compiling textwrap v0.16.4
[INFO] [stderr]    Compiling termcolor v1.4.1
[INFO] [stderr]    Compiling strsim v0.10.0
[INFO] [stderr]    Compiling memchr v2.8.3
[INFO] [stderr]    Compiling bitflags v1.3.2
[INFO] [stderr]    Compiling cbindgen v0.26.0
[INFO] [stderr]    Compiling clap_lex v0.2.4
[INFO] [stderr]    Compiling fastrand v2.5.0
[INFO] [stderr]    Compiling itoa v1.0.18
[INFO] [stderr]    Compiling once_cell v1.21.4
[INFO] [stderr]    Compiling log v0.4.34
[INFO] [stderr]    Compiling heck v0.4.1
[INFO] [stderr]    Compiling static_assertions v1.1.0
[INFO] [stderr]    Compiling pin-project-lite v0.2.17
[INFO] [stderr]    Compiling indexmap v1.9.3
[INFO] [stderr]    Compiling tracing-core v0.1.36
[INFO] [stderr]    Compiling syn v3.0.6
[INFO] [stderr]    Compiling syn v2.0.119
[INFO] [stderr]    Compiling atty v0.2.14
[INFO] [stderr]    Compiling clap v3.2.25
[INFO] [stderr]    Compiling tempfile v3.27.0
[INFO] [stderr]    Compiling serde_derive v1.0.229
[INFO] [stderr]    Compiling tracing-attributes v0.1.31
[INFO] [stderr]    Compiling modular-bitfield-impl v0.11.2
[INFO] [stderr]    Compiling modular-bitfield v0.11.2
[INFO] [stderr]    Compiling toml v0.5.11
[INFO] [stderr]    Compiling tracing v0.1.44
[INFO] [stderr]    Compiling llmosafe v0.9.0 (/opt/rustwide/workdir)
[INFO] [stderr] warning: unused dependency `cbindgen`
[INFO] [stderr]  --> Cargo.toml:6:21
[INFO] [stderr]   |
[INFO] [stderr] 6 | [build-dependencies.cbindgen]
[INFO] [stderr]   |                     ^^^^^^^^^
[INFO] [stderr]   |
[INFO] [stderr]   = note: `cargo::unused_dependencies` is set to `warn` by default
[INFO] [stderr] help: consider removing the dependency on `cbindgen`
[INFO] [stderr] warning: `llmosafe` (manifest) generated 1 warning
[INFO] [stderr]     Finished `release` profile [optimized] target(s) in 27.26s
[INFO] running `Command { std: "docker" "inspect" "8062a15acee2691a8398458f4b39236f720d7d5c61ad14504ec4caba5f03eefb", kill_on_drop: false }`
[INFO] running `Command { std: "docker" "exec" "-e" "SOURCE_DIR=/opt/rustwide/workdir" "-e" "CARGO_HOME=/opt/rustwide/cargo-home" "-e" "RUSTUP_HOME=/opt/rustwide/rustup-home" "-e" "CARGO_TARGET_DIR=/opt/rustwide/target" "-e" "CARGO_INCREMENTAL=0" "-e" "RUST_BACKTRACE=full" "-e" "RUSTFLAGS=--cap-lints=warn" "-e" "RUSTDOCFLAGS=--cap-lints=warn" "-w" "/opt/rustwide/workdir" "--user" "0:0" "8062a15acee2691a8398458f4b39236f720d7d5c61ad14504ec4caba5f03eefb" "/opt/rustwide/cargo-home/bin/cargo" "+1.100.0-beta.1" "test" "--frozen" "--no-run" "--message-format=json" "--release", kill_on_drop: false }`
[INFO] [stderr] warning: `package.homepage` is redundant with `package.repository`
[INFO] [stderr]    --> Cargo.toml:197:12
[INFO] [stderr]     |
[INFO] [stderr] 197 | homepage = "https://github.com/moeshawky/llmosafe"
[INFO] [stderr]     |            ^^^^^^^^^^^^^^^^^^^^^^^^^^^^^^^^^^^^^^^
[INFO] [stderr] ...
[INFO] [stderr] 202 | repository = "https://github.com/moeshawky/llmosafe"
[INFO] [stderr]     |              ---------------------------------------
[INFO] [stderr]     |
[INFO] [stderr]     = note: `cargo::redundant_homepage` is set to `warn` by default
[INFO] [stderr] help: consider removing `package.homepage`
[INFO] [stderr] warning: `llmosafe` (manifest) generated 1 warning
[INFO] [stderr]    Compiling libc v0.2.189
[INFO] [stderr]    Compiling cfg-if v1.0.5
[INFO] [stderr]    Compiling syn v2.0.119
[INFO] [stderr]    Compiling serde_core v1.0.229
[INFO] [stderr]    Compiling zerocopy v0.8.57
[INFO] [stderr]    Compiling getrandom v0.3.4
[INFO] [stderr]    Compiling crossbeam-utils v0.8.23
[INFO] [stderr]    Compiling once_cell v1.21.4
[INFO] [stderr]    Compiling crossbeam-epoch v0.9.21
[INFO] [stderr]    Compiling serde v1.0.229
[INFO] [stderr]    Compiling zmij v1.0.23
[INFO] [stderr]    Compiling num-traits v0.2.19
[INFO] [stderr]    Compiling crossbeam-deque v0.8.8
[INFO] [stderr]    Compiling rustix v1.1.5
[INFO] [stderr]    Compiling getrandom v0.4.3
[INFO] [stderr]    Compiling serde_json v1.0.151
[INFO] [stderr]    Compiling rayon-core v1.13.0
[INFO] [stderr]    Compiling itoa v1.0.18
[INFO] [stderr]    Compiling linux-raw-sys v0.12.1
[INFO] [stderr]    Compiling regex-syntax v0.8.11
[INFO] [stderr]    Compiling bitflags v2.13.2
[INFO] [stderr]    Compiling either v1.18.0
[INFO] [stderr]    Compiling memchr v2.8.3
[INFO] [stderr]    Compiling clap_lex v1.1.1
[INFO] [stderr]    Compiling plotters-backend v0.3.7
[INFO] [stderr]    Compiling anstyle v1.0.14
[INFO] [stderr]    Compiling winnow v1.0.4
[INFO] [stderr]    Compiling target-tuple v1.0.2
[INFO] [stderr]    Compiling ciborium-io v0.2.2
[INFO] [stderr]    Compiling fastrand v2.5.0
[INFO] [stderr]    Compiling itertools v0.10.5
[INFO] [stderr]    Compiling clap_builder v4.6.7
[INFO] [stderr]    Compiling tracing-core v0.1.36
[INFO] [stderr]    Compiling plotters-svg v0.3.7
[INFO] [stderr]    Compiling same-file v1.0.6
[INFO] [stderr]    Compiling static_assertions v1.1.0
[INFO] [stderr]    Compiling toml_writer v1.1.2+spec-1.1.0
[INFO] [stderr]    Compiling cast v0.3.0
[INFO] [stderr]    Compiling toml_parser v1.1.3+spec-1.1.0
[INFO] [stderr]    Compiling bit-vec v0.8.0
[INFO] [stderr]    Compiling fnv v1.0.7
[INFO] [stderr]    Compiling pin-project-lite v0.2.17
[INFO] [stderr]    Compiling quick-error v1.2.3
[INFO] [stderr]    Compiling modular-bitfield v0.11.2
[INFO] [stderr]    Compiling walkdir v2.5.0
[INFO] [stderr]    Compiling glob v0.3.4
[INFO] [stderr]    Compiling bit-set v0.8.0
[INFO] [stderr]    Compiling termcolor v1.4.1
[INFO] [stderr]    Compiling unarray v0.1.4
[INFO] [stderr]    Compiling wait-timeout v0.2.1
[INFO] [stderr]    Compiling plotters v0.3.7
[INFO] [stderr]    Compiling is-terminal v0.4.17
[INFO] [stderr]    Compiling anes v0.1.6
[INFO] [stderr]    Compiling oorandom v11.1.5
[INFO] [stderr]    Compiling rand_core v0.9.5
[INFO] [stderr]    Compiling rand v0.9.5
[INFO] [stderr]    Compiling rand_xorshift v0.4.0
[INFO] [stderr]    Compiling rayon v1.12.0
[INFO] [stderr]    Compiling criterion-plot v0.5.0
[INFO] [stderr]    Compiling tempfile v3.27.0
[INFO] [stderr]    Compiling rusty-fork v0.3.1
[INFO] [stderr]    Compiling toml_datetime v1.1.1+spec-1.1.0
[INFO] [stderr]    Compiling serde_spanned v1.1.1
[INFO] [stderr]    Compiling regex-automata v0.4.18
[INFO] [stderr]    Compiling toml v1.1.6+spec-1.1.0
[INFO] [stderr]    Compiling clap v4.6.7
[INFO] [stderr]    Compiling tinytemplate v1.2.1
[INFO] [stderr]    Compiling trybuild v1.0.121
[INFO] [stderr]    Compiling zerocopy-derive v0.8.57
[INFO] [stderr]    Compiling tracing-attributes v0.1.31
[INFO] [stderr]    Compiling regex v1.13.1
[INFO] [stderr]    Compiling tracing v0.1.44
[INFO] [stderr]    Compiling llmosafe v0.9.0 (/opt/rustwide/workdir)
[INFO] [stderr]    Compiling half v2.7.1
[INFO] [stderr]    Compiling ppv-lite86 v0.2.21
[INFO] [stderr]    Compiling rand_chacha v0.9.0
[INFO] [stderr]    Compiling ciborium-ll v0.2.2
[INFO] [stderr]    Compiling proptest v1.11.0
[INFO] [stderr]    Compiling ciborium v0.2.2
[INFO] [stderr]    Compiling criterion v0.5.1
[INFO] [stderr] warning: unused dependency `cbindgen`
[INFO] [stderr]  --> Cargo.toml:6:21
[INFO] [stderr]   |
[INFO] [stderr] 6 | [build-dependencies.cbindgen]
[INFO] [stderr]   |                     ^^^^^^^^^
[INFO] [stderr]   |
[INFO] [stderr]   = note: `cargo::unused_dependencies` is set to `warn` by default
[INFO] [stderr] help: consider removing the dependency on `cbindgen`
[INFO] [stderr] warning: `llmosafe` (manifest) generated 1 warning
[INFO] [stderr]     Finished `release` profile [optimized] target(s) in 1m 24s
[INFO] running `Command { std: "docker" "inspect" "8062a15acee2691a8398458f4b39236f720d7d5c61ad14504ec4caba5f03eefb", kill_on_drop: false }`
[INFO] running `Command { std: "docker" "exec" "-e" "SOURCE_DIR=/opt/rustwide/workdir" "-e" "CARGO_HOME=/opt/rustwide/cargo-home" "-e" "RUSTUP_HOME=/opt/rustwide/rustup-home" "-e" "CARGO_TARGET_DIR=/opt/rustwide/target" "-e" "CARGO_INCREMENTAL=0" "-e" "RUST_BACKTRACE=full" "-e" "RUSTFLAGS=--cap-lints=warn" "-e" "RUSTDOCFLAGS=--cap-lints=warn" "-w" "/opt/rustwide/workdir" "--user" "0:0" "8062a15acee2691a8398458f4b39236f720d7d5c61ad14504ec4caba5f03eefb" "/opt/rustwide/cargo-home/bin/cargo" "+1.100.0-beta.1" "test" "--frozen" "--release", kill_on_drop: false }`
[INFO] [stderr] warning: `package.homepage` is redundant with `package.repository`
[INFO] [stderr]    --> Cargo.toml:197:12
[INFO] [stderr]     |
[INFO] [stderr] 197 | homepage = "https://github.com/moeshawky/llmosafe"
[INFO] [stderr]     |            ^^^^^^^^^^^^^^^^^^^^^^^^^^^^^^^^^^^^^^^
[INFO] [stderr] ...
[INFO] [stderr] 202 | repository = "https://github.com/moeshawky/llmosafe"
[INFO] [stderr]     |              ---------------------------------------
[INFO] [stderr]     |
[INFO] [stderr]     = note: `cargo::redundant_homepage` is set to `warn` by default
[INFO] [stderr] help: consider removing `package.homepage`
[INFO] [stderr] warning: `llmosafe` (manifest) generated 1 warning
[INFO] [stderr] warning: unused dependency `cbindgen`
[INFO] [stderr]  --> Cargo.toml:6:21
[INFO] [stderr]   |
[INFO] [stderr] 6 | [build-dependencies.cbindgen]
[INFO] [stderr]   |                     ^^^^^^^^^
[INFO] [stderr]   |
[INFO] [stderr]   = note: `cargo::unused_dependencies` is set to `warn` by default
[INFO] [stderr] help: consider removing the dependency on `cbindgen`
[INFO] [stderr] warning: `llmosafe` (manifest) generated 1 warning
[INFO] [stderr]     Finished `release` profile [optimized] target(s) in 0.19s
[INFO] [stderr]      Running unittests src/lib.rs (/opt/rustwide/target/release/build/llmosafe/745849067088c22d/out/llmosafe-745849067088c22d)
[INFO] [stdout] 
[INFO] [stdout] running 409 tests
[INFO] [stdout] test control_types::tests::test_override_flags_contains ... ok
[INFO] [stdout] test llmosafe_body::tests::test_auto_fails_closed_no_ceiling ... ok
[INFO] [stdout] test llmosafe_body::tests::test_body_stress_is_weighted_composite ... ok
[INFO] [stdout] test llmosafe_body::tests::test_body_stress_does_not_flow_into_e_body ... ok
[INFO] [stdout] test control_types::tests::test_override_flags_empty ... ok
[INFO] [stdout] test llmosafe_body::tests::test_check_blocking_deterministic_sustained_failure ... ok
[INFO] [stdout] test llmosafe_body::tests::test_cgroup_fixture_max_numeric_prefers_cgroup_current_over_vmrss ... ok
[INFO] [stdout] test llmosafe_body::tests::test_cgroup_fixture_max_unlimited ... ok
[INFO] [stdout] test llmosafe_body::tests::test_check_with_deadline_succeeds_before_expiration ... ok
[INFO] [stdout] test llmosafe_body::tests::test_choose_rss_domain_active_constraint_cgroup_current_zero ... ok
[INFO] [stdout] test llmosafe_body::tests::test_choose_rss_domain_active_constraint_fallback_to_vmrss ... ok
[INFO] [stdout] test llmosafe_body::tests::test_auto_returns_nonzero_with_host_memory ... ok
[INFO] [stdout] test llmosafe_body::tests::test_cgroup_fixture_tighter_than_host ... ok
[INFO] [stdout] test llmosafe_body::tests::test_cgroup_memory_current_returns_none_when_unavailable ... ok
[INFO] [stdout] test llmosafe_body::tests::test_capture_vitals_returns_bounded_values ... ok
[INFO] [stdout] test llmosafe_body::tests::test_cgroup_fixture_max_numeric ... ok
[INFO] [stdout] test control_types::tests::test_dal_ordering ... ok
[INFO] [stdout] test llmosafe_body::tests::test_check_ctrl_valid_ceiling_returns_body_output ... ok
[INFO] [stdout] test llmosafe_body::tests::test_cgroup_memory_max_returns_none_for_unlimited ... ok
[INFO] [stdout] test llmosafe_body::tests::test_check_blocking_succeeds_under_no_pressure ... ok
[INFO] [stdout] test llmosafe_body::tests::test_check_blocking_deterministic_proceed_and_warn ... ok
[INFO] [stdout] test llmosafe_body::tests::test_check_with_deadline_deterministic_future_deadline_low_pressure ... ok
[INFO] [stdout] test llmosafe_body::tests::test_check_ctrl_zero_ceiling_returns_exhaustion ... ok
[INFO] [stdout] test llmosafe_body::tests::test_check_with_deadline_fails_after_expiration ... ok
[INFO] [stdout] test llmosafe_body::tests::test_error_body_is_pure_memory_ratio ... ok
[INFO] [stdout] test llmosafe_body::tests::test_host_memory_bytes_returns_zero_or_positive ... ok
[INFO] [stdout] test llmosafe_body::tests::test_choose_rss_domain_active_constraint_no_cgroup_current_no_vmrss ... ok
[INFO] [stdout] test llmosafe_body::tests::test_choose_rss_domain_cache_heavy_prefers_cgroup ... ok
[INFO] [stdout] test llmosafe_body::tests::test_choose_rss_domain_unavailable_everywhere_returns_none ... ok
[INFO] [stdout] test llmosafe_body::tests::test_choose_rss_domain_unconstrained_prefers_vmrss ... ok
[INFO] [stdout] test llmosafe_body::tests::test_choose_rss_domain_unconstrained_fallback_to_cgroup ... ok
[INFO] [stdout] test llmosafe_body::tests::test_current_rss_measurement_returns_none_when_all_unavailable ... ok
[INFO] [stdout] test llmosafe_body::tests::test_choose_rss_domain_active_constraint_prefers_cgroup ... ok
[INFO] [stdout] test llmosafe_body::tests::test_current_rss_bytes_returns_positive ... ok
[INFO] [stdout] test llmosafe_body::tests::test_parse_cgroup_memory_current_numeric ... ok
[INFO] [stdout] test llmosafe_body::tests::test_parse_cgroup_memory_max_malformed_fails_closed ... ok
[INFO] [stdout] test llmosafe_body::tests::test_choose_rss_domain_inactive_ignores_cache_inflated_current ... ok
[INFO] [stdout] test llmosafe_body::tests::test_pressure_from_pure_rss_falls_on_recovery ... ok
[INFO] [stdout] test llmosafe_body::tests::test_parse_cgroup_memory_max_unlimited_inactive ... ok
[INFO] [stdout] test llmosafe_body::tests::test_peak_spike_then_recover_pressure_falls ... ok
[INFO] [stdout] test llmosafe_classifier::tests::classify_empty_text ... ok
[INFO] [stdout] test llmosafe_body::tests::test_raw_entropy_vs_body_stress_independent_variation ... ok
[INFO] [stdout] test llmosafe_classifier::tests::classify_false_positive_engineering_text ... ok
[INFO] [stdout] test llmosafe_body::tests::test_parse_cgroup_memory_max_numeric_active ... ok
[INFO] [stdout] test llmosafe_classifier::tests::classify_oov_ratio_correct ... ok
[INFO] [stdout] test llmosafe_body::tests::test_parse_proc_stat_returns_some ... ok
[INFO] [stdout] test llmosafe_classifier::tests::no_evidence_cyrillic ... ok
[INFO] [stdout] test llmosafe_classifier::tests::classify_unknown_tokens ... ok
[INFO] [stdout] test llmosafe_body::tests::test_raw_entropy_pure_rss_not_composite ... ok
[INFO] [stdout] test llmosafe_classifier::tests::classify_empty_input ... ok
[INFO] [stdout] test llmosafe_body::tests::test_raw_entropy_returns_peak_not_current ... ok
[INFO] [stdout] test llmosafe_classifier::tests::no_evidence_empty_input ... ok
[INFO] [stdout] test llmosafe_classifier::tests::no_evidence_arabic ... ok
[INFO] [stdout] test llmosafe_classifier::tests::classify_known_clean_not_flagged ... ok
[INFO] [stdout] test llmosafe_classifier::tests::classify_deterministic ... ok
[INFO] [stdout] test llmosafe_classifier::tests::no_evidence_has_bias_false ... ok
[INFO] [stdout] test llmosafe_classifier::tests::no_evidence_malformed_obfuscated ... ok
[INFO] [stdout] test llmosafe_classifier::tests::no_evidence_scored_not_safety ... ok
[INFO] [stdout] test llmosafe_classifier::tests::parity_v2_repeated_token ... ok
[INFO] [stdout] test llmosafe_classifier::tests::parity_v3_repeated_bigram ... ok
[INFO] [stdout] test llmosafe_classifier::tests::parity_v4_mixed_repeated_unseen ... ok
[INFO] [stdout] test llmosafe_classifier::tests::classify_known_manipulation_detected ... ok
[INFO] [stdout] test llmosafe_classifier::tests::parity_v5_max_length_token ... ok
[INFO] [stdout] test llmosafe_classifier::tests::parity_v6_empty_input ... ok
[INFO] [stdout] test llmosafe_classifier::tests::parity_v7_punctuation_separated ... ok
[INFO] [stdout] test llmosafe_classifier::tests::sigmoid_monotonic ... ok
[INFO] [stdout] test llmosafe_classifier::tests::sigmoid_symmetry ... ok
[INFO] [stdout] test llmosafe_classifier::tests::no_evidence_ascii_unknown ... ok
[INFO] [stdout] test llmosafe_classifier::tests::tokenizer_empty ... ok
[INFO] [stdout] test llmosafe_detection::tests::test_adversarial_detector_empty_input ... ok
[INFO] [stdout] test llmosafe_classifier::tests::tokenizer_long_word_truncated ... ok
[INFO] [stdout] test llmosafe_classifier::tests::no_evidence_cjk ... ok
[INFO] [stdout] test llmosafe_classifier::tests::tokenizer_punctuation_stripped ... ok
[INFO] [stdout] test llmosafe_classifier::tests::sigmoid_f32_max_returns_one ... ok
[INFO] [stdout] test llmosafe_detection::tests::test_confidence_tracker_current ... ok
[INFO] [stdout] test llmosafe_detection::tests::test_adversarial_detector_patterns ... ok
[INFO] [stdout] test llmosafe_detection::tests::test_adversarial_detector_substrings ... ok
[INFO] [stdout] test llmosafe_detection::tests::test_adversarial_detector_ring_buffer_wrap ... ok
[INFO] [stdout] test llmosafe_detection::tests::test_confidence_tracker_decay ... ok
[INFO] [stdout] test llmosafe_detection::tests::test_adversarial_score ... ok
[INFO] [stdout] test llmosafe_classifier::tests::no_evidence_symbol_heavy ... ok
[INFO] [stdout] test llmosafe_detection::tests::test_confidence_tracker_stable ... ok
[INFO] [stdout] test llmosafe_detection::tests::test_cusum_detector ... ok
[INFO] [stdout] test llmosafe_classifier::tests::parity_v1_single_occurrence ... ok
[INFO] [stdout] test llmosafe_classifier::tests::parity_count_based_tf ... ok
[INFO] [stdout] test llmosafe_detection::tests::test_detection_result_aggregation ... ok
[INFO] [stdout] test llmosafe_classifier::tests::tokenizer_case_insensitive ... ok
[INFO] [stdout] test llmosafe_detection::tests::test_cusum_detector_s_low_path ... ok
[INFO] [stdout] test llmosafe_classifier::tests::tokenizer_unigrams ... ok
[INFO] [stdout] test llmosafe_detection::tests::test_cusum_detector_warmup_not_adapting_on_unaccepted ... ok
[INFO] [stdout] test llmosafe_detection::tests::test_cusum_detector_accepted_warms_up ... ok
[INFO] [stdout] test llmosafe_detection::tests::test_repetition_detector_not_stuck ... ok
[INFO] [stdout] test llmosafe_detection::tests::test_confidence_tracker_improving ... ok
[INFO] [stdout] test llmosafe_detection::tests::test_confidence_tracker_reset ... ok
[INFO] [stdout] test llmosafe_detection::tests::test_repetition_detector_unique_patterns ... ok
[INFO] [stdout] test llmosafe_detection::tests::test_drift_detector_aligned ... ok
[INFO] [stdout] test llmosafe_detection::tests::test_repetition_detector_stuck ... ok
[INFO] [stdout] test llmosafe_detection::tests::test_drift_detector_drifting ... ok
[INFO] [stdout] test llmosafe_detection::tests::test_repetition_detector_single ... ok
[INFO] [stdout] test llmosafe_detection::tests::test_hash_str_invariants ... ok
[INFO] [stdout] test llmosafe_detection::tests::test_repetition_detector_relies_on_hash_str ... ok
[INFO] [stdout] test llmosafe_detection::tests::test_repetition_detector_reset ... ok
[INFO] [stdout] test llmosafe_integration::tests::test_decide_boundaries ... ok
[INFO] [stdout] test llmosafe_integration::tests::test_decide_from_detection_low_confidence_warn ... ok
[INFO] [stdout] test llmosafe_integration::tests::test_decide_from_detection_all_false_falls_through ... ok
[INFO] [stdout] test llmosafe_integration::tests::test_apply_dal_to_decision_boundaries ... ok
[INFO] [stdout] test llmosafe_integration::tests::test_decide_from_detection_adversarial_halt ... ok
[INFO] [stdout] test llmosafe_integration::tests::test_decide_with_pressure_elevated_no_halt ... ok
[INFO] [stdout] test llmosafe_integration::tests::test_decide_with_pressure_emergency_halt ... ok
[INFO] [stdout] test llmosafe_integration::tests::test_decision_path_isolation ... ok
[INFO] [stdout] test llmosafe_integration::tests::test_decide_from_detection_decaying_warn ... ok
[INFO] [stdout] test llmosafe_integration::tests::test_escalation_policy_builder ... ok
[INFO] [stdout] test llmosafe_integration::tests::test_decide_from_detection_drifting_escalate ... ok
[INFO] [stdout] test llmosafe_integration::tests::test_escalation_policy_cooldown_non_zero ... ok
[INFO] [stdout] test llmosafe_integration::tests::test_escalation_policy_cooldown_values ... ok
[INFO] [stdout] test llmosafe_integration::tests::test_default_context_boundaries ... ok
[INFO] [stdout] test llmosafe_integration::tests::test_decide_with_pressure_custom_escalate_pressure ... ok
[INFO] [stdout] test llmosafe_integration::tests::test_decide_from_stability ... ok
[INFO] [stdout] test llmosafe_integration::tests::test_decide_from_stability_bypasses_dal ... ok
[INFO] [stdout] test llmosafe_integration::tests::test_escalation_policy_default_decide ... ok
[INFO] [stdout] test llmosafe_integration::tests::test_exit_recommended_cooldown_ms ... ok
[INFO] [stdout] test llmosafe_integration::tests::test_pressure_boundary_100 ... ok
[INFO] [stdout] test llmosafe_integration::tests::test_must_halt_behavior ... ok
[INFO] [stdout] test llmosafe_integration::tests::test_exit_status_label ... ok
[INFO] [stdout] test llmosafe_integration::tests::test_pressure_boundary_25_26 ... ok
[INFO] [stdout] test llmosafe_integration::tests::test_pressure_boundary_50_51 ... ok
[INFO] [stdout] test llmosafe_integration::tests::test_escalation_policy_with_pressure ... ok
[INFO] [stdout] test llmosafe_integration::tests::test_exit_is_blocking ... ok
[INFO] [stdout] test llmosafe_integration::tests::test_pressure_boundary_75_76 ... ok
[INFO] [stdout] test llmosafe_integration::tests::test_pressure_level_from_percentage ... ok
[INFO] [stdout] test llmosafe_integration::tests::test_decide_from_detection_high_risk_halt ... ok
[INFO] [stdout] test llmosafe_integration::tests::test_decide_from_detection_stuck_escalate ... ok
[INFO] [stdout] test llmosafe_integration::tests::test_pressure_level_ordering ... ok
[INFO] [stdout] test llmosafe_integration::tests::test_safety_decision_severity ... ok
[INFO] [stdout] test llmosafe_integration::tests::test_safety_decision_should_exit ... ok
[INFO] [stdout] test llmosafe_kernel::tests::test_dynamic_stability_monitor_initialization ... ok
[INFO] [stdout] test llmosafe_kernel::tests::test_dynamic_stability_monitor_k_sensitivity ... ok
[INFO] [stdout] test llmosafe_kernel::tests::test_dynamic_stability_monitor_high_anomaly ... ok
[INFO] [stdout] test llmosafe_integration::tests::test_pressure_level_requires_action ... ok
[INFO] [stdout] test llmosafe_kernel::tests::test_dynamic_stability_monitor_adaptation ... ok
[INFO] [stdout] test llmosafe_kernel::tests::test_cognitive_entropy_stability_threshold_edge ... ok
[INFO] [stdout] test llmosafe_kernel::tests::test_dynamic_stability_monitor_low_anomaly ... ok
[INFO] [stdout] test llmosafe_integration::tests::test_safety_context_reset ... ok
[INFO] [stdout] test llmosafe_integration::tests::test_safety_context_accumulation ... ok
[INFO] [stdout] test llmosafe_integration::tests::test_safety_context_with_bias ... ok
[INFO] [stdout] test llmosafe_kernel::tests::test_cognitive_entropy_equality ... ok
[INFO] [stdout] test llmosafe_kernel::tests::test_dynamic_stability_monitor_reset ... ok
[INFO] [stdout] test llmosafe_kernel::tests::test_dynamic_stability_monitor_zero_value ... ok
[INFO] [stdout] test llmosafe_kernel::tests::test_synapse_all_fields_roundtrip ... ok
[INFO] [stdout] test llmosafe_kernel::tests::test_reasoning_loop_zero_steps_max ... ok
[INFO] [stdout] test llmosafe_kernel::tests::test_synapse_cascade_depth_field ... ok
[INFO] [stdout] test llmosafe_kernel::tests::test_synapse_hash_boundary ... ok
[INFO] [stdout] test llmosafe_kernel::tests::test_synapse_from_raw_u128_all_zeros ... ok
[INFO] [stdout] test llmosafe_kernel::tests::test_synapse_from_raw_u128_max_values ... ok
[INFO] [stdout] test llmosafe_kernel::tests::test_reasoning_loop ... ok
[INFO] [stdout] test llmosafe_kernel::tests::test_synapse_arbitrary_bits_roundtrip ... ok
[INFO] [stdout] test llmosafe_kernel::tests::test_stability_result_to_cognitive_stability ... ok
[INFO] [stdout] test llmosafe_kernel::tests::test_synapse_validate_max_entropy_bias ... ok
[INFO] [stdout] test llmosafe_kernel::tests::test_reasoning_loop_boundary_exact_max_steps ... ok
[INFO] [stdout] test llmosafe_memory::tests::test_entropy_variance_all_identical ... ok
[INFO] [stdout] test llmosafe_kernel::tests::test_stability_boundary ... ok
[INFO] [stdout] test llmosafe_kernel::tests::test_synapse_raw_surprise_boundary ... ok
[INFO] [stdout] test llmosafe_kernel::tests::test_synapse_position_field ... ok
[INFO] [stdout] test llmosafe_kernel::tests::test_synapse_timestamp_field ... ok
[INFO] [stdout] test llmosafe_kernel::tests::test_synapse_validation ... ok
[INFO] [stdout] test llmosafe_kernel::tests::test_synapse_validation_invariance_to_hash ... ok
[INFO] [stdout] test llmosafe_memory::tests::test_entropy_variance_size_one ... ok
[INFO] [stdout] test llmosafe_memory::tests::test_homeostatic_stats ... ok
[INFO] [stdout] test llmosafe_kernel::tests::test_synapse_validate_zero_entropy_no_bias ... ok
[INFO] [stdout] test llmosafe_memory::tests::test_memory_negative_threshold ... ok
[INFO] [stdout] test llmosafe_memory::proptests::test_working_memory_random_synapse_sequence ... ok
[INFO] [stdout] test llmosafe_memory::tests::test_trend_single_observation_zero ... ok
[INFO] [stdout] test llmosafe_memory::tests::test_surprise_rejected_obs_no_stats_change ... ok
[INFO] [stdout] test llmosafe_memory::tests::test_working_memory_size_1 ... ok
[INFO] [stdout] test llmosafe_memory::tests::test_wraparound_mean_correct ... ok
[INFO] [stdout] test llmosafe_memory::tests::test_zero_observation_stats_return_zero ... ok
[INFO] [stdout] test llmosafe_pid::tests::acute_integrator_decays_faster_than_chronic ... ok
[INFO] [stdout] test llmosafe_pid::tests::anti_windup_resumes_when_risk_drops ... ok
[INFO] [stdout] test llmosafe_pid::tests::anti_windup_bleeds_integrator_when_risk_at_halt ... ok
[INFO] [stdout] test llmosafe_pid::tests::bias_override_forces_halt_level ... ok
[INFO] [stdout] test llmosafe_pid::tests::integrator_decays_over_clean_cycles ... ok
[INFO] [stdout] test llmosafe_pid::tests::acute_integrator_rises_faster_than_chronic ... ok
[INFO] [stdout] test llmosafe_pid::tests::multi_channel_body_signal_increases_risk ... ok
[INFO] [stdout] test llmosafe_memory::tests::test_warmup_mean_excludes_uninitialized ... ok
[INFO] [stdout] test llmosafe_memory::tests::test_trend_size_two_identical ... ok
[INFO] [stdout] test llmosafe_memory::tests::test_single_obs_mean_equals_obs ... ok
[INFO] [stdout] test llmosafe_memory::tests::test_memory_update_gating ... ok
[INFO] [stdout] test llmosafe_memory::tests::test_warmup_variance_excludes_uninitialized ... ok
[INFO] [stdout] test llmosafe_memory::tests::test_memory_new_max_threshold ... ok
[INFO] [stdout] test llmosafe_memory::tests::test_memory_zero_threshold ... ok
[INFO] [stdout] test llmosafe_pid::tests::monotonic_higher_entropy_higher_risk ... ok
[INFO] [stdout] test llmosafe_pid::tests::multi_channel_kernel_signal_increases_risk ... ok
[INFO] [stdout] test llmosafe_pid::tests::pid_config_rejects_inf_kd ... ok
[INFO] [stdout] test llmosafe_pid::tests::pid_config_rejects_integrator_decay_at_1 ... ok
[INFO] [stdout] test llmosafe_pid::tests::pid_config_rejects_kf_out_of_range_high ... ok
[INFO] [stdout] test llmosafe_pid::tests::multi_channel_memory_signal_increases_risk ... ok
[INFO] [stdout] test llmosafe_pid::tests::pid_config_rejects_integrator_decay_at_0_899 ... ok
[INFO] [stdout] test llmosafe_pid::tests::max_entropy_produces_i_term ... ok
[INFO] [stdout] test llmosafe_pid::tests::pid_config_boundary_values_validate ... ok
[INFO] [stdout] test llmosafe_pid::tests::pid_config_rejects_integrator_decay_below_acute ... ok
[INFO] [stdout] test llmosafe_pid::tests::pid_config_accepts_integrator_decay_at_0_9 ... ok
[INFO] [stdout] test llmosafe_pid::tests::pid_config_default_validates ... ok
[INFO] [stdout] test llmosafe_pid::tests::pid_state_new_zeros_all ... ok
[INFO] [stdout] test llmosafe_pid::tests::pid_config_rejects_kp_out_of_range_high ... ok
[INFO] [stdout] test llmosafe_pid::tests::pid_state_reset_zeros_all ... ok
[INFO] [stdout] test llmosafe_pid::tests::pid_config_rejects_nan_kp ... ok
[INFO] [stdout] test llmosafe_pid::tests::pid_config_rejects_negative_ki_fast ... ok
[INFO] [stdout] test llmosafe_pid::tests::pure_score_identical_to_original_without_bias ... ok
[INFO] [stdout] test llmosafe_pid::tests::risk_above_halt_is_halt ... ok
[INFO] [stdout] test llmosafe_pid::tests::pid_decision_severity_monotonic ... ok
[INFO] [stdout] test llmosafe_pid::tests::pid_config_rejects_warn_gain_ge_halt_gain ... ok
[INFO] [stdout] test llmosafe_pid::tests::pure_score_no_bias_override ... ok
[INFO] [stdout] test llmosafe_pid::tests::pid_config_rejects_step_change_threshold_out_of_range ... ok
[INFO] [stdout] test llmosafe_pid::tests::sidechain_anomaly_boosts_kd ... ok
[INFO] [stdout] test llmosafe_pid::tests::risk_below_warn_is_proceed ... ok
[INFO] [stdout] test llmosafe_pid::tests::safety_overrides_no_flags_passthrough ... ok
[INFO] [stdout] test llmosafe_pid::tests::safety_overrides_kernel_unstable_forces_halt ... ok
[INFO] [stdout] test llmosafe_pid::tests::risk_never_exceeds_1_with_max_gains ... ok
[INFO] [stdout] test llmosafe_pid::tests::safety_overrides_dal_a_monotonic ... ok
[INFO] [stdout] test llmosafe_pid::tests::safety_overrides_bias_exhausted_combined ... ok
[INFO] [stdout] test llmosafe_pid::tests::safety_overrides_exhausted_forces_max ... ok
[INFO] [stdout] test llmosafe_pid::tests::risk_at_halt_is_halt ... ok
[INFO] [stdout] test llmosafe_pid::tests::risk_at_warn_is_escalate ... ok
[INFO] [stdout] test llmosafe_pid::tests::safety_overrides_bias_forces_halt ... ok
[INFO] [stdout] test llmosafe_pid::tests::sidechain_no_flags_identity_modulation ... ok
[INFO] [stdout] test llmosafe_pid::tests::sidechain_stuck_doubles_ki ... ok
[INFO] [stdout] test llmosafe_pid::tests::zero_input_produces_low_risk ... ok
[INFO] [stdout] test llmosafe_pipeline::tests::test_check_with_deadline_zero_deadline_returns_exceeded ... ok
[INFO] [stdout] test llmosafe_pipeline::tests::test_cognitive_pipeline_new_creates_with_defaults ... ok
[INFO] [stdout] test llmosafe_pid::tests::sidechain_drifting_boosts_kd ... ok
[INFO] [stdout] test llmosafe_pid::tests::sidechain_low_confidence_boosts_kf ... ok
[INFO] [stdout] test llmosafe_pipeline::tests::test_cognitive_pipeline_with_config_rejects_invalid ... ok
[INFO] [stdout] test llmosafe_pipeline::tests::test_detection_flags_bitmask_uniqueness ... ok
[INFO] [stdout] test llmosafe_pipeline::tests::test_detection_gate_enabled_falls_through_to_pid ... ok
[INFO] [stdout] test llmosafe_pipeline::tests::test_default_cross_consistency_zero_warnings ... ok
[INFO] [stdout] test llmosafe_pipeline::tests::test_pipelineconfig_cross_consistency_aligned ... ok
[INFO] [stdout] test llmosafe_pipeline::tests::test_pipelineconfig_cross_consistency_defaults ... ok
[INFO] [stdout] test llmosafe_pipeline::tests::test_pipelineconfig_default_validates ... ok
[INFO] [stdout] test llmosafe_pipeline::tests::test_pipelineconfig_validate_rejects_invalid_pid_config ... ok
[INFO] [stdout] test llmosafe_pipeline::tests::test_pipelineconfig_validate_rejects_nan_drift_threshold ... ok
[INFO] [stdout] test llmosafe_pipeline::tests::test_cognitive_pipeline_with_config_validates ... ok
[INFO] [stdout] test llmosafe_pid::tests::sidechain_anomaly_wins_over_drifting ... ok
[INFO] [stdout] test llmosafe_pipeline::tests::test_detection_gate_warn_proceed_returns_directly ... ok
[INFO] [stdout] test llmosafe_pipeline::tests::test_detection_gate_dal_downgraded_halt_preserved ... ok
[INFO] [stdout] test llmosafe_pipeline::tests::test_detection_gate_must_halt_triggers_early_return ... ok
[INFO] [stdout] test llmosafe_pid::tests::sidechain_decaying_boosts_ki_fast ... ok
[INFO] [stdout] test llmosafe_pipeline::tests::test_dal_downgrades_merged_decision ... ok
[INFO] [stdout] test llmosafe_pipeline::tests::test_pipelineconfig_cross_consistency_misaligned ... ok
[INFO] [stdout] test llmosafe_pid::tests::step_change_doubles_kp ... ok
[INFO] [stdout] test llmosafe_pipeline::tests::test_pipelineconfig_validate_rejects_out_of_range_confidence ... ok
[INFO] [stdout] test llmosafe_pipeline::tests::test_pipelineconfig_validate_rejects_zero_monitor_k ... ok
[INFO] [stdout] test llmosafe_pipeline::tests::test_process_ctrl_kernel_error_depth_exceeded ... ok
[INFO] [stdout] test llmosafe_pipeline::tests::test_process_ctrl_memory_error_hallucination_detected ... ok
[INFO] [stdout] test llmosafe_pipeline::tests::test_pipelineconfig_validate_rejects_warn_gain_ge_halt_gain ... ok
[INFO] [stdout] test llmosafe_pipeline::tests::test_process_ctrl_returns_valid_result ... ok
[INFO] [stdout] test llmosafe_pipeline::tests::test_policy_threshold_lowering_moves_merged_boundary ... ok
[INFO] [stdout] test llmosafe_pipeline::tests::test_process_max_steps ... ok
[INFO] [stdout] test llmosafe_pipeline::tests::test_detection_gate_stuck_falls_through_to_pid ... ok
[INFO] [stdout] test llmosafe_pipeline::tests::test_pipelineresult_halt_reason ... ok
[INFO] [stdout] test llmosafe_pipeline::tests::test_pipelineconfig_validate_rejects_zero_decay_threshold ... ok
[INFO] [stdout] test llmosafe_pipeline::tests::test_pipelineconfig_validate_rejects_zero_max_repetitions ... ok
[INFO] [stdout] test llmosafe_pipeline::tests::test_pipelineresult_is_safe ... ok
[INFO] [stdout] test llmosafe_pipeline::tests::test_process_ctrl_memory_output_has_bounded_error ... ok
[INFO] [stdout] test llmosafe_pipeline::tests::test_process_with_pressure_critical_escalates ... ok
[INFO] [stdout] test llmosafe_pipeline::tests::test_process_safe_returns_ok_for_safe_guard ... ok
[INFO] [stdout] test llmosafe_pipeline::tests::test_process_with_drifting_text ... ok
[INFO] [stdout] test llmosafe_pipeline::tests::test_process_safe_text_returns_proceed ... ok
[INFO] [stdout] test llmosafe_pipeline::tests::test_process_returns_pipeline_result_with_synapse ... ok
[INFO] [stdout] test llmosafe_pipeline::tests::test_process_with_pressure_elevated_proceeds ... ok
[INFO] [stdout] test llmosafe_pipeline::tests::test_process_with_pressure_nominal_proceeds ... ok
[INFO] [stdout] test llmosafe_pipeline::tests::test_process_with_pressure_emergency_halt ... ok
[INFO] [stdout] test llmosafe_pipeline::tests::test_synapse_clear_detection ... ok
[INFO] [stdout] test llmosafe_sifter::s3_acronym_emphasis_audit::test_acronym_emphasis_no_longer_drives_has_bias ... ok
[INFO] [stdout] test llmosafe_pipeline::tests::test_synapse_oov_ratio_roundtrip ... ok
[INFO] [stdout] test llmosafe_sifter::s3_acronym_emphasis_audit::test_emphasis_still_contributes_to_soft_scoring ... ok
[INFO] [stdout] test llmosafe_sifter::test_sifter_no_evidence_empty ... ok
[INFO] [stdout] test llmosafe_sifter::test_sifter_no_evidence_unknown ... ok
[INFO] [stdout] test llmosafe_sifter::tests::test_adler32_simple ... ok
[INFO] [stdout] test llmosafe_sifter::tests::test_adler32_single_char ... ok
[INFO] [stdout] test llmosafe_pipeline::tests::test_synapse_detection_flags_roundtrip ... ok
[INFO] [stdout] test llmosafe_sifter::tests::test_calculate_utility_empty_objective ... ok
[INFO] [stdout] test llmosafe_sifter::tests::test_calculate_utility_empty_observation ... ok
[INFO] [stdout] test llmosafe_sifter::tests::test_halo_signal_all_categories_detected ... ok
[INFO] [stdout] test llmosafe_sifter::tests::test_adler32_empty ... ok
[INFO] [stdout] test llmosafe_sifter::tests::test_halo_signal_keyword_density ... ok
[INFO] [stdout] test llmosafe_pipeline::tests::test_reset_detectors_preserves_step_count ... ok
[INFO] [stdout] test llmosafe_sifter::tests::test_halo_signal_metamorphic_monotonicity ... ok
[INFO] [stdout] test llmosafe_sifter::tests::test_no_std_multi_word_combinations ... ok
[INFO] [stdout] test llmosafe_sifter::tests::test_no_std_semantic_traps_phrases_fire ... ok
[INFO] [stdout] test llmosafe_sifter::tests::test_no_std_template_fitting_phrases_fire ... ok
[INFO] [stdout] test llmosafe_sifter::tests::test_dead_single_token_comparisons_removed ... ok
[INFO] [stdout] test llmosafe_sifter::tests::test_phase2_negation_multi_word ... ok
[INFO] [stdout] test llmosafe_sifter::tests::test_sift_observation_empty_text ... ok
[INFO] [stdout] test llmosafe_sifter::tests::test_negation_awareness ... ok
[INFO] [stdout] test llmosafe_sifter::s3_acronym_emphasis_audit::test_genuine_manipulation_still_sets_hard_bias ... ok
[INFO] [stdout] test llmosafe_sifter::tests::test_negation_ttl_covers_six_tokens ... ok
[INFO] [stdout] test llmosafe_sifter::tests::test_sift_observation_produces_valid_synapse ... ok
[INFO] [stdout] test llmosafe_sifter::tests::test_sift_perceptions_logic ... ok
[INFO] [stdout] test llmosafe_sifter::tests::test_sift_perceptions_single_observation ... ok
[INFO] [stdout] test llmosafe_sifter::test_sifter_no_evidence_cjk ... ok
[INFO] [stdout] test llmosafe_sifter::tests::test_sift_perceptions_empty_observations ... ok
[INFO] [stdout] test llmosafe_pipeline::tests::test_synapse_detection_independent_from_entropy ... ok
[INFO] [stdout] test llmosafe_pipeline::tests::test_reset_full_clears_everything ... ok
[INFO] [stdout] test llmosafe_pipeline::tests::test_process_with_same_text_triggers_stuck ... ok
[INFO] [stdout] test llmosafe_sifter::tests::test_sifter_token_bomb ... ok
[INFO] [stdout] test llmosafe_sifter::tests::test_template_fitting_phrases ... ok
[INFO] [stdout] test llmosafe_sifter::tests::test_while_not_a_semantic_trap ... ok
[INFO] [stdout] test llmosafe_sifter::tests::test_sifter_output_from_classification ... ok
[INFO] [stdout] test llmosafe_sifter::tests::test_sift_quantization_differential ... ok
[INFO] [stdout] test llmosafe_sifter::tests::test_utility_calculation ... ok
[INFO] [stdout] test llmosafe_sifter::tests::test_multi_word_phrases_detected ... ok
[INFO] [stdout] test llmosafe_pipeline::tests::test_synapse_detection_does_not_affect_validate ... ok
[INFO] [stdout] test tests::test_c_abi_arena_exhaustion ... ok
[INFO] [stdout] test tests::test_c_abi_arena_slot_reuse ... ok
[INFO] [stdout] test llmosafe_sifter::tests::test_utility_metamorphic_shuffle ... ok
[INFO] [stdout] test tests::test_c_abi_combined_risk_bits_valid ... ok
[INFO] [stdout] test tests::test_c_abi_combined_risk_bits_zero ... ok
[INFO] [stdout] test tests::test_c_abi_check_resources_ceiling_zero ... ok
[INFO] [stdout] test tests::test_c_abi_calculate_halo_zero_length ... ok
[INFO] [stdout] test tests::test_c_abi_configure_invalid_handle ... ok
[INFO] [stdout] test tests::test_c_abi_calculate_halo_null_pointer ... ok
[INFO] [stdout] test tests::test_c_abi_calculate_halo_large_length ... ok
[INFO] [stdout] test tests::test_c_abi_configure_valid ... ok
[INFO] [stdout] test tests::test_c_abi_create_overflow_length ... ok
[INFO] [stdout] test tests::test_c_abi_create_process_destroy_cycle ... ok
[INFO] [stdout] test tests::test_c_abi_create_valid ... ok
[INFO] [stdout] test tests::test_c_abi_create_null_pointer ... ok
[INFO] [stdout] test tests::test_c_abi_create_invalid_utf8_truncation ... ok
[INFO] [stdout] test tests::test_c_abi_create_zero_length ... ok
[INFO] [stdout] test tests::test_c_abi_get_classifier_score_valid ... ok
[INFO] [stdout] test tests::test_c_abi_get_decision_after_process ... ok
[INFO] [stdout] test tests::test_c_abi_destroy_valid ... ok
[INFO] [stdout] test tests::test_c_abi_get_decision_before_process ... ok
[INFO] [stdout] test tests::test_c_abi_destroy_invalid_handle_no_crash ... ok
[INFO] [stdout] test tests::test_c_abi_get_decision_invalid_handle ... ok
[INFO] [stdout] test tests::test_c_abi_get_body_pressure_valid ... ok
[INFO] [stdout] test tests::test_c_abi_destroy_double_no_crash ... ok
[INFO] [stdout] test tests::test_c_abi_get_entropy_invalid_handle ... ok
[INFO] [stdout] test tests::test_c_abi_get_classifier_score_invalid_handle ... ok
[INFO] [stdout] test tests::test_c_abi_get_body_pressure_invalid_handle ... ok
[INFO] [stdout] test tests::test_c_abi_get_classifier_score_no_result ... ok
[INFO] [stdout] test tests::test_c_abi_get_body_pressure_no_result ... ok
[INFO] [stdout] test tests::test_c_abi_decision_code_correspondence ... ok
[INFO] [stdout] test tests::test_c_abi_get_detection_flags_invalid_handle ... ok
[INFO] [stdout] test tests::test_c_abi_get_detection_flags_null_pointer ... ok
[INFO] [stdout] test tests::test_c_abi_get_detection_flags_no_result ... ok
[INFO] [stdout] test tests::test_c_abi_get_detection_flags_valid ... ok
[INFO] [stdout] test tests::test_c_abi_get_entropy_no_result ... ok
[INFO] [stdout] test tests::test_c_abi_get_entropy_null_pointer ... ok
[INFO] [stdout] test tests::test_c_abi_get_memory_stats_null_pointer ... ok
[INFO] [stdout] test tests::test_c_abi_get_kernel_output_invalid_handle ... ok
[INFO] [stdout] test tests::test_c_abi_get_memory_stats_valid ... ok
[INFO] [stdout] test tests::test_c_abi_get_entropy_valid ... ok
[INFO] [stdout] test tests::test_c_abi_get_oov_ratio_invalid_handle ... ok
[INFO] [stdout] test tests::test_c_abi_get_kernel_output_valid ... ok
[INFO] [stdout] test tests::test_c_abi_get_environmental_entropy ... ok
[INFO] [stdout] test tests::test_c_abi_get_oov_ratio_no_result ... ok
[INFO] [stdout] test tests::test_c_abi_get_kernel_output_null_pointer ... ok
[INFO] [stdout] test tests::test_c_abi_get_memory_stats_invalid_handle ... ok
[INFO] [stdout] test tests::test_c_abi_get_oov_ratio_null_pointer ... ok
[INFO] [stdout] test tests::test_c_abi_get_pid_state_null_pointer ... ok
[INFO] [stdout] test tests::test_c_abi_get_oov_ratio_valid ... ok
[INFO] [stdout] test tests::test_c_abi_get_pid_state_valid ... ok
[INFO] [stdout] test tests::test_c_abi_get_pid_state_invalid_handle ... ok
[INFO] [stdout] test tests::test_c_abi_calculate_halo_token_pathological_fails ... ok
[INFO] [stdout] test tests::test_c_abi_get_stability_unstable ... ok
[INFO] [stdout] test tests::test_c_abi_get_resource_pressure ... ok
[INFO] [stdout] test tests::test_c_abi_get_stages_executed_invalid_handle ... ok
[INFO] [stdout] test tests::test_c_abi_get_stability_valid ... ok
[INFO] [stdout] test tests::test_c_abi_get_stages_executed_no_result ... ok
[INFO] [stdout] test tests::test_c_abi_get_stages_executed_null_pointer ... ok
[INFO] [stdout] test tests::test_c_abi_get_stages_executed_valid ... ok
[INFO] [stdout] test tests::test_c_abi_get_step_count_invalid_handle ... ok
[INFO] [stdout] test tests::test_c_abi_get_surprise_invalid_handle ... ok
[INFO] [stdout] test tests::test_c_abi_get_step_count_no_result ... ok
[INFO] [stdout] test tests::test_c_abi_get_surprise_valid ... ok
[INFO] [stdout] test tests::test_c_abi_invalid_utf8 ... ok
[INFO] [stdout] test tests::test_c_abi_get_surprise_null_pointer ... ok
[INFO] [stdout] test tests::test_c_abi_get_surprise_no_result ... ok
[INFO] [stdout] test tests::test_c_abi_process_with_pressure_invalid_handle ... ok
[INFO] [stdout] test tests::test_c_abi_get_step_count_null_pointer ... ok
[INFO] [stdout] test tests::test_c_abi_get_step_count_valid ... ok
[INFO] [stdout] test tests::test_c_abi_process_synapse_valid_bits ... ok
[INFO] [stdout] test tests::test_c_abi_process_with_pressure_null_pointer ... ok
[INFO] [stdout] test tests::test_c_abi_process_with_pressure_zero_length ... ok
[INFO] [stdout] test llmosafe_body::tests::test_delta_iowait_ratio_bounded ... ok
[INFO] [stdout] test tests::test_c_abi_normal_10mib_prose_still_processes ... ok
[INFO] [stdout] test tests::test_c_abi_process_with_pressure_valid ... ok
[INFO] [stdout] test tests::test_c_abi_reset_full_invalid_handle ... ok
[INFO] [stdout] test tests::test_c_abi_reset_detectors_invalid_handle ... ok
[INFO] [stdout] test tests::test_c_abi_sift_and_process_invalid_handle ... ok
[INFO] [stdout] test tests::test_c_abi_reset_detectors_valid ... ok
[INFO] [stdout] test tests::test_c_abi_sift_and_process_null_pointer ... ok
[INFO] [stdout] test tests::test_c_abi_reset_full_valid ... ok
[INFO] [stdout] test tests::test_c_abi_sift_and_process_zero_length ... ok
[INFO] [stdout] test llmosafe_body::tests::test_system_cpu_load_returns_bounded_value ... ok
[INFO] [stdout] test tests::test_c_abi_sift_and_process_valid ... ok
[INFO] [stdout] test tests::test_c_abi_token_counting_accuracy ... ok
[INFO] [stdout] test tests::test_pipeline_process_boundary_max_plus_one_halts ... ok
[INFO] [stdout] test tests::test_sift_text_boundary_max_plus_one ... ok
[INFO] [stdout] test tests::test_c_abi_token_pathological_input_fails_bounded ... ok
[INFO] [stdout] test tests::test_sift_text_boundary_exact_max ... ok
[INFO] [stdout] test tests::test_pipeline_process_boundary_exact_max ... ok
[INFO] [stdout] test tests::test_sift_text_boundary_max_minus_one ... ok
[INFO] [stdout] test tests::test_pipeline_process_boundary_max_minus_one ... ok
[INFO] [stdout] test tests::test_c_abi_get_system_cpu_load ... ok
[INFO] [stdout] test llmosafe_body::tests::test_system_cpu_load_two_calls_consistent ... ok
[INFO] [stdout] test llmosafe_body::tests::test_check_blocking_returns_deadline_exceeded has been running for over 60 seconds
[INFO] [stdout] test llmosafe_body::tests::test_check_with_deadline_deterministic_sustained_blocking has been running for over 60 seconds
[INFO] [stdout] test llmosafe_body::tests::test_check_with_deadline_deterministic_sustained_blocking ... ok
[INFO] [stderr]    Doc-tests llmosafe
[INFO] [stdout] test llmosafe_body::tests::test_check_blocking_returns_deadline_exceeded ... ok
[INFO] [stdout] 
[INFO] [stdout] test result: ok. 409 passed; 0 failed; 0 ignored; 0 measured; 0 filtered out; finished in 90.00s
[INFO] [stdout] 
[INFO] [stdout] 
[INFO] [stdout] running 28 tests
[INFO] [stdout] test src/lib.rs - (line 196) ... ignored
[INFO] [stdout] test src/lib.rs - (line 214) ... ignored
[INFO] [stdout] test src/lib.rs - (line 225) ... ignored
[INFO] [stdout] test src/lib.rs - (line 242) ... ignored
[INFO] [stdout] test src/lib.rs - (line 255) ... ignored
[INFO] [stdout] test src/lib.rs - (line 273) ... ignored
[INFO] [stdout] test src/lib.rs - (line 286) ... ignored
[INFO] [stdout] test src/lib.rs - (line 500) ... ignored
[INFO] [stdout] test src/lib.rs - (line 507) ... ignored
[INFO] [stdout] test src/lib.rs - (line 556) ... ignored
[INFO] [stdout] test src/lib.rs - (line 568) ... ignored
[INFO] [stdout] test src/llmosafe_classifier.rs - llmosafe_classifier (line 21) ... ignored
[INFO] [stdout] test src/lib.rs - (line 437) ... FAILED
[INFO] [stdout] test src/llmosafe_kernel.rs - llmosafe_kernel::Synapse::validate (line 481) ... FAILED
[INFO] [stdout] test src/llmosafe_sifter.rs - llmosafe_sifter::calculate_halo_signal (line 492) ... FAILED
[INFO] [stdout] test src/llmosafe_kernel.rs - llmosafe_kernel::ReasoningLoop<MAX_STEPS>::new (line 324) ... FAILED
[INFO] [stdout] test src/llmosafe_kernel.rs - llmosafe_kernel::CognitiveEntropy<P,S>::is_stable (line 300) ... FAILED
[INFO] [stdout] test src/lib.rs - (line 66) ... FAILED
[INFO] [stdout] test src/llmosafe_memory.rs - llmosafe_memory::WorkingMemory<SIZE>::update (line 146) ... FAILED
[INFO] [stdout] test src/llmosafe_kernel.rs - llmosafe_kernel::Synapse::from_raw_u128 (line 431) ... ok
[INFO] [stdout] test src/llmosafe_sifter.rs - llmosafe_sifter::sift_perceptions (line 691) ... ok
[INFO] [stdout] test src/llmosafe_kernel.rs - llmosafe_kernel::ReasoningLoop<MAX_STEPS>::next_step (line 351) ... ok
[INFO] [stdout] test src/llmosafe_kernel.rs - llmosafe_kernel::CognitiveEntropy<P,S>::new (line 283) ... ok
[INFO] [stdout] test src/llmosafe_memory.rs - llmosafe_memory::WorkingMemory<SIZE>::new (line 124) ... ok
[INFO] [stdout] test src/lib.rs - (line 490) ... ok
[INFO] [stdout] test src/lib.rs - (line 317) ... ok
[INFO] [stdout] test src/lib.rs - (line 34) ... ok
[INFO] [stdout] test src/llmosafe_sifter.rs - llmosafe_sifter::calculate_utility (line 511) ... ok
[INFO] [stdout] 
[INFO] [stdout] failures:
[INFO] [stdout] 
[INFO] [stdout] ---- src/lib.rs - (line 437) stdout ----
[INFO] [stdout] Couldn't compile the test.
[INFO] [stdout] ---- src/llmosafe_kernel.rs - llmosafe_kernel::Synapse::validate (line 481) stdout ----
[INFO] [stdout] Couldn't compile the test.
[INFO] [stdout] ---- src/llmosafe_sifter.rs - llmosafe_sifter::calculate_halo_signal (line 492) stdout ----
[INFO] [stdout] warning: use of deprecated function `llmosafe::calculate_halo_signal`: keyword-based detection retained for backward compatibility. Use sift_perceptions() for higher accuracy (93.4% vs keyword-based) via the TF-IDF classifier.
[INFO] [stdout]    --> src/llmosafe_sifter.rs:495:14
[INFO] [stdout]     |
[INFO] [stdout] 495 | let signal = calculate_halo_signal("The expert provided a professional opinion.");
[INFO] [stdout]     |              ^^^^^^^^^^^^^^^^^^^^^
[INFO] [stdout]     |
[INFO] [stdout]     = note: `#[warn(deprecated)]` on by default
[INFO] [stdout] 
[INFO] [stdout] warning: use of deprecated function `llmosafe::calculate_halo_signal`: keyword-based detection retained for backward compatibility. Use sift_perceptions() for higher accuracy (93.4% vs keyword-based) via the TF-IDF classifier.
[INFO] [stdout]    --> src/llmosafe_sifter.rs:494:15
[INFO] [stdout]     |
[INFO] [stdout] 494 | use llmosafe::calculate_halo_signal;
[INFO] [stdout]     |               ^^^^^^^^^^^^^^^^^^^^^
[INFO] [stdout] 
[INFO] [stdout] Couldn't compile the test.
[INFO] [stdout] ---- src/llmosafe_kernel.rs - llmosafe_kernel::ReasoningLoop<MAX_STEPS>::new (line 324) stdout ----
[INFO] [stdout] Couldn't compile the test.
[INFO] [stdout] ---- src/llmosafe_kernel.rs - llmosafe_kernel::CognitiveEntropy<P,S>::is_stable (line 300) stdout ----
[INFO] [stdout] Couldn't compile the test.
[INFO] [stdout] ---- src/lib.rs - (line 66) stdout ----
[INFO] [stdout] Couldn't compile the test.
[INFO] [stdout] ---- src/llmosafe_memory.rs - llmosafe_memory::WorkingMemory<SIZE>::update (line 146) stdout ----
[INFO] [stdout] Couldn't compile the test.
[INFO] [stdout] 
[INFO] [stdout] failures:
[INFO] [stdout]     src/lib.rs - (line 437)
[INFO] [stdout]     src/lib.rs - (line 66)
[INFO] [stdout]     src/llmosafe_kernel.rs - llmosafe_kernel::CognitiveEntropy<P,S>::is_stable (line 300)
[INFO] [stdout]     src/llmosafe_kernel.rs - llmosafe_kernel::ReasoningLoop<MAX_STEPS>::new (line 324)
[INFO] [stdout]     src/llmosafe_kernel.rs - llmosafe_kernel::Synapse::validate (line 481)
[INFO] [stdout]     src/llmosafe_memory.rs - llmosafe_memory::WorkingMemory<SIZE>::update (line 146)
[INFO] [stdout]     src/llmosafe_sifter.rs - llmosafe_sifter::calculate_halo_signal (line 492)
[INFO] [stdout] 
[INFO] [stdout] test result: FAILED. 9 passed; 7 failed; 12 ignored; 0 measured; 0 filtered out; finished in 18.96s
[INFO] [stdout] 
[INFO] [stderr] error: doctest failed, to rerun pass `--doc`
[INFO] running `Command { std: "docker" "inspect" "8062a15acee2691a8398458f4b39236f720d7d5c61ad14504ec4caba5f03eefb", kill_on_drop: false }`
[INFO] running `Command { std: "docker" "rm" "-f" "8062a15acee2691a8398458f4b39236f720d7d5c61ad14504ec4caba5f03eefb", kill_on_drop: false }`
[INFO] [stdout] 8062a15acee2691a8398458f4b39236f720d7d5c61ad14504ec4caba5f03eefb
