[INFO] fetching crate llmix-rs 2.1.0...
[INFO] testing llmix-rs-2.1.0 against 1.99.0-beta.8+cargoflags=--release for beta-release-1.100-2
[INFO] extracting crate llmix-rs 2.1.0 into /workspace/builds/worker-0-tc1/source
[INFO] started tweaking crates.io crate llmix-rs 2.1.0
[INFO] removed 0 missing examples
[INFO] removed 0 missing tests
[INFO] finished tweaking crates.io crate llmix-rs 2.1.0
[INFO] tweaked toml for crates.io crate llmix-rs 2.1.0 written to /workspace/builds/worker-0-tc1/source/Cargo.toml
[INFO] validating manifest of crates.io crate llmix-rs 2.1.0 on toolchain 1.99.0-beta.8
[INFO] running `Command { std: CARGO_HOME="/workspace/cargo-home" RUSTUP_HOME="/workspace/rustup-home" "/workspace/cargo-home/bin/cargo" "+1.99.0-beta.8" "metadata" "--manifest-path" "Cargo.toml" "--no-deps", kill_on_drop: false }`
[INFO] crate crates.io crate llmix-rs 2.1.0 already has a lockfile, it will not be regenerated
[INFO] running `Command { std: CARGO_HOME="/workspace/cargo-home" RUSTUP_HOME="/workspace/rustup-home" "/workspace/cargo-home/bin/cargo" "+1.99.0-beta.8" "fetch" "--manifest-path" "Cargo.toml", kill_on_drop: false }`
[INFO] [stderr]     Updating crates.io index
[INFO] [stderr]     Blocking waiting for file lock on package cache
[INFO] [stderr]  Downloading crates ...
[INFO] [stderr]   Downloaded snoai-mda-config v1.1.2
[INFO] [stderr]   Downloaded serde_yaml_ng v0.10.0
[INFO] [stderr]   Downloaded wasm-bindgen-futures v0.4.71
[INFO] [stderr]   Downloaded wasm-bindgen-shared v0.2.121
[INFO] [stderr]   Downloaded wasm-bindgen-macro v0.2.121
[INFO] [stderr]   Downloaded url v2.5.0
[INFO] [stderr]   Downloaded arcstr v1.2.0
[INFO] [stderr]   Downloaded wasm-bindgen v0.2.121
[INFO] [stderr]   Downloaded wasm-bindgen-macro-support v0.2.121
[INFO] [stderr]   Downloaded cc v1.2.62
[INFO] [stderr]   Downloaded js-sys v0.3.98
[INFO] [stderr]   Downloaded tower-http v0.6.10
[INFO] [stderr]   Downloaded hyper v1.9.0
[INFO] [stderr]   Downloaded idna v0.5.0
[INFO] [stderr]   Downloaded aws-lc-rs v1.17.0
[INFO] [stderr]   Downloaded redis v1.2.1
[INFO] [stderr]   Downloaded web-sys v0.3.98
[INFO] [stderr]   Downloaded tokio v1.52.3
[INFO] [stderr]   Downloaded aws-lc-sys v0.41.0
[INFO] running `Command { std: "docker" "create" "-v" "/var/lib/crater-agent-workspace/builds/worker-0-tc1/source:/opt/rustwide/workdir:ro,Z" "-v" "/var/lib/crater-agent-workspace/builds/worker-0-tc1/target:/opt/rustwide/target:rw,Z" "-v" "/var/lib/crater-agent-workspace/cargo-home:/opt/rustwide/cargo-home:ro,Z" "-v" "/var/lib/crater-agent-workspace/rustup-home:/opt/rustwide/rustup-home:ro,Z" "-m" "1610612736" "--network" "none" "ghcr.io/rust-lang/crates-build-env/linux@sha256:77db811e55d90add9212f6832c23229e3de5f1c1f9905e8cb07319ea15df73ac" "sleep" "infinity", kill_on_drop: false }`
[INFO] [stdout] 7b4bcc596fc0542df6115d881d8c7a6d466fe7683cf913d58920c04436331f6f
[INFO] running `Command { std: "docker" "start" "7b4bcc596fc0542df6115d881d8c7a6d466fe7683cf913d58920c04436331f6f", kill_on_drop: false }`
[INFO] running `Command { std: "docker" "inspect" "7b4bcc596fc0542df6115d881d8c7a6d466fe7683cf913d58920c04436331f6f", kill_on_drop: false }`
[INFO] running `Command { std: "docker" "exec" "-e" "SOURCE_DIR=/opt/rustwide/workdir" "-e" "CARGO_HOME=/opt/rustwide/cargo-home" "-e" "RUSTUP_HOME=/opt/rustwide/rustup-home" "-e" "CARGO_TARGET_DIR=/opt/rustwide/target" "-w" "/opt/rustwide/workdir" "--user" "0:0" "7b4bcc596fc0542df6115d881d8c7a6d466fe7683cf913d58920c04436331f6f" "/opt/rustwide/cargo-home/bin/cargo" "+1.99.0-beta.8" "metadata" "--no-deps" "--format-version=1", kill_on_drop: false }`
[INFO] running `Command { std: "docker" "inspect" "7b4bcc596fc0542df6115d881d8c7a6d466fe7683cf913d58920c04436331f6f", kill_on_drop: false }`
[INFO] running `Command { std: "docker" "exec" "-e" "SOURCE_DIR=/opt/rustwide/workdir" "-e" "CARGO_HOME=/opt/rustwide/cargo-home" "-e" "RUSTUP_HOME=/opt/rustwide/rustup-home" "-e" "CARGO_TARGET_DIR=/opt/rustwide/target" "-e" "CARGO_INCREMENTAL=0" "-e" "RUST_BACKTRACE=full" "-e" "RUSTFLAGS=--cap-lints=warn" "-e" "RUSTDOCFLAGS=--cap-lints=warn" "-w" "/opt/rustwide/workdir" "--user" "0:0" "7b4bcc596fc0542df6115d881d8c7a6d466fe7683cf913d58920c04436331f6f" "/opt/rustwide/cargo-home/bin/cargo" "+1.99.0-beta.8" "build" "--frozen" "--message-format=json" "--release", kill_on_drop: false }`
[INFO] [stderr]    Compiling typenum v1.20.0
[INFO] [stderr]    Compiling serde_json v1.0.150
[INFO] [stderr]    Compiling serde_core v1.0.228
[INFO] [stderr]    Compiling serde v1.0.228
[INFO] [stderr]    Compiling num-traits v0.2.19
[INFO] [stderr]    Compiling indexmap v2.12.0
[INFO] [stderr]    Compiling unsafe-libyaml v0.2.11
[INFO] [stderr]    Compiling syn v2.0.117
[INFO] [stderr]    Compiling fs2 v0.4.3
[INFO] [stderr]    Compiling lru v0.12.5
[INFO] [stderr]    Compiling generic-array v0.14.7
[INFO] [stderr]    Compiling chrono v0.4.44
[INFO] [stderr]    Compiling block-buffer v0.10.4
[INFO] [stderr]    Compiling crypto-common v0.1.7
[INFO] [stderr]    Compiling digest v0.10.7
[INFO] [stderr]    Compiling sha2 v0.10.8
[INFO] [stderr]    Compiling serde_derive v1.0.228
[INFO] [stderr]    Compiling thiserror-impl v2.0.18
[INFO] [stderr]    Compiling tokio-macros v2.7.0
[INFO] [stderr]    Compiling async-trait v0.1.89
[INFO] [stderr]    Compiling tokio v1.52.3
[INFO] [stderr]    Compiling thiserror v2.0.18
[INFO] [stderr]    Compiling serde_yaml_ng v0.10.0
[INFO] [stderr]    Compiling snoai-mda-config v1.1.2
[INFO] [stderr]    Compiling llmix-rs v2.1.0 (/opt/rustwide/workdir)
[INFO] [stderr]     Finished `release` profile [optimized] target(s) in 33.37s
[INFO] running `Command { std: "docker" "inspect" "7b4bcc596fc0542df6115d881d8c7a6d466fe7683cf913d58920c04436331f6f", kill_on_drop: false }`
[INFO] running `Command { std: "docker" "exec" "-e" "SOURCE_DIR=/opt/rustwide/workdir" "-e" "CARGO_HOME=/opt/rustwide/cargo-home" "-e" "RUSTUP_HOME=/opt/rustwide/rustup-home" "-e" "CARGO_TARGET_DIR=/opt/rustwide/target" "-e" "CARGO_INCREMENTAL=0" "-e" "RUST_BACKTRACE=full" "-e" "RUSTFLAGS=--cap-lints=warn" "-e" "RUSTDOCFLAGS=--cap-lints=warn" "-w" "/opt/rustwide/workdir" "--user" "0:0" "7b4bcc596fc0542df6115d881d8c7a6d466fe7683cf913d58920c04436331f6f" "/opt/rustwide/cargo-home/bin/cargo" "+1.99.0-beta.8" "test" "--frozen" "--no-run" "--message-format=json" "--release", kill_on_drop: false }`
[INFO] [stderr]    Compiling bytes v1.11.1
[INFO] [stderr]    Compiling socket2 v0.6.3
[INFO] [stderr]    Compiling mio v1.2.0
[INFO] [stderr]    Compiling tokio v1.52.3
[INFO] [stderr]    Compiling llmix-rs v2.1.0 (/opt/rustwide/workdir)
[INFO] [stderr]     Finished `release` profile [optimized] target(s) in 46.05s
[INFO] running `Command { std: "docker" "inspect" "7b4bcc596fc0542df6115d881d8c7a6d466fe7683cf913d58920c04436331f6f", kill_on_drop: false }`
[INFO] running `Command { std: "docker" "exec" "-e" "SOURCE_DIR=/opt/rustwide/workdir" "-e" "CARGO_HOME=/opt/rustwide/cargo-home" "-e" "RUSTUP_HOME=/opt/rustwide/rustup-home" "-e" "CARGO_TARGET_DIR=/opt/rustwide/target" "-e" "CARGO_INCREMENTAL=0" "-e" "RUST_BACKTRACE=full" "-e" "RUSTFLAGS=--cap-lints=warn" "-e" "RUSTDOCFLAGS=--cap-lints=warn" "-w" "/opt/rustwide/workdir" "--user" "0:0" "7b4bcc596fc0542df6115d881d8c7a6d466fe7683cf913d58920c04436331f6f" "/opt/rustwide/cargo-home/bin/cargo" "+1.99.0-beta.8" "test" "--frozen" "--release", kill_on_drop: false }`
[INFO] [stderr]     Finished `release` profile [optimized] target(s) in 0.11s
[INFO] [stderr]      Running unittests src/lib.rs (/opt/rustwide/target/release/deps/llmix_rs-3e69ca22a2c079fd)
[INFO] [stdout] 
[INFO] [stdout] running 11 tests
[INFO] [stdout] test response_cache::tests::failed_clear_blocks_l2_reads_until_a_clear_succeeds ... ok
[INFO] [stdout] test response_cache::tests::l2_get_accepts_legacy_millisecond_timestamps ... ok
[INFO] [stdout] test response_cache::tests::clear_removes_l2_entries_before_they_can_repopulate_l1 ... ok
[INFO] [stdout] test response_cache::tests::non_finite_temperatures_collapse_to_same_cache_key_as_absent ... ok
[INFO] [stdout] test thinking::tests::strips_unclosed_think_block_to_end_of_string ... ok
[INFO] [stdout] test response_cache::tests::third_consecutive_l2_write_failure_marks_backend_unhealthy ... ok
[INFO] [stdout] test canonical_json::tests::sorts_nested_object_keys_without_spaces ... ok
[INFO] [stdout] test response_cache::tests::l2_write_payload_uses_seconds_and_snake_case ... ok
[INFO] [stdout] test response_cache::tests::strategy_helpers_match_contract ... ok
[INFO] [stdout] test thinking::tests::returns_input_when_no_think_tag_is_present ... ok
[INFO] [stdout] test thinking::tests::strips_closed_think_blocks_and_trailing_whitespace ... ok
[INFO] [stderr]      Running tests/e2e_mda_trusted_runtime.rs (/opt/rustwide/target/release/deps/e2e_mda_trusted_runtime-825eef072d428f8b)
[INFO] [stdout] 
[INFO] [stdout] test result: ok. 11 passed; 0 failed; 0 ignored; 0 measured; 0 filtered out; finished in 0.01s
[INFO] [stdout] 
[INFO] [stdout] 
[INFO] [stdout] running 1 test
[INFO] [stderr]      Running tests/feature_live_providers.rs (/opt/rustwide/target/release/deps/feature_live_providers-ed836ea80d76e026)
[INFO] [stdout] test e2e_signed_mda_loads_and_tampering_is_rejected ... ok
[INFO] [stdout] 
[INFO] [stdout] test result: ok. 1 passed; 0 failed; 0 ignored; 0 measured; 0 filtered out; finished in 0.06s
[INFO] [stdout] 
[INFO] [stderr]      Running tests/feature_live_redis_pipeline.rs (/opt/rustwide/target/release/deps/feature_live_redis_pipeline-3fa5915922185b55)
[INFO] [stdout] 
[INFO] [stdout] running 0 tests
[INFO] [stdout] 
[INFO] [stdout] test result: ok. 0 passed; 0 failed; 0 ignored; 0 measured; 0 filtered out; finished in 0.00s
[INFO] [stdout] 
[INFO] [stdout] 
[INFO] [stderr]      Running tests/feature_providers.rs (/opt/rustwide/target/release/deps/feature_providers-ec1f2b0def1ec467)
[INFO] [stdout] running 0 tests
[INFO] [stdout] 
[INFO] [stdout] test result: ok. 0 passed; 0 failed; 0 ignored; 0 measured; 0 filtered out; finished in 0.00s
[INFO] [stdout] 
[INFO] [stdout] 
[INFO] [stdout] running 0 tests
[INFO] [stdout] 
[INFO] [stdout] test result: ok. 0 passed; 0 failed; 0 ignored; 0 measured; 0 filtered out; finished in 0.00s
[INFO] [stdout] 
[INFO] [stderr]      Running tests/feature_redis_cache.rs (/opt/rustwide/target/release/deps/feature_redis_cache-d681e4bdc9bbc151)
[INFO] [stderr]      Running tests/parity_aimd.rs (/opt/rustwide/target/release/deps/parity_aimd-63abc5497cc0651b)
[INFO] [stdout] 
[INFO] [stdout] running 0 tests
[INFO] [stdout] 
[INFO] [stdout] test result: ok. 0 passed; 0 failed; 0 ignored; 0 measured; 0 filtered out; finished in 0.00s
[INFO] [stdout] 
[INFO] [stdout] 
[INFO] [stdout] running 12 tests
[INFO] [stdout] test default_parameters_match_python_and_typescript_contract ... ok
[INFO] [stdout] test zero_limit_header_feedback_is_ignored ... ok
[INFO] [stdout] test rebind_preserves_window_state ... ok
[INFO] [stdout] test rebind_preserves_in_flight_permits ... ok
[INFO] [stdout] test header_parsing_is_case_insensitive ... ok
[INFO] [stdout] test batched_releases_wake_all_waiting_acquires ... ok
[INFO] [stdout] test custom_minimum_is_respected_under_repeated_rate_limits ... ok
[INFO] [stdout] test shrink_absorbs_future_releases_until_capacity_matches_new_window ... ok
[INFO] [stdout] test close_rejects_waiters_and_future_acquires ... ok
[INFO] [stdout] test parsed_header_struct_is_exact ... ok
[INFO] [stdout] test header_parsing_matches_shared_fixture_vectors ... FAILED
[INFO] [stdout] test window_evolution_matches_shared_fixture_vectors ... FAILED
[INFO] [stdout] 
[INFO] [stdout] failures:
[INFO] [stdout] 
[INFO] [stdout] ---- header_parsing_matches_shared_fixture_vectors stdout ----
[INFO] [stdout] 
[INFO] [stdout] thread 'header_parsing_matches_shared_fixture_vectors' (1478) panicked at tests/parity_aimd.rs:55:50:
[INFO] [stdout] shared AIMD fixture should load: Os { code: 2, kind: NotFound, message: "No such file or directory" }
[INFO] [stdout] stack backtrace:
[INFO] [stdout]    0:     0x63e904929901 - <<std[70759c8f55707aa4]::sys::backtrace::BacktraceLock>::print::DisplayBacktrace as core[df12db4294e9bfd3]::fmt::Display>::fmt
[INFO] [stdout]    1:     0x63e90493e7ba - core[df12db4294e9bfd3]::fmt::write
[INFO] [stdout]    2:     0x63e90492de5c - <alloc[2182bb758b4b3781]::vec::Vec<u8> as core[df12db4294e9bfd3]::io::write::Write>::write_fmt
[INFO] [stdout]    3:     0x63e9049053f6 - std[70759c8f55707aa4]::panicking::default_hook::{closure#0}
[INFO] [stdout]    4:     0x63e904921a89 - std[70759c8f55707aa4]::panicking::default_hook
[INFO] [stdout]    5:     0x63e90489b320 - test[9d35eded1c95d3be]::test_main_inner::<test[9d35eded1c95d3be]::test_main_static::{closure#0}>::{closure#0}
[INFO] [stdout]    6:     0x63e904921db2 - std[70759c8f55707aa4]::panicking::panic_with_hook
[INFO] [stdout]    7:     0x63e9049054a2 - std[70759c8f55707aa4]::panicking::panic_handler::{closure#0}
[INFO] [stdout]    8:     0x63e9048fe099 - std[70759c8f55707aa4]::sys::backtrace::__rust_end_short_backtrace::<std[70759c8f55707aa4]::panicking::panic_handler::{closure#0}, !>
[INFO] [stdout]    9:     0x63e90490609d - __rustc[8fa7c3cbc660c2b3]::rust_begin_unwind
[INFO] [stdout]   10:     0x63e90493ef1c - core[df12db4294e9bfd3]::panicking::panic_fmt
[INFO] [stdout]   11:     0x63e90493ecf2 - core[df12db4294e9bfd3]::result::unwrap_failed
[INFO] [stdout]   12:     0x63e904880621 - parity_aimd[752d21de6b1e95fc]::load_fixture
[INFO] [stdout]   13:     0x63e9048816ee - <parity_aimd[752d21de6b1e95fc]::header_parsing_matches_shared_fixture_vectors::{closure#0} as core[df12db4294e9bfd3]::ops::function::FnOnce<()>>::call_once
[INFO] [stdout]   14:     0x63e90488e60b - test[9d35eded1c95d3be]::__rust_begin_short_backtrace::<core[df12db4294e9bfd3]::result::Result<(), alloc[2182bb758b4b3781]::string::String>, fn() -> core[df12db4294e9bfd3]::result::Result<(), alloc[2182bb758b4b3781]::string::String>>
[INFO] [stdout]   15:     0x63e90489bc75 - test[9d35eded1c95d3be]::run_test::{closure#0}
[INFO] [stdout]   16:     0x63e904895534 - std[70759c8f55707aa4]::sys::backtrace::__rust_begin_short_backtrace::<test[9d35eded1c95d3be]::run_test::{closure#1}, ()>
[INFO] [stdout]   17:     0x63e90489edd2 - <std[70759c8f55707aa4]::thread::lifecycle::spawn_unchecked<test[9d35eded1c95d3be]::run_test::{closure#1}, ()>::{closure#1} as core[df12db4294e9bfd3]::ops::function::FnOnce<()>>::call_once::{shim:vtable#0}
[INFO] [stdout]   18:     0x63e904928e59 - <std[70759c8f55707aa4]::sys::thread::unix::Thread>::new::thread_start
[INFO] [stdout]   19:     0x7d76e8157dfa - <unknown>
[INFO] [stdout]   20:     0x7d76e81eb3d4 - clone
[INFO] [stdout]   21:                0x0 - <unknown>
[INFO] [stdout] 
[INFO] [stdout] ---- window_evolution_matches_shared_fixture_vectors stdout ----
[INFO] [stdout] 
[INFO] [stdout] thread 'window_evolution_matches_shared_fixture_vectors' (1483) panicked at tests/parity_aimd.rs:55:50:
[INFO] [stdout] shared AIMD fixture should load: Os { code: 2, kind: NotFound, message: "No such file or directory" }
[INFO] [stdout] stack backtrace:
[INFO] [stdout]    0:     0x63e904929901 - <<std[70759c8f55707aa4]::sys::backtrace::BacktraceLock>::print::DisplayBacktrace as core[df12db4294e9bfd3]::fmt::Display>::fmt
[INFO] [stdout]    1:     0x63e90493e7ba - core[df12db4294e9bfd3]::fmt::write
[INFO] [stdout]    2:     0x63e90492de5c - <alloc[2182bb758b4b3781]::vec::Vec<u8> as core[df12db4294e9bfd3]::io::write::Write>::write_fmt
[INFO] [stdout]    3:     0x63e9049053f6 - std[70759c8f55707aa4]::panicking::default_hook::{closure#0}
[INFO] [stdout]    4:     0x63e904921a89 - std[70759c8f55707aa4]::panicking::default_hook
[INFO] [stdout]    5:     0x63e90489b320 - test[9d35eded1c95d3be]::test_main_inner::<test[9d35eded1c95d3be]::test_main_static::{closure#0}>::{closure#0}
[INFO] [stdout]    6:     0x63e904921db2 - std[70759c8f55707aa4]::panicking::panic_with_hook
[INFO] [stdout]    7:     0x63e9049054a2 - std[70759c8f55707aa4]::panicking::panic_handler::{closure#0}
[INFO] [stdout]    8:     0x63e9048fe099 - std[70759c8f55707aa4]::sys::backtrace::__rust_end_short_backtrace::<std[70759c8f55707aa4]::panicking::panic_handler::{closure#0}, !>
[INFO] [stdout]    9:     0x63e90490609d - __rustc[8fa7c3cbc660c2b3]::rust_begin_unwind
[INFO] [stdout]   10:     0x63e90493ef1c - core[df12db4294e9bfd3]::panicking::panic_fmt
[INFO] [stdout]   11:     0x63e90493ecf2 - core[df12db4294e9bfd3]::result::unwrap_failed
[INFO] [stdout]   12:     0x63e904880621 - parity_aimd[752d21de6b1e95fc]::load_fixture
[INFO] [stdout]   13:     0x63e904881a1e - <parity_aimd[752d21de6b1e95fc]::window_evolution_matches_shared_fixture_vectors::{closure#0} as core[df12db4294e9bfd3]::ops::function::FnOnce<()>>::call_once
[INFO] [stdout]   14:     0x63e90488e60b - test[9d35eded1c95d3be]::__rust_begin_short_backtrace::<core[df12db4294e9bfd3]::result::Result<(), alloc[2182bb758b4b3781]::string::String>, fn() -> core[df12db4294e9bfd3]::result::Result<(), alloc[2182bb758b4b3781]::string::String>>
[INFO] [stdout]   15:     0x63e90489bc75 - test[9d35eded1c95d3be]::run_test::{closure#0}
[INFO] [stdout]   16:     0x63e904895534 - std[70759c8f55707aa4]::sys::backtrace::__rust_begin_short_backtrace::<test[9d35eded1c95d3be]::run_test::{closure#1}, ()>
[INFO] [stdout]   17:     0x63e90489edd2 - <std[70759c8f55707aa4]::thread::lifecycle::spawn_unchecked<test[9d35eded1c95d3be]::run_test::{closure#1}, ()>::{closure#1} as core[df12db4294e9bfd3]::ops::function::FnOnce<()>>::call_once::{shim:vtable#0}
[INFO] [stdout]   18:     0x63e904928e59 - <std[70759c8f55707aa4]::sys::thread::unix::Thread>::new::thread_start
[INFO] [stdout]   19:     0x7d76e8157dfa - <unknown>
[INFO] [stdout]   20:     0x7d76e81eb3d4 - clone
[INFO] [stdout]   21:                0x0 - <unknown>
[INFO] [stdout] 
[INFO] [stdout] 
[INFO] [stdout] failures:
[INFO] [stdout]     header_parsing_matches_shared_fixture_vectors
[INFO] [stdout]     window_evolution_matches_shared_fixture_vectors
[INFO] [stdout] 
[INFO] [stdout] test result: FAILED. 10 passed; 2 failed; 0 ignored; 0 measured; 0 filtered out; finished in 0.02s
[INFO] [stdout] 
[INFO] [stderr] error: test failed, to rerun pass `--test parity_aimd`
[INFO] running `Command { std: "docker" "inspect" "7b4bcc596fc0542df6115d881d8c7a6d466fe7683cf913d58920c04436331f6f", kill_on_drop: false }`
[INFO] running `Command { std: "docker" "rm" "-f" "7b4bcc596fc0542df6115d881d8c7a6d466fe7683cf913d58920c04436331f6f", kill_on_drop: false }`
[INFO] [stdout] 7b4bcc596fc0542df6115d881d8c7a6d466fe7683cf913d58920c04436331f6f
