[INFO] fetching crate llm-shield-cloud-azure 0.1.1...
[INFO] testing llm-shield-cloud-azure-0.1.1 against 1.99.0-beta.8+cargoflags=--release for beta-release-1.100-2
[INFO] extracting crate llm-shield-cloud-azure 0.1.1 into /workspace/builds/worker-3-tc1/source
[INFO] started tweaking crates.io crate llm-shield-cloud-azure 0.1.1
[INFO] finished tweaking crates.io crate llm-shield-cloud-azure 0.1.1
[INFO] tweaked toml for crates.io crate llm-shield-cloud-azure 0.1.1 written to /workspace/builds/worker-3-tc1/source/Cargo.toml
[INFO] validating manifest of crates.io crate llm-shield-cloud-azure 0.1.1 on toolchain 1.99.0-beta.8
[INFO] running `Command { std: CARGO_HOME="/workspace/cargo-home" RUSTUP_HOME="/workspace/rustup-home" "/workspace/cargo-home/bin/cargo" "+1.99.0-beta.8" "metadata" "--manifest-path" "Cargo.toml" "--no-deps", kill_on_drop: false }`
[INFO] crate crates.io crate llm-shield-cloud-azure 0.1.1 already has a lockfile, it will not be regenerated
[INFO] running `Command { std: CARGO_HOME="/workspace/cargo-home" RUSTUP_HOME="/workspace/rustup-home" "/workspace/cargo-home/bin/cargo" "+1.99.0-beta.8" "fetch" "--manifest-path" "Cargo.toml", kill_on_drop: false }`
[INFO] [stderr]     Updating crates.io index
[INFO] [stderr]  Downloading crates ...
[INFO] [stderr]   Downloaded llm-shield-cloud v0.1.1
[INFO] [stderr]   Downloaded azure_storage_blobs v0.20.0
[INFO] [stderr]   Downloaded azure_storage v0.20.0
[INFO] [stderr]   Downloaded const_fn v0.4.11
[INFO] [stderr]   Downloaded azure_security_keyvault v0.20.0
[INFO] [stderr]   Downloaded RustyXML v0.3.0
[INFO] [stderr]   Downloaded azure_core v0.20.0
[INFO] [stderr]   Downloaded tz-rs v0.6.14
[INFO] [stderr]   Downloaded azure_identity v0.20.0
[INFO] [stderr]   Downloaded azure_svc_blobstorage v0.20.0
[INFO] running `Command { std: "docker" "create" "-v" "/var/lib/crater-agent-workspace/builds/worker-3-tc1/source:/opt/rustwide/workdir:ro,Z" "-v" "/var/lib/crater-agent-workspace/builds/worker-3-tc1/target:/opt/rustwide/target:rw,Z" "-v" "/var/lib/crater-agent-workspace/cargo-home:/opt/rustwide/cargo-home:ro,Z" "-v" "/var/lib/crater-agent-workspace/rustup-home:/opt/rustwide/rustup-home:ro,Z" "-m" "1610612736" "--network" "none" "ghcr.io/rust-lang/crates-build-env/linux@sha256:77db811e55d90add9212f6832c23229e3de5f1c1f9905e8cb07319ea15df73ac" "sleep" "infinity", kill_on_drop: false }`
[INFO] [stdout] edbb17701b509bc84c017284ca932761350d2a87e12aa4a2d99e3fe59e9892dc
[INFO] running `Command { std: "docker" "start" "edbb17701b509bc84c017284ca932761350d2a87e12aa4a2d99e3fe59e9892dc", kill_on_drop: false }`
[INFO] running `Command { std: "docker" "inspect" "edbb17701b509bc84c017284ca932761350d2a87e12aa4a2d99e3fe59e9892dc", kill_on_drop: false }`
[INFO] running `Command { std: "docker" "exec" "-e" "SOURCE_DIR=/opt/rustwide/workdir" "-e" "CARGO_HOME=/opt/rustwide/cargo-home" "-e" "RUSTUP_HOME=/opt/rustwide/rustup-home" "-e" "CARGO_TARGET_DIR=/opt/rustwide/target" "-w" "/opt/rustwide/workdir" "--user" "0:0" "edbb17701b509bc84c017284ca932761350d2a87e12aa4a2d99e3fe59e9892dc" "/opt/rustwide/cargo-home/bin/cargo" "+1.99.0-beta.8" "metadata" "--no-deps" "--format-version=1", kill_on_drop: false }`
[INFO] running `Command { std: "docker" "inspect" "edbb17701b509bc84c017284ca932761350d2a87e12aa4a2d99e3fe59e9892dc", kill_on_drop: false }`
[INFO] running `Command { std: "docker" "exec" "-e" "SOURCE_DIR=/opt/rustwide/workdir" "-e" "CARGO_HOME=/opt/rustwide/cargo-home" "-e" "RUSTUP_HOME=/opt/rustwide/rustup-home" "-e" "CARGO_TARGET_DIR=/opt/rustwide/target" "-e" "CARGO_INCREMENTAL=0" "-e" "RUST_BACKTRACE=full" "-e" "RUSTFLAGS=--cap-lints=warn" "-e" "RUSTDOCFLAGS=--cap-lints=warn" "-w" "/opt/rustwide/workdir" "--user" "0:0" "edbb17701b509bc84c017284ca932761350d2a87e12aa4a2d99e3fe59e9892dc" "/opt/rustwide/cargo-home/bin/cargo" "+1.99.0-beta.8" "build" "--frozen" "--message-format=json" "--release", kill_on_drop: false }`
[INFO] [stderr]    Compiling quote v1.0.41
[INFO] [stderr]    Compiling futures-io v0.3.31
[INFO] [stderr]    Compiling parking_lot_core v0.9.12
[INFO] [stderr]    Compiling cc v1.2.44
[INFO] [stderr]    Compiling openssl v0.10.74
[INFO] [stderr]    Compiling generic-array v0.14.9
[INFO] [stderr]    Compiling getrandom v0.1.16
[INFO] [stderr]    Compiling serde_json v1.0.145
[INFO] [stderr]    Compiling iri-string v0.7.8
[INFO] [stderr]    Compiling waker-fn v1.2.0
[INFO] [stderr]    Compiling event-listener v2.5.3
[INFO] [stderr]    Compiling num-conv v0.1.0
[INFO] [stderr]    Compiling fastrand v1.9.0
[INFO] [stderr]    Compiling http-types v2.12.0
[INFO] [stderr]    Compiling time-core v0.1.6
[INFO] [stderr]    Compiling rustls-pki-types v1.13.0
[INFO] [stderr]    Compiling azure_core v0.20.0
[INFO] [stderr]    Compiling event-listener v5.4.1
[INFO] [stderr]    Compiling async-channel v1.9.0
[INFO] [stderr]    Compiling rand_core v0.5.1
[INFO] [stderr]    Compiling time-macros v0.2.24
[INFO] [stderr]    Compiling syn v2.0.108
[INFO] [stderr]    Compiling futures-lite v1.13.0
[INFO] [stderr]    Compiling parking_lot v0.12.5
[INFO] [stderr]    Compiling infer v0.2.3
[INFO] [stderr]    Compiling rustix v1.1.2
[INFO] [stderr]    Compiling linux-raw-sys v0.11.0
[INFO] [stderr]    Compiling async-io v2.6.0
[INFO] [stderr]    Compiling rand_chacha v0.2.2
[INFO] [stderr]    Compiling fastrand v2.3.0
[INFO] [stderr]    Compiling event-listener-strategy v0.5.4
[INFO] [stderr]    Compiling const_fn v0.4.11
[INFO] [stderr]    Compiling rand v0.7.3
[INFO] [stderr]    Compiling async-lock v3.4.1
[INFO] [stderr]    Compiling futures-lite v2.6.1
[INFO] [stderr]    Compiling block-buffer v0.10.4
[INFO] [stderr]    Compiling crypto-common v0.1.6
[INFO] [stderr]    Compiling digest v0.10.7
[INFO] [stderr]    Compiling async-channel v2.5.0
[INFO] [stderr]    Compiling serde_path_to_error v0.1.20
[INFO] [stderr]    Compiling http v0.2.12
[INFO] [stderr]    Compiling sha2 v0.10.9
[INFO] [stderr]    Compiling hmac v0.12.1
[INFO] [stderr]    Compiling RustyXML v0.3.0
[INFO] [stderr]    Compiling tz-rs v0.6.14
[INFO] [stderr]    Compiling openssl-sys v0.9.110
[INFO] [stderr]    Compiling native-tls v0.2.14
[INFO] [stderr]    Compiling synstructure v0.13.2
[INFO] [stderr]    Compiling zerofrom-derive v0.1.6
[INFO] [stderr]    Compiling yoke-derive v0.8.1
[INFO] [stderr]    Compiling zerovec-derive v0.11.2
[INFO] [stderr]    Compiling displaydoc v0.2.5
[INFO] [stderr]    Compiling serde_derive v1.0.228
[INFO] [stderr]    Compiling tokio-macros v2.6.0
[INFO] [stderr]    Compiling futures-macro v0.3.31
[INFO] [stderr]    Compiling tracing-attributes v0.1.30
[INFO] [stderr]    Compiling thiserror-impl v1.0.69
[INFO] [stderr]    Compiling openssl-macros v0.1.1
[INFO] [stderr]    Compiling async-trait v0.1.89
[INFO] [stderr]    Compiling pin-project-internal v1.1.10
[INFO] [stderr]    Compiling tokio v1.48.0
[INFO] [stderr]    Compiling futures-util v0.3.31
[INFO] [stderr]    Compiling zerofrom v0.1.6
[INFO] [stderr]    Compiling yoke v0.8.1
[INFO] [stderr]    Compiling pin-project v1.1.10
[INFO] [stderr]    Compiling zerotrie v0.2.3
[INFO] [stderr]    Compiling thiserror v1.0.69
[INFO] [stderr]    Compiling tracing v0.1.41
[INFO] [stderr]    Compiling zerovec v0.11.5
[INFO] [stderr]    Compiling tinystr v0.8.2
[INFO] [stderr]    Compiling potential_utf v0.1.4
[INFO] [stderr]    Compiling icu_collections v2.1.1
[INFO] [stderr]    Compiling icu_locale_core v2.1.1
[INFO] [stderr]    Compiling serde v1.0.228
[INFO] [stderr]    Compiling polling v3.11.0
[INFO] [stderr]    Compiling serde_urlencoded v0.7.1
[INFO] [stderr]    Compiling uuid v1.18.1
[INFO] [stderr]    Compiling serde_qs v0.8.5
[INFO] [stderr]    Compiling time v0.3.44
[INFO] [stderr]    Compiling quick-xml v0.31.0
[INFO] [stderr]    Compiling chrono v0.4.42
[INFO] [stderr]    Compiling icu_provider v2.1.1
[INFO] [stderr]    Compiling icu_normalizer v2.1.1
[INFO] [stderr]    Compiling icu_properties v2.1.1
[INFO] [stderr]    Compiling async-signal v0.2.13
[INFO] [stderr]    Compiling async-process v2.5.0
[INFO] [stderr]    Compiling futures-executor v0.3.31
[INFO] [stderr]    Compiling futures v0.3.31
[INFO] [stderr]    Compiling idna_adapter v1.2.1
[INFO] [stderr]    Compiling idna v1.1.0
[INFO] [stderr]    Compiling url v2.5.7
[INFO] [stderr]    Compiling oauth2 v4.4.2
[INFO] [stderr]    Compiling tokio-util v0.7.17
[INFO] [stderr]    Compiling tower v0.5.2
[INFO] [stderr]    Compiling tokio-native-tls v0.3.1
[INFO] [stderr]    Compiling llm-shield-cloud v0.1.1
[INFO] [stderr]    Compiling h2 v0.4.12
[INFO] [stderr]    Compiling tower-http v0.6.6
[INFO] [stderr]    Compiling hyper v1.7.0
[INFO] [stderr]    Compiling hyper-util v0.1.17
[INFO] [stderr]    Compiling hyper-tls v0.6.0
[INFO] [stderr]    Compiling reqwest v0.12.24
[INFO] [stderr]    Compiling azure_svc_blobstorage v0.20.0
[INFO] [stderr]    Compiling azure_storage v0.20.0
[INFO] [stderr]    Compiling azure_security_keyvault v0.20.0
[INFO] [stderr]    Compiling azure_identity v0.20.0
[INFO] [stderr]    Compiling azure_storage_blobs v0.20.0
[INFO] [stderr]    Compiling llm-shield-cloud-azure v0.1.1 (/opt/rustwide/workdir)
[INFO] [stdout] warning: unused imports: `GetObjectOptions` and `PutObjectOptions`
[INFO] [stdout]  --> src/storage_stub.rs:8:47
[INFO] [stdout]   |
[INFO] [stdout] 8 | use llm_shield_cloud::storage::{CloudStorage, GetObjectOptions, ObjectMetadata, PutObjectOptions};
[INFO] [stdout]   |                                               ^^^^^^^^^^^^^^^^                  ^^^^^^^^^^^^^^^^
[INFO] [stdout]   |
[INFO] [stdout]   = note: `#[warn(unused_imports)]` (part of `#[warn(unused)]`) on by default
[INFO] [stdout] 
[INFO] [stdout] 
[INFO] [stderr]     Finished `release` profile [optimized] target(s) in 2m 03s
[INFO] running `Command { std: "docker" "inspect" "edbb17701b509bc84c017284ca932761350d2a87e12aa4a2d99e3fe59e9892dc", kill_on_drop: false }`
[INFO] running `Command { std: "docker" "exec" "-e" "SOURCE_DIR=/opt/rustwide/workdir" "-e" "CARGO_HOME=/opt/rustwide/cargo-home" "-e" "RUSTUP_HOME=/opt/rustwide/rustup-home" "-e" "CARGO_TARGET_DIR=/opt/rustwide/target" "-e" "CARGO_INCREMENTAL=0" "-e" "RUST_BACKTRACE=full" "-e" "RUSTFLAGS=--cap-lints=warn" "-e" "RUSTDOCFLAGS=--cap-lints=warn" "-w" "/opt/rustwide/workdir" "--user" "0:0" "edbb17701b509bc84c017284ca932761350d2a87e12aa4a2d99e3fe59e9892dc" "/opt/rustwide/cargo-home/bin/cargo" "+1.99.0-beta.8" "test" "--frozen" "--no-run" "--message-format=json" "--release", kill_on_drop: false }`
[INFO] [stderr]    Compiling tokio v1.48.0
[INFO] [stderr]    Compiling async-stream-impl v0.3.6
[INFO] [stderr]    Compiling async-stream v0.3.6
[INFO] [stderr]    Compiling tokio-util v0.7.17
[INFO] [stderr]    Compiling tower v0.5.2
[INFO] [stderr]    Compiling tokio-native-tls v0.3.1
[INFO] [stderr]    Compiling llm-shield-cloud v0.1.1
[INFO] [stderr]    Compiling tokio-stream v0.1.17
[INFO] [stderr]    Compiling tokio-test v0.4.4
[INFO] [stderr]    Compiling h2 v0.4.12
[INFO] [stderr]    Compiling tower-http v0.6.6
[INFO] [stderr]    Compiling hyper v1.7.0
[INFO] [stderr]    Compiling hyper-util v0.1.17
[INFO] [stderr]    Compiling hyper-tls v0.6.0
[INFO] [stderr]    Compiling reqwest v0.12.24
[INFO] [stderr]    Compiling azure_core v0.20.0
[INFO] [stderr]    Compiling azure_storage v0.20.0
[INFO] [stderr]    Compiling azure_svc_blobstorage v0.20.0
[INFO] [stderr]    Compiling azure_security_keyvault v0.20.0
[INFO] [stderr]    Compiling azure_identity v0.20.0
[INFO] [stderr]    Compiling azure_storage_blobs v0.20.0
[INFO] [stderr]    Compiling llm-shield-cloud-azure v0.1.1 (/opt/rustwide/workdir)
[INFO] [stdout] warning: unused imports: `GetObjectOptions` and `PutObjectOptions`
[INFO] [stdout]  --> src/storage_stub.rs:8:47
[INFO] [stdout]   |
[INFO] [stdout] 8 | use llm_shield_cloud::storage::{CloudStorage, GetObjectOptions, ObjectMetadata, PutObjectOptions};
[INFO] [stdout]   |                                               ^^^^^^^^^^^^^^^^                  ^^^^^^^^^^^^^^^^
[INFO] [stdout]   |
[INFO] [stdout]   = note: `#[warn(unused_imports)]` (part of `#[warn(unused)]`) on by default
[INFO] [stdout] 
[INFO] [stdout] 
[INFO] [stdout] warning: unused imports: `GetObjectOptions` and `PutObjectOptions`
[INFO] [stdout]  --> src/storage_stub.rs:8:47
[INFO] [stdout]   |
[INFO] [stdout] 8 | use llm_shield_cloud::storage::{CloudStorage, GetObjectOptions, ObjectMetadata, PutObjectOptions};
[INFO] [stdout]   |                                               ^^^^^^^^^^^^^^^^                  ^^^^^^^^^^^^^^^^
[INFO] [stdout]   |
[INFO] [stdout]   = note: `#[warn(unused_imports)]` (part of `#[warn(unused)]`) on by default
[INFO] [stdout] 
[INFO] [stdout] 
[INFO] [stderr]     Finished `release` profile [optimized] target(s) in 1m 12s
[INFO] running `Command { std: "docker" "inspect" "edbb17701b509bc84c017284ca932761350d2a87e12aa4a2d99e3fe59e9892dc", kill_on_drop: false }`
[INFO] running `Command { std: "docker" "exec" "-e" "SOURCE_DIR=/opt/rustwide/workdir" "-e" "CARGO_HOME=/opt/rustwide/cargo-home" "-e" "RUSTUP_HOME=/opt/rustwide/rustup-home" "-e" "CARGO_TARGET_DIR=/opt/rustwide/target" "-e" "CARGO_INCREMENTAL=0" "-e" "RUST_BACKTRACE=full" "-e" "RUSTFLAGS=--cap-lints=warn" "-e" "RUSTDOCFLAGS=--cap-lints=warn" "-w" "/opt/rustwide/workdir" "--user" "0:0" "edbb17701b509bc84c017284ca932761350d2a87e12aa4a2d99e3fe59e9892dc" "/opt/rustwide/cargo-home/bin/cargo" "+1.99.0-beta.8" "test" "--frozen" "--release", kill_on_drop: false }`
[INFO] [stderr] warning: unused imports: `GetObjectOptions` and `PutObjectOptions`
[INFO] [stderr]  --> src/storage_stub.rs:8:47
[INFO] [stderr]   |
[INFO] [stderr] 8 | use llm_shield_cloud::storage::{CloudStorage, GetObjectOptions, ObjectMetadata, PutObjectOptions};
[INFO] [stderr]   |                                               ^^^^^^^^^^^^^^^^                  ^^^^^^^^^^^^^^^^
[INFO] [stderr]   |
[INFO] [stderr]   = note: `#[warn(unused_imports)]` (part of `#[warn(unused)]`) on by default
[INFO] [stderr] 
[INFO] [stderr] warning: `llm-shield-cloud-azure` (lib) generated 1 warning (run `cargo fix --lib -p llm-shield-cloud-azure` to apply 1 suggestion)
[INFO] [stderr] warning: `llm-shield-cloud-azure` (lib test) generated 1 warning (1 duplicate)
[INFO] [stderr]     Finished `release` profile [optimized] target(s) in 0.39s
[INFO] [stderr]      Running unittests src/lib.rs (/opt/rustwide/target/release/deps/llm_shield_cloud_azure-751ca9260962dcba)
[INFO] [stderr]    Doc-tests llm_shield_cloud_azure
[INFO] [stdout] 
[INFO] [stdout] running 1 test
[INFO] [stdout] test tests::test_version ... ok
[INFO] [stdout] 
[INFO] [stdout] test result: ok. 1 passed; 0 failed; 0 ignored; 0 measured; 0 filtered out; finished in 0.00s
[INFO] [stdout] 
[INFO] [stdout] 
[INFO] [stdout] running 4 tests
[INFO] [stdout] test src/lib.rs - (line 55) - compile ... ok
[INFO] [stdout] test src/lib.rs - (line 78) - compile ... FAILED
[INFO] [stdout] test src/lib.rs - (line 143) - compile ... FAILED
[INFO] [stdout] test src/lib.rs - (line 110) - compile ... FAILED
[INFO] [stderr] error: doctest failed, to rerun pass `--doc`
[INFO] [stdout] 
[INFO] [stdout] failures:
[INFO] [stdout] 
[INFO] [stdout] ---- src/lib.rs - (line 78) stdout ----
[INFO] [stdout] error[E0061]: this function takes 1 argument but 2 arguments were supplied
[INFO] [stdout]   --> src/lib.rs:85:19
[INFO] [stdout]    |
[INFO] [stdout] 85 |     let storage = AzureBlobStorage::new(
[INFO] [stdout]    |                   ^^^^^^^^^^^^^^^^^^^^^
[INFO] [stdout] 86 |         "mystorageaccount",
[INFO] [stdout] 87 |         "models"
[INFO] [stdout]    |         -------- unexpected argument #2 of type `&'static str`
[INFO] [stdout]    |
[INFO] [stdout] note: associated function defined here
[INFO] [stdout]   --> src/storage_stub.rs:15:18
[INFO] [stdout]    |
[INFO] [stdout] 15 |     pub async fn new(_container: impl Into<String>) -> Result<Self> {
[INFO] [stdout]    |                  ^^^
[INFO] [stdout] help: remove the extra argument
[INFO] [stdout]    |
[INFO] [stdout] 86 -         "mystorageaccount",
[INFO] [stdout] 87 -         "models"
[INFO] [stdout] 86 +         "mystorageaccount"
[INFO] [stdout]    |
[INFO] [stdout] 
[INFO] [stdout] error: aborting due to 1 previous error
[INFO] [stdout] 
[INFO] [stdout] For more information about this error, try `rustc --explain E0061`.
[INFO] [stdout] Couldn't compile the test.
[INFO] [stdout] ---- src/lib.rs - (line 143) stdout ----
[INFO] [stdout] error[E0432]: unresolved import `llm_shield_cloud_azure::AzureMonitorLogs`
[INFO] [stdout]    --> src/lib.rs:145:5
[INFO] [stdout]     |
[INFO] [stdout] 145 | use llm_shield_cloud_azure::AzureMonitorLogs;
[INFO] [stdout]     |     ^^^^^^^^^^^^^^^^^^^^^^^^----------------
[INFO] [stdout]     |                             |
[INFO] [stdout]     |                             no `AzureMonitorLogs` in the root
[INFO] [stdout]     |
[INFO] [stdout] help: a similar name exists in the module
[INFO] [stdout]     |
[INFO] [stdout] 145 - use llm_shield_cloud_azure::AzureMonitorLogs;
[INFO] [stdout] 145 + use llm_shield_cloud_azure::AzureMonitor;
[INFO] [stdout]     |
[INFO] [stdout] 
[INFO] [stdout] warning: method call on a diverging inference variable
[INFO] [stdout]    --> src/lib.rs:158:12
[INFO] [stdout]     |
[INFO] [stdout] 158 |     logger.log("API server started", LogLevel::Info).await?;
[INFO] [stdout]     |            ^^^
[INFO] [stdout]     |
[INFO] [stdout]     = help: consider providing a type annotation
[INFO] [stdout]     = warning: this was previously accepted by the compiler but is being phased out; it will become a hard error in a future release!
[INFO] [stdout]     = note: for more information, see issue #156047 <https://github.com/rust-lang/rust/issues/156047>
[INFO] [stdout]     = note: `#[warn(method_call_on_diverging_infer_var)]` (part of `#[warn(future_incompatible)]`) on by default
[INFO] [stdout] 
[INFO] [stdout] error[E0599]: no method named `log` found for type `!` in the current scope
[INFO] [stdout]    --> src/lib.rs:158:12
[INFO] [stdout]     |
[INFO] [stdout] 158 |     logger.log("API server started", LogLevel::Info).await?;
[INFO] [stdout]     |            ^^^ method not found in `!`
[INFO] [stdout] 
[INFO] [stdout] error[E0063]: missing field `source` in initializer of `LogEntry`
[INFO] [stdout]    --> src/lib.rs:164:17
[INFO] [stdout]     |
[INFO] [stdout] 164 |     let entry = LogEntry {
[INFO] [stdout]     |                 ^^^^^^^^ missing `source`
[INFO] [stdout] 
[INFO] [stdout] error[E0599]: no method named `log_structured` found for type `!` in the current scope
[INFO] [stdout]    --> src/lib.rs:173:12
[INFO] [stdout]     |
[INFO] [stdout] 173 |     logger.log_structured(&entry).await?;
[INFO] [stdout]     |            ^^^^^^^^^^^^^^ method not found in `!`
[INFO] [stdout] 
[INFO] [stdout] error: aborting due to 4 previous errors; 1 warning emitted
[INFO] [stdout] 
[INFO] [stdout] Some errors have detailed explanations: E0063, E0432, E0599.
[INFO] [stdout] For more information about an error, try `rustc --explain E0063`.
[INFO] [stdout] Couldn't compile the test.
[INFO] [stdout] ---- src/lib.rs - (line 110) stdout ----
[INFO] [stdout] error[E0432]: unresolved import `llm_shield_cloud_azure::AzureMonitorMetrics`
[INFO] [stdout]    --> src/lib.rs:112:5
[INFO] [stdout]     |
[INFO] [stdout] 112 | use llm_shield_cloud_azure::AzureMonitorMetrics;
[INFO] [stdout]     |     ^^^^^^^^^^^^^^^^^^^^^^^^-------------------
[INFO] [stdout]     |                             |
[INFO] [stdout]     |                             no `AzureMonitorMetrics` in the root
[INFO] [stdout] 
[INFO] [stdout] warning: method call on a diverging inference variable
[INFO] [stdout]    --> src/lib.rs:136:13
[INFO] [stdout]     |
[INFO] [stdout] 136 |     metrics.export_metric(&metric).await?;
[INFO] [stdout]     |             ^^^^^^^^^^^^^
[INFO] [stdout]     |
[INFO] [stdout]     = help: consider providing a type annotation
[INFO] [stdout]     = warning: this was previously accepted by the compiler but is being phased out; it will become a hard error in a future release!
[INFO] [stdout]     = note: for more information, see issue #156047 <https://github.com/rust-lang/rust/issues/156047>
[INFO] [stdout]     = note: `#[warn(method_call_on_diverging_infer_var)]` (part of `#[warn(future_incompatible)]`) on by default
[INFO] [stdout] 
[INFO] [stdout] error[E0599]: no method named `export_metric` found for type `!` in the current scope
[INFO] [stdout]    --> src/lib.rs:136:13
[INFO] [stdout]     |
[INFO] [stdout] 136 |     metrics.export_metric(&metric).await?;
[INFO] [stdout]     |             ^^^^^^^^^^^^^ method not found in `!`
[INFO] [stdout] 
[INFO] [stdout] error: aborting due to 2 previous errors; 1 warning emitted
[INFO] [stdout] 
[INFO] [stdout] Some errors have detailed explanations: E0432, E0599.
[INFO] [stdout] For more information about an error, try `rustc --explain E0432`.
[INFO] [stdout] Couldn't compile the test.
[INFO] [stdout] 
[INFO] [stdout] failures:
[INFO] [stdout]     src/lib.rs - (line 110)
[INFO] [stdout]     src/lib.rs - (line 143)
[INFO] [stdout]     src/lib.rs - (line 78)
[INFO] [stdout] 
[INFO] [stdout] test result: FAILED. 1 passed; 3 failed; 0 ignored; 0 measured; 0 filtered out; finished in 0.31s
[INFO] [stdout] 
[INFO] running `Command { std: "docker" "inspect" "edbb17701b509bc84c017284ca932761350d2a87e12aa4a2d99e3fe59e9892dc", kill_on_drop: false }`
[INFO] running `Command { std: "docker" "rm" "-f" "edbb17701b509bc84c017284ca932761350d2a87e12aa4a2d99e3fe59e9892dc", kill_on_drop: false }`
[INFO] [stdout] edbb17701b509bc84c017284ca932761350d2a87e12aa4a2d99e3fe59e9892dc
