[INFO] fetching crate llm-noggin 20260308.0.1...
[INFO] testing llm-noggin-20260308.0.1 against 1.99.0-beta.8+cargoflags=--release for beta-release-1.100-2
[INFO] extracting crate llm-noggin 20260308.0.1 into /workspace/builds/worker-4-tc1/source
[INFO] started tweaking crates.io crate llm-noggin 20260308.0.1
[INFO] removed 0 missing tests
[INFO] finished tweaking crates.io crate llm-noggin 20260308.0.1
[INFO] tweaked toml for crates.io crate llm-noggin 20260308.0.1 written to /workspace/builds/worker-4-tc1/source/Cargo.toml
[INFO] validating manifest of crates.io crate llm-noggin 20260308.0.1 on toolchain 1.99.0-beta.8
[INFO] running `Command { std: CARGO_HOME="/workspace/cargo-home" RUSTUP_HOME="/workspace/rustup-home" "/workspace/cargo-home/bin/cargo" "+1.99.0-beta.8" "metadata" "--manifest-path" "Cargo.toml" "--no-deps", kill_on_drop: false }`
[INFO] crate crates.io crate llm-noggin 20260308.0.1 already has a lockfile, it will not be regenerated
[INFO] running `Command { std: CARGO_HOME="/workspace/cargo-home" RUSTUP_HOME="/workspace/rustup-home" "/workspace/cargo-home/bin/cargo" "+1.99.0-beta.8" "fetch" "--manifest-path" "Cargo.toml", kill_on_drop: false }`
[INFO] [stderr]     Updating crates.io index
[INFO] [stderr]  Downloading crates ...
[INFO] [stderr]   Downloaded pastey v0.2.1
[INFO] [stderr]   Downloaded schemars_derive v1.2.1
[INFO] [stderr]   Downloaded rmcp-macros v0.16.0
[INFO] [stderr]   Downloaded indicatif v0.17.11
[INFO] [stderr]   Downloaded number_prefix v0.4.0
[INFO] [stderr]   Downloaded edit-distance v2.2.2
[INFO] [stderr]   Downloaded console v0.15.11
[INFO] [stderr]   Downloaded rmcp v0.16.0
[INFO] [stderr]   Downloaded git2 v0.19.0
[INFO] [stderr]   Downloaded libssh2-sys v0.3.1
[INFO] [stderr]   Downloaded libz-sys v1.1.23
[INFO] [stderr]   Downloaded libgit2-sys v0.17.0+1.8.1
[INFO] running `Command { std: "docker" "create" "-v" "/var/lib/crater-agent-workspace/builds/worker-4-tc1/source:/opt/rustwide/workdir:ro,Z" "-v" "/var/lib/crater-agent-workspace/builds/worker-4-tc1/target:/opt/rustwide/target:rw,Z" "-v" "/var/lib/crater-agent-workspace/cargo-home:/opt/rustwide/cargo-home:ro,Z" "-v" "/var/lib/crater-agent-workspace/rustup-home:/opt/rustwide/rustup-home:ro,Z" "-m" "1610612736" "--network" "none" "ghcr.io/rust-lang/crates-build-env/linux@sha256:77db811e55d90add9212f6832c23229e3de5f1c1f9905e8cb07319ea15df73ac" "sleep" "infinity", kill_on_drop: false }`
[INFO] [stdout] 574b9723f3eea8e0fe6c3cd9c7a83c7f77cad8046e91ff4dda2a0bc4c3c41e82
[INFO] running `Command { std: "docker" "start" "574b9723f3eea8e0fe6c3cd9c7a83c7f77cad8046e91ff4dda2a0bc4c3c41e82", kill_on_drop: false }`
[INFO] running `Command { std: "docker" "inspect" "574b9723f3eea8e0fe6c3cd9c7a83c7f77cad8046e91ff4dda2a0bc4c3c41e82", kill_on_drop: false }`
[INFO] running `Command { std: "docker" "exec" "-e" "SOURCE_DIR=/opt/rustwide/workdir" "-e" "CARGO_HOME=/opt/rustwide/cargo-home" "-e" "RUSTUP_HOME=/opt/rustwide/rustup-home" "-e" "CARGO_TARGET_DIR=/opt/rustwide/target" "-w" "/opt/rustwide/workdir" "--user" "0:0" "574b9723f3eea8e0fe6c3cd9c7a83c7f77cad8046e91ff4dda2a0bc4c3c41e82" "/opt/rustwide/cargo-home/bin/cargo" "+1.99.0-beta.8" "metadata" "--no-deps" "--format-version=1", kill_on_drop: false }`
[INFO] running `Command { std: "docker" "inspect" "574b9723f3eea8e0fe6c3cd9c7a83c7f77cad8046e91ff4dda2a0bc4c3c41e82", kill_on_drop: false }`
[INFO] running `Command { std: "docker" "exec" "-e" "SOURCE_DIR=/opt/rustwide/workdir" "-e" "CARGO_HOME=/opt/rustwide/cargo-home" "-e" "RUSTUP_HOME=/opt/rustwide/rustup-home" "-e" "CARGO_TARGET_DIR=/opt/rustwide/target" "-e" "CARGO_INCREMENTAL=0" "-e" "RUST_BACKTRACE=full" "-e" "RUSTFLAGS=--cap-lints=warn" "-e" "RUSTDOCFLAGS=--cap-lints=warn" "-w" "/opt/rustwide/workdir" "--user" "0:0" "574b9723f3eea8e0fe6c3cd9c7a83c7f77cad8046e91ff4dda2a0bc4c3c41e82" "/opt/rustwide/cargo-home/bin/cargo" "+1.99.0-beta.8" "build" "--frozen" "--message-format=json" "--release", kill_on_drop: false }`
[INFO] [stderr]    Compiling quote v1.0.44
[INFO] [stderr]    Compiling libc v0.2.182
[INFO] [stderr]    Compiling pkg-config v0.3.32
[INFO] [stderr]    Compiling vcpkg v0.2.15
[INFO] [stderr]    Compiling serde_core v1.0.228
[INFO] [stderr]    Compiling smallvec v1.15.1
[INFO] [stderr]    Compiling serde v1.0.228
[INFO] [stderr]    Compiling typenum v1.19.0
[INFO] [stderr]    Compiling version_check v0.9.5
[INFO] [stderr]    Compiling futures-sink v0.3.32
[INFO] [stderr]    Compiling futures-core v0.3.32
[INFO] [stderr]    Compiling ident_case v1.0.1
[INFO] [stderr]    Compiling strsim v0.11.1
[INFO] [stderr]    Compiling lock_api v0.4.14
[INFO] [stderr]    Compiling zmij v1.0.21
[INFO] [stderr]    Compiling futures-task v0.3.32
[INFO] [stderr]    Compiling futures-io v0.3.32
[INFO] [stderr]    Compiling ref-cast v1.0.25
[INFO] [stderr]    Compiling futures-channel v0.3.32
[INFO] [stderr]    Compiling serde_json v1.0.149
[INFO] [stderr]    Compiling syn v2.0.117
[INFO] [stderr]    Compiling slab v0.4.12
[INFO] [stderr]    Compiling equivalent v1.0.2
[INFO] [stderr]    Compiling hashbrown v0.16.1
[INFO] [stderr]    Compiling itoa v1.0.17
[INFO] [stderr]    Compiling thiserror v2.0.18
[INFO] [stderr]    Compiling percent-encoding v2.3.2
[INFO] [stderr]    Compiling portable-atomic v1.13.1
[INFO] [stderr]    Compiling aho-corasick v1.1.4
[INFO] [stderr]    Compiling generic-array v0.14.7
[INFO] [stderr]    Compiling form_urlencoded v1.2.2
[INFO] [stderr]    Compiling rmcp v0.16.0
[INFO] [stderr]    Compiling winnow v0.7.14
[INFO] [stderr]    Compiling dyn-clone v1.0.20
[INFO] [stderr]    Compiling toml_write v0.1.2
[INFO] [stderr]    Compiling regex-syntax v0.8.9
[INFO] [stderr]    Compiling clap_builder v4.5.60
[INFO] [stderr]    Compiling openssl-probe v0.1.6
[INFO] [stderr]    Compiling bitflags v2.11.0
[INFO] [stderr]    Compiling pastey v0.2.1
[INFO] [stderr]    Compiling cpufeatures v0.2.17
[INFO] [stderr]    Compiling number_prefix v0.4.0
[INFO] [stderr]    Compiling edit-distance v2.2.2
[INFO] [stderr]    Compiling jobserver v0.1.34
[INFO] [stderr]    Compiling indexmap v2.13.0
[INFO] [stderr]    Compiling block-buffer v0.10.4
[INFO] [stderr]    Compiling crypto-common v0.1.7
[INFO] [stderr]    Compiling cc v1.2.56
[INFO] [stderr]    Compiling digest v0.10.7
[INFO] [stderr]    Compiling sha2 v0.10.9
[INFO] [stderr]    Compiling errno v0.3.14
[INFO] [stderr]    Compiling parking_lot_core v0.9.12
[INFO] [stderr]    Compiling mio v1.1.1
[INFO] [stderr]    Compiling socket2 v0.6.2
[INFO] [stderr]    Compiling console v0.15.11
[INFO] [stderr]    Compiling parking_lot v0.12.5
[INFO] [stderr]    Compiling signal-hook-registry v1.4.8
[INFO] [stderr]    Compiling indicatif v0.17.11
[INFO] [stderr]    Compiling regex-automata v0.4.14
[INFO] [stderr]    Compiling libz-sys v1.1.23
[INFO] [stderr]    Compiling openssl-sys v0.9.111
[INFO] [stderr]    Compiling libssh2-sys v0.3.1
[INFO] [stderr]    Compiling libgit2-sys v0.17.0+1.8.1
[INFO] [stderr]    Compiling synstructure v0.13.2
[INFO] [stderr]    Compiling darling_core v0.23.0
[INFO] [stderr]    Compiling serde_derive_internals v0.29.1
[INFO] [stderr]    Compiling zerofrom-derive v0.1.6
[INFO] [stderr]    Compiling yoke-derive v0.8.1
[INFO] [stderr]    Compiling zerovec-derive v0.11.2
[INFO] [stderr]    Compiling displaydoc v0.2.5
[INFO] [stderr]    Compiling serde_derive v1.0.228
[INFO] [stderr]    Compiling futures-macro v0.3.32
[INFO] [stderr]    Compiling tokio-macros v2.6.0
[INFO] [stderr]    Compiling ref-cast-impl v1.0.25
[INFO] [stderr]    Compiling zerofrom v0.1.6
[INFO] [stderr]    Compiling thiserror-impl v2.0.18
[INFO] [stderr]    Compiling tracing-attributes v0.1.31
[INFO] [stderr]    Compiling schemars_derive v1.2.1
[INFO] [stderr]    Compiling clap_derive v4.5.55
[INFO] [stderr]    Compiling async-trait v0.1.89
[INFO] [stderr]    Compiling regex v1.12.3
[INFO] [stderr]    Compiling futures-util v0.3.32
[INFO] [stderr]    Compiling yoke v0.8.1
[INFO] [stderr]    Compiling tokio v1.49.0
[INFO] [stderr]    Compiling zerotrie v0.2.3
[INFO] [stderr]    Compiling zerovec v0.11.5
[INFO] [stderr]    Compiling tracing v0.1.44
[INFO] [stderr]    Compiling clap v4.5.60
[INFO] [stderr]    Compiling tinystr v0.8.2
[INFO] [stderr]    Compiling potential_utf v0.1.4
[INFO] [stderr]    Compiling icu_collections v2.1.1
[INFO] [stderr]    Compiling icu_locale_core v2.1.1
[INFO] [stderr]    Compiling darling_macro v0.23.0
[INFO] [stderr]    Compiling darling v0.23.0
[INFO] [stderr]    Compiling rmcp-macros v0.16.0
[INFO] [stderr]    Compiling icu_provider v2.1.1
[INFO] [stderr]    Compiling icu_properties v2.1.2
[INFO] [stderr]    Compiling icu_normalizer v2.1.1
[INFO] [stderr]    Compiling toml_datetime v0.6.11
[INFO] [stderr]    Compiling chrono v0.4.44
[INFO] [stderr]    Compiling serde_spanned v0.6.9
[INFO] [stderr]    Compiling toml_edit v0.22.27
[INFO] [stderr]    Compiling futures-executor v0.3.32
[INFO] [stderr]    Compiling futures v0.3.32
[INFO] [stderr]    Compiling idna_adapter v1.2.1
[INFO] [stderr]    Compiling idna v1.1.0
[INFO] [stderr]    Compiling url v2.5.8
[INFO] [stderr]    Compiling schemars v1.2.1
[INFO] [stderr]    Compiling toml v0.8.23
[INFO] [stderr]    Compiling tokio-util v0.7.18
[INFO] [stderr]    Compiling git2 v0.19.0
[INFO] [stderr]    Compiling llm-noggin v20260308.0.1 (/opt/rustwide/workdir)
[INFO] [stderr]     Finished `release` profile [optimized] target(s) in 3m 02s
[INFO] running `Command { std: "docker" "inspect" "574b9723f3eea8e0fe6c3cd9c7a83c7f77cad8046e91ff4dda2a0bc4c3c41e82", kill_on_drop: false }`
[INFO] running `Command { std: "docker" "exec" "-e" "SOURCE_DIR=/opt/rustwide/workdir" "-e" "CARGO_HOME=/opt/rustwide/cargo-home" "-e" "RUSTUP_HOME=/opt/rustwide/rustup-home" "-e" "CARGO_TARGET_DIR=/opt/rustwide/target" "-e" "CARGO_INCREMENTAL=0" "-e" "RUST_BACKTRACE=full" "-e" "RUSTFLAGS=--cap-lints=warn" "-e" "RUSTDOCFLAGS=--cap-lints=warn" "-w" "/opt/rustwide/workdir" "--user" "0:0" "574b9723f3eea8e0fe6c3cd9c7a83c7f77cad8046e91ff4dda2a0bc4c3c41e82" "/opt/rustwide/cargo-home/bin/cargo" "+1.99.0-beta.8" "test" "--frozen" "--no-run" "--message-format=json" "--release", kill_on_drop: false }`
[INFO] [stderr]    Compiling bitflags v2.11.0
[INFO] [stderr]    Compiling fastrand v2.3.0
[INFO] [stderr]    Compiling getrandom v0.3.4
[INFO] [stderr]    Compiling git2 v0.19.0
[INFO] [stderr]    Compiling rustix v1.1.4
[INFO] [stderr]    Compiling tempfile v3.25.0
[INFO] [stderr]    Compiling llm-noggin v20260308.0.1 (/opt/rustwide/workdir)
[INFO] [stderr]     Finished `release` profile [optimized] target(s) in 44.41s
[INFO] running `Command { std: "docker" "inspect" "574b9723f3eea8e0fe6c3cd9c7a83c7f77cad8046e91ff4dda2a0bc4c3c41e82", kill_on_drop: false }`
[INFO] running `Command { std: "docker" "exec" "-e" "SOURCE_DIR=/opt/rustwide/workdir" "-e" "CARGO_HOME=/opt/rustwide/cargo-home" "-e" "RUSTUP_HOME=/opt/rustwide/rustup-home" "-e" "CARGO_TARGET_DIR=/opt/rustwide/target" "-e" "CARGO_INCREMENTAL=0" "-e" "RUST_BACKTRACE=full" "-e" "RUSTFLAGS=--cap-lints=warn" "-e" "RUSTDOCFLAGS=--cap-lints=warn" "-w" "/opt/rustwide/workdir" "--user" "0:0" "574b9723f3eea8e0fe6c3cd9c7a83c7f77cad8046e91ff4dda2a0bc4c3c41e82" "/opt/rustwide/cargo-home/bin/cargo" "+1.99.0-beta.8" "test" "--frozen" "--release", kill_on_drop: false }`
[INFO] [stderr]     Finished `release` profile [optimized] target(s) in 0.10s
[INFO] [stderr]      Running unittests src/lib.rs (/opt/rustwide/target/release/deps/llm_noggin-44666fb2939cb794)
[INFO] [stdout] 
[INFO] [stdout] running 132 tests
[INFO] [stdout] test arf::tests::test_add_context_helpers ... ok
[INFO] [stdout] test arf::tests::test_context_default_empty ... ok
[INFO] [stdout] test arf::tests::test_from_toml_missing_file ... ok
[INFO] [stdout] test arf::tests::test_validate_missing_how ... ok
[INFO] [stdout] test arf::tests::test_new_arf_file ... ok
[INFO] [stdout] test arf::tests::test_validate_missing_why ... ok
[INFO] [stdout] test arf::tests::test_validate_success ... ok
[INFO] [stdout] test arf::tests::test_validate_missing_what ... ok
[INFO] [stdout] test arf::tests::test_from_toml_malformed ... ok
[INFO] [stdout] test commands::learn::tests::test_find_invalidated_patterns_deduplicates ... ok
[INFO] [stdout] test commands::learn::tests::test_find_invalidated_patterns_empty_when_no_patterns ... ok
[INFO] [stdout] test commands::learn::tests::test_find_invalidated_patterns_from_changed_files ... ok
[INFO] [stdout] test arf::tests::test_to_toml_creates_directories ... ok
[INFO] [stdout] test arf::tests::test_round_trip_serialization ... ok
[INFO] [stdout] test commands::learn::tests::test_find_invalidated_patterns_from_deleted_files ... ok
[INFO] [stdout] test commands::learn::tests::test_infer_commit_category_bug ... ok
[INFO] [stdout] test commands::learn::tests::test_infer_commit_category_decision ... ok
[INFO] [stdout] test commands::init::tests::test_init_fails_if_noggin_exists ... ok
[INFO] [stdout] test commands::learn::tests::test_infer_commit_category_migration ... ok
[INFO] [stdout] test commands::status::tests::test_count_arf_files_missing_dirs ... ok
[INFO] [stdout] test commands::status::tests::test_status_info_serializes_to_json ... ok
[INFO] [stdout] test error::tests::test_arf_error_display ... ok
[INFO] [stdout] test error::tests::test_context ... ok
[INFO] [stdout] test git::scoring::tests::test_score_category_from_score ... ok
[INFO] [stdout] test error::tests::test_error_source_chain ... ok
[INFO] [stdout] test error::tests::test_git_error_display ... ok
[INFO] [stdout] test error::tests::test_is_retryable ... ok
[INFO] [stdout] test error::tests::test_llm_error_display ... ok
[INFO] [stdout] test error::tests::test_manifest_error_display ... ok
[INFO] [stdout] test commands::status::tests::test_count_arf_files_empty ... ok
[INFO] [stdout] test error::tests::test_io_error_conversion ... ok
[INFO] [stdout] test error::tests::test_is_fatal ... ok
[INFO] [stdout] test git::scoring::tests::test_default_config ... ok
[INFO] [stdout] test commands::status::tests::test_count_arf_files_with_entries ... ok
[INFO] [stdout] test learn::prompts::tests::test_commit_analysis_prompt_multiple_commits ... ok
[INFO] [stdout] test learn::prompts::tests::test_commit_analysis_prompt_contains_format_instructions ... ok
[INFO] [stdout] test learn::prompts::tests::test_file_analysis_prompt_contains_format_instructions ... ok
[INFO] [stdout] test learn::prompts::tests::test_file_analysis_prompt_includes_content ... ok
[INFO] [stdout] test commands::init::tests::test_init_creates_directory_structure ... FAILED
[INFO] [stdout] test learn::prompts::tests::test_file_analysis_prompt_truncates_long_files ... ok
[INFO] [stdout] test learn::prompts::tests::test_pattern_reanalysis_prompt_includes_patterns_and_files ... ok
[INFO] [stdout] test learn::scanner::tests::test_is_binary ... ok
[INFO] [stdout] test learn::prompts::tests::test_file_analysis_prompt_limits_file_count ... ok
[INFO] [stdout] test learn::writer::tests::test_category_dirname ... ok
[INFO] [stdout] test learn::writer::tests::test_slugify_basic ... ok
[INFO] [stdout] test learn::writer::tests::test_slugify_collapses_hyphens ... ok
[INFO] [stdout] test learn::writer::tests::test_slugify_long_text ... ok
[INFO] [stdout] test learn::writer::tests::test_slugify_special_chars ... ok
[INFO] [stdout] test learn::writer::tests::test_write_categorizes_correctly ... ok
[INFO] [stdout] test learn::writer::tests::test_write_new_arf ... ok
[INFO] [stdout] test learn::writer::tests::test_write_skips_identical ... ok
[INFO] [stdout] test commands::init::tests::test_init_updates_existing_gitignore ... FAILED
[INFO] [stdout] test llm::claude::tests::test_config_defaults ... ok
[INFO] [stdout] test llm::claude::tests::test_deserialize_claude_response ... ok
[INFO] [stdout] test llm::claude::tests::test_extract_retry_after ... ok
[INFO] [stdout] test llm::claude::tests::test_parse_auth_error ... ok
[INFO] [stdout] test llm::claude::tests::test_parse_rate_limit_error ... ok
[INFO] [stdout] test llm::claude::tests::test_parse_unavailable_error ... ok
[INFO] [stdout] test llm::claude::tests::test_should_retry ... ok
[INFO] [stdout] test llm::codex::tests::test_config_defaults ... ok
[INFO] [stdout] test llm::codex::tests::test_deserialize_codex_response ... ok
[INFO] [stdout] test llm::gemini::tests::test_config_defaults ... ok
[INFO] [stdout] test llm::parallel::tests::test_all_fail ... ok
[INFO] [stdout] test llm::parallel::tests::test_all_succeed ... ok
[INFO] [stdout] test llm::parallel::tests::test_no_providers ... ok
[INFO] [stdout] test llm::parallel::tests::test_parallel_result_responses_map ... ok
[INFO] [stdout] test llm::parallel::tests::test_partial_failure ... ok
[INFO] [stdout] test llm::parallel::tests::test_single_provider ... ok
[INFO] [stdout] test manifest::tests::test_calculate_file_hash ... ok
[INFO] [stdout] test manifest::tests::test_commit_tracking ... ok
[INFO] [stdout] test manifest::tests::test_is_file_changed ... ok
[INFO] [stdout] test manifest::tests::test_link_pattern_to_file ... ok
[INFO] [stdout] test manifest::tests::test_load_nonexistent_manifest ... ok
[INFO] [stdout] test manifest::tests::test_manifest_serialization_roundtrip ... ok
[INFO] [stdout] test manifest::tests::test_manifest_stats ... ok
[INFO] [stdout] test manifest::tests::test_pattern_invalidation ... ok
[INFO] [stdout] test manifest::tests::test_save_and_load_manifest ... ok
[INFO] [stdout] test learn::writer::tests::test_write_updates_changed ... ok
[INFO] [stdout] test query::tests::test_basic_search ... ok
[INFO] [stdout] test query::tests::test_case_insensitive ... ok
[INFO] [stdout] test query::tests::test_empty_noggin_dir ... ok
[INFO] [stdout] test query::tests::test_json_serialization ... ok
[INFO] [stdout] test query::tests::test_category_filter ... ok
[INFO] [stdout] test query::tests::test_matched_fields_tracking ... ok
[INFO] [stdout] test query::tests::test_max_results ... ok
[INFO] [stdout] test query::tests::test_no_matches ... ok
[INFO] [stdout] test query::tests::test_score_ranking ... ok
[INFO] [stdout] test synthesis::conflict::tests::test_conflict_kind_variants ... ok
[INFO] [stdout] test synthesis::conflict::tests::test_detect_conflicts_empty ... ok
[INFO] [stdout] test query::tests::test_skips_non_arf_files ... ok
[INFO] [stdout] test synthesis::conflict::tests::test_detect_conflicts_filters_unresolved ... ok
[INFO] [stdout] test synthesis::merger::tests::test_group_by_category ... ok
[INFO] [stdout] test synthesis::merger::tests::test_group_by_similarity_all_different ... ok
[INFO] [stdout] test synthesis::merger::tests::test_group_by_similarity_clusters_similar ... ok
[INFO] [stdout] test synthesis::merger::tests::test_infer_category_bug ... ok
[INFO] [stdout] test synthesis::merger::tests::test_infer_category_fact ... ok
[INFO] [stdout] test synthesis::merger::tests::test_infer_category_decision ... ok
[INFO] [stdout] test synthesis::merger::tests::test_infer_category_migration ... ok
[INFO] [stdout] test synthesis::merger::tests::test_merge_context_unions_files ... ok
[INFO] [stdout] test synthesis::merger::tests::test_merge_how_collects_unique_steps ... ok
[INFO] [stdout] test synthesis::merger::tests::test_merge_single_item_cluster ... ok
[INFO] [stdout] test synthesis::merger::tests::test_merge_what_majority_wins ... ok
[INFO] [stdout] test synthesis::merger::tests::test_merge_why_collects_unique_sentences ... ok
[INFO] [stdout] test synthesis::tests::test_normalize_trims_and_sorts ... ok
[INFO] [stdout] test synthesis::tests::test_parse_dash_separated ... ok
[INFO] [stdout] test synthesis::tests::test_parse_empty_response ... ok
[INFO] [stdout] test synthesis::tests::test_parse_invalid_toml ... ok
[INFO] [stdout] test synthesis::tests::test_parse_single_toml_block ... ok
[INFO] [stdout] test synthesis::tests::test_parse_toml_array ... ok
[INFO] [stdout] test synthesis::tests::test_synthesize_empty_input ... ok
[INFO] [stdout] test synthesis::tests::test_synthesize_single_model ... ok
[INFO] [stdout] test synthesis::vote::tests::test_apply_resolution_outcome ... ok
[INFO] [stdout] test synthesis::vote::tests::test_model_weights ... ok
[INFO] [stdout] test synthesis::vote::tests::test_resolve_all_applies_resolutions ... ok
[INFO] [stdout] test synthesis::vote::tests::test_resolve_case_insensitive ... ok
[INFO] [stdout] test synthesis::vote::tests::test_resolve_highest_weight ... ok
[INFO] [stdout] test synthesis::vote::tests::test_resolve_empty_values ... ok
[INFO] [stdout] test synthesis::vote::tests::test_resolve_majority_vote ... ok
[INFO] [stdout] test git::walker::tests::test_empty_repository ... ok
[INFO] [stdout] test learn::scanner::tests::test_scan_skips_git_directory ... ok
[INFO] [stdout] test learn::scanner::tests::test_scan_skips_binary_files ... ok
[INFO] [stdout] test learn::scanner::tests::test_scan_full_mode_includes_all ... ok
[INFO] [stdout] test learn::scanner::tests::test_scan_detects_changed_files ... ok
[INFO] [stdout] test learn::scanner::tests::test_scan_skips_unchanged_files ... ok
[INFO] [stdout] test learn::scanner::tests::test_scan_detects_deleted_files ... ok
[INFO] [stdout] test learn::scanner::tests::test_scan_finds_new_files ... ok
[INFO] [stdout] test learn::scanner::tests::test_scan_skips_gitignored_files ... ok
[INFO] [stdout] test git::walker::tests::test_commit_metadata_extraction ... ok
[INFO] [stdout] test git::walker::tests::test_diff_statistics ... FAILED
[INFO] [stdout] test git::walker::tests::test_incremental_walk ... FAILED
[INFO] [stdout] test git::walker::tests::test_pagination ... ok
[INFO] [stdout] test git::walker::tests::test_walk_commits_chronological_order ... ok
[INFO] [stdout] 
[INFO] [stdout] failures:
[INFO] [stdout] 
[INFO] [stdout] ---- commands::init::tests::test_init_creates_directory_structure stdout ----
[INFO] [stdout] Created .noggin/ directory
[INFO] [stdout]   Created .noggin/decisions/
[INFO] [stdout]   Created .noggin/migrations/
[INFO] [stdout]   Created .noggin/bugs/
[INFO] [stdout] init_command failed: Failed to create patterns directory
[INFO] [stdout] 
[INFO] [stdout] thread 'commands::init::tests::test_init_creates_directory_structure' (3634) panicked at src/commands/init.rs:88:9:
[INFO] [stdout] assertion failed: result.is_ok()
[INFO] [stdout] stack backtrace:
[INFO] [stdout]    0:     0x58b3152bd851 - <<std[70759c8f55707aa4]::sys::backtrace::BacktraceLock>::print::DisplayBacktrace as core[df12db4294e9bfd3]::fmt::Display>::fmt
[INFO] [stdout]    1:     0x58b3152d615a - core[df12db4294e9bfd3]::fmt::write
[INFO] [stdout]    2:     0x58b3152c267c - <alloc[2182bb758b4b3781]::vec::Vec<u8> as core[df12db4294e9bfd3]::io::write::Write>::write_fmt
[INFO] [stdout]    3:     0x58b3152963c6 - std[70759c8f55707aa4]::panicking::default_hook::{closure#0}
[INFO] [stdout]    4:     0x58b3152b4389 - std[70759c8f55707aa4]::panicking::default_hook
[INFO] [stdout]    5:     0x58b3150ca620 - test[9d35eded1c95d3be]::test_main_inner::<test[9d35eded1c95d3be]::test_main_static::{closure#0}>::{closure#0}
[INFO] [stdout]    6:     0x58b3152b46b2 - std[70759c8f55707aa4]::panicking::panic_with_hook
[INFO] [stdout]    7:     0x58b3152964a4 - std[70759c8f55707aa4]::panicking::panic_handler::{closure#0}
[INFO] [stdout]    8:     0x58b31528e699 - std[70759c8f55707aa4]::sys::backtrace::__rust_end_short_backtrace::<std[70759c8f55707aa4]::panicking::panic_handler::{closure#0}, !>
[INFO] [stdout]    9:     0x58b31529730d - __rustc[8fa7c3cbc660c2b3]::rust_begin_unwind
[INFO] [stdout]   10:     0x58b3152d693c - core[df12db4294e9bfd3]::panicking::panic_fmt
[INFO] [stdout]   11:     0x58b3152d6902 - core[df12db4294e9bfd3]::panicking::panic
[INFO] [stdout]   12:     0x58b315061588 - llm_noggin[a4fe7814f2bb7ca4]::commands::init::tests::test_init_creates_directory_structure
[INFO] [stdout]   13:     0x58b315010329 - <llm_noggin[a4fe7814f2bb7ca4]::commands::init::tests::test_init_creates_directory_structure::{closure#0} as core[df12db4294e9bfd3]::ops::function::FnOnce<()>>::call_once
[INFO] [stdout]   14:     0x58b3150bd90b - test[9d35eded1c95d3be]::__rust_begin_short_backtrace::<core[df12db4294e9bfd3]::result::Result<(), alloc[2182bb758b4b3781]::string::String>, fn() -> core[df12db4294e9bfd3]::result::Result<(), alloc[2182bb758b4b3781]::string::String>>
[INFO] [stdout]   15:     0x58b3150caf75 - test[9d35eded1c95d3be]::run_test::{closure#0}
[INFO] [stdout]   16:     0x58b3150c4834 - std[70759c8f55707aa4]::sys::backtrace::__rust_begin_short_backtrace::<test[9d35eded1c95d3be]::run_test::{closure#1}, ()>
[INFO] [stdout]   17:     0x58b3150ce0d2 - <std[70759c8f55707aa4]::thread::lifecycle::spawn_unchecked<test[9d35eded1c95d3be]::run_test::{closure#1}, ()>::{closure#1} as core[df12db4294e9bfd3]::ops::function::FnOnce<()>>::call_once::{shim:vtable#0}
[INFO] [stdout]   18:     0x58b3152bc869 - <std[70759c8f55707aa4]::sys::thread::unix::Thread>::new::thread_start
[INFO] [stdout]   19:     0x712c4f496dfa - <unknown>
[INFO] [stdout]   20:     0x712c4f52a3d4 - clone
[INFO] [stdout]   21:                0x0 - <unknown>
[INFO] [stdout] 
[INFO] [stdout] ---- commands::init::tests::test_init_updates_existing_gitignore stdout ----
[INFO] [stdout] Created .noggin/ directory
[INFO] [stdout]   Created .noggin/decisions/
[INFO] [stdout]   Created .noggin/migrations/
[INFO] [stdout]   Created .noggin/bugs/
[INFO] [stdout]   Created .noggin/patterns/
[INFO] [stdout]   Created .noggin/facts/
[INFO] [stdout]   Created .noggin/manifest.toml
[INFO] [stdout]   Added .noggin/ to .gitignore
[INFO] [stdout] 
[INFO] [stdout] ✓ Noggin initialized successfully!
[INFO] [stdout] Run 'noggin learn' to start analyzing your codebase.
[INFO] [stdout] 
[INFO] [stdout] thread 'commands::init::tests::test_init_updates_existing_gitignore' (3636) panicked at src/commands/init.rs:146:49:
[INFO] [stdout] called `Result::unwrap()` on an `Err` value: Os { code: 2, kind: NotFound, message: "No such file or directory" }
[INFO] [stdout] stack backtrace:
[INFO] [stdout]    0:     0x58b3152bd851 - <<std[70759c8f55707aa4]::sys::backtrace::BacktraceLock>::print::DisplayBacktrace as core[df12db4294e9bfd3]::fmt::Display>::fmt
[INFO] [stdout]    1:     0x58b3152d615a - core[df12db4294e9bfd3]::fmt::write
[INFO] [stdout]    2:     0x58b3152c267c - <alloc[2182bb758b4b3781]::vec::Vec<u8> as core[df12db4294e9bfd3]::io::write::Write>::write_fmt
[INFO] [stdout]    3:     0x58b3152963c6 - std[70759c8f55707aa4]::panicking::default_hook::{closure#0}
[INFO] [stdout]    4:     0x58b3152b4389 - std[70759c8f55707aa4]::panicking::default_hook
[INFO] [stdout]    5:     0x58b3150ca620 - test[9d35eded1c95d3be]::test_main_inner::<test[9d35eded1c95d3be]::test_main_static::{closure#0}>::{closure#0}
[INFO] [stdout]    6:     0x58b3152b46b2 - std[70759c8f55707aa4]::panicking::panic_with_hook
[INFO] [stdout]    7:     0x58b315296472 - std[70759c8f55707aa4]::panicking::panic_handler::{closure#0}
[INFO] [stdout]    8:     0x58b31528e699 - std[70759c8f55707aa4]::sys::backtrace::__rust_end_short_backtrace::<std[70759c8f55707aa4]::panicking::panic_handler::{closure#0}, !>
[INFO] [stdout]    9:     0x58b31529730d - __rustc[8fa7c3cbc660c2b3]::rust_begin_unwind
[INFO] [stdout]   10:     0x58b3152d693c - core[df12db4294e9bfd3]::panicking::panic_fmt
[INFO] [stdout]   11:     0x58b3152d6712 - core[df12db4294e9bfd3]::result::unwrap_failed
[INFO] [stdout]   12:     0x58b315060d7e - llm_noggin[a4fe7814f2bb7ca4]::commands::init::tests::test_init_updates_existing_gitignore
[INFO] [stdout]   13:     0x58b315010309 - <llm_noggin[a4fe7814f2bb7ca4]::commands::init::tests::test_init_updates_existing_gitignore::{closure#0} as core[df12db4294e9bfd3]::ops::function::FnOnce<()>>::call_once
[INFO] [stdout]   14:     0x58b3150bd90b - test[9d35eded1c95d3be]::__rust_begin_short_backtrace::<core[df12db4294e9bfd3]::result::Result<(), alloc[2182bb758b4b3781]::string::String>, fn() -> core[df12db4294e9bfd3]::result::Result<(), alloc[2182bb758b4b3781]::string::String>>
[INFO] [stdout]   15:     0x58b3150caf75 - test[9d35eded1c95d3be]::run_test::{closure#0}
[INFO] [stdout]   16:     0x58b3150c4834 - std[70759c8f55707aa4]::sys::backtrace::__rust_begin_short_backtrace::<test[9d35eded1c95d3be]::run_test::{closure#1}, ()>
[INFO] [stdout]   17:     0x58b3150ce0d2 - <std[70759c8f55707aa4]::thread::lifecycle::spawn_unchecked<test[9d35eded1c95d3be]::run_test::{closure#1}, ()>::{closure#1} as core[df12db4294e9bfd3]::ops::function::FnOnce<()>>::call_once::{shim:vtable#0}
[INFO] [stdout]   18:     0x58b3152bc869 - <std[70759c8f55707aa4]::sys::thread::unix::Thread>::new::thread_start
[INFO] [stdout]   19:     0x712c4f496dfa - <unknown>
[INFO] [stdout]   20:     0x712c4f52a3d4 - clone
[INFO] [stdout]   21:                0x0 - <unknown>
[INFO] [stdout] 
[INFO] [stdout] ---- git::walker::tests::test_diff_statistics stdout ----
[INFO] [stdout] 
[INFO] [stdout] thread 'git::walker::tests::test_diff_statistics' (3660) panicked at src/git/walker.rs:346:9:
[INFO] [stdout] assertion `left == right` failed
[INFO] [stdout]   left: 3
[INFO] [stdout]  right: 2
[INFO] [stdout] stack backtrace:
[INFO] [stdout]    0:     0x58b3152bd851 - <<std[70759c8f55707aa4]::sys::backtrace::BacktraceLock>::print::DisplayBacktrace as core[df12db4294e9bfd3]::fmt::Display>::fmt
[INFO] [stdout]    1:     0x58b3152d615a - core[df12db4294e9bfd3]::fmt::write
[INFO] [stdout]    2:     0x58b3152c267c - <alloc[2182bb758b4b3781]::vec::Vec<u8> as core[df12db4294e9bfd3]::io::write::Write>::write_fmt
[INFO] [stdout]    3:     0x58b3152963c6 - std[70759c8f55707aa4]::panicking::default_hook::{closure#0}
[INFO] [stdout]    4:     0x58b3152b4389 - std[70759c8f55707aa4]::panicking::default_hook
[INFO] [stdout]    5:     0x58b3150ca620 - test[9d35eded1c95d3be]::test_main_inner::<test[9d35eded1c95d3be]::test_main_static::{closure#0}>::{closure#0}
[INFO] [stdout]    6:     0x58b3152b46b2 - std[70759c8f55707aa4]::panicking::panic_with_hook
[INFO] [stdout]    7:     0x58b315296472 - std[70759c8f55707aa4]::panicking::panic_handler::{closure#0}
[INFO] [stdout]    8:     0x58b31528e699 - std[70759c8f55707aa4]::sys::backtrace::__rust_end_short_backtrace::<std[70759c8f55707aa4]::panicking::panic_handler::{closure#0}, !>
[INFO] [stdout]    9:     0x58b31529730d - __rustc[8fa7c3cbc660c2b3]::rust_begin_unwind
[INFO] [stdout]   10:     0x58b3152d693c - core[df12db4294e9bfd3]::panicking::panic_fmt
[INFO] [stdout]   11:     0x58b3152d6853 - core[df12db4294e9bfd3]::panicking::assert_failed_inner
[INFO] [stdout]   12:     0x58b31528deaa - core[df12db4294e9bfd3]::panicking::assert_failed::<u32, u32>
[INFO] [stdout]   13:     0x58b315030450 - llm_noggin[a4fe7814f2bb7ca4]::git::walker::tests::test_diff_statistics
[INFO] [stdout]   14:     0x58b31500f26f - <llm_noggin[a4fe7814f2bb7ca4]::git::walker::tests::test_diff_statistics::{closure#0} as core[df12db4294e9bfd3]::ops::function::FnOnce<()>>::call_once
[INFO] [stdout]   15:     0x58b3150bd90b - test[9d35eded1c95d3be]::__rust_begin_short_backtrace::<core[df12db4294e9bfd3]::result::Result<(), alloc[2182bb758b4b3781]::string::String>, fn() -> core[df12db4294e9bfd3]::result::Result<(), alloc[2182bb758b4b3781]::string::String>>
[INFO] [stdout]   16:     0x58b3150caf75 - test[9d35eded1c95d3be]::run_test::{closure#0}
[INFO] [stdout]   17:     0x58b3150c4834 - std[70759c8f55707aa4]::sys::backtrace::__rust_begin_short_backtrace::<test[9d35eded1c95d3be]::run_test::{closure#1}, ()>
[INFO] [stdout]   18:     0x58b3150ce0d2 - <std[70759c8f55707aa4]::thread::lifecycle::spawn_unchecked<test[9d35eded1c95d3be]::run_test::{closure#1}, ()>::{closure#1} as core[df12db4294e9bfd3]::ops::function::FnOnce<()>>::call_once::{shim:vtable#0}
[INFO] [stdout]   19:     0x58b3152bc869 - <std[70759c8f55707aa4]::sys::thread::unix::Thread>::new::thread_start
[INFO] [stdout]   20:     0x712c4f496dfa - <unknown>
[INFO] [stdout]   21:     0x712c4f52a3d4 - clone
[INFO] [stdout]   22:                0x0 - <unknown>
[INFO] [stdout] 
[INFO] [stdout] ---- git::walker::tests::test_incremental_walk stdout ----
[INFO] [stdout] 
[INFO] [stdout] thread 'git::walker::tests::test_incremental_walk' (3662) panicked at src/git/walker.rs:369:9:
[INFO] [stdout] assertion `left == right` failed
[INFO] [stdout]   left: 1
[INFO] [stdout]  right: 2
[INFO] [stdout] stack backtrace:
[INFO] [stdout]    0:     0x58b3152bd851 - <<std[70759c8f55707aa4]::sys::backtrace::BacktraceLock>::print::DisplayBacktrace as core[df12db4294e9bfd3]::fmt::Display>::fmt
[INFO] [stdout]    1:     0x58b3152d615a - core[df12db4294e9bfd3]::fmt::write
[INFO] [stdout]    2:     0x58b3152c267c - <alloc[2182bb758b4b3781]::vec::Vec<u8> as core[df12db4294e9bfd3]::io::write::Write>::write_fmt
[INFO] [stdout]    3:     0x58b3152963c6 - std[70759c8f55707aa4]::panicking::default_hook::{closure#0}
[INFO] [stdout]    4:     0x58b3152b4389 - std[70759c8f55707aa4]::panicking::default_hook
[INFO] [stdout]    5:     0x58b3150ca620 - test[9d35eded1c95d3be]::test_main_inner::<test[9d35eded1c95d3be]::test_main_static::{closure#0}>::{closure#0}
[INFO] [stdout]    6:     0x58b3152b46b2 - std[70759c8f55707aa4]::panicking::panic_with_hook
[INFO] [stdout]    7:     0x58b315296472 - std[70759c8f55707aa4]::panicking::panic_handler::{closure#0}
[INFO] [stdout]    8:     0x58b31528e699 - std[70759c8f55707aa4]::sys::backtrace::__rust_end_short_backtrace::<std[70759c8f55707aa4]::panicking::panic_handler::{closure#0}, !>
[INFO] [stdout]    9:     0x58b31529730d - __rustc[8fa7c3cbc660c2b3]::rust_begin_unwind
[INFO] [stdout]   10:     0x58b3152d693c - core[df12db4294e9bfd3]::panicking::panic_fmt
[INFO] [stdout]   11:     0x58b3152d6853 - core[df12db4294e9bfd3]::panicking::assert_failed_inner
[INFO] [stdout]   12:     0x58b3152d0a7d - core[df12db4294e9bfd3]::panicking::assert_failed::<usize, usize>
[INFO] [stdout]   13:     0x58b315030b52 - llm_noggin[a4fe7814f2bb7ca4]::git::walker::tests::test_incremental_walk
[INFO] [stdout]   14:     0x58b31500f3cf - <llm_noggin[a4fe7814f2bb7ca4]::git::walker::tests::test_incremental_walk::{closure#0} as core[df12db4294e9bfd3]::ops::function::FnOnce<()>>::call_once
[INFO] [stdout]   15:     0x58b3150bd90b - test[9d35eded1c95d3be]::__rust_begin_short_backtrace::<core[df12db4294e9bfd3]::result::Result<(), alloc[2182bb758b4b3781]::string::String>, fn() -> core[df12db4294e9bfd3]::result::Result<(), alloc[2182bb758b4b3781]::string::String>>
[INFO] [stdout]   16:     0x58b3150caf75 - test[9d35eded1c95d3be]::run_test::{closure#0}
[INFO] [stdout]   17:     0x58b3150c4834 - std[70759c8f55707aa4]::sys::backtrace::__rust_begin_short_backtrace::<test[9d35eded1c95d3be]::run_test::{closure#1}, ()>
[INFO] [stdout]   18:     0x58b3150ce0d2 - <std[70759c8f55707aa4]::thread::lifecycle::spawn_unchecked<test[9d35eded1c95d3be]::run_test::{closure#1}, ()>::{closure#1} as core[df12db4294e9bfd3]::ops::function::FnOnce<()>>::call_once::{shim:vtable#0}
[INFO] [stdout]   19:     0x58b3152bc869 - <std[70759c8f55707aa4]::sys::thread::unix::Thread>::new::thread_start
[INFO] [stdout]   20:     0x712c4f496dfa - <unknown>
[INFO] [stdout]   21:     0x712c4f52a3d4 - clone
[INFO] [stdout]   22:                0x0 - <unknown>
[INFO] [stdout] 
[INFO] [stdout] 
[INFO] [stdout] failures:
[INFO] [stdout]     commands::init::tests::test_init_creates_directory_structure
[INFO] [stdout]     commands::init::tests::test_init_updates_existing_gitignore
[INFO] [stdout]     git::walker::tests::test_diff_statistics
[INFO] [stdout]     git::walker::tests::test_incremental_walk
[INFO] [stdout] 
[INFO] [stdout] test result: FAILED. 128 passed; 4 failed; 0 ignored; 0 measured; 0 filtered out; finished in 1.85s
[INFO] [stdout] 
[INFO] [stderr] error: test failed, to rerun pass `--lib`
[INFO] running `Command { std: "docker" "inspect" "574b9723f3eea8e0fe6c3cd9c7a83c7f77cad8046e91ff4dda2a0bc4c3c41e82", kill_on_drop: false }`
[INFO] running `Command { std: "docker" "rm" "-f" "574b9723f3eea8e0fe6c3cd9c7a83c7f77cad8046e91ff4dda2a0bc4c3c41e82", kill_on_drop: false }`
[INFO] [stdout] 574b9723f3eea8e0fe6c3cd9c7a83c7f77cad8046e91ff4dda2a0bc4c3c41e82
