[INFO] fetching crate llm-guard 0.2.0...
[INFO] testing llm-guard-0.2.0 against 1.99.0-beta.8+cargoflags=--release for beta-release-1.100-2
[INFO] extracting crate llm-guard 0.2.0 into /workspace/builds/worker-3-tc1/source
[INFO] started tweaking crates.io crate llm-guard 0.2.0
[INFO] removed 0 missing examples
[INFO] removed 0 missing tests
[INFO] finished tweaking crates.io crate llm-guard 0.2.0
[INFO] tweaked toml for crates.io crate llm-guard 0.2.0 written to /workspace/builds/worker-3-tc1/source/Cargo.toml
[INFO] validating manifest of crates.io crate llm-guard 0.2.0 on toolchain 1.99.0-beta.8
[INFO] running `Command { std: CARGO_HOME="/workspace/cargo-home" RUSTUP_HOME="/workspace/rustup-home" "/workspace/cargo-home/bin/cargo" "+1.99.0-beta.8" "metadata" "--manifest-path" "Cargo.toml" "--no-deps", kill_on_drop: false }`
[INFO] crate crates.io crate llm-guard 0.2.0 already has a lockfile, it will not be regenerated
[INFO] running `Command { std: CARGO_HOME="/workspace/cargo-home" RUSTUP_HOME="/workspace/rustup-home" "/workspace/cargo-home/bin/cargo" "+1.99.0-beta.8" "fetch" "--manifest-path" "Cargo.toml", kill_on_drop: false }`
[INFO] [stderr]     Updating crates.io index
[INFO] [stderr]  Downloading crates ...
[INFO] [stderr]   Downloaded unicode-security v0.1.2
[INFO] running `Command { std: "docker" "create" "-v" "/var/lib/crater-agent-workspace/builds/worker-3-tc1/source:/opt/rustwide/workdir:ro,Z" "-v" "/var/lib/crater-agent-workspace/builds/worker-3-tc1/target:/opt/rustwide/target:rw,Z" "-v" "/var/lib/crater-agent-workspace/cargo-home:/opt/rustwide/cargo-home:ro,Z" "-v" "/var/lib/crater-agent-workspace/rustup-home:/opt/rustwide/rustup-home:ro,Z" "-m" "1610612736" "--network" "none" "ghcr.io/rust-lang/crates-build-env/linux@sha256:77db811e55d90add9212f6832c23229e3de5f1c1f9905e8cb07319ea15df73ac" "sleep" "infinity", kill_on_drop: false }`
[INFO] [stdout] 4838e2722d73563a08ce634c993672a92050f68035417729c5c084acff37d694
[INFO] running `Command { std: "docker" "start" "4838e2722d73563a08ce634c993672a92050f68035417729c5c084acff37d694", kill_on_drop: false }`
[INFO] running `Command { std: "docker" "inspect" "4838e2722d73563a08ce634c993672a92050f68035417729c5c084acff37d694", kill_on_drop: false }`
[INFO] running `Command { std: "docker" "exec" "-e" "SOURCE_DIR=/opt/rustwide/workdir" "-e" "CARGO_HOME=/opt/rustwide/cargo-home" "-e" "RUSTUP_HOME=/opt/rustwide/rustup-home" "-e" "CARGO_TARGET_DIR=/opt/rustwide/target" "-w" "/opt/rustwide/workdir" "--user" "0:0" "4838e2722d73563a08ce634c993672a92050f68035417729c5c084acff37d694" "/opt/rustwide/cargo-home/bin/cargo" "+1.99.0-beta.8" "metadata" "--no-deps" "--format-version=1", kill_on_drop: false }`
[INFO] running `Command { std: "docker" "inspect" "4838e2722d73563a08ce634c993672a92050f68035417729c5c084acff37d694", kill_on_drop: false }`
[INFO] running `Command { std: "docker" "exec" "-e" "SOURCE_DIR=/opt/rustwide/workdir" "-e" "CARGO_HOME=/opt/rustwide/cargo-home" "-e" "RUSTUP_HOME=/opt/rustwide/rustup-home" "-e" "CARGO_TARGET_DIR=/opt/rustwide/target" "-e" "CARGO_INCREMENTAL=0" "-e" "RUST_BACKTRACE=full" "-e" "RUSTFLAGS=--cap-lints=warn" "-e" "RUSTDOCFLAGS=--cap-lints=warn" "-w" "/opt/rustwide/workdir" "--user" "0:0" "4838e2722d73563a08ce634c993672a92050f68035417729c5c084acff37d694" "/opt/rustwide/cargo-home/bin/cargo" "+1.99.0-beta.8" "build" "--frozen" "--message-format=json" "--release", kill_on_drop: false }`
[INFO] [stderr]    Compiling memchr v2.8.0
[INFO] [stderr]    Compiling regex-syntax v0.8.10
[INFO] [stderr]    Compiling unicode-normalization v0.1.25
[INFO] [stderr]    Compiling unicode-script v0.5.8
[INFO] [stderr]    Compiling unicode-security v0.1.2
[INFO] [stderr]    Compiling aho-corasick v1.1.4
[INFO] [stderr]    Compiling regex-automata v0.4.14
[INFO] [stderr]    Compiling regex v1.12.3
[INFO] [stderr]    Compiling llm-guard v0.2.0 (/opt/rustwide/workdir)
[INFO] [stderr]     Finished `release` profile [optimized] target(s) in 35.91s
[INFO] running `Command { std: "docker" "inspect" "4838e2722d73563a08ce634c993672a92050f68035417729c5c084acff37d694", kill_on_drop: false }`
[INFO] running `Command { std: "docker" "exec" "-e" "SOURCE_DIR=/opt/rustwide/workdir" "-e" "CARGO_HOME=/opt/rustwide/cargo-home" "-e" "RUSTUP_HOME=/opt/rustwide/rustup-home" "-e" "CARGO_TARGET_DIR=/opt/rustwide/target" "-e" "CARGO_INCREMENTAL=0" "-e" "RUST_BACKTRACE=full" "-e" "RUSTFLAGS=--cap-lints=warn" "-e" "RUSTDOCFLAGS=--cap-lints=warn" "-w" "/opt/rustwide/workdir" "--user" "0:0" "4838e2722d73563a08ce634c993672a92050f68035417729c5c084acff37d694" "/opt/rustwide/cargo-home/bin/cargo" "+1.99.0-beta.8" "test" "--frozen" "--no-run" "--message-format=json" "--release", kill_on_drop: false }`
[INFO] [stderr]    Compiling llm-guard v0.2.0 (/opt/rustwide/workdir)
[INFO] [stderr]     Finished `release` profile [optimized] target(s) in 6.60s
[INFO] running `Command { std: "docker" "inspect" "4838e2722d73563a08ce634c993672a92050f68035417729c5c084acff37d694", kill_on_drop: false }`
[INFO] running `Command { std: "docker" "exec" "-e" "SOURCE_DIR=/opt/rustwide/workdir" "-e" "CARGO_HOME=/opt/rustwide/cargo-home" "-e" "RUSTUP_HOME=/opt/rustwide/rustup-home" "-e" "CARGO_TARGET_DIR=/opt/rustwide/target" "-e" "CARGO_INCREMENTAL=0" "-e" "RUST_BACKTRACE=full" "-e" "RUSTFLAGS=--cap-lints=warn" "-e" "RUSTDOCFLAGS=--cap-lints=warn" "-w" "/opt/rustwide/workdir" "--user" "0:0" "4838e2722d73563a08ce634c993672a92050f68035417729c5c084acff37d694" "/opt/rustwide/cargo-home/bin/cargo" "+1.99.0-beta.8" "test" "--frozen" "--release", kill_on_drop: false }`
[INFO] [stderr]     Finished `release` profile [optimized] target(s) in 0.04s
[INFO] [stderr]      Running unittests src/lib.rs (/opt/rustwide/target/release/deps/llm_guard-0d7474e857872c6f)
[INFO] [stdout] 
[INFO] [stdout] running 126 tests
[INFO] [stdout] test sanitize::tests::whitespace_is_preserved ... ok
[INFO] [stdout] test sanitize::tests::clean_input_returns_borrowed ... ok
[INFO] [stdout] test scanners::ban_code::tests::case_insensitive_matches_uppercase_marker ... ok
[INFO] [stdout] test scanners::ban_code::tests::flags_html_script_tag ... ok
[INFO] [stdout] test sanitize::tests::does_not_corrupt_multibyte_at_strip_boundary ... ok
[INFO] [stdout] test sanitize::tests::preserves_unicode_outside_controls ... ok
[INFO] [stdout] test scanners::ban_code::tests::flags_markdown_fence ... ok
[INFO] [stdout] test scanners::ban_code::tests::prose_about_code_is_fine ... ok
[INFO] [stdout] test scanners::ban_substrings::tests::clean_input_returns_empty_result ... ok
[INFO] [stdout] test sanitize::tests::control_chars_replaced_with_space ... ok
[INFO] [stdout] test scanners::ban_code::tests::flags_python_def ... ok
[INFO] [stdout] test scanners::ban_substrings::tests::collects_all_matches ... ok
[INFO] [stdout] test scanners::ban_substrings::tests::finds_substring_case_insensitively ... ok
[INFO] [stdout] test scanners::ban_code::tests::flags_rust_main ... ok
[INFO] [stdout] test scanners::deobfuscate::tests::base64_unpadded_caught ... ok
[INFO] [stdout] test scanners::deobfuscate::tests::base64_garbage_silently_ignored ... ok
[INFO] [stdout] test scanners::deobfuscate::tests::base64_legitimate_blob_not_flagged ... ok
[INFO] [stdout] test scanners::deobfuscate::tests::base64_payload_caught ... ok
[INFO] [stdout] test scanners::deobfuscate::tests::base64_url_safe_alphabet_caught ... ok
[INFO] [stdout] test scanners::deobfuscate::tests::base64_url_safe_unpadded_caught ... ok
[INFO] [stdout] test scanners::deobfuscate::tests::leet_fold_does_not_transform_exclamation ... ok
[INFO] [stdout] test scanners::deobfuscate::tests::channel_can_be_disabled ... ok
[INFO] [stdout] test scanners::deobfuscate::tests::clean_input_no_flag_no_alloc_path ... ok
[INFO] [stdout] test scanners::deobfuscate::tests::confusables_trick_caught ... ok
[INFO] [stdout] test scanners::ban_substrings::tests::returns_borrowed_text_slice ... ok
[INFO] [stdout] test scanners::deobfuscate::tests::leet_trick_caught ... ok
[INFO] [stdout] test scanners::deobfuscate::tests::short_base64_skipped_by_shape_gate ... ok
[INFO] [stdout] test scanners::deobfuscate::tests::spacing_trick_caught ... ok
[INFO] [stdout] test scanners::deobfuscate::tests::span_for_decoded_base64_points_to_encoded_bytes ... ok
[INFO] [stdout] test scanners::invisible_text::tests::clean_input_no_flag ... ok
[INFO] [stdout] test scanners::deobfuscate::tests::decoded_flag_set_on_all_channel_hits ... ok
[INFO] [stdout] test scanners::invisible_text::tests::flags_bidi_override ... ok
[INFO] [stdout] test scanners::markdown_link_smuggle::tests::clean_text_no_flag ... ok
[INFO] [stdout] test scanners::markdown_link_smuggle::tests::matched_text_borrows_from_input ... ok
[INFO] [stdout] test scanners::markdown_link_smuggle::tests::nested_balanced_parens_handled ... ok
[INFO] [stdout] test scanners::markdown_link_smuggle::tests::non_domain_visible_text_not_flagged ... ok
[INFO] [stdout] test scanners::markdown_link_smuggle::tests::same_site_subdomain_not_flagged ... ok
[INFO] [stdout] test scanners::markdown_link_smuggle::tests::smuggle_flagged_block ... ok
[INFO] [stdout] test scanners::invisible_text::tests::reports_every_occurrence ... ok
[INFO] [stdout] test scanners::markdown_link_smuggle::tests::attacker_smuggle_with_inner_paren_is_caught ... ok
[INFO] [stdout] test scanners::markdown_link_smuggle::tests::back_to_back_links_both_processed ... ok
[INFO] [stdout] test scanners::invisible_text::tests::flags_zero_width_space ... ok
[INFO] [stdout] test scanners::markdown_link_smuggle::tests::matching_domains_not_flagged ... ok
[INFO] [stdout] test scanners::markdown_link_smuggle::tests::balanced_parens_in_url_do_not_truncate ... ok
[INFO] [stdout] test scanners::invisible_text::tests::span_lines_up_with_char ... ok
[INFO] [stdout] test scanners::markdown_link_smuggle::tests::unmatched_paren_in_url_skipped_safely ... ok
[INFO] [stdout] test scanners::markdown_link_smuggle::tests::whitespace_inside_url_aborts_candidate ... ok
[INFO] [stdout] test scanners::pii_patterns::tests::e164_phone_one_sided_paren_not_flagged_as_phone ... ok
[INFO] [stdout] test scanners::pii_patterns::tests::e164_phone_flagged ... ok
[INFO] [stdout] test scanners::pii_patterns::tests::email_flagged_warn ... ok
[INFO] [stdout] test scanners::pii_patterns::tests::e164_phone_matched_parens_flagged ... ok
[INFO] [stdout] test scanners::pii_patterns::tests::bare_10_digit_us_not_flagged ... ok
[INFO] [stdout] test scanners::pii_patterns::tests::iban_valid_flags_high ... ok
[INFO] [stdout] test scanners::pii_patterns::tests::clean_input_no_flag ... ok
[INFO] [stdout] test scanners::pii_patterns::tests::credit_card_luhn_valid_flags_high ... ok
[INFO] [stdout] test scanners::pii_patterns::tests::ipv4_flagged ... ok
[INFO] [stdout] test scanners::pii_patterns::tests::ipv4_out_of_range_not_flagged ... ok
[INFO] [stdout] test scanners::pii_patterns::tests::credit_card_luhn_invalid_dropped ... ok
[INFO] [stdout] test scanners::pii_patterns::tests::ssn_valid_shape_flagged ... ok
[INFO] [stdout] test scanners::pii_patterns::tests::ssn_in_blocked_range_not_flagged ... ok
[INFO] [stdout] test scanners::regex::tests::empty_pattern_list_passes_anything ... ok
[INFO] [stdout] test scanners::pii_patterns::tests::iban_invalid_checksum_dropped ... ok
[INFO] [stdout] test scanners::pii_patterns::tests::iban_known_vectors ... ok
[INFO] [stdout] test scanners::pii_patterns::tests::luhn_known_vectors ... ok
[INFO] [stdout] test scanners::repetition::tests::flags_long_a_flood ... ok
[INFO] [stdout] test scanners::repetition::tests::markdown_rule_not_flagged_at_default ... ok
[INFO] [stdout] test scanners::regex::tests::invalid_pattern_returns_err_at_construction ... ok
[INFO] [stdout] test scanners::regex::tests::reports_every_occurrence_across_patterns ... ok
[INFO] [stdout] test scanners::pii_patterns::tests::returns_borrowed_text_slice ... ok
[INFO] [stdout] test scanners::repetition::tests::clean_input_no_flag ... ok
[INFO] [stdout] test scanners::repetition::tests::matched_text_borrows_from_input ... ok
[INFO] [stdout] test scanners::repetition::tests::min_run_zero_disables_scanner ... ok
[INFO] [stdout] test scanners::role_override::tests::flags_bracket_marker_case_insensitive ... ok
[INFO] [stdout] test scanners::regex::tests::matches_caller_pattern ... ok
[INFO] [stdout] test scanners::repetition::tests::min_run_one_disables_scanner ... ok
[INFO] [stdout] test scanners::repetition::tests::unicode_run_counted_correctly ... ok
[INFO] [stdout] test scanners::repetition::tests::multiple_runs_all_reported ... ok
[INFO] [stdout] test scanners::repetition::tests::short_run_under_threshold_not_flagged ... ok
[INFO] [stdout] test scanners::role_override::tests::flags_hash_system_prefix ... ok
[INFO] [stdout] test scanners::role_override::tests::flags_sentinel_marker ... ok
[INFO] [stdout] test scanners::script_mix::tests::empty_input_passes ... ok
[INFO] [stdout] test scanners::role_override::tests::clean_text_passes ... ok
[INFO] [stdout] test scanners::script_mix::tests::lookalike_attack_flagged ... ok
[INFO] [stdout] test scanners::script_mix::tests::neutral_chars_dont_break_runs ... ok
[INFO] [stdout] test scanners::script_mix::tests::one_foreign_char_under_threshold_passes ... ok
[INFO] [stdout] test scanners::script_mix::tests::pure_cyrillic_input_passes ... ok
[INFO] [stdout] test scanners::script_mix::tests::matched_span_is_borrowed_from_input ... ok
[INFO] [stdout] test scanners::secrets::tests::clean_text_no_match ... ok
[INFO] [stdout] test scanners::secrets::tests::detects_github_pat ... ok
[INFO] [stdout] test scanners::secrets::tests::detects_openai_key ... ok
[INFO] [stdout] test scanners::pii_patterns::tests::e164_phone_one_sided_close_paren_does_not_consume_paren ... ok
[INFO] [stdout] test scanners::secrets::tests::detects_pem_header ... ok
[INFO] [stdout] test scanners::secrets::tests::ignores_plain_sk_word ... ok
[INFO] [stdout] test scanners::template_marker_shape::tests::allow_list_suppresses ... ok
[INFO] [stdout] test scanners::template_marker_shape::tests::bracket_inside_line_not_flagged ... ok
[INFO] [stdout] test scanners::script_mix::tests::pure_latin_passes ... ok
[INFO] [stdout] test scanners::secrets::tests::detects_aws_access_key ... ok
[INFO] [stdout] test scanners::template_marker_shape::tests::flags_angle_sentinel ... ok
[INFO] [stdout] test scanners::template_marker_shape::tests::flags_bracket_at_line_start ... ok
[INFO] [stdout] test scanners::template_marker_shape::tests::matched_text_borrows_from_input ... ok
[INFO] [stdout] test scanners::template_marker_shape::tests::allow_list_case_insensitive ... ok
[INFO] [stdout] test scanners::template_marker_shape::tests::flags_pipe_sentinel ... ok
[INFO] [stdout] test scanners::token_limit::tests::exactly_at_limit_passes ... ok
[INFO] [stdout] test scanners::template_marker_shape::tests::long_word_not_flagged ... ok
[INFO] [stdout] test scanners::template_marker_shape::tests::short_word_not_flagged ... ok
[INFO] [stdout] test scanners::token_limit::tests::under_limit_passes ... ok
[INFO] [stdout] test scanners::token_limit::tests::over_limit_flags_and_reports_overflow_slice ... ok
[INFO] [stdout] test scanners::token_limit::tests::counts_chars_not_bytes ... ok
[INFO] [stdout] test scanners::token_limit::tests::zero_limit_disables ... ok
[INFO] [stdout] test scanners::url_extract::tests::ascii_only_host_no_homograph_flag ... ok
[INFO] [stdout] test scanners::url_extract::tests::nested_balanced_parens_kept ... ok
[INFO] [stdout] test scanners::url_extract::tests::extracts_http_url ... ok
[INFO] [stdout] test scanners::url_extract::tests::trailing_comma_semicolon_question_mark_trimmed ... ok
[INFO] [stdout] test scanners::template_marker_shape::tests::flags_markdown_heading_role ... ok
[INFO] [stdout] test scanners::url_extract::tests::punycode_host_passes_homograph_check ... ok
[INFO] [stdout] test scanners::url_extract::tests::idn_homograph_flagged_block ... ok
[INFO] [stdout] test scanners::url_extract::tests::url_wrapped_in_parens_trims_outer ... ok
[INFO] [stdout] test scanners::url_extract::tests::trailing_punctuation_not_included ... ok
[INFO] [stdout] test scanners::url_extract::tests::no_url_no_flag ... ok
[INFO] [stdout] test scanners::url_extract::tests::url_text_borrows_from_input ... ok
[INFO] [stdout] test scanners::url_extract::tests::wikipedia_style_disambig_url_preserved ... ok
[INFO] [stdout] test wrap::tests::clean_has_boundaries_only ... ok
[INFO] [stdout] test wrap::tests::flagged_adds_warning_note ... ok
[INFO] [stdout] test scanners::url_extract::tests::url_wrapped_in_parens_and_period_trims_both ... ok
[INFO] [stdout] test scanners::url_extract::tests::url_with_inner_parens_in_wrapping_parens_keeps_inner_only ... ok
[INFO] [stdout] test wrap::tests::preserves_inner_text_verbatim ... ok
[INFO] [stdout] 
[INFO] [stdout] test result: ok. 126 passed; 0 failed; 0 ignored; 0 measured; 0 filtered out; finished in 0.03s
[INFO] [stdout] 
[INFO] [stderr]      Running tests/zero_alloc.rs (/opt/rustwide/target/release/deps/zero_alloc-b7c38445d6115d21)
[INFO] [stdout] 
[INFO] [stdout] running 13 tests
[INFO] [stdout] test markdown_link_smuggle_clean_bounded ... ok
[INFO] [stdout] test invisible_text_clean_strict_zero ... ok
[INFO] [stdout] test repetition_clean_strict_zero ... ok
[INFO] [stdout] test role_override_clean_strict_zero ... ok
[INFO] [stdout] test secrets_clean_bounded ... ok
[INFO] [stdout] test ban_substrings_clean_strict_zero ... ok
[INFO] [stdout] test deobfuscate_clean_strict_zero ... FAILED
[INFO] [stdout] test template_marker_shape_clean_bounded ... ok
[INFO] [stdout] test url_extract_clean_bounded ... ok
[INFO] [stdout] test pii_patterns_clean_bounded ... ok
[INFO] [stdout] test token_limit_clean_strict_zero ... FAILED
[INFO] [stdout] test ban_code_clean_strict_zero ... FAILED
[INFO] [stdout] test script_mix_clean_strict_zero ... FAILED
[INFO] [stdout] 
[INFO] [stdout] failures:
[INFO] [stdout] 
[INFO] [stdout] ---- deobfuscate_clean_strict_zero stdout ----
[INFO] [stdout] 
[INFO] [stdout] thread 'deobfuscate_clean_strict_zero' (643) panicked at tests/zero_alloc.rs:121:9:
[INFO] [stdout] assertion `left == right` failed: Deobfuscate: 10 steady clean scans allocated 65 times (want 0)
[INFO] [stdout]   left: 65
[INFO] [stdout]  right: 0
[INFO] [stdout] stack backtrace:
[INFO] [stdout]    0:     0x63586fc90071 - <<std[70759c8f55707aa4]::sys::backtrace::BacktraceLock>::print::DisplayBacktrace as core[df12db4294e9bfd3]::fmt::Display>::fmt
[INFO] [stdout]    1:     0x63586fca59aa - core[df12db4294e9bfd3]::fmt::write
[INFO] [stdout]    2:     0x63586fc9450c - <alloc[2182bb758b4b3781]::vec::Vec<u8> as core[df12db4294e9bfd3]::io::write::Write>::write_fmt
[INFO] [stdout]    3:     0x63586fc6c7f6 - std[70759c8f55707aa4]::panicking::default_hook::{closure#0}
[INFO] [stdout]    4:     0x63586fc887b9 - std[70759c8f55707aa4]::panicking::default_hook
[INFO] [stdout]    5:     0x63586fb483e0 - test[9d35eded1c95d3be]::test_main_inner::<test[9d35eded1c95d3be]::test_main_static::{closure#0}>::{closure#0}
[INFO] [stdout]    6:     0x63586fc88972 - std[70759c8f55707aa4]::panicking::panic_with_hook
[INFO] [stdout]    7:     0x63586fc6c8a2 - std[70759c8f55707aa4]::panicking::panic_handler::{closure#0}
[INFO] [stdout]    8:     0x63586fc65629 - std[70759c8f55707aa4]::sys::backtrace::__rust_end_short_backtrace::<std[70759c8f55707aa4]::panicking::panic_handler::{closure#0}, !>
[INFO] [stdout]    9:     0x63586fc6d37d - __rustc[8fa7c3cbc660c2b3]::rust_begin_unwind
[INFO] [stdout]   10:     0x63586fca618c - core[df12db4294e9bfd3]::panicking::panic_fmt
[INFO] [stdout]   11:     0x63586fca6103 - core[df12db4294e9bfd3]::panicking::assert_failed_inner
[INFO] [stdout]   12:     0x63586fca195d - core[df12db4294e9bfd3]::panicking::assert_failed::<usize, usize>
[INFO] [stdout]   13:     0x63586fb3984d - <zero_alloc[e3540861f8370b3e]::deobfuscate_clean_strict_zero::{closure#0} as core[df12db4294e9bfd3]::ops::function::FnOnce<()>>::call_once
[INFO] [stdout]   14:     0x63586fb3b6cb - test[9d35eded1c95d3be]::__rust_begin_short_backtrace::<core[df12db4294e9bfd3]::result::Result<(), alloc[2182bb758b4b3781]::string::String>, fn() -> core[df12db4294e9bfd3]::result::Result<(), alloc[2182bb758b4b3781]::string::String>>
[INFO] [stdout]   15:     0x63586fb48d35 - test[9d35eded1c95d3be]::run_test::{closure#0}
[INFO] [stdout]   16:     0x63586fb425f4 - std[70759c8f55707aa4]::sys::backtrace::__rust_begin_short_backtrace::<test[9d35eded1c95d3be]::run_test::{closure#1}, ()>
[INFO] [stdout]   17:     0x63586fb4be92 - <std[70759c8f55707aa4]::thread::lifecycle::spawn_unchecked<test[9d35eded1c95d3be]::run_test::{closure#1}, ()>::{closure#1} as core[df12db4294e9bfd3]::ops::function::FnOnce<()>>::call_once::{shim:vtable#0}
[INFO] [stdout]   18:     0x63586fc8f949 - <std[70759c8f55707aa4]::sys::thread::unix::Thread>::new::thread_start
[INFO] [stdout]   19:     0x7a41fd266dfa - <unknown>
[INFO] [stdout]   20:     0x7a41fd2fa3d4 - clone
[INFO] [stdout]   21:                0x0 - <unknown>
[INFO] [stdout] 
[INFO] [stdout] ---- token_limit_clean_strict_zero stdout ----
[INFO] [stdout] 
[INFO] [stdout] thread 'token_limit_clean_strict_zero' (652) panicked at tests/zero_alloc.rs:121:9:
[INFO] [stdout] assertion `left == right` failed: TokenLimit: 10 steady clean scans allocated 5 times (want 0)
[INFO] [stdout]   left: 5
[INFO] [stdout]  right: 0
[INFO] [stdout] stack backtrace:
[INFO] [stdout]    0:     0x63586fc90071 - <<std[70759c8f55707aa4]::sys::backtrace::BacktraceLock>::print::DisplayBacktrace as core[df12db4294e9bfd3]::fmt::Display>::fmt
[INFO] [stdout]    1:     0x63586fca59aa - core[df12db4294e9bfd3]::fmt::write
[INFO] [stdout]    2:     0x63586fc9450c - <alloc[2182bb758b4b3781]::vec::Vec<u8> as core[df12db4294e9bfd3]::io::write::Write>::write_fmt
[INFO] [stdout]    3:     0x63586fc6c7f6 - std[70759c8f55707aa4]::panicking::default_hook::{closure#0}
[INFO] [stdout]    4:     0x63586fc887b9 - std[70759c8f55707aa4]::panicking::default_hook
[INFO] [stdout]    5:     0x63586fb483e0 - test[9d35eded1c95d3be]::test_main_inner::<test[9d35eded1c95d3be]::test_main_static::{closure#0}>::{closure#0}
[INFO] [stdout]    6:     0x63586fc88972 - std[70759c8f55707aa4]::panicking::panic_with_hook
[INFO] [stdout]    7:     0x63586fc6c8a2 - std[70759c8f55707aa4]::panicking::panic_handler::{closure#0}
[INFO] [stdout]    8:     0x63586fc65629 - std[70759c8f55707aa4]::sys::backtrace::__rust_end_short_backtrace::<std[70759c8f55707aa4]::panicking::panic_handler::{closure#0}, !>
[INFO] [stdout]    9:     0x63586fc6d37d - __rustc[8fa7c3cbc660c2b3]::rust_begin_unwind
[INFO] [stdout]   10:     0x63586fca618c - core[df12db4294e9bfd3]::panicking::panic_fmt
[INFO] [stdout]   11:     0x63586fca6103 - core[df12db4294e9bfd3]::panicking::assert_failed_inner
[INFO] [stdout]   12:     0x63586fca195d - core[df12db4294e9bfd3]::panicking::assert_failed::<usize, usize>
[INFO] [stdout]   13:     0x63586fb39c01 - <zero_alloc[e3540861f8370b3e]::token_limit_clean_strict_zero::{closure#0} as core[df12db4294e9bfd3]::ops::function::FnOnce<()>>::call_once
[INFO] [stdout]   14:     0x63586fb3b6cb - test[9d35eded1c95d3be]::__rust_begin_short_backtrace::<core[df12db4294e9bfd3]::result::Result<(), alloc[2182bb758b4b3781]::string::String>, fn() -> core[df12db4294e9bfd3]::result::Result<(), alloc[2182bb758b4b3781]::string::String>>
[INFO] [stdout]   15:     0x63586fb48d35 - test[9d35eded1c95d3be]::run_test::{closure#0}
[INFO] [stdout]   16:     0x63586fb425f4 - std[70759c8f55707aa4]::sys::backtrace::__rust_begin_short_backtrace::<test[9d35eded1c95d3be]::run_test::{closure#1}, ()>
[INFO] [stdout]   17:     0x63586fb4be92 - <std[70759c8f55707aa4]::thread::lifecycle::spawn_unchecked<test[9d35eded1c95d3be]::run_test::{closure#1}, ()>::{closure#1} as core[df12db4294e9bfd3]::ops::function::FnOnce<()>>::call_once::{shim:vtable#0}
[INFO] [stdout]   18:     0x63586fc8f949 - <std[70759c8f55707aa4]::sys::thread::unix::Thread>::new::thread_start
[INFO] [stdout]   19:     0x7a41fd266dfa - <unknown>
[INFO] [stdout]   20:     0x7a41fd2fa3d4 - clone
[INFO] [stdout]   21:                0x0 - <unknown>
[INFO] [stdout] 
[INFO] [stdout] ---- ban_code_clean_strict_zero stdout ----
[INFO] [stdout] 
[INFO] [stdout] thread 'ban_code_clean_strict_zero' (641) panicked at tests/zero_alloc.rs:121:9:
[INFO] [stdout] assertion `left == right` failed: BanCode: 10 steady clean scans allocated 2 times (want 0)
[INFO] [stdout]   left: 2
[INFO] [stdout]  right: 0
[INFO] [stdout] stack backtrace:
[INFO] [stdout]    0:     0x63586fc90071 - <<std[70759c8f55707aa4]::sys::backtrace::BacktraceLock>::print::DisplayBacktrace as core[df12db4294e9bfd3]::fmt::Display>::fmt
[INFO] [stdout]    1:     0x63586fca59aa - core[df12db4294e9bfd3]::fmt::write
[INFO] [stdout]    2:     0x63586fc9450c - <alloc[2182bb758b4b3781]::vec::Vec<u8> as core[df12db4294e9bfd3]::io::write::Write>::write_fmt
[INFO] [stdout]    3:     0x63586fc6c7f6 - std[70759c8f55707aa4]::panicking::default_hook::{closure#0}
[INFO] [stdout]    4:     0x63586fc887b9 - std[70759c8f55707aa4]::panicking::default_hook
[INFO] [stdout]    5:     0x63586fb483e0 - test[9d35eded1c95d3be]::test_main_inner::<test[9d35eded1c95d3be]::test_main_static::{closure#0}>::{closure#0}
[INFO] [stdout]    6:     0x63586fc88972 - std[70759c8f55707aa4]::panicking::panic_with_hook
[INFO] [stdout]    7:     0x63586fc6c8a2 - std[70759c8f55707aa4]::panicking::panic_handler::{closure#0}
[INFO] [stdout]    8:     0x63586fc65629 - std[70759c8f55707aa4]::sys::backtrace::__rust_end_short_backtrace::<std[70759c8f55707aa4]::panicking::panic_handler::{closure#0}, !>
[INFO] [stdout]    9:     0x63586fc6d37d - __rustc[8fa7c3cbc660c2b3]::rust_begin_unwind
[INFO] [stdout]   10:     0x63586fca618c - core[df12db4294e9bfd3]::panicking::panic_fmt
[INFO] [stdout]   11:     0x63586fca6103 - core[df12db4294e9bfd3]::panicking::assert_failed_inner
[INFO] [stdout]   12:     0x63586fca195d - core[df12db4294e9bfd3]::panicking::assert_failed::<usize, usize>
[INFO] [stdout]   13:     0x63586fb38526 - <zero_alloc[e3540861f8370b3e]::ban_code_clean_strict_zero::{closure#0} as core[df12db4294e9bfd3]::ops::function::FnOnce<()>>::call_once
[INFO] [stdout]   14:     0x63586fb3b6cb - test[9d35eded1c95d3be]::__rust_begin_short_backtrace::<core[df12db4294e9bfd3]::result::Result<(), alloc[2182bb758b4b3781]::string::String>, fn() -> core[df12db4294e9bfd3]::result::Result<(), alloc[2182bb758b4b3781]::string::String>>
[INFO] [stdout]   15:     0x63586fb48d35 - test[9d35eded1c95d3be]::run_test::{closure#0}
[INFO] [stdout]   16:     0x63586fb425f4 - std[70759c8f55707aa4]::sys::backtrace::__rust_begin_short_backtrace::<test[9d35eded1c95d3be]::run_test::{closure#1}, ()>
[INFO] [stdout]   17:     0x63586fb4be92 - <std[70759c8f55707aa4]::thread::lifecycle::spawn_unchecked<test[9d35eded1c95d3be]::run_test::{closure#1}, ()>::{closure#1} as core[df12db4294e9bfd3]::ops::function::FnOnce<()>>::call_once::{shim:vtable#0}
[INFO] [stdout]   18:     0x63586fc8f949 - <std[70759c8f55707aa4]::sys::thread::unix::Thread>::new::thread_start
[INFO] [stdout]   19:     0x7a41fd266dfa - <unknown>
[INFO] [stdout]   20:     0x7a41fd2fa3d4 - clone
[INFO] [stdout]   21:                0x0 - <unknown>
[INFO] [stdout] 
[INFO] [stdout] ---- script_mix_clean_strict_zero stdout ----
[INFO] [stdout] 
[INFO] [stdout] thread 'script_mix_clean_strict_zero' (649) panicked at tests/zero_alloc.rs:121:9:
[INFO] [stdout] assertion `left == right` failed: ScriptMix: 10 steady clean scans allocated 1 times (want 0)
[INFO] [stdout]   left: 1
[INFO] [stdout]  right: 0
[INFO] [stdout] stack backtrace:
[INFO] [stdout]    0:     0x63586fc90071 - <<std[70759c8f55707aa4]::sys::backtrace::BacktraceLock>::print::DisplayBacktrace as core[df12db4294e9bfd3]::fmt::Display>::fmt
[INFO] [stdout]    1:     0x63586fca59aa - core[df12db4294e9bfd3]::fmt::write
[INFO] [stdout]    2:     0x63586fc9450c - <alloc[2182bb758b4b3781]::vec::Vec<u8> as core[df12db4294e9bfd3]::io::write::Write>::write_fmt
[INFO] [stdout]    3:     0x63586fc6c7f6 - std[70759c8f55707aa4]::panicking::default_hook::{closure#0}
[INFO] [stdout]    4:     0x63586fc887b9 - std[70759c8f55707aa4]::panicking::default_hook
[INFO] [stdout]    5:     0x63586fb483e0 - test[9d35eded1c95d3be]::test_main_inner::<test[9d35eded1c95d3be]::test_main_static::{closure#0}>::{closure#0}
[INFO] [stdout]    6:     0x63586fc88972 - std[70759c8f55707aa4]::panicking::panic_with_hook
[INFO] [stdout]    7:     0x63586fc6c8a2 - std[70759c8f55707aa4]::panicking::panic_handler::{closure#0}
[INFO] [stdout]    8:     0x63586fc65629 - std[70759c8f55707aa4]::sys::backtrace::__rust_end_short_backtrace::<std[70759c8f55707aa4]::panicking::panic_handler::{closure#0}, !>
[INFO] [stdout]    9:     0x63586fc6d37d - __rustc[8fa7c3cbc660c2b3]::rust_begin_unwind
[INFO] [stdout]   10:     0x63586fca618c - core[df12db4294e9bfd3]::panicking::panic_fmt
[INFO] [stdout]   11:     0x63586fca6103 - core[df12db4294e9bfd3]::panicking::assert_failed_inner
[INFO] [stdout]   12:     0x63586fca195d - core[df12db4294e9bfd3]::panicking::assert_failed::<usize, usize>
[INFO] [stdout]   13:     0x63586fb39401 - <zero_alloc[e3540861f8370b3e]::script_mix_clean_strict_zero::{closure#0} as core[df12db4294e9bfd3]::ops::function::FnOnce<()>>::call_once
[INFO] [stdout]   14:     0x63586fb3b6cb - test[9d35eded1c95d3be]::__rust_begin_short_backtrace::<core[df12db4294e9bfd3]::result::Result<(), alloc[2182bb758b4b3781]::string::String>, fn() -> core[df12db4294e9bfd3]::result::Result<(), alloc[2182bb758b4b3781]::string::String>>
[INFO] [stdout]   15:     0x63586fb48d35 - test[9d35eded1c95d3be]::run_test::{closure#0}
[INFO] [stdout]   16:     0x63586fb425f4 - std[70759c8f55707aa4]::sys::backtrace::__rust_begin_short_backtrace::<test[9d35eded1c95d3be]::run_test::{closure#1}, ()>
[INFO] [stdout]   17:     0x63586fb4be92 - <std[70759c8f55707aa4]::thread::lifecycle::spawn_unchecked<test[9d35eded1c95d3be]::run_test::{closure#1}, ()>::{closure#1} as core[df12db4294e9bfd3]::ops::function::FnOnce<()>>::call_once::{shim:vtable#0}
[INFO] [stdout]   18:     0x63586fc8f949 - <std[70759c8f55707aa4]::sys::thread::unix::Thread>::new::thread_start
[INFO] [stdout]   19:     0x7a41fd266dfa - <unknown>
[INFO] [stdout]   20:     0x7a41fd2fa3d4 - clone
[INFO] [stdout]   21:                0x0 - <unknown>
[INFO] [stdout] 
[INFO] [stdout] 
[INFO] [stdout] failures:
[INFO] [stdout]     ban_code_clean_strict_zero
[INFO] [stdout]     deobfuscate_clean_strict_zero
[INFO] [stdout]     script_mix_clean_strict_zero
[INFO] [stdout]     token_limit_clean_strict_zero
[INFO] [stdout] 
[INFO] [stdout] test result: FAILED. 9 passed; 4 failed; 0 ignored; 0 measured; 0 filtered out; finished in 0.02s
[INFO] [stdout] 
[INFO] [stderr] error: test failed, to rerun pass `--test zero_alloc`
[INFO] running `Command { std: "docker" "inspect" "4838e2722d73563a08ce634c993672a92050f68035417729c5c084acff37d694", kill_on_drop: false }`
[INFO] running `Command { std: "docker" "rm" "-f" "4838e2722d73563a08ce634c993672a92050f68035417729c5c084acff37d694", kill_on_drop: false }`
[INFO] [stdout] 4838e2722d73563a08ce634c993672a92050f68035417729c5c084acff37d694
