[INFO] fetching crate livekit-browser 0.1.0...
[INFO] testing livekit-browser-0.1.0 against 1.100.0-beta.1+cargoflags=--release for beta-release-1.100-2
[INFO] extracting crate livekit-browser 0.1.0 into /workspace/builds/worker-0-tc2/source
[INFO] started tweaking crates.io crate livekit-browser 0.1.0
[INFO] removed 0 missing tests
[INFO] finished tweaking crates.io crate livekit-browser 0.1.0
[INFO] tweaked toml for crates.io crate livekit-browser 0.1.0 written to /workspace/builds/worker-0-tc2/source/Cargo.toml
[INFO] validating manifest of crates.io crate livekit-browser 0.1.0 on toolchain 1.100.0-beta.1
[INFO] running `Command { std: CARGO_HOME="/workspace/cargo-home" RUSTUP_HOME="/workspace/rustup-home" "/workspace/cargo-home/bin/cargo" "+1.100.0-beta.1" "metadata" "--manifest-path" "Cargo.toml" "--no-deps", kill_on_drop: false }`
[INFO] crate crates.io crate livekit-browser 0.1.0 already has a lockfile, it will not be regenerated
[INFO] running `Command { std: CARGO_HOME="/workspace/cargo-home" RUSTUP_HOME="/workspace/rustup-home" "/workspace/cargo-home/bin/cargo" "+1.100.0-beta.1" "fetch" "--manifest-path" "Cargo.toml", kill_on_drop: false }`
[INFO] [stderr] warning: `package.homepage` is redundant with `package.repository`
[INFO] [stderr]   --> Cargo.toml:76:12
[INFO] [stderr]    |
[INFO] [stderr] 76 | homepage = "https://github.com/sagikazarmark/livekit-browser-rs"
[INFO] [stderr]    |            ^^^^^^^^^^^^^^^^^^^^^^^^^^^^^^^^^^^^^^^^^^^^^^^^^^^^^
[INFO] [stderr] ...
[INFO] [stderr] 81 | repository = "https://github.com/sagikazarmark/livekit-browser-rs"
[INFO] [stderr]    |              -----------------------------------------------------
[INFO] [stderr]    |
[INFO] [stderr]    = note: `cargo::redundant_homepage` is set to `warn` by default
[INFO] [stderr] help: consider removing `package.homepage`
[INFO] [stderr] warning: `livekit-browser` (manifest) generated 1 warning
[INFO] running `Command { std: "docker" "create" "-v" "/var/lib/crater-agent-workspace/builds/worker-0-tc2/source:/opt/rustwide/workdir:ro,Z" "-v" "/var/lib/crater-agent-workspace/builds/worker-0-tc2/target:/opt/rustwide/target:rw,Z" "-v" "/var/lib/crater-agent-workspace/cargo-home:/opt/rustwide/cargo-home:ro,Z" "-v" "/var/lib/crater-agent-workspace/rustup-home:/opt/rustwide/rustup-home:ro,Z" "-m" "1610612736" "--network" "none" "ghcr.io/rust-lang/crates-build-env/linux@sha256:77db811e55d90add9212f6832c23229e3de5f1c1f9905e8cb07319ea15df73ac" "sleep" "infinity", kill_on_drop: false }`
[INFO] [stdout] 886f1133cd1bccb2a2b305c7616e7361e851cdc05866686f62e7f794e98f4b7f
[INFO] running `Command { std: "docker" "start" "886f1133cd1bccb2a2b305c7616e7361e851cdc05866686f62e7f794e98f4b7f", kill_on_drop: false }`
[INFO] running `Command { std: "docker" "inspect" "886f1133cd1bccb2a2b305c7616e7361e851cdc05866686f62e7f794e98f4b7f", kill_on_drop: false }`
[INFO] running `Command { std: "docker" "exec" "-e" "SOURCE_DIR=/opt/rustwide/workdir" "-e" "CARGO_HOME=/opt/rustwide/cargo-home" "-e" "RUSTUP_HOME=/opt/rustwide/rustup-home" "-e" "CARGO_TARGET_DIR=/opt/rustwide/target" "-w" "/opt/rustwide/workdir" "--user" "0:0" "886f1133cd1bccb2a2b305c7616e7361e851cdc05866686f62e7f794e98f4b7f" "/opt/rustwide/cargo-home/bin/cargo" "+1.100.0-beta.1" "metadata" "--no-deps" "--format-version=1", kill_on_drop: false }`
[INFO] running `Command { std: "docker" "inspect" "886f1133cd1bccb2a2b305c7616e7361e851cdc05866686f62e7f794e98f4b7f", kill_on_drop: false }`
[INFO] running `Command { std: "docker" "exec" "-e" "SOURCE_DIR=/opt/rustwide/workdir" "-e" "CARGO_HOME=/opt/rustwide/cargo-home" "-e" "RUSTUP_HOME=/opt/rustwide/rustup-home" "-e" "CARGO_TARGET_DIR=/opt/rustwide/target" "-e" "CARGO_INCREMENTAL=0" "-e" "RUST_BACKTRACE=full" "-e" "RUSTFLAGS=--cap-lints=warn" "-e" "RUSTDOCFLAGS=--cap-lints=warn" "-w" "/opt/rustwide/workdir" "--user" "0:0" "886f1133cd1bccb2a2b305c7616e7361e851cdc05866686f62e7f794e98f4b7f" "/opt/rustwide/cargo-home/bin/cargo" "+1.100.0-beta.1" "build" "--frozen" "--message-format=json" "--release", kill_on_drop: false }`
[INFO] [stderr] warning: `package.homepage` is redundant with `package.repository`
[INFO] [stderr]   --> Cargo.toml:76:12
[INFO] [stderr]    |
[INFO] [stderr] 76 | homepage = "https://github.com/sagikazarmark/livekit-browser-rs"
[INFO] [stderr]    |            ^^^^^^^^^^^^^^^^^^^^^^^^^^^^^^^^^^^^^^^^^^^^^^^^^^^^^
[INFO] [stderr] ...
[INFO] [stderr] 81 | repository = "https://github.com/sagikazarmark/livekit-browser-rs"
[INFO] [stderr]    |              -----------------------------------------------------
[INFO] [stderr]    |
[INFO] [stderr]    = note: `cargo::redundant_homepage` is set to `warn` by default
[INFO] [stderr] help: consider removing `package.homepage`
[INFO] [stderr] warning: `livekit-browser` (manifest) generated 1 warning
[INFO] [stderr]    Compiling wasm-bindgen-shared v0.2.126
[INFO] [stderr]    Compiling unicode-ident v1.0.24
[INFO] [stderr]    Compiling once_cell v1.21.4
[INFO] [stderr]    Compiling base64 v0.23.0
[INFO] [stderr]    Compiling wasm-bindgen v0.2.126
[INFO] [stderr]    Compiling futures-macro v0.3.33
[INFO] [stderr]    Compiling serde_derive v1.0.228
[INFO] [stderr]    Compiling serde_json v1.0.151
[INFO] [stderr]    Compiling wasm-bindgen-macro-support v0.2.126
[INFO] [stderr]    Compiling futures-util v0.3.33
[INFO] [stderr]    Compiling serde v1.0.228
[INFO] [stderr]    Compiling wasm-bindgen-macro v0.2.126
[INFO] [stderr]    Compiling js-sys v0.3.103
[INFO] [stderr]    Compiling web-sys v0.3.103
[INFO] [stderr]    Compiling wasm-bindgen-futures v0.4.76
[INFO] [stderr]    Compiling serde-wasm-bindgen v0.6.5
[INFO] [stderr]    Compiling livekit-browser v0.1.0 (/opt/rustwide/workdir)
[INFO] [stderr] warning: unused dependency `serde-wasm-bindgen`
[INFO] [stderr]   --> Cargo.toml:17:15
[INFO] [stderr]    |
[INFO] [stderr] 17 | [dependencies.serde-wasm-bindgen]
[INFO] [stderr]    |               ^^^^^^^^^^^^^^^^^^^
[INFO] [stderr]    |
[INFO] [stderr]    = note: `cargo::unused_dependencies` is set to `warn` by default
[INFO] [stderr] help: consider removing the dependency on `serde-wasm-bindgen`
[INFO] [stderr] warning: unused dependency `wasm-bindgen-futures`
[INFO] [stderr]   --> Cargo.toml:30:15
[INFO] [stderr]    |
[INFO] [stderr] 30 | [dependencies.wasm-bindgen-futures]
[INFO] [stderr]    |               ^^^^^^^^^^^^^^^^^^^^^
[INFO] [stderr]    |
[INFO] [stderr] help: consider removing the dependency on `wasm-bindgen-futures`
[INFO] [stderr] warning: `livekit-browser` (manifest) generated 2 warnings
[INFO] [stderr]     Finished `release` profile [optimized] target(s) in 24.91s
[INFO] running `Command { std: "docker" "inspect" "886f1133cd1bccb2a2b305c7616e7361e851cdc05866686f62e7f794e98f4b7f", kill_on_drop: false }`
[INFO] running `Command { std: "docker" "exec" "-e" "SOURCE_DIR=/opt/rustwide/workdir" "-e" "CARGO_HOME=/opt/rustwide/cargo-home" "-e" "RUSTUP_HOME=/opt/rustwide/rustup-home" "-e" "CARGO_TARGET_DIR=/opt/rustwide/target" "-e" "CARGO_INCREMENTAL=0" "-e" "RUST_BACKTRACE=full" "-e" "RUSTFLAGS=--cap-lints=warn" "-e" "RUSTDOCFLAGS=--cap-lints=warn" "-w" "/opt/rustwide/workdir" "--user" "0:0" "886f1133cd1bccb2a2b305c7616e7361e851cdc05866686f62e7f794e98f4b7f" "/opt/rustwide/cargo-home/bin/cargo" "+1.100.0-beta.1" "test" "--frozen" "--no-run" "--message-format=json" "--release", kill_on_drop: false }`
[INFO] [stderr] warning: `package.homepage` is redundant with `package.repository`
[INFO] [stderr]   --> Cargo.toml:76:12
[INFO] [stderr]    |
[INFO] [stderr] 76 | homepage = "https://github.com/sagikazarmark/livekit-browser-rs"
[INFO] [stderr]    |            ^^^^^^^^^^^^^^^^^^^^^^^^^^^^^^^^^^^^^^^^^^^^^^^^^^^^^
[INFO] [stderr] ...
[INFO] [stderr] 81 | repository = "https://github.com/sagikazarmark/livekit-browser-rs"
[INFO] [stderr]    |              -----------------------------------------------------
[INFO] [stderr]    |
[INFO] [stderr]    = note: `cargo::redundant_homepage` is set to `warn` by default
[INFO] [stderr] help: consider removing `package.homepage`
[INFO] [stderr] warning: `livekit-browser` (manifest) generated 1 warning
[INFO] [stderr]    Compiling thiserror-impl v2.0.18
[INFO] [stderr]    Compiling ts-rs-macros v12.0.1
[INFO] [stderr]    Compiling futures-executor v0.3.33
[INFO] [stderr]    Compiling thiserror v2.0.18
[INFO] [stderr]    Compiling ts-rs v12.0.1
[INFO] [stderr]    Compiling livekit-browser v0.1.0 (/opt/rustwide/workdir)
[INFO] [stderr] warning: unused dependency `serde-wasm-bindgen`
[INFO] [stderr]   --> Cargo.toml:17:15
[INFO] [stderr]    |
[INFO] [stderr] 17 | [dependencies.serde-wasm-bindgen]
[INFO] [stderr]    |               ^^^^^^^^^^^^^^^^^^^
[INFO] [stderr]    |
[INFO] [stderr]    = note: `cargo::unused_dependencies` is set to `warn` by default
[INFO] [stderr] help: consider removing the dependency on `serde-wasm-bindgen`
[INFO] [stderr] warning: unused dependency `wasm-bindgen-futures`
[INFO] [stderr]   --> Cargo.toml:30:15
[INFO] [stderr]    |
[INFO] [stderr] 30 | [dependencies.wasm-bindgen-futures]
[INFO] [stderr]    |               ^^^^^^^^^^^^^^^^^^^^^
[INFO] [stderr]    |
[INFO] [stderr] help: consider removing the dependency on `wasm-bindgen-futures`
[INFO] [stderr] warning: `livekit-browser` (manifest) generated 2 warnings
[INFO] [stderr]     Finished `release` profile [optimized] target(s) in 16.46s
[INFO] running `Command { std: "docker" "inspect" "886f1133cd1bccb2a2b305c7616e7361e851cdc05866686f62e7f794e98f4b7f", kill_on_drop: false }`
[INFO] running `Command { std: "docker" "exec" "-e" "SOURCE_DIR=/opt/rustwide/workdir" "-e" "CARGO_HOME=/opt/rustwide/cargo-home" "-e" "RUSTUP_HOME=/opt/rustwide/rustup-home" "-e" "CARGO_TARGET_DIR=/opt/rustwide/target" "-e" "CARGO_INCREMENTAL=0" "-e" "RUST_BACKTRACE=full" "-e" "RUSTFLAGS=--cap-lints=warn" "-e" "RUSTDOCFLAGS=--cap-lints=warn" "-w" "/opt/rustwide/workdir" "--user" "0:0" "886f1133cd1bccb2a2b305c7616e7361e851cdc05866686f62e7f794e98f4b7f" "/opt/rustwide/cargo-home/bin/cargo" "+1.100.0-beta.1" "test" "--frozen" "--release", kill_on_drop: false }`
[INFO] [stderr] warning: `package.homepage` is redundant with `package.repository`
[INFO] [stderr]   --> Cargo.toml:76:12
[INFO] [stderr]    |
[INFO] [stderr] 76 | homepage = "https://github.com/sagikazarmark/livekit-browser-rs"
[INFO] [stderr]    |            ^^^^^^^^^^^^^^^^^^^^^^^^^^^^^^^^^^^^^^^^^^^^^^^^^^^^^
[INFO] [stderr] ...
[INFO] [stderr] 81 | repository = "https://github.com/sagikazarmark/livekit-browser-rs"
[INFO] [stderr]    |              -----------------------------------------------------
[INFO] [stderr]    |
[INFO] [stderr]    = note: `cargo::redundant_homepage` is set to `warn` by default
[INFO] [stderr] help: consider removing `package.homepage`
[INFO] [stderr] warning: `livekit-browser` (manifest) generated 1 warning
[INFO] [stderr] warning: unused dependency `serde-wasm-bindgen`
[INFO] [stderr]   --> Cargo.toml:17:15
[INFO] [stderr]    |
[INFO] [stderr] 17 | [dependencies.serde-wasm-bindgen]
[INFO] [stderr]    |               ^^^^^^^^^^^^^^^^^^^
[INFO] [stderr]    |
[INFO] [stderr]    = note: `cargo::unused_dependencies` is set to `warn` by default
[INFO] [stderr] help: consider removing the dependency on `serde-wasm-bindgen`
[INFO] [stderr] warning: unused dependency `wasm-bindgen-futures`
[INFO] [stderr]   --> Cargo.toml:30:15
[INFO] [stderr]    |
[INFO] [stderr] 30 | [dependencies.wasm-bindgen-futures]
[INFO] [stderr]    |               ^^^^^^^^^^^^^^^^^^^^^
[INFO] [stderr]    |
[INFO] [stderr] help: consider removing the dependency on `wasm-bindgen-futures`
[INFO] [stderr] warning: `livekit-browser` (manifest) generated 2 warnings
[INFO] [stderr]     Finished `release` profile [optimized] target(s) in 0.07s
[INFO] [stderr]      Running unittests src/lib.rs (/opt/rustwide/target/release/build/livekit-browser/1bdf68e9bb6050e8/out/livekit_browser-1bdf68e9bb6050e8)
[INFO] [stdout] 
[INFO] [stdout] running 76 tests
[INFO] [stdout] test tests::audio_receiver_statistics_preserve_normalized_sdk_fields ... ok
[INFO] [stdout] test tests::chat_message_send_failures_classify_livekit_denials ... ok
[INFO] [stdout] test tests::chat_message_stream_reports_exact_overflow_before_retained_messages ... ok
[INFO] [stdout] test tests::camera_capture_options_serialize_typed_common_constraints ... ok
[INFO] [stdout] test tests::chat_message_send_rejects_a_terminal_session ... ok
[INFO] [stdout] test tests::chat_message_stream_closes_when_leave_starts ... ok
[INFO] [stdout] test tests::abandoned_local_media_track_ended_future_removes_its_waker ... ok
[INFO] [stdout] test tests::chat_messages_are_typed_and_separate_from_room_events ... ok
[INFO] [stdout] test tests::audio_analysis_frames_own_waveform_and_report_rms_level ... ok
[INFO] [stdout] test tests::audio_publish_options_serialize_the_typed_opus_policy ... ok
[INFO] [stdout] test tests::audio_sender_statistics_preserve_normalized_sdk_fields ... ok
[INFO] [stdout] test tests::browser_ended_screen_tracks_are_observable_and_terminal ... ok
[INFO] [stdout] test contracts::adapter_contract_exclusions_are_documented ... FAILED
[INFO] [stdout] test contracts::adapter_contracts_are_fresh ... FAILED
[INFO] [stdout] test tests::application_state_events_share_one_installed_snapshot_revision ... ok
[INFO] [stdout] test tests::closed_and_dropped_local_attachments_release_lifecycle_entries ... ok
[INFO] [stdout] test tests::data_packet_delivery_is_mode_specific_and_separate_from_room_events ... ok
[INFO] [stdout] test tests::closed_and_dropped_remote_attachments_release_lifecycle_entries ... ok
[INFO] [stdout] test tests::data_packet_send_failures_classify_livekit_denials ... ok
[INFO] [stdout] test tests::data_packet_send_rejects_a_terminal_session ... ok
[INFO] [stdout] test tests::data_packet_stream_closes_when_leave_starts ... ok
[INFO] [stdout] test tests::dropping_leave_future_does_not_hide_terminal_completion ... ok
[INFO] [stdout] test tests::final_session_drop_schedules_best_effort_cleanup ... ok
[INFO] [stdout] test tests::joined_snapshot_contains_authoritative_local_participant_state ... ok
[INFO] [stdout] test tests::leave_from_any_clone_is_terminal_and_cleans_up_once ... ok
[INFO] [stdout] test tests::data_packet_stream_reports_exact_overflow_before_retained_packets ... ok
[INFO] [stdout] test tests::data_stream_options_preserve_topic_and_size ... ok
[INFO] [stdout] test tests::display_capture_failures_have_actionable_categories ... ok
[INFO] [stdout] test tests::lagging_room_event_consumer_recovers_from_the_current_snapshot ... ok
[INFO] [stdout] test tests::local_audio_analysers_share_close_and_end_with_their_source ... ok
[INFO] [stdout] test tests::data_stream_open_rejects_a_terminal_room_session ... ok
[INFO] [stdout] test tests::data_stream_failures_expose_livekit_reasons ... ok
[INFO] [stdout] test tests::local_audio_track_clones_share_terminal_stop_and_final_owner_cleanup ... ok
[INFO] [stdout] test tests::data_stream_handlers_reject_a_terminal_room_session ... ok
[INFO] [stdout] test tests::ready_inspection_returns_typed_capabilities ... ok
[INFO] [stdout] test tests::missing_user_media_is_rejected_before_browser_mutation ... ok
[INFO] [stdout] test tests::microphone_capture_options_serialize_typed_common_constraints ... ok
[INFO] [stdout] test tests::publisher_mutation_permission_failures_are_typed ... ok
[INFO] [stdout] test tests::normalized_transcription_segment_converts_source_and_timing ... ok
[INFO] [stdout] test tests::missing_display_capture_is_rejected_before_browser_mutation ... ok
[INFO] [stdout] test tests::participant_connection_quality_is_in_revision_tagged_snapshot_events ... ok
[INFO] [stdout] test tests::local_audio_track_has_at_most_one_room_session_publication ... ok
[INFO] [stdout] test tests::participant_update_failures_classify_livekit_denials ... ok
[INFO] [stdout] test tests::media_operation_failures_have_actionable_device_categories ... ok
[INFO] [stdout] test tests::room_events_follow_the_snapshot_they_are_tagged_with ... ok
[INFO] [stdout] test tests::rpc_failures_have_stable_actionable_categories ... ok
[INFO] [stdout] test tests::rpc_handler_capacity_rejects_excess_work_and_releases_permits ... ok
[INFO] [stdout] test tests::rpc_operations_reject_a_terminal_room_session ... ok
[INFO] [stdout] test tests::rpc_application_errors_cannot_impersonate_livekit_failures ... ok
[INFO] [stdout] test tests::remote_track_publication_handle_becomes_terminal_without_hiding_snapshot_state ... ok
[INFO] [stdout] test tests::local_video_track_clones_share_terminal_stop_and_final_owner_cleanup ... ok
[INFO] [stdout] test tests::remote_participant_change_events_retain_logical_identity ... ok
[INFO] [stdout] test tests::screen_tracks_keep_authoritative_sources_and_reject_device_controls ... ok
[INFO] [stdout] test tests::setup_failures_map_to_actionable_errors ... ok
[INFO] [stdout] test tests::sdk_log_levels_map_to_typed_records_and_silent_is_ignored ... ok
[INFO] [stdout] test tests::stopped_local_video_track_rejects_restart_and_device_switch ... ok
[INFO] [stdout] test tests::rpc_options_keep_native_payloads_and_normalize_short_timeouts ... ok
[INFO] [stdout] test tests::screen_capture_options_request_optional_system_audio ... ok
[INFO] [stdout] test tests::terminal_remote_media_track_terminates_existing_attachment ... ok
[INFO] [stdout] test tests::terminal_room_session_rejects_local_participant_updates ... ok
[INFO] [stdout] test tests::stopping_screen_capture_starts_cleanup_for_every_returned_track ... ok
[INFO] [stdout] test tests::transcription_segments_are_typed_ordered_and_separate_from_room_events ... ok
[INFO] [stdout] test tests::terminal_disconnection_closes_every_session_clone ... ok
[INFO] [stdout] test tests::video_receiver_statistics_preserve_normalized_sdk_fields ... ok
[INFO] [stdout] test tests::transcription_segment_stream_reports_overflow_and_closes_when_leave_starts ... ok
[INFO] [stdout] test tests::video_sender_statistics_preserve_normalized_sdk_fields ... ok
[INFO] [stdout] test tests::same_update_installs_remote_snapshot_before_detailed_room_events ... ok
[INFO] [stdout] test tests::local_video_track_has_at_most_one_room_session_publication ... ok
[INFO] [stdout] test tests::remote_audio_analyser_becomes_terminal_with_its_media_generation ... ok
[INFO] [stdout] test tests::room_options_default_to_automatic_subscription ... ok
[INFO] [stdout] test tests::replacement_ids_and_instances_make_old_remote_handles_terminal_without_retargeting ... ok
[INFO] [stdout] test tests::media_devices_preserve_ids_kinds_and_permission_gated_labels ... ok
[INFO] [stdout] test tests::publisher_permissions_use_participant_identity ... ok
[INFO] [stdout] test tests::remote_participants_and_publications_keep_distinct_room_identity_and_availability ... ok
[INFO] [stdout] test tests::stopped_local_audio_track_rejects_restart_and_device_switch ... ok
[INFO] [stdout] test tests::active_speakers_are_ordered_revision_tagged_snapshot_state ... ok
[INFO] [stdout] 
[INFO] [stdout] failures:
[INFO] [stdout] 
[INFO] [stdout] ---- contracts::adapter_contract_exclusions_are_documented stdout ----
[INFO] [stdout] 
[INFO] [stdout] thread 'contracts::adapter_contract_exclusions_are_documented' (670) panicked at src/contracts.rs:147:9:
[INFO] [stdout] read adapter contract documentation at /opt/rustwide/workdir/../../docs/browser-compatibility.md: No such file or directory (os error 2)
[INFO] [stdout] stack backtrace:
[INFO] [stdout]    0:     0x58ef5eabbbd1 - <<std[617be2ca0a6fd877]::sys::backtrace::BacktraceLock>::print::DisplayBacktrace as core[a373ad73a504971]::fmt::Display>::fmt
[INFO] [stdout]    1:     0x58ef5ead18ca - core[a373ad73a504971]::fmt::write
[INFO] [stdout]    2:     0x58ef5eabff0c - <alloc[2e1b2a31b91974c5]::vec::Vec<u8> as core[a373ad73a504971]::io::write::Write>::write_fmt
[INFO] [stdout]    3:     0x58ef5ea96fa6 - std[617be2ca0a6fd877]::panicking::default_hook::{closure#0}
[INFO] [stdout]    4:     0x58ef5eab3b99 - std[617be2ca0a6fd877]::panicking::default_hook
[INFO] [stdout]    5:     0x58ef5ea4daa0 - test[aada8e7e76ba119b]::test_main_inner::{closure#0}
[INFO] [stdout]    6:     0x58ef5eab3d52 - std[617be2ca0a6fd877]::panicking::panic_with_hook
[INFO] [stdout]    7:     0x58ef5ea97052 - std[617be2ca0a6fd877]::panicking::panic_handler::{closure#0}
[INFO] [stdout]    8:     0x58ef5ea8fab9 - std[617be2ca0a6fd877]::sys::backtrace::__rust_end_short_backtrace::<std[617be2ca0a6fd877]::panicking::panic_handler::{closure#0}, !>
[INFO] [stdout]    9:     0x58ef5ea97c5d - __rustc[ea4f61d10b84890b]::rust_begin_unwind
[INFO] [stdout]   10:     0x58ef5ead202c - core[a373ad73a504971]::panicking::panic_fmt
[INFO] [stdout]   11:     0x58ef5ea19309 - livekit_browser[f54863403f8e0420]::contracts::adapter_contract_exclusions_are_documented::{closure#0}
[INFO] [stdout]   12:     0x58ef5ea1f0fe - <livekit_browser[f54863403f8e0420]::contracts::adapter_contract_exclusions_are_documented::{closure#0} as core[a373ad73a504971]::ops::function::FnOnce<()>>::call_once
[INFO] [stdout]   13:     0x58ef5ea40eeb - test[aada8e7e76ba119b]::__rust_begin_short_backtrace::<core[a373ad73a504971]::result::Result<(), alloc[2e1b2a31b91974c5]::string::String>, fn() -> core[a373ad73a504971]::result::Result<(), alloc[2e1b2a31b91974c5]::string::String>>
[INFO] [stdout]   14:     0x58ef5ea4e0c5 - test[aada8e7e76ba119b]::run_test::{closure#0}
[INFO] [stdout]   15:     0x58ef5ea479b4 - std[617be2ca0a6fd877]::sys::backtrace::__rust_begin_short_backtrace::<test[aada8e7e76ba119b]::run_test::{closure#1}, ()>
[INFO] [stdout]   16:     0x58ef5ea51152 - <std[617be2ca0a6fd877]::thread::lifecycle::spawn_unchecked<test[aada8e7e76ba119b]::run_test::{closure#1}, ()>::{closure#1} as core[a373ad73a504971]::ops::function::FnOnce<()>>::call_once::{shim:vtable#0}
[INFO] [stdout]   17:     0x58ef5eabaebf - <std[617be2ca0a6fd877]::sys::thread::unix::Thread>::new::thread_start
[INFO] [stdout]   18:     0x7de8d6784dfa - <unknown>
[INFO] [stdout]   19:     0x7de8d68183d4 - clone
[INFO] [stdout]   20:                0x0 - <unknown>
[INFO] [stdout] 
[INFO] [stdout] ---- contracts::adapter_contracts_are_fresh stdout ----
[INFO] [stdout] 
[INFO] [stdout] /opt/rustwide/workdir/js/src/generated/adapter-contracts.ts was not up to date and has been rewritten.
[INFO] [stdout] 
[INFO] [stdout] 
[INFO] [stdout] thread 'contracts::adapter_contracts_are_fresh' (671) panicked at src/contracts.rs:139:5:
[INFO] [stdout] create generated contracts directory: Os { code: 30, kind: ReadOnlyFilesystem, message: "Read-only file system" }
[INFO] [stdout] stack backtrace:
[INFO] [stdout]    0:     0x58ef5eabbbd1 - <<std[617be2ca0a6fd877]::sys::backtrace::BacktraceLock>::print::DisplayBacktrace as core[a373ad73a504971]::fmt::Display>::fmt
[INFO] [stdout]    1:     0x58ef5ead18ca - core[a373ad73a504971]::fmt::write
[INFO] [stdout]    2:     0x58ef5eabff0c - <alloc[2e1b2a31b91974c5]::vec::Vec<u8> as core[a373ad73a504971]::io::write::Write>::write_fmt
[INFO] [stdout]    3:     0x58ef5ea96fa6 - std[617be2ca0a6fd877]::panicking::default_hook::{closure#0}
[INFO] [stdout]    4:     0x58ef5eab3b99 - std[617be2ca0a6fd877]::panicking::default_hook
[INFO] [stdout]    5:     0x58ef5ea4daa0 - test[aada8e7e76ba119b]::test_main_inner::{closure#0}
[INFO] [stdout]    6:     0x58ef5eab3d52 - std[617be2ca0a6fd877]::panicking::panic_with_hook
[INFO] [stdout]    7:     0x58ef5ea97052 - std[617be2ca0a6fd877]::panicking::panic_handler::{closure#0}
[INFO] [stdout]    8:     0x58ef5ea8fab9 - std[617be2ca0a6fd877]::sys::backtrace::__rust_end_short_backtrace::<std[617be2ca0a6fd877]::panicking::panic_handler::{closure#0}, !>
[INFO] [stdout]    9:     0x58ef5ea97c5d - __rustc[ea4f61d10b84890b]::rust_begin_unwind
[INFO] [stdout]   10:     0x58ef5ead202c - core[a373ad73a504971]::panicking::panic_fmt
[INFO] [stdout]   11:     0x58ef5ead1e02 - core[a373ad73a504971]::result::unwrap_failed
[INFO] [stdout]   12:     0x58ef5ea19477 - <core[a373ad73a504971]::result::Result<(), core[a373ad73a504971]::io::error::Error>>::expect
[INFO] [stdout]   13:     0x58ef5ea1e7be - <livekit_browser[f54863403f8e0420]::contracts::adapter_contracts_are_fresh::{closure#0} as core[a373ad73a504971]::ops::function::FnOnce<()>>::call_once
[INFO] [stdout]   14:     0x58ef5ea40eeb - test[aada8e7e76ba119b]::__rust_begin_short_backtrace::<core[a373ad73a504971]::result::Result<(), alloc[2e1b2a31b91974c5]::string::String>, fn() -> core[a373ad73a504971]::result::Result<(), alloc[2e1b2a31b91974c5]::string::String>>
[INFO] [stdout]   15:     0x58ef5ea4e0c5 - test[aada8e7e76ba119b]::run_test::{closure#0}
[INFO] [stdout]   16:     0x58ef5ea479b4 - std[617be2ca0a6fd877]::sys::backtrace::__rust_begin_short_backtrace::<test[aada8e7e76ba119b]::run_test::{closure#1}, ()>
[INFO] [stdout]   17:     0x58ef5ea51152 - <std[617be2ca0a6fd877]::thread::lifecycle::spawn_unchecked<test[aada8e7e76ba119b]::run_test::{closure#1}, ()>::{closure#1} as core[a373ad73a504971]::ops::function::FnOnce<()>>::call_once::{shim:vtable#0}
[INFO] [stdout]   18:     0x58ef5eabaebf - <std[617be2ca0a6fd877]::sys::thread::unix::Thread>::new::thread_start
[INFO] [stdout]   19:     0x7de8d6784dfa - <unknown>
[INFO] [stdout]   20:     0x7de8d68183d4 - clone
[INFO] [stdout]   21:                0x0 - <unknown>
[INFO] [stdout] 
[INFO] [stdout] 
[INFO] [stdout] failures:
[INFO] [stdout]     contracts::adapter_contract_exclusions_are_documented
[INFO] [stdout]     contracts::adapter_contracts_are_fresh
[INFO] [stdout] 
[INFO] [stdout] test result: FAILED. 74 passed; 2 failed; 0 ignored; 0 measured; 0 filtered out; finished in 0.20s
[INFO] [stdout] 
[INFO] [stderr] error: test failed, to rerun pass `--lib`
[INFO] running `Command { std: "docker" "inspect" "886f1133cd1bccb2a2b305c7616e7361e851cdc05866686f62e7f794e98f4b7f", kill_on_drop: false }`
[INFO] running `Command { std: "docker" "rm" "-f" "886f1133cd1bccb2a2b305c7616e7361e851cdc05866686f62e7f794e98f4b7f", kill_on_drop: false }`
[INFO] [stdout] 886f1133cd1bccb2a2b305c7616e7361e851cdc05866686f62e7f794e98f4b7f
