[INFO] fetching crate litesvm-persistence 0.18.0...
[INFO] testing litesvm-persistence-0.18.0 against 1.100.0-beta.1+cargoflags=--release for beta-release-1.100-2
[INFO] extracting crate litesvm-persistence 0.18.0 into /workspace/builds/worker-3-tc2/source
[INFO] started tweaking crates.io crate litesvm-persistence 0.18.0
[INFO] removed 0 missing tests
[INFO] finished tweaking crates.io crate litesvm-persistence 0.18.0
[INFO] tweaked toml for crates.io crate litesvm-persistence 0.18.0 written to /workspace/builds/worker-3-tc2/source/Cargo.toml
[INFO] validating manifest of crates.io crate litesvm-persistence 0.18.0 on toolchain 1.100.0-beta.1
[INFO] running `Command { std: CARGO_HOME="/workspace/cargo-home" RUSTUP_HOME="/workspace/rustup-home" "/workspace/cargo-home/bin/cargo" "+1.100.0-beta.1" "metadata" "--manifest-path" "Cargo.toml" "--no-deps", kill_on_drop: false }`
[INFO] crate crates.io crate litesvm-persistence 0.18.0 already has a lockfile, it will not be regenerated
[INFO] running `Command { std: CARGO_HOME="/workspace/cargo-home" RUSTUP_HOME="/workspace/rustup-home" "/workspace/cargo-home/bin/cargo" "+1.100.0-beta.1" "fetch" "--manifest-path" "Cargo.toml", kill_on_drop: false }`
[INFO] running `Command { std: "docker" "create" "-v" "/var/lib/crater-agent-workspace/builds/worker-3-tc2/source:/opt/rustwide/workdir:ro,Z" "-v" "/var/lib/crater-agent-workspace/builds/worker-3-tc2/target:/opt/rustwide/target:rw,Z" "-v" "/var/lib/crater-agent-workspace/cargo-home:/opt/rustwide/cargo-home:ro,Z" "-v" "/var/lib/crater-agent-workspace/rustup-home:/opt/rustwide/rustup-home:ro,Z" "-m" "1610612736" "--network" "none" "ghcr.io/rust-lang/crates-build-env/linux@sha256:77db811e55d90add9212f6832c23229e3de5f1c1f9905e8cb07319ea15df73ac" "sleep" "infinity", kill_on_drop: false }`
[INFO] [stdout] 6304452fdaccbdc70f45b1ef2334630b344a74aef9efe99b5066ce50009b9bab
[INFO] running `Command { std: "docker" "start" "6304452fdaccbdc70f45b1ef2334630b344a74aef9efe99b5066ce50009b9bab", kill_on_drop: false }`
[INFO] running `Command { std: "docker" "inspect" "6304452fdaccbdc70f45b1ef2334630b344a74aef9efe99b5066ce50009b9bab", kill_on_drop: false }`
[INFO] running `Command { std: "docker" "exec" "-e" "SOURCE_DIR=/opt/rustwide/workdir" "-e" "CARGO_HOME=/opt/rustwide/cargo-home" "-e" "RUSTUP_HOME=/opt/rustwide/rustup-home" "-e" "CARGO_TARGET_DIR=/opt/rustwide/target" "-w" "/opt/rustwide/workdir" "--user" "0:0" "6304452fdaccbdc70f45b1ef2334630b344a74aef9efe99b5066ce50009b9bab" "/opt/rustwide/cargo-home/bin/cargo" "+1.100.0-beta.1" "metadata" "--no-deps" "--format-version=1", kill_on_drop: false }`
[INFO] running `Command { std: "docker" "inspect" "6304452fdaccbdc70f45b1ef2334630b344a74aef9efe99b5066ce50009b9bab", kill_on_drop: false }`
[INFO] running `Command { std: "docker" "exec" "-e" "SOURCE_DIR=/opt/rustwide/workdir" "-e" "CARGO_HOME=/opt/rustwide/cargo-home" "-e" "RUSTUP_HOME=/opt/rustwide/rustup-home" "-e" "CARGO_TARGET_DIR=/opt/rustwide/target" "-e" "CARGO_INCREMENTAL=0" "-e" "RUST_BACKTRACE=full" "-e" "RUSTFLAGS=--cap-lints=warn" "-e" "RUSTDOCFLAGS=--cap-lints=warn" "-w" "/opt/rustwide/workdir" "--user" "0:0" "6304452fdaccbdc70f45b1ef2334630b344a74aef9efe99b5066ce50009b9bab" "/opt/rustwide/cargo-home/bin/cargo" "+1.100.0-beta.1" "build" "--frozen" "--message-format=json" "--release", kill_on_drop: false }`
[INFO] [stderr]    Compiling zerocopy v0.8.60
[INFO] [stderr]    Compiling five8_core v1.0.0
[INFO] [stderr]    Compiling solana-sanitize v3.0.1
[INFO] [stderr]    Compiling solana-program-error v3.0.1
[INFO] [stderr]    Compiling sha2-const-stable v0.1.0
[INFO] [stderr]    Compiling solana-atomic-u64 v3.0.1
[INFO] [stderr]    Compiling syn v2.0.119
[INFO] [stderr]    Compiling getrandom v0.2.17
[INFO] [stderr]    Compiling syn v3.0.6
[INFO] [stderr]    Compiling getrandom v0.3.4
[INFO] [stderr]    Compiling bv v0.11.1
[INFO] [stderr]    Compiling wincode v0.6.2
[INFO] [stderr]    Compiling curve25519-dalek v4.1.3
[INFO] [stderr]    Compiling hybrid-array v0.4.15
[INFO] [stderr]    Compiling bs58 v0.5.1
[INFO] [stderr]    Compiling ctutils v0.4.3
[INFO] [stderr]    Compiling five8 v1.0.0
[INFO] [stderr]    Compiling five8_const v1.0.0
[INFO] [stderr]    Compiling cpufeatures v0.3.1
[INFO] [stderr]    Compiling cc v1.6.0
[INFO] [stderr]    Compiling getrandom v0.4.3
[INFO] [stderr]    Compiling solana-ed25519 v0.2.4
[INFO] [stderr]    Compiling solana-program-memory v3.1.0
[INFO] [stderr]    Compiling rand_core v0.6.4
[INFO] [stderr]    Compiling rand_core v0.9.5
[INFO] [stderr]    Compiling solana-define-syscall v4.0.1
[INFO] [stderr]    Compiling serde_bytes v0.11.19
[INFO] [stderr]    Compiling memchr v2.8.3
[INFO] [stderr]    Compiling radium v0.7.0
[INFO] [stderr]    Compiling tap v1.0.1
[INFO] [stderr]    Compiling solana-msg v3.1.0
[INFO] [stderr]    Compiling unreachable v1.0.0
[INFO] [stderr]    Compiling wyz v0.5.1
[INFO] [stderr]    Compiling funty v2.0.0
[INFO] [stderr]    Compiling solana-svm-feature-set v4.3.0
[INFO] [stderr]    Compiling ascii v0.9.3
[INFO] [stderr]    Compiling syn v1.0.109
[INFO] [stderr]    Compiling rand v0.10.3
[INFO] [stderr]    Compiling hash32 v0.3.1
[INFO] [stderr]    Compiling crunchy v0.2.4
[INFO] [stderr]    Compiling rand_xorshift v0.3.0
[INFO] [stderr]    Compiling solana-precompile-error v3.0.0
[INFO] [stderr]    Compiling itertools v0.14.0
[INFO] [stderr]    Compiling eager v0.1.0
[INFO] [stderr]    Compiling solana-fee-structure v4.1.0
[INFO] [stderr]    Compiling solana-svm-log-collector v4.3.0
[INFO] [stderr]    Compiling generic-array v0.14.7
[INFO] [stderr]    Compiling solana-svm-measure v4.3.0
[INFO] [stderr]    Compiling itertools v0.13.0
[INFO] [stderr]    Compiling itertools v0.10.5
[INFO] [stderr]    Compiling num_cpus v1.17.0
[INFO] [stderr]    Compiling subtle v2.6.1
[INFO] [stderr]    Compiling keccak v0.1.6
[INFO] [stderr]    Compiling combine v3.8.1
[INFO] [stderr]    Compiling bitvec v1.1.1
[INFO] [stderr]    Compiling threadpool v1.8.1
[INFO] [stderr]    Compiling crypto-common v0.2.2
[INFO] [stderr]    Compiling block-buffer v0.12.1
[INFO] [stderr]    Compiling digest v0.9.0
[INFO] [stderr]    Compiling libsecp256k1-core v0.3.0
[INFO] [stderr]    Compiling toml_edit v0.25.15+spec-1.1.0
[INFO] [stderr]    Compiling byte-slice-cast v1.2.3
[INFO] [stderr]    Compiling cfg_aliases v0.2.2
[INFO] [stderr]    Compiling blake3 v1.8.7
[INFO] [stderr]    Compiling blst v0.3.17
[INFO] [stderr]    Compiling libsecp256k1-gen-ecmult v0.3.0
[INFO] [stderr]    Compiling libsecp256k1-gen-genmult v0.3.0
[INFO] [stderr]    Compiling borsh v1.8.1
[INFO] [stderr]    Compiling qstring v0.7.2
[INFO] [stderr]    Compiling serde_json v1.0.151
[INFO] [stderr]    Compiling uriparse v0.6.4
[INFO] [stderr]    Compiling libsecp256k1 v0.7.2
[INFO] [stderr]    Compiling solana-nullable v1.3.0
[INFO] [stderr]    Compiling derivation-path v0.2.0
[INFO] [stderr]    Compiling solana-hash-512 v1.2.0
[INFO] [stderr]    Compiling solana-big-mod-exp v4.0.0
[INFO] [stderr]    Compiling solana-define-syscall v5.2.0
[INFO] [stderr]    Compiling indexmap v2.14.2
[INFO] [stderr]    Compiling itertools v0.15.0
[INFO] [stderr]    Compiling proc-macro-crate v3.5.0
[INFO] [stderr]    Compiling digest v0.11.3
[INFO] [stderr]    Compiling solana-native-token v3.0.0
[INFO] [stderr]    Compiling sha2 v0.11.0
[INFO] [stderr]    Compiling solana-derivation-path v3.0.0
[INFO] [stderr]    Compiling solana-seed-derivable v3.0.0
[INFO] [stderr]    Compiling darling_core v0.23.0
[INFO] [stderr]    Compiling ff v0.13.1
[INFO] [stderr]    Compiling ark-serialize-derive v0.4.2
[INFO] [stderr]    Compiling derivative v2.2.0
[INFO] [stderr]    Compiling ark-ff-macros v0.4.2
[INFO] [stderr]    Compiling ark-ff-asm v0.4.2
[INFO] [stderr]    Compiling zeroize_derive v1.5.0
[INFO] [stderr]    Compiling curve25519-dalek-derive v0.1.1
[INFO] [stderr]    Compiling solana-sdk-macro v3.0.1
[INFO] [stderr]    Compiling enum-iterator-derive v1.5.0
[INFO] [stderr]    Compiling ark-serialize-derive v0.5.0
[INFO] [stderr]    Compiling ppv-lite86 v0.2.21
[INFO] [stderr]    Compiling ahash v0.8.12
[INFO] [stderr]    Compiling ark-ff-macros v0.5.0
[INFO] [stderr]    Compiling ark-ff-asm v0.5.0
[INFO] [stderr]    Compiling darling_core v0.24.1
[INFO] [stderr]    Compiling thiserror-impl v1.0.69
[INFO] [stderr]    Compiling zeroize v1.9.1
[INFO] [stderr]    Compiling num-derive v0.4.2
[INFO] [stderr]    Compiling enum-iterator v2.3.0
[INFO] [stderr]    Compiling hashbrown v0.13.2
[INFO] [stderr]    Compiling cfg_eval v0.1.2
[INFO] [stderr]    Compiling rand_chacha v0.9.0
[INFO] [stderr]    Compiling rand_chacha v0.3.1
[INFO] [stderr]    Compiling der v0.7.10
[INFO] [stderr]    Compiling rand v0.9.5
[INFO] [stderr]    Compiling rand v0.8.8
[INFO] [stderr]    Compiling solana-svm-type-overrides v4.3.0
[INFO] [stderr]    Compiling merlin v3.0.0
[INFO] [stderr]    Compiling qualifier_attr v0.2.2
[INFO] [stderr]    Compiling crypto-common v0.1.7
[INFO] [stderr]    Compiling block-buffer v0.10.4
[INFO] [stderr]    Compiling crypto-bigint v0.5.5
[INFO] [stderr]    Compiling inout v0.1.4
[INFO] [stderr]    Compiling thiserror v1.0.69
[INFO] [stderr]    Compiling digest v0.10.7
[INFO] [stderr]    Compiling universal-hash v0.5.1
[INFO] [stderr]    Compiling block-buffer v0.9.0
[INFO] [stderr]    Compiling serde_derive v1.0.229
[INFO] [stderr]    Compiling thiserror-impl v2.0.21
[INFO] [stderr]    Compiling bytemuck_derive v1.12.1
[INFO] [stderr]    Compiling enum-ordinalize-derive v4.4.2
[INFO] [stderr]    Compiling cipher v0.4.4
[INFO] [stderr]    Compiling borsh-derive v1.8.1
[INFO] [stderr]    Compiling spki v0.7.3
[INFO] [stderr]    Compiling sha2 v0.10.9
[INFO] [stderr]    Compiling signature v2.2.0
[INFO] [stderr]    Compiling ed25519 v2.2.3
[INFO] [stderr]    Compiling hmac v0.12.1
[INFO] [stderr]    Compiling pbkdf2 v0.11.0
[INFO] [stderr]    Compiling pkcs8 v0.10.2
[INFO] [stderr]    Compiling group v0.13.0
[INFO] [stderr]    Compiling enum-ordinalize v4.4.2
[INFO] [stderr]    Compiling ark-std v0.5.0
[INFO] [stderr]    Compiling educe v0.6.0
[INFO] [stderr]    Compiling solana-seed-phrase v3.0.0
[INFO] [stderr]    Compiling bytemuck v1.25.2
[INFO] [stderr]    Compiling ark-serialize v0.5.0
[INFO] [stderr]    Compiling ark-std v0.4.0
[INFO] [stderr]    Compiling pairing v0.23.0
[INFO] [stderr]    Compiling sec1 v0.7.3
[INFO] [stderr]    Compiling rfc6979 v0.4.0
[INFO] [stderr]    Compiling sha3 v0.10.9
[INFO] [stderr]    Compiling ark-serialize v0.4.2
[INFO] [stderr]    Compiling aes v0.8.4
[INFO] [stderr]    Compiling ark-ff v0.4.2
[INFO] [stderr]    Compiling ctr v0.9.2
[INFO] [stderr]    Compiling thiserror v2.0.21
[INFO] [stderr]    Compiling solana-sbpf v0.23.0
[INFO] [stderr]    Compiling solana-zk-sdk-pod v0.1.2
[INFO] [stderr]    Compiling darling_macro v0.23.0
[INFO] [stderr]    Compiling darling v0.23.0
[INFO] [stderr]    Compiling wincode-derive v0.5.1
[INFO] [stderr]    Compiling elliptic-curve v0.13.8
[INFO] [stderr]    Compiling sha2 v0.9.9
[INFO] [stderr]    Compiling polyval v0.6.2
[INFO] [stderr]    Compiling darling_macro v0.24.1
[INFO] [stderr]    Compiling aead v0.5.2
[INFO] [stderr]    Compiling ecdsa v0.16.9
[INFO] [stderr]    Compiling darling v0.24.1
[INFO] [stderr]    Compiling aes-gcm-siv v0.11.1
[INFO] [stderr]    Compiling solana-sha512-hasher v1.0.1
[INFO] [stderr]    Compiling serde_with_macros v3.24.0
[INFO] [stderr]    Compiling hkdf v0.12.4
[INFO] [stderr]    Compiling ark-ff v0.5.0
[INFO] [stderr]    Compiling serde_with v3.24.0
[INFO] [stderr]    Compiling k256 v0.13.4
[INFO] [stderr]    Compiling serde v1.0.229
[INFO] [stderr]    Compiling solana-secp256k1-recover v3.3.0
[INFO] [stderr]    Compiling solana-borsh v3.0.2
[INFO] [stderr]    Compiling bincode v1.3.3
[INFO] [stderr]    Compiling blstrs v0.7.1
[INFO] [stderr]    Compiling solana-serde-varint v3.0.1
[INFO] [stderr]    Compiling solana-bls12-381-syscall v0.1.1
[INFO] [stderr]    Compiling solana-bls-signatures v3.4.0
[INFO] [stderr]    Compiling ed25519-dalek v2.2.0
[INFO] [stderr]    Compiling solana-curve25519 v4.0.1
[INFO] [stderr]    Compiling ark-poly v0.4.2
[INFO] [stderr]    Compiling ark-ec v0.4.2
[INFO] [stderr]    Compiling solana-hash v4.6.0
[INFO] [stderr]    Compiling solana-instruction-error v2.5.0
[INFO] [stderr]    Compiling solana-signature v3.5.2
[INFO] [stderr]    Compiling solana-fee-calculator v3.3.0
[INFO] [stderr]    Compiling solana-short-vec v3.3.0
[INFO] [stderr]    Compiling solana-wincode-varint v1.1.0
[INFO] [stderr]    Compiling solana-sha256-hasher v3.1.0
[INFO] [stderr]    Compiling solana-blake3-hasher v3.1.0
[INFO] [stderr]    Compiling solana-keccak-hasher v3.1.0
[INFO] [stderr]    Compiling solana-address v2.7.0
[INFO] [stderr]    Compiling solana-transaction-error v3.4.0
[INFO] [stderr]    Compiling solana-bincode v3.1.0
[INFO] [stderr]    Compiling solana-pubkey v4.3.0
[INFO] [stderr]    Compiling solana-sdk-ids v3.1.0
[INFO] [stderr]    Compiling solana-get-sysvar v1.0.0
[INFO] [stderr]    Compiling solana-account-info v3.1.1
[INFO] [stderr]    Compiling solana-address v1.1.0
[INFO] [stderr]    Compiling solana-pubkey v3.0.0
[INFO] [stderr]    Compiling solana-instruction v4.0.0
[INFO] [stderr]    Compiling solana-signer v3.0.1
[INFO] [stderr]    Compiling solana-program-entrypoint v3.1.1
[INFO] [stderr]    Compiling solana-serialize-utils v3.1.2
[INFO] [stderr]    Compiling solana-svm-timings v4.3.0
[INFO] [stderr]    Compiling solana-packet v4.3.0
[INFO] [stderr]    Compiling solana-nonce v3.3.0
[INFO] [stderr]    Compiling solana-instruction v3.5.1
[INFO] [stderr]    Compiling solana-sysvar-id v3.1.0
[INFO] [stderr]    Compiling solana-clock v4.0.0
[INFO] [stderr]    Compiling solana-epoch-schedule v3.3.0
[INFO] [stderr]    Compiling solana-slot-hashes v3.2.0
[INFO] [stderr]    Compiling solana-rent v4.4.0
[INFO] [stderr]    Compiling solana-slot-history v3.2.0
[INFO] [stderr]    Compiling solana-last-restart-slot v3.2.0
[INFO] [stderr]    Compiling solana-epoch-rewards v3.2.0
[INFO] [stderr]    Compiling solana-keypair v3.1.2
[INFO] [stderr]    Compiling solana-message v4.6.0
[INFO] [stderr]    Compiling solana-system-interface v3.3.0
[INFO] [stderr]    Compiling solana-instructions-sysvar v4.0.0
[INFO] [stderr]    Compiling solana-stable-layout v3.0.1
[INFO] [stderr]    Compiling solana-loader-v3-interface v7.0.0
[INFO] [stderr]    Compiling solana-zk-elgamal-proof-interface v0.1.3
[INFO] [stderr]    Compiling solana-clock v3.2.1
[INFO] [stderr]    Compiling agave-feature-set v4.3.0
[INFO] [stderr]    Compiling solana-cpi v3.1.0
[INFO] [stderr]    Compiling solana-compute-budget-interface v3.1.0
[INFO] [stderr]    Compiling solana-loader-v4-interface v3.1.0
[INFO] [stderr]    Compiling solana-stake-history v1.1.0
[INFO] [stderr]    Compiling solana-address-lookup-table-interface v3.2.0
[INFO] [stderr]    Compiling solana-sysvar v4.2.0
[INFO] [stderr]    Compiling solana-zk-sdk v7.0.1
[INFO] [stderr]    Compiling ark-poly v0.5.0
[INFO] [stderr]    Compiling solana-transaction v4.3.0
[INFO] [stderr]    Compiling solana-account v4.7.0
[INFO] [stderr]    Compiling solana-vote-interface v6.1.0
[INFO] [stderr]    Compiling solana-loader-v3-interface v8.1.1
[INFO] [stderr]    Compiling solana-svm-transaction v5.0.0
[INFO] [stderr]    Compiling solana-builtins-default-costs v4.3.0
[INFO] [stderr]    Compiling agave-reserved-account-keys v4.3.0
[INFO] [stderr]    Compiling solana-transaction-context v4.3.0
[INFO] [stderr]    Compiling solana-svm-callback v4.3.0
[INFO] [stderr]    Compiling solana-nonce-account v4.3.0
[INFO] [stderr]    Compiling agave-transaction-view v6.1.0
[INFO] [stderr]    Compiling solana-fee v4.3.0
[INFO] [stderr]    Compiling solana-feature-gate-interface v4.0.0
[INFO] [stderr]    Compiling ark-bn254 v0.4.0
[INFO] [stderr]    Compiling solana-program-runtime v4.3.0
[INFO] [stderr]    Compiling light-poseidon v0.2.0
[INFO] [stderr]    Compiling ark-ec v0.5.0
[INFO] [stderr]    Compiling solana-compute-budget v4.3.0
[INFO] [stderr]    Compiling solana-compute-budget-program v4.3.0
[INFO] [stderr]    Compiling solana-system-program v4.3.0
[INFO] [stderr]    Compiling solana-zk-elgamal-proof-program v4.3.0
[INFO] [stderr]    Compiling solana-zk-token-proof-program v4.3.0
[INFO] [stderr]    Compiling solana-compute-budget-instruction v4.3.0
[INFO] [stderr]    Compiling solana-vote-program v4.3.0
[INFO] [stderr]    Compiling solana-runtime-transaction v4.3.0
[INFO] [stderr]    Compiling ark-bn254 v0.5.0
[INFO] [stderr]    Compiling light-poseidon v0.4.0
[INFO] [stderr]    Compiling solana-bn254 v3.2.1
[INFO] [stderr]    Compiling solana-poseidon v4.0.0
[INFO] [stderr]    Compiling solana-syscalls v4.3.0
[INFO] [stderr]    Compiling solana-bpf-loader-program v4.3.0
[INFO] [stderr]    Compiling solana-builtins v4.3.0
[INFO] [stderr]    Compiling litesvm v0.18.0
[INFO] [stderr]    Compiling litesvm-persistence v0.18.0 (/opt/rustwide/workdir)
[INFO] [stderr]     Finished `release` profile [optimized] target(s) in 2m 44s
[INFO] running `Command { std: "docker" "inspect" "6304452fdaccbdc70f45b1ef2334630b344a74aef9efe99b5066ce50009b9bab", kill_on_drop: false }`
[INFO] running `Command { std: "docker" "exec" "-e" "SOURCE_DIR=/opt/rustwide/workdir" "-e" "CARGO_HOME=/opt/rustwide/cargo-home" "-e" "RUSTUP_HOME=/opt/rustwide/rustup-home" "-e" "CARGO_TARGET_DIR=/opt/rustwide/target" "-e" "CARGO_INCREMENTAL=0" "-e" "RUST_BACKTRACE=full" "-e" "RUSTFLAGS=--cap-lints=warn" "-e" "RUSTDOCFLAGS=--cap-lints=warn" "-w" "/opt/rustwide/workdir" "--user" "0:0" "6304452fdaccbdc70f45b1ef2334630b344a74aef9efe99b5066ce50009b9bab" "/opt/rustwide/cargo-home/bin/cargo" "+1.100.0-beta.1" "test" "--frozen" "--no-run" "--message-format=json" "--release", kill_on_drop: false }`
[INFO] [stderr]    Compiling solana-instructions-sysvar v4.0.0
[INFO] [stderr]    Compiling solana-packet v4.3.0
[INFO] [stderr]    Compiling rustix v1.1.5
[INFO] [stderr]    Compiling agave-transaction-view v6.1.0
[INFO] [stderr]    Compiling solana-transaction-context v4.3.0
[INFO] [stderr]    Compiling solana-program-runtime v4.3.0
[INFO] [stderr]    Compiling solana-compute-budget v4.3.0
[INFO] [stderr]    Compiling solana-syscalls v4.3.0
[INFO] [stderr]    Compiling solana-zk-elgamal-proof-program v4.3.0
[INFO] [stderr]    Compiling solana-zk-token-proof-program v4.3.0
[INFO] [stderr]    Compiling solana-vote-program v4.3.0
[INFO] [stderr]    Compiling solana-compute-budget-program v4.3.0
[INFO] [stderr]    Compiling solana-system-program v4.3.0
[INFO] [stderr]    Compiling solana-compute-budget-instruction v4.3.0
[INFO] [stderr]    Compiling solana-runtime-transaction v4.3.0
[INFO] [stderr]    Compiling solana-bpf-loader-program v4.3.0
[INFO] [stderr]    Compiling tempfile v3.27.0
[INFO] [stderr]    Compiling solana-builtins v4.3.0
[INFO] [stderr]    Compiling litesvm v0.18.0
[INFO] [stderr]    Compiling litesvm-persistence v0.18.0 (/opt/rustwide/workdir)
[INFO] [stderr]     Finished `release` profile [optimized] target(s) in 31.75s
[INFO] running `Command { std: "docker" "inspect" "6304452fdaccbdc70f45b1ef2334630b344a74aef9efe99b5066ce50009b9bab", kill_on_drop: false }`
[INFO] running `Command { std: "docker" "exec" "-e" "SOURCE_DIR=/opt/rustwide/workdir" "-e" "CARGO_HOME=/opt/rustwide/cargo-home" "-e" "RUSTUP_HOME=/opt/rustwide/rustup-home" "-e" "CARGO_TARGET_DIR=/opt/rustwide/target" "-e" "CARGO_INCREMENTAL=0" "-e" "RUST_BACKTRACE=full" "-e" "RUSTFLAGS=--cap-lints=warn" "-e" "RUSTDOCFLAGS=--cap-lints=warn" "-w" "/opt/rustwide/workdir" "--user" "0:0" "6304452fdaccbdc70f45b1ef2334630b344a74aef9efe99b5066ce50009b9bab" "/opt/rustwide/cargo-home/bin/cargo" "+1.100.0-beta.1" "test" "--frozen" "--release", kill_on_drop: false }`
[INFO] [stderr]     Finished `release` profile [optimized] target(s) in 0.37s
[INFO] [stderr]      Running unittests src/lib.rs (/opt/rustwide/target/release/build/litesvm-persistence/5f347bd03c0e98d1/out/litesvm_persistence-5f347bd03c0e98d1)
[INFO] [stdout] 
[INFO] [stdout] running 5 tests
[INFO] [stdout] test tests::overflowing_unique_epoch_stakes_are_rejected ... ok
[INFO] [stdout] test tests::duplicate_epoch_stakes_are_rejected ... ok
[INFO] [stdout] test tests::modexp_costs_round_trip ... ok
[INFO] [stdout] test tests::version_two_snapshot_is_still_loadable ... ok
[INFO] [stdout] test tests::version_three_snapshot_is_still_loadable ... ok
[INFO] [stdout] 
[INFO] [stdout] test result: ok. 5 passed; 0 failed; 0 ignored; 0 measured; 0 filtered out; finished in 0.13s
[INFO] [stdout] 
[INFO] [stderr]      Running tests/roundtrip.rs (/opt/rustwide/target/release/build/litesvm-persistence/cdee7716ed461ae7/out/roundtrip-cdee7716ed461ae7)
[INFO] [stdout] 
[INFO] [stdout] running 20 tests
[INFO] [stdout] test load_nonexistent_file ... ok
[INFO] [stdout] test bpf_program_round_trip ... FAILED
[INFO] [stdout] test load_corrupted_data ... ok
[INFO] [stdout] test v1_snapshot_from_v0_15_2_is_loadable ... ok
[INFO] [stdout] test version_check ... ok
[INFO] [stdout] test epoch_stake_serialization_is_deterministic ... ok
[INFO] [stdout] test airdrop_keypair_round_trip ... ok
[INFO] [stdout] test send_transaction_after_restore ... ok
[INFO] [stdout] test account_with_data_round_trip ... ok
[INFO] [stdout] test compute_budget_round_trip ... ok
[INFO] [stdout] test transaction_history_round_trip ... ok
[INFO] [stdout] test sysvar_round_trip ... ok
[INFO] [stdout] test blockhash_round_trip ... ok
[INFO] [stdout] test epoch_stakes_round_trip ... ok
[INFO] [stdout] test multiple_accounts_round_trip ... ok
[INFO] [stdout] test config_round_trip ... ok
[INFO] [stdout] test airdrop_works_after_restore ... ok
[INFO] [stdout] test bytes_round_trip ... ok
[INFO] [stdout] test basic_account_round_trip ... ok
[INFO] [stdout] test file_round_trip ... ok
[INFO] [stdout] 
[INFO] [stdout] failures:
[INFO] [stdout] 
[INFO] [stdout] ---- bpf_program_round_trip stdout ----
[INFO] [stdout] 
[INFO] [stdout] thread 'bpf_program_round_trip' (4411) panicked at tests/roundtrip.rs:266:10:
[INFO] [stdout] counter.so not found — run `cd crates/litesvm/test_programs && cargo build-sbf`: Os { code: 2, kind: NotFound, message: "No such file or directory" }
[INFO] [stdout] stack backtrace:
[INFO] [stdout]    0:     0x5730128c4971 - <<std[617be2ca0a6fd877]::sys::backtrace::BacktraceLock>::print::DisplayBacktrace as core[a373ad73a504971]::fmt::Display>::fmt
[INFO] [stdout]    1:     0x5730128da45a - core[a373ad73a504971]::fmt::write
[INFO] [stdout]    2:     0x5730128c8e9c - <alloc[2e1b2a31b91974c5]::vec::Vec<u8> as core[a373ad73a504971]::io::write::Write>::write_fmt
[INFO] [stdout]    3:     0x57301289f7f6 - std[617be2ca0a6fd877]::panicking::default_hook::{closure#0}
[INFO] [stdout]    4:     0x5730128bc5b9 - std[617be2ca0a6fd877]::panicking::default_hook
[INFO] [stdout]    5:     0x573012512320 - test[aada8e7e76ba119b]::test_main_inner::{closure#0}
[INFO] [stdout]    6:     0x5730128bc772 - std[617be2ca0a6fd877]::panicking::panic_with_hook
[INFO] [stdout]    7:     0x57301289f8a2 - std[617be2ca0a6fd877]::panicking::panic_handler::{closure#0}
[INFO] [stdout]    8:     0x5730128982d9 - std[617be2ca0a6fd877]::sys::backtrace::__rust_end_short_backtrace::<std[617be2ca0a6fd877]::panicking::panic_handler::{closure#0}, !>
[INFO] [stdout]    9:     0x5730128a04ad - __rustc[ea4f61d10b84890b]::rust_begin_unwind
[INFO] [stdout]   10:     0x5730128dab8c - core[a373ad73a504971]::panicking::panic_fmt
[INFO] [stdout]   11:     0x5730128da962 - core[a373ad73a504971]::result::unwrap_failed
[INFO] [stdout]   12:     0x573012500436 - <roundtrip[a3dfe1058dc89f04]::bpf_program_round_trip::{closure#0} as core[a373ad73a504971]::ops::function::FnOnce<()>>::call_once
[INFO] [stdout]   13:     0x57301250576b - test[aada8e7e76ba119b]::__rust_begin_short_backtrace::<core[a373ad73a504971]::result::Result<(), alloc[2e1b2a31b91974c5]::string::String>, fn() -> core[a373ad73a504971]::result::Result<(), alloc[2e1b2a31b91974c5]::string::String>>
[INFO] [stdout]   14:     0x573012512945 - test[aada8e7e76ba119b]::run_test::{closure#0}
[INFO] [stdout]   15:     0x57301250c234 - std[617be2ca0a6fd877]::sys::backtrace::__rust_begin_short_backtrace::<test[aada8e7e76ba119b]::run_test::{closure#1}, ()>
[INFO] [stdout]   16:     0x5730125159d2 - <std[617be2ca0a6fd877]::thread::lifecycle::spawn_unchecked<test[aada8e7e76ba119b]::run_test::{closure#1}, ()>::{closure#1} as core[a373ad73a504971]::ops::function::FnOnce<()>>::call_once::{shim:vtable#0}
[INFO] [stdout]   17:     0x5730128c3ebf - <std[617be2ca0a6fd877]::sys::thread::unix::Thread>::new::thread_start
[INFO] [stdout]   18:     0x7818e0344dfa - <unknown>
[INFO] [stdout]   19:     0x7818e03d83d4 - clone
[INFO] [stdout]   20:                0x0 - <unknown>
[INFO] [stdout] 
[INFO] [stdout] 
[INFO] [stdout] failures:
[INFO] [stdout]     bpf_program_round_trip
[INFO] [stdout] 
[INFO] [stdout] test result: FAILED. 19 passed; 1 failed; 0 ignored; 0 measured; 0 filtered out; finished in 0.33s
[INFO] [stdout] 
[INFO] [stderr] error: test failed, to rerun pass `--test roundtrip`
[INFO] running `Command { std: "docker" "inspect" "6304452fdaccbdc70f45b1ef2334630b344a74aef9efe99b5066ce50009b9bab", kill_on_drop: false }`
[INFO] running `Command { std: "docker" "rm" "-f" "6304452fdaccbdc70f45b1ef2334630b344a74aef9efe99b5066ce50009b9bab", kill_on_drop: false }`
[INFO] [stdout] 6304452fdaccbdc70f45b1ef2334630b344a74aef9efe99b5066ce50009b9bab
