[INFO] fetching crate litchi 0.0.1...
[INFO] testing litchi-0.0.1 against 1.99.0-beta.8+cargoflags=--release for beta-release-1.100-2
[INFO] extracting crate litchi 0.0.1 into /workspace/builds/worker-0-tc1/source
[INFO] started tweaking crates.io crate litchi 0.0.1
[INFO] finished tweaking crates.io crate litchi 0.0.1
[INFO] tweaked toml for crates.io crate litchi 0.0.1 written to /workspace/builds/worker-0-tc1/source/Cargo.toml
[INFO] validating manifest of crates.io crate litchi 0.0.1 on toolchain 1.99.0-beta.8
[INFO] running `Command { std: CARGO_HOME="/workspace/cargo-home" RUSTUP_HOME="/workspace/rustup-home" "/workspace/cargo-home/bin/cargo" "+1.99.0-beta.8" "metadata" "--manifest-path" "Cargo.toml" "--no-deps", kill_on_drop: false }`
[INFO] crate crates.io crate litchi 0.0.1 already has a lockfile, it will not be regenerated
[INFO] running `Command { std: CARGO_HOME="/workspace/cargo-home" RUSTUP_HOME="/workspace/rustup-home" "/workspace/cargo-home/bin/cargo" "+1.99.0-beta.8" "fetch" "--manifest-path" "Cargo.toml", kill_on_drop: false }`
[INFO] [stderr]     Blocking waiting for file lock on package cache
[INFO] [stderr]     Updating crates.io index
[INFO] [stderr]  Downloading crates ...
[INFO] [stderr]   Downloaded zip v6.0.0
[INFO] [stderr]   Downloaded wasi v0.14.7+wasi-0.2.4
[INFO] [stderr]   Downloaded getrandom v0.3.3
[INFO] [stderr]   Downloaded phf_generator v0.13.1
[INFO] [stderr]   Downloaded countme v3.0.1
[INFO] [stderr]   Downloaded wasm-bindgen-macro v0.2.104
[INFO] [stderr]   Downloaded wasm-bindgen-shared v0.2.104
[INFO] [stderr]   Downloaded text-size v1.1.1
[INFO] [stderr]   Downloaded deranged v0.5.4
[INFO] [stderr]   Downloaded phf_shared v0.13.1
[INFO] [stderr]   Downloaded phf_macros v0.13.1
[INFO] [stderr]   Downloaded debug_unsafe v0.1.3
[INFO] [stderr]   Downloaded wasm-bindgen-backend v0.2.104
[INFO] [stderr]   Downloaded smallvec v2.0.0-alpha.11
[INFO] [stderr]   Downloaded prost-build v0.14.1
[INFO] [stderr]   Downloaded snap v1.1.1
[INFO] [stderr]   Downloaded wasm-bindgen-macro-support v0.2.104
[INFO] [stderr]   Downloaded prost v0.14.1
[INFO] [stderr]   Downloaded zopfli v0.8.2
[INFO] [stderr]   Downloaded prost-derive v0.14.1
[INFO] [stderr]   Downloaded phf v0.13.1
[INFO] [stderr]   Downloaded atoi_simd v0.16.1
[INFO] [stderr]   Downloaded bzip2 v0.6.0
[INFO] [stderr]   Downloaded ppmd-rust v1.2.1
[INFO] [stderr]   Downloaded libz-rs-sys v0.5.2
[INFO] [stderr]   Downloaded arraydeque v0.5.1
[INFO] [stderr]   Downloaded half v2.7.0
[INFO] [stderr]   Downloaded wasm-bindgen v0.2.104
[INFO] [stderr]   Downloaded fast-float2 v0.2.3
[INFO] [stderr]   Downloaded libbz2-rs-sys v0.2.2
[INFO] [stderr]   Downloaded prost-types v0.14.1
[INFO] [stderr]   Downloaded plist v1.8.0
[INFO] [stderr]   Downloaded saphyr-parser v0.0.6
[INFO] [stderr]   Downloaded js-sys v0.3.81
[INFO] [stderr]   Downloaded rowan v0.16.1
[INFO] [stderr]   Downloaded roaring v0.11.2
[INFO] [stderr]   Downloaded zlib-rs v0.5.2
[INFO] [stderr]   Downloaded quick-xml v0.38.3
[INFO] [stderr]   Downloaded serde-saphyr v0.0.6
[INFO] [stderr]   Downloaded lzma-rust2 v0.13.0
[INFO] running `Command { std: "docker" "create" "-v" "/var/lib/crater-agent-workspace/builds/worker-0-tc1/source:/opt/rustwide/workdir:ro,Z" "-v" "/var/lib/crater-agent-workspace/builds/worker-0-tc1/target:/opt/rustwide/target:rw,Z" "-v" "/var/lib/crater-agent-workspace/cargo-home:/opt/rustwide/cargo-home:ro,Z" "-v" "/var/lib/crater-agent-workspace/rustup-home:/opt/rustwide/rustup-home:ro,Z" "-m" "1610612736" "--network" "none" "ghcr.io/rust-lang/crates-build-env/linux@sha256:77db811e55d90add9212f6832c23229e3de5f1c1f9905e8cb07319ea15df73ac" "sleep" "infinity", kill_on_drop: false }`
[INFO] [stdout] 65f640541df02ab0cd6f46e55786e20df5ce2613469383d027e51a80972ddb21
[INFO] running `Command { std: "docker" "start" "65f640541df02ab0cd6f46e55786e20df5ce2613469383d027e51a80972ddb21", kill_on_drop: false }`
[INFO] running `Command { std: "docker" "inspect" "65f640541df02ab0cd6f46e55786e20df5ce2613469383d027e51a80972ddb21", kill_on_drop: false }`
[INFO] running `Command { std: "docker" "exec" "-e" "SOURCE_DIR=/opt/rustwide/workdir" "-e" "CARGO_HOME=/opt/rustwide/cargo-home" "-e" "RUSTUP_HOME=/opt/rustwide/rustup-home" "-e" "CARGO_TARGET_DIR=/opt/rustwide/target" "-w" "/opt/rustwide/workdir" "--user" "0:0" "65f640541df02ab0cd6f46e55786e20df5ce2613469383d027e51a80972ddb21" "/opt/rustwide/cargo-home/bin/cargo" "+1.99.0-beta.8" "metadata" "--no-deps" "--format-version=1", kill_on_drop: false }`
[INFO] running `Command { std: "docker" "inspect" "65f640541df02ab0cd6f46e55786e20df5ce2613469383d027e51a80972ddb21", kill_on_drop: false }`
[INFO] running `Command { std: "docker" "exec" "-e" "SOURCE_DIR=/opt/rustwide/workdir" "-e" "CARGO_HOME=/opt/rustwide/cargo-home" "-e" "RUSTUP_HOME=/opt/rustwide/rustup-home" "-e" "CARGO_TARGET_DIR=/opt/rustwide/target" "-e" "CARGO_INCREMENTAL=0" "-e" "RUST_BACKTRACE=full" "-e" "RUSTFLAGS=--cap-lints=warn" "-e" "RUSTDOCFLAGS=--cap-lints=warn" "-w" "/opt/rustwide/workdir" "--user" "0:0" "65f640541df02ab0cd6f46e55786e20df5ce2613469383d027e51a80972ddb21" "/opt/rustwide/cargo-home/bin/cargo" "+1.99.0-beta.8" "build" "--frozen" "--message-format=json" "--release", kill_on_drop: false }`
[INFO] [stderr]    Compiling proc-macro2 v1.0.101
[INFO] [stderr]    Compiling unicode-ident v1.0.19
[INFO] [stderr]    Compiling quote v1.0.41
[INFO] [stderr]    Compiling typenum v1.19.0
[INFO] [stderr]    Compiling libc v0.2.177
[INFO] [stderr]    Compiling cfg-if v1.0.3
[INFO] [stderr]    Compiling find-msvc-tools v0.1.4
[INFO] [stderr]    Compiling subtle v2.6.1
[INFO] [stderr]    Compiling crc32fast v1.5.0
[INFO] [stderr]    Compiling num-traits v0.2.19
[INFO] [stderr]    Compiling zstd-safe v7.2.4
[INFO] [stderr]    Compiling siphasher v1.0.1
[INFO] [stderr]    Compiling hashbrown v0.15.5
[INFO] [stderr]    Compiling zlib-rs v0.5.2
[INFO] [stderr]    Compiling fastrand v2.3.0
[INFO] [stderr]    Compiling getrandom v0.3.3
[INFO] [stderr]    Compiling serde_json v1.0.145
[INFO] [stderr]    Compiling crc v3.3.0
[INFO] [stderr]    Compiling deranged v0.5.4
[INFO] [stderr]    Compiling log v0.4.28
[INFO] [stderr]    Compiling hashbrown v0.16.0
[INFO] [stderr]    Compiling simd-adler32 v0.3.7
[INFO] [stderr]    Compiling phf_shared v0.13.1
[INFO] [stderr]    Compiling bumpalo v3.19.0
[INFO] [stderr]    Compiling zerocopy v0.8.27
[INFO] [stderr]    Compiling libbz2-rs-sys v0.2.2
[INFO] [stderr]    Compiling arraydeque v0.5.1
[INFO] [stderr]    Compiling phf_generator v0.13.1
[INFO] [stderr]    Compiling nohash-hasher v0.2.0
[INFO] [stderr]    Compiling zopfli v0.8.2
[INFO] [stderr]    Compiling deflate64 v0.1.10
[INFO] [stderr]    Compiling either v1.15.0
[INFO] [stderr]    Compiling bytemuck v1.24.0
[INFO] [stderr]    Compiling litchi v0.0.1 (/opt/rustwide/workdir)
[INFO] [stderr]    Compiling ppmd-rust v1.2.1
[INFO] [stderr]    Compiling debug_unsafe v0.1.3
[INFO] [stderr]    Compiling syn v2.0.106
[INFO] [stderr]    Compiling constant_time_eq v0.3.1
[INFO] [stderr]    Compiling bzip2 v0.6.0
[INFO] [stderr]    Compiling generic-array v0.14.7
[INFO] [stderr]    Compiling smallvec v2.0.0-alpha.11
[INFO] [stderr]    Compiling roaring v0.11.2
[INFO] [stderr]    Compiling atoi_simd v0.16.1
[INFO] [stderr]    Compiling rayon v1.11.0
[INFO] [stderr]    Compiling indexmap v2.11.4
[INFO] [stderr]    Compiling encoding_rs v0.8.35
[INFO] [stderr]    Compiling quick-xml v0.38.3
[INFO] [stderr]    Compiling fast-float2 v0.2.3
[INFO] [stderr]    Compiling hashlink v0.10.0
[INFO] [stderr]    Compiling jobserver v0.1.34
[INFO] [stderr]    Compiling crypto-common v0.1.6
[INFO] [stderr]    Compiling block-buffer v0.10.4
[INFO] [stderr]    Compiling cc v1.2.41
[INFO] [stderr]    Compiling digest v0.10.7
[INFO] [stderr]    Compiling inout v0.1.4
[INFO] [stderr]    Compiling saphyr-parser v0.0.6
[INFO] [stderr]    Compiling cipher v0.4.4
[INFO] [stderr]    Compiling time v0.3.44
[INFO] [stderr]    Compiling hmac v0.12.1
[INFO] [stderr]    Compiling sha2 v0.10.9
[INFO] [stderr]    Compiling aes v0.8.4
[INFO] [stderr]    Compiling pbkdf2 v0.12.2
[INFO] [stderr]    Compiling lzma-rust2 v0.13.0
[INFO] [stderr]    Compiling sha1 v0.10.6
[INFO] [stderr]    Compiling zstd-sys v2.0.16+zstd.1.5.7
[INFO] [stderr]    Compiling libz-rs-sys v0.5.2
[INFO] [stderr]    Compiling flate2 v1.1.4
[INFO] [stderr]    Compiling serde_derive v1.0.228
[INFO] [stderr]    Compiling zeroize_derive v1.4.2
[INFO] [stderr]    Compiling thiserror-impl v2.0.17
[INFO] [stderr]    Compiling phf_macros v0.13.1
[INFO] [stderr]    Compiling zerocopy-derive v0.8.27
[INFO] [stderr]    Compiling zeroize v1.8.2
[INFO] [stderr]    Compiling phf v0.13.1
[INFO] [stderr]    Compiling thiserror v2.0.17
[INFO] [stderr]    Compiling serde v1.0.228
[INFO] [stderr]    Compiling bytes v1.10.1
[INFO] [stderr]    Compiling chrono v0.4.42
[INFO] [stderr]    Compiling serde-saphyr v0.0.6
[INFO] [stderr]    Compiling zstd v0.13.3
[INFO] [stderr]    Compiling zip v6.0.0
[INFO] [stderr]     Finished `release` profile [optimized] target(s) in 1m 26s
[INFO] running `Command { std: "docker" "inspect" "65f640541df02ab0cd6f46e55786e20df5ce2613469383d027e51a80972ddb21", kill_on_drop: false }`
[INFO] running `Command { std: "docker" "exec" "-e" "SOURCE_DIR=/opt/rustwide/workdir" "-e" "CARGO_HOME=/opt/rustwide/cargo-home" "-e" "RUSTUP_HOME=/opt/rustwide/rustup-home" "-e" "CARGO_TARGET_DIR=/opt/rustwide/target" "-e" "CARGO_INCREMENTAL=0" "-e" "RUST_BACKTRACE=full" "-e" "RUSTFLAGS=--cap-lints=warn" "-e" "RUSTDOCFLAGS=--cap-lints=warn" "-w" "/opt/rustwide/workdir" "--user" "0:0" "65f640541df02ab0cd6f46e55786e20df5ce2613469383d027e51a80972ddb21" "/opt/rustwide/cargo-home/bin/cargo" "+1.99.0-beta.8" "test" "--frozen" "--no-run" "--message-format=json" "--release", kill_on_drop: false }`
[INFO] [stderr]    Compiling litchi v0.0.1 (/opt/rustwide/workdir)
[INFO] [stdout] warning: unused import: `super::*`
[INFO] [stdout]    --> src/ole/ppt/slide/slide.rs:287:9
[INFO] [stdout]     |
[INFO] [stdout] 287 |     use super::*;
[INFO] [stdout]     |         ^^^^^^^^
[INFO] [stdout]     |
[INFO] [stdout]     = note: `#[warn(unused_imports)]` (part of `#[warn(unused)]`) on by default
[INFO] [stdout] 
[INFO] [stdout] 
[INFO] [stderr]     Finished `release` profile [optimized] target(s) in 12.87s
[INFO] running `Command { std: "docker" "inspect" "65f640541df02ab0cd6f46e55786e20df5ce2613469383d027e51a80972ddb21", kill_on_drop: false }`
[INFO] running `Command { std: "docker" "exec" "-e" "SOURCE_DIR=/opt/rustwide/workdir" "-e" "CARGO_HOME=/opt/rustwide/cargo-home" "-e" "RUSTUP_HOME=/opt/rustwide/rustup-home" "-e" "CARGO_TARGET_DIR=/opt/rustwide/target" "-e" "CARGO_INCREMENTAL=0" "-e" "RUST_BACKTRACE=full" "-e" "RUSTFLAGS=--cap-lints=warn" "-e" "RUSTDOCFLAGS=--cap-lints=warn" "-w" "/opt/rustwide/workdir" "--user" "0:0" "65f640541df02ab0cd6f46e55786e20df5ce2613469383d027e51a80972ddb21" "/opt/rustwide/cargo-home/bin/cargo" "+1.99.0-beta.8" "test" "--frozen" "--release", kill_on_drop: false }`
[INFO] [stderr] warning: unused import: `super::*`
[INFO] [stderr]    --> src/ole/ppt/slide/slide.rs:287:9
[INFO] [stderr]     |
[INFO] [stderr] 287 |     use super::*;
[INFO] [stderr]     |         ^^^^^^^^
[INFO] [stderr]     |
[INFO] [stderr]     = note: `#[warn(unused_imports)]` (part of `#[warn(unused)]`) on by default
[INFO] [stderr] 
[INFO] [stderr] warning: `litchi` (lib test) generated 1 warning (run `cargo fix --lib -p litchi --tests` to apply 1 suggestion)
[INFO] [stderr]     Finished `release` profile [optimized] target(s) in 0.13s
[INFO] [stdout] 
[INFO] [stderr]      Running unittests src/lib.rs (/opt/rustwide/target/release/deps/litchi-4c0385ac300537ef)
[INFO] [stdout] running 141 tests
[INFO] [stdout] test common::metadata::tests::test_metadata_to_yaml_front_matter ... ok
[INFO] [stdout] test common::metadata::tests::test_metadata_has_data ... ok
[INFO] [stdout] test common::detection::tests::test_detect_iwork_pages ... ok
[INFO] [stdout] test markdown::config::tests::test_markdown_options_builder ... ok
[INFO] [stdout] test ole::doc::package::tests::test_invalid_file ... ignored
[INFO] [stdout] test ole::doc::package::tests::test_open_package ... ignored
[INFO] [stdout] test ole::binary::tests::test_read_u32_le ... ok
[INFO] [stdout] test common::metadata::tests::test_ole_metadata_conversion ... ok
[INFO] [stdout] test ole::doc::parts::chp::tests::test_default_chp ... ok
[INFO] [stdout] test ole::doc::paragraph::tests::test_paragraph_text ... ok
[INFO] [stdout] test ole::binary::tests::test_parse_windows1252 ... ok
[INFO] [stdout] test ole::binary::tests::test_plcf_parser ... ok
[INFO] [stdout] test ole::binary::tests::test_read_u16_le ... ok
[INFO] [stdout] test common::detection::tests::test_detect_docx_from_bytes ... FAILED
[INFO] [stdout] test ole::doc::paragraph::tests::test_run_with_formatting ... ok
[INFO] [stdout] test common::detection::tests::test_detect_ole2_from_bytes ... FAILED
[INFO] [stdout] test ole::doc::parts::pap::tests::test_indent_conversion ... ok
[INFO] [stdout] test ole::doc::parts::chp::tests::test_vertical_position ... ok
[INFO] [stdout] test ole::doc::parts::fib::tests::test_fib_magic_validation ... ok
[INFO] [stdout] test ole::doc::parts::pap::tests::test_justification ... ok
[INFO] [stdout] test ole::doc::parts::fkp::tests::test_fkp_page_size ... ok
[INFO] [stdout] test ole::doc::parts::chp::tests::test_underline_style ... ok
[INFO] [stdout] test ole::doc::parts::piece_table::tests::test_text_piece_cp_to_fc ... ok
[INFO] [stdout] test ole::doc::parts::tap::tests::test_default_tap ... ok
[INFO] [stdout] test ole::doc::parts::fib::tests::test_fib_min_size ... ok
[INFO] [stdout] test markdown::config::tests::test_markdown_options_default ... ok
[INFO] [stdout] test ole::doc::parts::fib::tests::test_fib_table_stream_flag ... ok
[INFO] [stdout] test ole::binary::tests::test_parse_utf16le ... ok
[INFO] [stdout] test ole::doc::parts::fkp::tests::test_invalid_page_size ... ok
[INFO] [stdout] test ole::doc::parts::fib::tests::test_fib_valid ... ok
[INFO] [stdout] test ole::doc::parts::pap::tests::test_default_pap ... ok
[INFO] [stdout] test ole::doc::parts::fields::tests::test_field_descriptor_parsing ... ok
[INFO] [stdout] test ole::doc::parts::fields::tests::test_field_type_conversion ... ok
[INFO] [stdout] test ole::doc::parts::fkp::tests::test_invalid_crun ... ok
[INFO] [stdout] test ole::ppt::current_user::tests::test_ascii_parsing ... ok
[INFO] [stdout] test ole::doc::parts::tap::tests::test_vertical_alignment ... ok
[INFO] [stdout] test ole::doc::table::tests::test_row_cell_count ... ok
[INFO] [stdout] test ole::ppt::escher::container::tests::test_child_iterator ... ok
[INFO] [stdout] test ole::ppt::escher::parser::tests::test_parser_creation ... ok
[INFO] [stdout] test ole::ppt::current_user::tests::test_current_user_header_validation ... ok
[INFO] [stdout] test ole::doc::table::tests::test_table_dimensions ... ok
[INFO] [stdout] test ole::doc::parts::tap::tests::test_table_definition ... ok
[INFO] [stdout] test ole::doc::parts::text::tests::test_clx_parsing_structure ... ok
[INFO] [stdout] test ole::doc::parts::text::tests::test_windows_1252_conversion ... ok
[INFO] [stdout] test ole::doc::table::tests::test_cell_text ... ok
[INFO] [stdout] test ole::ppt::escher::record::tests::test_parse_atom_record ... ok
[INFO] [stdout] test ole::ppt::escher::shape::tests::test_shape_type_detection ... ok
[INFO] [stdout] test ole::ppt::current_user::tests::test_current_user_min_size ... ok
[INFO] [stdout] test ole::ppt::escher::properties::tests::test_anchor_dimensions ... ok
[INFO] [stdout] test ole::ppt::current_user::tests::test_current_user_valid ... FAILED
[INFO] [stdout] test ole::ppt::current_user::tests::test_utf16le_parsing ... ok
[INFO] [stdout] test ole::ppt::package::tests::test_invalid_file ... ignored
[INFO] [stdout] test ole::ppt::escher::text::tests::test_escher_without_text ... ok
[INFO] [stdout] test ole::ppt::escher_textbox::tests::test_escher_textbox_wrapper_creation ... FAILED
[INFO] [stdout] test ole::ppt::escher::record::tests::test_parse_container_record ... ok
[INFO] [stdout] test ole::ppt::persist::mapping::tests::test_persist_mapping_from_records ... ok
[INFO] [stdout] test ole::ppt::escher::shape_factory::tests::test_empty_data ... ok
[INFO] [stdout] test ole::doc::parts::piece_table::tests::test_text_piece_fc_to_cp ... ok
[INFO] [stdout] test ole::ppt::escher::text::tests::test_empty_escher_data ... ok
[INFO] [stdout] test ole::ppt::package::tests::test_open_package ... FAILED
[INFO] [stdout] test ole::doc::parts::tap::tests::test_cell_merge_status ... ok
[INFO] [stdout] test ole::ppt::persist::ptr_holder::tests::test_persist_ptr_holder_multiple_groups ... ok
[INFO] [stdout] test ole::ppt::records::record::tests::test_record_creation ... ok
[INFO] [stdout] test ole::ppt::parsers::parser::tests::test_parser_creation ... ok
[INFO] [stdout] test ole::ppt::shapes::autoshape::tests::test_autoshape_type_conversion ... ok
[INFO] [stdout] test ole::ppt::shapes::autoshape::tests::test_autoshape_shape_classification ... ok
[INFO] [stdout] test ole::ppt::shapes::autoshape::tests::test_autoshape_type_operations ... ok
[INFO] [stdout] test ole::ppt::shapes::escher::tests::test_escher_record_creation ... ok
[INFO] [stdout] test ole::ppt::shapes::escher::tests::test_escher_record_type_conversion ... ok
[INFO] [stdout] test ole::ppt::escher::shape_factory::tests::test_count_shapes ... ok
[INFO] [stdout] test ole::ppt::shapes::placeholder::tests::test_placeholder_type_conversion ... ok
[INFO] [stdout] test ole::ppt::shapes::placeholder::tests::test_placeholder_creation ... ok
[INFO] [stdout] test ole::ppt::persist::ptr_holder::tests::test_persist_ptr_holder_parsing ... ok
[INFO] [stdout] test ole::ppt::shapes::placeholder::tests::test_placeholder_type_operations ... ok
[INFO] [stdout] test ole::ppt::shapes::placeholder::tests::test_placeholder_media_check ... ok
[INFO] [stdout] test ole::ppt::shapes::escher::tests::test_text_extraction ... ok
[INFO] [stdout] test ole::ppt::shapes::autoshape::tests::test_autoshape_creation ... ok
[INFO] [stdout] test ole::ppt::shapes::escher::tests::test_shape_properties_extraction ... ok
[INFO] [stdout] test ole::sprm::tests::test_find_sprm ... ok
[INFO] [stdout] test ole::sprm::tests::test_parse_sprms ... ok
[INFO] [stdout] test ole::ppt::shapes::textbox::tests::test_textbox_formatting ... ok
[INFO] [stdout] test ole::ppt::text_run::tests::test_text_run_creation ... ok
[INFO] [stdout] test ole::ppt::text_prop::tests::test_text_prop_collection ... ok
[INFO] [stdout] test ole::ppt::text_prop::tests::test_extract_char_flags ... ok
[INFO] [stdout] test ole::sprm::tests::test_get_bool_from_sprm ... ok
[INFO] [stdout] test ole::ppt::shapes::textbox::tests::test_textbox_creation ... ok
[INFO] [stdout] test ole::ppt::shapes::textbox::tests::test_textbox_text_operations ... ok
[INFO] [stdout] test ole::ppt::slide::slide_factory::tests::test_slide_factory_creation ... ok
[INFO] [stdout] test ole::ppt::text::extractor::tests::test_cstring_filtering ... ok
[INFO] [stdout] test ole::ppt::text::extractor::tests::test_text_bytes_atom_parsing ... ok
[INFO] [stdout] test ole::ppt::text::extractor::tests::test_text_chars_atom_parsing ... ok
[INFO] [stdout] test ole::ppt::text_prop::tests::test_text_prop_creation ... ok
[INFO] [stdout] test ole::ppt::text_run::tests::test_text_run_extractor ... ok
[INFO] [stdout] test ole::xls::utils::tests::test_cell_reference ... ok
[INFO] [stdout] test ooxml::docx::package::tests::test_open_package ... ignored
[INFO] [stdout] test ooxml::metadata::tests::test_extract_metadata ... ignored
[INFO] [stdout] test ooxml::docx::paragraph::tests::test_run_text_extraction ... ok
[INFO] [stdout] test ooxml::opc::packuri::tests::test_base_uri ... ok
[INFO] [stdout] test ooxml::opc::packuri::tests::test_ext ... ok
[INFO] [stdout] test ooxml::docx::table::tests::test_cell_text ... ok
[INFO] [stdout] test ooxml::opc::packuri::tests::test_idx ... ok
[INFO] [stdout] test ooxml::opc::packuri::tests::test_filename ... ok
[INFO] [stdout] test ooxml::metadata::tests::test_parse_datetime ... ok
[INFO] [stdout] test ole::sprm::tests::test_sprm_operation_from ... ok
[INFO] [stdout] test ooxml::opc::packuri::tests::test_membername ... ok
[INFO] [stdout] test ole::doc::parts::pap::tests::test_line_spacing_type ... ok
[INFO] [stdout] test ole::xls::utils::tests::test_column_index_to_name ... FAILED
[INFO] [stdout] test ole::xls::utils::tests::test_column_name_to_index ... ok
[INFO] [stdout] test ole::xls::utils::tests::test_parse_cell_reference ... FAILED
[INFO] [stdout] test ooxml::docx::paragraph::tests::test_run_bold ... ok
[INFO] [stdout] test ooxml::docx::paragraph::tests::test_run_italic ... ok
[INFO] [stdout] test ooxml::metadata::tests::test_parse_core_properties_xml ... ok
[INFO] [stdout] test ooxml::opc::package::tests::test_main_document_part ... ok
[INFO] [stdout] test ooxml::pptx::package::tests::test_open_package ... ignored
[INFO] [stdout] test ooxml::opc::rel::tests::test_relationship_creation ... ok
[INFO] [stdout] test ooxml::opc::part::tests::test_is_xml_content_type ... ok
[INFO] [stdout] test ooxml::opc::packuri::tests::test_packuri_new ... ok
[INFO] [stdout] test ooxml::opc::part::tests::test_xml_part ... ok
[INFO] [stdout] test sheet::text::cell::tests::test_coordinate_conversion ... ok
[INFO] [stdout] test ooxml::opc::phys_pkg::tests::test_reader_from_cursor ... ok
[INFO] [stdout] test ooxml::opc::pkgreader::tests::test_content_type_map ... ok
[INFO] [stdout] test ooxml::opc::rel::tests::test_get_or_add ... ok
[INFO] [stdout] test ooxml::opc::rel::tests::test_next_r_id ... ok
[INFO] [stdout] test sheet::text::parser::tests::test_quoted_fields ... ok
[INFO] [stdout] test ooxml::shared::tests::test_length_conversions ... ok
[INFO] [stdout] test ooxml::shared::tests::test_rgb_color ... ok
[INFO] [stdout] test ooxml::xlsb::utils::tests::test_cell_reference ... ok
[INFO] [stdout] test ooxml::xlsb::utils::tests::test_column_index_to_name ... FAILED
[INFO] [stdout] test ooxml::xlsb::utils::tests::test_column_name_to_index ... ok
[INFO] [stdout] test ooxml::opc::part::tests::test_blob_part ... ok
[INFO] [stdout] test ooxml::xlsb::utils::tests::test_parse_cell_reference ... FAILED
[INFO] [stdout] test sheet::text::parser::tests::test_tsv_parsing ... ok
[INFO] [stdout] test sheet::text::parser::tests::test_simple_csv_parsing ... ok
[INFO] [stdout] test sheet::text::tests::test_csv_parsing ... ok
[INFO] [stdout] test sheet::text::tests::test_tsv_parsing ... ok
[INFO] [stdout] test sheet::text::tests::test_type_inference ... ok
[INFO] [stdout] test sheet::text::tests::test_quoted_fields ... ok
[INFO] [stdout] test sheet::text::tests::test_empty_cells ... ok
[INFO] [stdout] test sheet::text::tests::test_iterators ... ok
[INFO] [stdout] test ole::doc::paragraph::tests::test_run_text ... ok
[INFO] [stdout] test ooxml::opc::package::tests::test_open_package ... ok
[INFO] [stdout] 
[INFO] [stdout] failures:
[INFO] [stdout] 
[INFO] [stderr] error: test failed, to rerun pass `--lib`
[INFO] [stdout] ---- common::detection::tests::test_detect_docx_from_bytes stdout ----
[INFO] [stdout] 
[INFO] [stdout] thread 'common::detection::tests::test_detect_docx_from_bytes' (1770) panicked at src/common/detection/mod.rs:229:9:
[INFO] [stdout] assertion failed: format.is_some()
[INFO] [stdout] stack backtrace:
[INFO] [stdout]    0:     0x646227299221 - <<std[70759c8f55707aa4]::sys::backtrace::BacktraceLock>::print::DisplayBacktrace as core[df12db4294e9bfd3]::fmt::Display>::fmt
[INFO] [stdout]    1:     0x6462272af57a - core[df12db4294e9bfd3]::fmt::write
[INFO] [stdout]    2:     0x64622729da9c - <alloc[2182bb758b4b3781]::vec::Vec<u8> as core[df12db4294e9bfd3]::io::write::Write>::write_fmt
[INFO] [stdout]    3:     0x646227274b46 - std[70759c8f55707aa4]::panicking::default_hook::{closure#0}
[INFO] [stdout]    4:     0x6462272910d9 - std[70759c8f55707aa4]::panicking::default_hook
[INFO] [stdout]    5:     0x646227126110 - test[9d35eded1c95d3be]::test_main_inner::<test[9d35eded1c95d3be]::test_main_static::{closure#0}>::{closure#0}
[INFO] [stdout]    6:     0x646227291292 - std[70759c8f55707aa4]::panicking::panic_with_hook
[INFO] [stdout]    7:     0x646227274c24 - std[70759c8f55707aa4]::panicking::panic_handler::{closure#0}
[INFO] [stdout]    8:     0x64622726d699 - std[70759c8f55707aa4]::sys::backtrace::__rust_end_short_backtrace::<std[70759c8f55707aa4]::panicking::panic_handler::{closure#0}, !>
[INFO] [stdout]    9:     0x6462272757ed - __rustc[8fa7c3cbc660c2b3]::rust_begin_unwind
[INFO] [stdout]   10:     0x6462272afcac - core[df12db4294e9bfd3]::panicking::panic_fmt
[INFO] [stdout]   11:     0x6462272afc72 - core[df12db4294e9bfd3]::panicking::panic
[INFO] [stdout]   12:     0x6462270b3f8f - litchi[a0e9a2f766d1ed8c]::common::detection::tests::test_detect_docx_from_bytes
[INFO] [stdout]   13:     0x646227103e49 - <litchi[a0e9a2f766d1ed8c]::common::detection::tests::test_detect_docx_from_bytes::{closure#0} as core[df12db4294e9bfd3]::ops::function::FnOnce<()>>::call_once
[INFO] [stdout]   14:     0x6462271193fb - test[9d35eded1c95d3be]::__rust_begin_short_backtrace::<core[df12db4294e9bfd3]::result::Result<(), alloc[2182bb758b4b3781]::string::String>, fn() -> core[df12db4294e9bfd3]::result::Result<(), alloc[2182bb758b4b3781]::string::String>>
[INFO] [stdout]   15:     0x646227126a65 - test[9d35eded1c95d3be]::run_test::{closure#0}
[INFO] [stdout]   16:     0x646227120324 - std[70759c8f55707aa4]::sys::backtrace::__rust_begin_short_backtrace::<test[9d35eded1c95d3be]::run_test::{closure#1}, ()>
[INFO] [stdout]   17:     0x646227129bc2 - <std[70759c8f55707aa4]::thread::lifecycle::spawn_unchecked<test[9d35eded1c95d3be]::run_test::{closure#1}, ()>::{closure#1} as core[df12db4294e9bfd3]::ops::function::FnOnce<()>>::call_once::{shim:vtable#0}
[INFO] [stdout]   18:     0x6462272985e9 - <std[70759c8f55707aa4]::sys::thread::unix::Thread>::new::thread_start
[INFO] [stdout]   19:     0x711d361d2dfa - <unknown>
[INFO] [stdout]   20:     0x711d362663d4 - clone
[INFO] [stdout]   21:                0x0 - <unknown>
[INFO] [stdout] 
[INFO] [stdout] ---- common::detection::tests::test_detect_ole2_from_bytes stdout ----
[INFO] [stdout] 
[INFO] [stdout] thread 'common::detection::tests::test_detect_ole2_from_bytes' (1772) panicked at src/common/detection/mod.rs:237:9:
[INFO] [stdout] assertion failed: format.is_some()
[INFO] [stdout] stack backtrace:
[INFO] [stdout]    0:     0x646227299221 - <<std[70759c8f55707aa4]::sys::backtrace::BacktraceLock>::print::DisplayBacktrace as core[df12db4294e9bfd3]::fmt::Display>::fmt
[INFO] [stdout]    1:     0x6462272af57a - core[df12db4294e9bfd3]::fmt::write
[INFO] [stdout]    2:     0x64622729da9c - <alloc[2182bb758b4b3781]::vec::Vec<u8> as core[df12db4294e9bfd3]::io::write::Write>::write_fmt
[INFO] [stdout]    3:     0x646227274b46 - std[70759c8f55707aa4]::panicking::default_hook::{closure#0}
[INFO] [stdout]    4:     0x6462272910d9 - std[70759c8f55707aa4]::panicking::default_hook
[INFO] [stdout]    5:     0x646227126110 - test[9d35eded1c95d3be]::test_main_inner::<test[9d35eded1c95d3be]::test_main_static::{closure#0}>::{closure#0}
[INFO] [stdout]    6:     0x646227291292 - std[70759c8f55707aa4]::panicking::panic_with_hook
[INFO] [stdout]    7:     0x646227274c24 - std[70759c8f55707aa4]::panicking::panic_handler::{closure#0}
[INFO] [stdout]    8:     0x64622726d699 - std[70759c8f55707aa4]::sys::backtrace::__rust_end_short_backtrace::<std[70759c8f55707aa4]::panicking::panic_handler::{closure#0}, !>
[INFO] [stdout]    9:     0x6462272757ed - __rustc[8fa7c3cbc660c2b3]::rust_begin_unwind
[INFO] [stdout]   10:     0x6462272afcac - core[df12db4294e9bfd3]::panicking::panic_fmt
[INFO] [stdout]   11:     0x6462272afc72 - core[df12db4294e9bfd3]::panicking::panic
[INFO] [stdout]   12:     0x6462270b4155 - litchi[a0e9a2f766d1ed8c]::common::detection::tests::test_detect_ole2_from_bytes
[INFO] [stdout]   13:     0x646227103e69 - <litchi[a0e9a2f766d1ed8c]::common::detection::tests::test_detect_ole2_from_bytes::{closure#0} as core[df12db4294e9bfd3]::ops::function::FnOnce<()>>::call_once
[INFO] [stdout]   14:     0x6462271193fb - test[9d35eded1c95d3be]::__rust_begin_short_backtrace::<core[df12db4294e9bfd3]::result::Result<(), alloc[2182bb758b4b3781]::string::String>, fn() -> core[df12db4294e9bfd3]::result::Result<(), alloc[2182bb758b4b3781]::string::String>>
[INFO] [stdout]   15:     0x646227126a65 - test[9d35eded1c95d3be]::run_test::{closure#0}
[INFO] [stdout]   16:     0x646227120324 - std[70759c8f55707aa4]::sys::backtrace::__rust_begin_short_backtrace::<test[9d35eded1c95d3be]::run_test::{closure#1}, ()>
[INFO] [stdout]   17:     0x646227129bc2 - <std[70759c8f55707aa4]::thread::lifecycle::spawn_unchecked<test[9d35eded1c95d3be]::run_test::{closure#1}, ()>::{closure#1} as core[df12db4294e9bfd3]::ops::function::FnOnce<()>>::call_once::{shim:vtable#0}
[INFO] [stdout]   18:     0x6462272985e9 - <std[70759c8f55707aa4]::sys::thread::unix::Thread>::new::thread_start
[INFO] [stdout]   19:     0x711d361d2dfa - <unknown>
[INFO] [stdout]   20:     0x711d362663d4 - clone
[INFO] [stdout]   21:                0x0 - <unknown>
[INFO] [stdout] 
[INFO] [stdout] ---- ole::ppt::current_user::tests::test_current_user_valid stdout ----
[INFO] [stdout] 
[INFO] [stdout] thread 'ole::ppt::current_user::tests::test_current_user_valid' (1816) panicked at src/ole/ppt/current_user.rs:237:9:
[INFO] [stdout] assertion failed: result.is_ok()
[INFO] [stdout] stack backtrace:
[INFO] [stdout]    0:     0x646227299221 - <<std[70759c8f55707aa4]::sys::backtrace::BacktraceLock>::print::DisplayBacktrace as core[df12db4294e9bfd3]::fmt::Display>::fmt
[INFO] [stdout]    1:     0x6462272af57a - core[df12db4294e9bfd3]::fmt::write
[INFO] [stdout]    2:     0x64622729da9c - <alloc[2182bb758b4b3781]::vec::Vec<u8> as core[df12db4294e9bfd3]::io::write::Write>::write_fmt
[INFO] [stdout]    3:     0x646227274b46 - std[70759c8f55707aa4]::panicking::default_hook::{closure#0}
[INFO] [stdout]    4:     0x6462272910d9 - std[70759c8f55707aa4]::panicking::default_hook
[INFO] [stdout]    5:     0x646227126110 - test[9d35eded1c95d3be]::test_main_inner::<test[9d35eded1c95d3be]::test_main_static::{closure#0}>::{closure#0}
[INFO] [stdout]    6:     0x646227291292 - std[70759c8f55707aa4]::panicking::panic_with_hook
[INFO] [stdout]    7:     0x646227274c24 - std[70759c8f55707aa4]::panicking::panic_handler::{closure#0}
[INFO] [stdout]    8:     0x64622726d699 - std[70759c8f55707aa4]::sys::backtrace::__rust_end_short_backtrace::<std[70759c8f55707aa4]::panicking::panic_handler::{closure#0}, !>
[INFO] [stdout]    9:     0x6462272757ed - __rustc[8fa7c3cbc660c2b3]::rust_begin_unwind
[INFO] [stdout]   10:     0x6462272afcac - core[df12db4294e9bfd3]::panicking::panic_fmt
[INFO] [stdout]   11:     0x6462272afc72 - core[df12db4294e9bfd3]::panicking::panic
[INFO] [stdout]   12:     0x6462270a9134 - litchi[a0e9a2f766d1ed8c]::ole::ppt::current_user::tests::test_current_user_valid
[INFO] [stdout]   13:     0x646227104029 - <litchi[a0e9a2f766d1ed8c]::ole::ppt::current_user::tests::test_current_user_valid::{closure#0} as core[df12db4294e9bfd3]::ops::function::FnOnce<()>>::call_once
[INFO] [stdout]   14:     0x6462271193fb - test[9d35eded1c95d3be]::__rust_begin_short_backtrace::<core[df12db4294e9bfd3]::result::Result<(), alloc[2182bb758b4b3781]::string::String>, fn() -> core[df12db4294e9bfd3]::result::Result<(), alloc[2182bb758b4b3781]::string::String>>
[INFO] [stdout]   15:     0x646227126a65 - test[9d35eded1c95d3be]::run_test::{closure#0}
[INFO] [stdout]   16:     0x646227120324 - std[70759c8f55707aa4]::sys::backtrace::__rust_begin_short_backtrace::<test[9d35eded1c95d3be]::run_test::{closure#1}, ()>
[INFO] [stdout]   17:     0x646227129bc2 - <std[70759c8f55707aa4]::thread::lifecycle::spawn_unchecked<test[9d35eded1c95d3be]::run_test::{closure#1}, ()>::{closure#1} as core[df12db4294e9bfd3]::ops::function::FnOnce<()>>::call_once::{shim:vtable#0}
[INFO] [stdout]   18:     0x6462272985e9 - <std[70759c8f55707aa4]::sys::thread::unix::Thread>::new::thread_start
[INFO] [stdout]   19:     0x711d361d2dfa - <unknown>
[INFO] [stdout]   20:     0x711d362663d4 - clone
[INFO] [stdout]   21:                0x0 - <unknown>
[INFO] [stdout] 
[INFO] [stdout] ---- ole::ppt::escher_textbox::tests::test_escher_textbox_wrapper_creation stdout ----
[INFO] [stdout] 
[INFO] [stdout] thread 'ole::ppt::escher_textbox::tests::test_escher_textbox_wrapper_creation' (1828) panicked at src/ole/ppt/escher_textbox.rs:145:55:
[INFO] [stdout] called `Result::unwrap()` on an `Err` value: InvalidFormat("No text records found in Escher textbox data")
[INFO] [stdout] stack backtrace:
[INFO] [stdout]    0:     0x646227299221 - <<std[70759c8f55707aa4]::sys::backtrace::BacktraceLock>::print::DisplayBacktrace as core[df12db4294e9bfd3]::fmt::Display>::fmt
[INFO] [stdout]    1:     0x6462272af57a - core[df12db4294e9bfd3]::fmt::write
[INFO] [stdout]    2:     0x64622729da9c - <alloc[2182bb758b4b3781]::vec::Vec<u8> as core[df12db4294e9bfd3]::io::write::Write>::write_fmt
[INFO] [stdout]    3:     0x646227274b46 - std[70759c8f55707aa4]::panicking::default_hook::{closure#0}
[INFO] [stdout]    4:     0x6462272910d9 - std[70759c8f55707aa4]::panicking::default_hook
[INFO] [stdout]    5:     0x646227126110 - test[9d35eded1c95d3be]::test_main_inner::<test[9d35eded1c95d3be]::test_main_static::{closure#0}>::{closure#0}
[INFO] [stdout]    6:     0x646227291292 - std[70759c8f55707aa4]::panicking::panic_with_hook
[INFO] [stdout]    7:     0x646227274bf2 - std[70759c8f55707aa4]::panicking::panic_handler::{closure#0}
[INFO] [stdout]    8:     0x64622726d699 - std[70759c8f55707aa4]::sys::backtrace::__rust_end_short_backtrace::<std[70759c8f55707aa4]::panicking::panic_handler::{closure#0}, !>
[INFO] [stdout]    9:     0x6462272757ed - __rustc[8fa7c3cbc660c2b3]::rust_begin_unwind
[INFO] [stdout]   10:     0x6462272afcac - core[df12db4294e9bfd3]::panicking::panic_fmt
[INFO] [stdout]   11:     0x6462272afa82 - core[df12db4294e9bfd3]::result::unwrap_failed
[INFO] [stdout]   12:     0x6462270a98ee - litchi[a0e9a2f766d1ed8c]::ole::ppt::escher_textbox::tests::test_escher_textbox_wrapper_creation
[INFO] [stdout]   13:     0x646227104089 - <litchi[a0e9a2f766d1ed8c]::ole::ppt::escher_textbox::tests::test_escher_textbox_wrapper_creation::{closure#0} as core[df12db4294e9bfd3]::ops::function::FnOnce<()>>::call_once
[INFO] [stdout]   14:     0x6462271193fb - test[9d35eded1c95d3be]::__rust_begin_short_backtrace::<core[df12db4294e9bfd3]::result::Result<(), alloc[2182bb758b4b3781]::string::String>, fn() -> core[df12db4294e9bfd3]::result::Result<(), alloc[2182bb758b4b3781]::string::String>>
[INFO] [stdout]   15:     0x646227126a65 - test[9d35eded1c95d3be]::run_test::{closure#0}
[INFO] [stdout]   16:     0x646227120324 - std[70759c8f55707aa4]::sys::backtrace::__rust_begin_short_backtrace::<test[9d35eded1c95d3be]::run_test::{closure#1}, ()>
[INFO] [stdout]   17:     0x646227129bc2 - <std[70759c8f55707aa4]::thread::lifecycle::spawn_unchecked<test[9d35eded1c95d3be]::run_test::{closure#1}, ()>::{closure#1} as core[df12db4294e9bfd3]::ops::function::FnOnce<()>>::call_once::{shim:vtable#0}
[INFO] [stdout]   18:     0x6462272985e9 - <std[70759c8f55707aa4]::sys::thread::unix::Thread>::new::thread_start
[INFO] [stdout]   19:     0x711d361d2dfa - <unknown>
[INFO] [stdout]   20:     0x711d362663d4 - clone
[INFO] [stdout]   21:                0x0 - <unknown>
[INFO] [stdout] 
[INFO] [stdout] ---- ole::ppt::package::tests::test_open_package stdout ----
[INFO] [stdout] 
[INFO] [stdout] thread 'ole::ppt::package::tests::test_open_package' (1829) panicked at src/ole/ppt/package.rs:163:9:
[INFO] [stdout] assertion failed: result.is_ok()
[INFO] [stdout] stack backtrace:
[INFO] [stdout]    0:     0x646227299221 - <<std[70759c8f55707aa4]::sys::backtrace::BacktraceLock>::print::DisplayBacktrace as core[df12db4294e9bfd3]::fmt::Display>::fmt
[INFO] [stdout]    1:     0x6462272af57a - core[df12db4294e9bfd3]::fmt::write
[INFO] [stdout]    2:     0x64622729da9c - <alloc[2182bb758b4b3781]::vec::Vec<u8> as core[df12db4294e9bfd3]::io::write::Write>::write_fmt
[INFO] [stdout]    3:     0x646227274b46 - std[70759c8f55707aa4]::panicking::default_hook::{closure#0}
[INFO] [stdout]    4:     0x6462272910d9 - std[70759c8f55707aa4]::panicking::default_hook
[INFO] [stdout]    5:     0x646227126110 - test[9d35eded1c95d3be]::test_main_inner::<test[9d35eded1c95d3be]::test_main_static::{closure#0}>::{closure#0}
[INFO] [stdout]    6:     0x646227291292 - std[70759c8f55707aa4]::panicking::panic_with_hook
[INFO] [stdout]    7:     0x646227274c24 - std[70759c8f55707aa4]::panicking::panic_handler::{closure#0}
[INFO] [stdout]    8:     0x64622726d699 - std[70759c8f55707aa4]::sys::backtrace::__rust_end_short_backtrace::<std[70759c8f55707aa4]::panicking::panic_handler::{closure#0}, !>
[INFO] [stdout]    9:     0x6462272757ed - __rustc[8fa7c3cbc660c2b3]::rust_begin_unwind
[INFO] [stdout]   10:     0x6462272afcac - core[df12db4294e9bfd3]::panicking::panic_fmt
[INFO] [stdout]   11:     0x6462272afc72 - core[df12db4294e9bfd3]::panicking::panic
[INFO] [stdout]   12:     0x64622710411a - <litchi[a0e9a2f766d1ed8c]::ole::ppt::package::tests::test_open_package::{closure#0} as core[df12db4294e9bfd3]::ops::function::FnOnce<()>>::call_once
[INFO] [stdout]   13:     0x6462271193fb - test[9d35eded1c95d3be]::__rust_begin_short_backtrace::<core[df12db4294e9bfd3]::result::Result<(), alloc[2182bb758b4b3781]::string::String>, fn() -> core[df12db4294e9bfd3]::result::Result<(), alloc[2182bb758b4b3781]::string::String>>
[INFO] [stdout]   14:     0x646227126a65 - test[9d35eded1c95d3be]::run_test::{closure#0}
[INFO] [stdout]   15:     0x646227120324 - std[70759c8f55707aa4]::sys::backtrace::__rust_begin_short_backtrace::<test[9d35eded1c95d3be]::run_test::{closure#1}, ()>
[INFO] [stdout]   16:     0x646227129bc2 - <std[70759c8f55707aa4]::thread::lifecycle::spawn_unchecked<test[9d35eded1c95d3be]::run_test::{closure#1}, ()>::{closure#1} as core[df12db4294e9bfd3]::ops::function::FnOnce<()>>::call_once::{shim:vtable#0}
[INFO] [stdout]   17:     0x6462272985e9 - <std[70759c8f55707aa4]::sys::thread::unix::Thread>::new::thread_start
[INFO] [stdout]   18:     0x711d361d2dfa - <unknown>
[INFO] [stdout]   19:     0x711d362663d4 - clone
[INFO] [stdout]   20:                0x0 - <unknown>
[INFO] [stdout] 
[INFO] [stdout] ---- ole::xls::utils::tests::test_column_index_to_name stdout ----
[INFO] [stdout] 
[INFO] [stdout] thread 'ole::xls::utils::tests::test_column_index_to_name' (1864) panicked at src/ole/xls/utils.rs:295:9:
[INFO] [stdout] assertion `left == right` failed
[INFO] [stdout]   left: ""
[INFO] [stdout]  right: "A"
[INFO] [stdout] stack backtrace:
[INFO] [stdout]    0:     0x646227299221 - <<std[70759c8f55707aa4]::sys::backtrace::BacktraceLock>::print::DisplayBacktrace as core[df12db4294e9bfd3]::fmt::Display>::fmt
[INFO] [stdout]    1:     0x6462272af57a - core[df12db4294e9bfd3]::fmt::write
[INFO] [stdout]    2:     0x64622729da9c - <alloc[2182bb758b4b3781]::vec::Vec<u8> as core[df12db4294e9bfd3]::io::write::Write>::write_fmt
[INFO] [stdout]    3:     0x646227274b46 - std[70759c8f55707aa4]::panicking::default_hook::{closure#0}
[INFO] [stdout]    4:     0x6462272910d9 - std[70759c8f55707aa4]::panicking::default_hook
[INFO] [stdout]    5:     0x646227126110 - test[9d35eded1c95d3be]::test_main_inner::<test[9d35eded1c95d3be]::test_main_static::{closure#0}>::{closure#0}
[INFO] [stdout]    6:     0x646227291292 - std[70759c8f55707aa4]::panicking::panic_with_hook
[INFO] [stdout]    7:     0x646227274bf2 - std[70759c8f55707aa4]::panicking::panic_handler::{closure#0}
[INFO] [stdout]    8:     0x64622726d699 - std[70759c8f55707aa4]::sys::backtrace::__rust_end_short_backtrace::<std[70759c8f55707aa4]::panicking::panic_handler::{closure#0}, !>
[INFO] [stdout]    9:     0x6462272757ed - __rustc[8fa7c3cbc660c2b3]::rust_begin_unwind
[INFO] [stdout]   10:     0x6462272afcac - core[df12db4294e9bfd3]::panicking::panic_fmt
[INFO] [stdout]   11:     0x6462272afbc3 - core[df12db4294e9bfd3]::panicking::assert_failed_inner
[INFO] [stdout]   12:     0x6462270c85b1 - core[df12db4294e9bfd3]::panicking::assert_failed::<alloc[2182bb758b4b3781]::string::String, &str>
[INFO] [stdout]   13:     0x646227104318 - <litchi[a0e9a2f766d1ed8c]::ole::xls::utils::tests::test_column_index_to_name::{closure#0} as core[df12db4294e9bfd3]::ops::function::FnOnce<()>>::call_once
[INFO] [stdout]   14:     0x6462271193fb - test[9d35eded1c95d3be]::__rust_begin_short_backtrace::<core[df12db4294e9bfd3]::result::Result<(), alloc[2182bb758b4b3781]::string::String>, fn() -> core[df12db4294e9bfd3]::result::Result<(), alloc[2182bb758b4b3781]::string::String>>
[INFO] [stdout]   15:     0x646227126a65 - test[9d35eded1c95d3be]::run_test::{closure#0}
[INFO] [stdout]   16:     0x646227120324 - std[70759c8f55707aa4]::sys::backtrace::__rust_begin_short_backtrace::<test[9d35eded1c95d3be]::run_test::{closure#1}, ()>
[INFO] [stdout]   17:     0x646227129bc2 - <std[70759c8f55707aa4]::thread::lifecycle::spawn_unchecked<test[9d35eded1c95d3be]::run_test::{closure#1}, ()>::{closure#1} as core[df12db4294e9bfd3]::ops::function::FnOnce<()>>::call_once::{shim:vtable#0}
[INFO] [stdout]   18:     0x6462272985e9 - <std[70759c8f55707aa4]::sys::thread::unix::Thread>::new::thread_start
[INFO] [stdout]   19:     0x711d361d2dfa - <unknown>
[INFO] [stdout]   20:     0x711d362663d4 - clone
[INFO] [stdout]   21:                0x0 - <unknown>
[INFO] [stdout] 
[INFO] [stdout] ---- ole::xls::utils::tests::test_parse_cell_reference stdout ----
[INFO] [stdout] 
[INFO] [stdout] thread 'ole::xls::utils::tests::test_parse_cell_reference' (1866) panicked at src/ole/xls/utils.rs:326:9:
[INFO] [stdout] assertion `left == right` failed
[INFO] [stdout]   left: Some((0, 0))
[INFO] [stdout]  right: None
[INFO] [stdout] stack backtrace:
[INFO] [stdout]    0:     0x646227299221 - <<std[70759c8f55707aa4]::sys::backtrace::BacktraceLock>::print::DisplayBacktrace as core[df12db4294e9bfd3]::fmt::Display>::fmt
[INFO] [stdout]    1:     0x6462272af57a - core[df12db4294e9bfd3]::fmt::write
[INFO] [stdout]    2:     0x64622729da9c - <alloc[2182bb758b4b3781]::vec::Vec<u8> as core[df12db4294e9bfd3]::io::write::Write>::write_fmt
[INFO] [stdout]    3:     0x646227274b46 - std[70759c8f55707aa4]::panicking::default_hook::{closure#0}
[INFO] [stdout]    4:     0x6462272910d9 - std[70759c8f55707aa4]::panicking::default_hook
[INFO] [stdout]    5:     0x646227126110 - test[9d35eded1c95d3be]::test_main_inner::<test[9d35eded1c95d3be]::test_main_static::{closure#0}>::{closure#0}
[INFO] [stdout]    6:     0x646227291292 - std[70759c8f55707aa4]::panicking::panic_with_hook
[INFO] [stdout]    7:     0x646227274bf2 - std[70759c8f55707aa4]::panicking::panic_handler::{closure#0}
[INFO] [stdout]    8:     0x64622726d699 - std[70759c8f55707aa4]::sys::backtrace::__rust_end_short_backtrace::<std[70759c8f55707aa4]::panicking::panic_handler::{closure#0}, !>
[INFO] [stdout]    9:     0x6462272757ed - __rustc[8fa7c3cbc660c2b3]::rust_begin_unwind
[INFO] [stdout]   10:     0x6462272afcac - core[df12db4294e9bfd3]::panicking::panic_fmt
[INFO] [stdout]   11:     0x6462272afbc3 - core[df12db4294e9bfd3]::panicking::assert_failed_inner
[INFO] [stdout]   12:     0x6462270c84dd - core[df12db4294e9bfd3]::panicking::assert_failed::<core[df12db4294e9bfd3]::option::Option<(u32, u32)>, core[df12db4294e9bfd3]::option::Option<(u32, u32)>>
[INFO] [stdout]   13:     0x64622710453f - <litchi[a0e9a2f766d1ed8c]::ole::xls::utils::tests::test_parse_cell_reference::{closure#0} as core[df12db4294e9bfd3]::ops::function::FnOnce<()>>::call_once
[INFO] [stdout]   14:     0x6462271193fb - test[9d35eded1c95d3be]::__rust_begin_short_backtrace::<core[df12db4294e9bfd3]::result::Result<(), alloc[2182bb758b4b3781]::string::String>, fn() -> core[df12db4294e9bfd3]::result::Result<(), alloc[2182bb758b4b3781]::string::String>>
[INFO] [stdout]   15:     0x646227126a65 - test[9d35eded1c95d3be]::run_test::{closure#0}
[INFO] [stdout]   16:     0x646227120324 - std[70759c8f55707aa4]::sys::backtrace::__rust_begin_short_backtrace::<test[9d35eded1c95d3be]::run_test::{closure#1}, ()>
[INFO] [stdout]   17:     0x646227129bc2 - <std[70759c8f55707aa4]::thread::lifecycle::spawn_unchecked<test[9d35eded1c95d3be]::run_test::{closure#1}, ()>::{closure#1} as core[df12db4294e9bfd3]::ops::function::FnOnce<()>>::call_once::{shim:vtable#0}
[INFO] [stdout]   18:     0x6462272985e9 - <std[70759c8f55707aa4]::sys::thread::unix::Thread>::new::thread_start
[INFO] [stdout]   19:     0x711d361d2dfa - <unknown>
[INFO] [stdout]   20:     0x711d362663d4 - clone
[INFO] [stdout]   21:                0x0 - <unknown>
[INFO] [stdout] 
[INFO] [stdout] ---- ooxml::xlsb::utils::tests::test_column_index_to_name stdout ----
[INFO] [stdout] 
[INFO] [stdout] thread 'ooxml::xlsb::utils::tests::test_column_index_to_name' (1892) panicked at src/ooxml/xlsb/utils.rs:93:9:
[INFO] [stdout] assertion `left == right` failed
[INFO] [stdout]   left: ""
[INFO] [stdout]  right: "A"
[INFO] [stdout] stack backtrace:
[INFO] [stdout]    0:     0x646227299221 - <<std[70759c8f55707aa4]::sys::backtrace::BacktraceLock>::print::DisplayBacktrace as core[df12db4294e9bfd3]::fmt::Display>::fmt
[INFO] [stdout]    1:     0x6462272af57a - core[df12db4294e9bfd3]::fmt::write
[INFO] [stdout]    2:     0x64622729da9c - <alloc[2182bb758b4b3781]::vec::Vec<u8> as core[df12db4294e9bfd3]::io::write::Write>::write_fmt
[INFO] [stdout]    3:     0x646227274b46 - std[70759c8f55707aa4]::panicking::default_hook::{closure#0}
[INFO] [stdout]    4:     0x6462272910d9 - std[70759c8f55707aa4]::panicking::default_hook
[INFO] [stdout]    5:     0x646227126110 - test[9d35eded1c95d3be]::test_main_inner::<test[9d35eded1c95d3be]::test_main_static::{closure#0}>::{closure#0}
[INFO] [stdout]    6:     0x646227291292 - std[70759c8f55707aa4]::panicking::panic_with_hook
[INFO] [stdout]    7:     0x646227274bf2 - std[70759c8f55707aa4]::panicking::panic_handler::{closure#0}
[INFO] [stdout]    8:     0x64622726d699 - std[70759c8f55707aa4]::sys::backtrace::__rust_end_short_backtrace::<std[70759c8f55707aa4]::panicking::panic_handler::{closure#0}, !>
[INFO] [stdout]    9:     0x6462272757ed - __rustc[8fa7c3cbc660c2b3]::rust_begin_unwind
[INFO] [stdout]   10:     0x6462272afcac - core[df12db4294e9bfd3]::panicking::panic_fmt
[INFO] [stdout]   11:     0x6462272afbc3 - core[df12db4294e9bfd3]::panicking::assert_failed_inner
[INFO] [stdout]   12:     0x6462270c85b1 - core[df12db4294e9bfd3]::panicking::assert_failed::<alloc[2182bb758b4b3781]::string::String, &str>
[INFO] [stdout]   13:     0x6462270b7558 - litchi[a0e9a2f766d1ed8c]::ooxml::xlsb::utils::tests::test_column_index_to_name
[INFO] [stdout]   14:     0x646227104849 - <litchi[a0e9a2f766d1ed8c]::ooxml::xlsb::utils::tests::test_column_index_to_name::{closure#0} as core[df12db4294e9bfd3]::ops::function::FnOnce<()>>::call_once
[INFO] [stdout]   15:     0x6462271193fb - test[9d35eded1c95d3be]::__rust_begin_short_backtrace::<core[df12db4294e9bfd3]::result::Result<(), alloc[2182bb758b4b3781]::string::String>, fn() -> core[df12db4294e9bfd3]::result::Result<(), alloc[2182bb758b4b3781]::string::String>>
[INFO] [stdout]   16:     0x646227126a65 - test[9d35eded1c95d3be]::run_test::{closure#0}
[INFO] [stdout]   17:     0x646227120324 - std[70759c8f55707aa4]::sys::backtrace::__rust_begin_short_backtrace::<test[9d35eded1c95d3be]::run_test::{closure#1}, ()>
[INFO] [stdout]   18:     0x646227129bc2 - <std[70759c8f55707aa4]::thread::lifecycle::spawn_unchecked<test[9d35eded1c95d3be]::run_test::{closure#1}, ()>::{closure#1} as core[df12db4294e9bfd3]::ops::function::FnOnce<()>>::call_once::{shim:vtable#0}
[INFO] [stdout]   19:     0x6462272985e9 - <std[70759c8f55707aa4]::sys::thread::unix::Thread>::new::thread_start
[INFO] [stdout]   20:     0x711d361d2dfa - <unknown>
[INFO] [stdout]   21:     0x711d362663d4 - clone
[INFO] [stdout]   22:                0x0 - <unknown>
[INFO] [stdout] 
[INFO] [stdout] ---- ooxml::xlsb::utils::tests::test_parse_cell_reference stdout ----
[INFO] [stdout] 
[INFO] [stdout] thread 'ooxml::xlsb::utils::tests::test_parse_cell_reference' (1894) panicked at src/ooxml/xlsb/utils.rs:124:9:
[INFO] [stdout] assertion failed: parse_cell_reference("1A").is_err()
[INFO] [stdout] stack backtrace:
[INFO] [stdout]    0:     0x646227299221 - <<std[70759c8f55707aa4]::sys::backtrace::BacktraceLock>::print::DisplayBacktrace as core[df12db4294e9bfd3]::fmt::Display>::fmt
[INFO] [stdout]    1:     0x6462272af57a - core[df12db4294e9bfd3]::fmt::write
[INFO] [stdout]    2:     0x64622729da9c - <alloc[2182bb758b4b3781]::vec::Vec<u8> as core[df12db4294e9bfd3]::io::write::Write>::write_fmt
[INFO] [stdout]    3:     0x646227274b46 - std[70759c8f55707aa4]::panicking::default_hook::{closure#0}
[INFO] [stdout]    4:     0x6462272910d9 - std[70759c8f55707aa4]::panicking::default_hook
[INFO] [stdout]    5:     0x646227126110 - test[9d35eded1c95d3be]::test_main_inner::<test[9d35eded1c95d3be]::test_main_static::{closure#0}>::{closure#0}
[INFO] [stdout]    6:     0x646227291292 - std[70759c8f55707aa4]::panicking::panic_with_hook
[INFO] [stdout]    7:     0x646227274c24 - std[70759c8f55707aa4]::panicking::panic_handler::{closure#0}
[INFO] [stdout]    8:     0x64622726d699 - std[70759c8f55707aa4]::sys::backtrace::__rust_end_short_backtrace::<std[70759c8f55707aa4]::panicking::panic_handler::{closure#0}, !>
[INFO] [stdout]    9:     0x6462272757ed - __rustc[8fa7c3cbc660c2b3]::rust_begin_unwind
[INFO] [stdout]   10:     0x6462272afcac - core[df12db4294e9bfd3]::panicking::panic_fmt
[INFO] [stdout]   11:     0x6462272afc72 - core[df12db4294e9bfd3]::panicking::panic
[INFO] [stdout]   12:     0x6462270b7a4d - litchi[a0e9a2f766d1ed8c]::ooxml::xlsb::utils::tests::test_parse_cell_reference
[INFO] [stdout]   13:     0x646227104889 - <litchi[a0e9a2f766d1ed8c]::ooxml::xlsb::utils::tests::test_parse_cell_reference::{closure#0} as core[df12db4294e9bfd3]::ops::function::FnOnce<()>>::call_once
[INFO] [stdout]   14:     0x6462271193fb - test[9d35eded1c95d3be]::__rust_begin_short_backtrace::<core[df12db4294e9bfd3]::result::Result<(), alloc[2182bb758b4b3781]::string::String>, fn() -> core[df12db4294e9bfd3]::result::Result<(), alloc[2182bb758b4b3781]::string::String>>
[INFO] [stdout]   15:     0x646227126a65 - test[9d35eded1c95d3be]::run_test::{closure#0}
[INFO] [stdout]   16:     0x646227120324 - std[70759c8f55707aa4]::sys::backtrace::__rust_begin_short_backtrace::<test[9d35eded1c95d3be]::run_test::{closure#1}, ()>
[INFO] [stdout]   17:     0x646227129bc2 - <std[70759c8f55707aa4]::thread::lifecycle::spawn_unchecked<test[9d35eded1c95d3be]::run_test::{closure#1}, ()>::{closure#1} as core[df12db4294e9bfd3]::ops::function::FnOnce<()>>::call_once::{shim:vtable#0}
[INFO] [stdout]   18:     0x6462272985e9 - <std[70759c8f55707aa4]::sys::thread::unix::Thread>::new::thread_start
[INFO] [stdout]   19:     0x711d361d2dfa - <unknown>
[INFO] [stdout]   20:     0x711d362663d4 - clone
[INFO] [stdout]   21:                0x0 - <unknown>
[INFO] [stdout] 
[INFO] [stdout] 
[INFO] [stdout] failures:
[INFO] [stdout]     common::detection::tests::test_detect_docx_from_bytes
[INFO] [stdout]     common::detection::tests::test_detect_ole2_from_bytes
[INFO] [stdout]     ole::ppt::current_user::tests::test_current_user_valid
[INFO] [stdout]     ole::ppt::escher_textbox::tests::test_escher_textbox_wrapper_creation
[INFO] [stdout]     ole::ppt::package::tests::test_open_package
[INFO] [stdout]     ole::xls::utils::tests::test_column_index_to_name
[INFO] [stdout]     ole::xls::utils::tests::test_parse_cell_reference
[INFO] [stdout]     ooxml::xlsb::utils::tests::test_column_index_to_name
[INFO] [stdout]     ooxml::xlsb::utils::tests::test_parse_cell_reference
[INFO] [stdout] 
[INFO] [stdout] test result: FAILED. 126 passed; 9 failed; 6 ignored; 0 measured; 0 filtered out; finished in 0.06s
[INFO] [stdout] 
[INFO] running `Command { std: "docker" "inspect" "65f640541df02ab0cd6f46e55786e20df5ce2613469383d027e51a80972ddb21", kill_on_drop: false }`
[INFO] running `Command { std: "docker" "rm" "-f" "65f640541df02ab0cd6f46e55786e20df5ce2613469383d027e51a80972ddb21", kill_on_drop: false }`
[INFO] [stdout] 65f640541df02ab0cd6f46e55786e20df5ce2613469383d027e51a80972ddb21
