[INFO] fetching crate linkstore 1.0.2...
[INFO] testing linkstore-1.0.2 against 1.99.0-beta.8+cargoflags=--release for beta-release-1.100-2
[INFO] extracting crate linkstore 1.0.2 into /workspace/builds/worker-5-tc1/source
[INFO] started tweaking crates.io crate linkstore 1.0.2
[INFO] finished tweaking crates.io crate linkstore 1.0.2
[INFO] tweaked toml for crates.io crate linkstore 1.0.2 written to /workspace/builds/worker-5-tc1/source/Cargo.toml
[INFO] validating manifest of crates.io crate linkstore 1.0.2 on toolchain 1.99.0-beta.8
[INFO] running `Command { std: CARGO_HOME="/workspace/cargo-home" RUSTUP_HOME="/workspace/rustup-home" "/workspace/cargo-home/bin/cargo" "+1.99.0-beta.8" "metadata" "--manifest-path" "Cargo.toml" "--no-deps", kill_on_drop: false }`
[INFO] running `Command { std: CARGO_HOME="/workspace/cargo-home" RUSTUP_HOME="/workspace/rustup-home" "/workspace/cargo-home/bin/cargo" "+1.99.0-beta.8" "generate-lockfile" "--manifest-path" "Cargo.toml", kill_on_drop: false }`
[INFO] [stderr]     Blocking waiting for file lock on package cache
[INFO] [stderr]     Updating crates.io index
[INFO] [stderr]     Blocking waiting for file lock on package cache
[INFO] [stderr]      Locking 27 packages to highest compatible versions
[INFO] [stderr]       Adding goblin v0.6.1 (available: v0.10.7)
[INFO] [stderr]       Adding libloading v0.7.4 (available: v0.9.0)
[INFO] [stderr]       Adding ouroboros v0.15.6 (available: v0.18.5)
[INFO] [stderr]       Adding sealed v0.4.0 (available: v0.7.0)
[INFO] [stderr]       Adding thiserror v1.0.69 (available: v2.0.21)
[INFO] running `Command { std: CARGO_HOME="/workspace/cargo-home" RUSTUP_HOME="/workspace/rustup-home" "/workspace/cargo-home/bin/cargo" "+1.99.0-beta.8" "fetch" "--manifest-path" "Cargo.toml", kill_on_drop: false }`
[INFO] [stderr]     Blocking waiting for file lock on package cache
[INFO] [stderr]     Blocking waiting for file lock on package cache
[INFO] [stderr]  Downloading crates ...
[INFO] [stderr]   Downloaded ouroboros v0.15.6
[INFO] [stderr]   Downloaded unicode-segmentation v1.13.3
[INFO] [stderr]   Downloaded sealed v0.4.0
[INFO] [stderr]   Downloaded Inflector v0.11.4
[INFO] [stderr]   Downloaded cfg-if v1.0.5
[INFO] [stderr]   Downloaded ouroboros_macro v0.15.6
[INFO] [stderr]   Downloaded plain v0.2.3
[INFO] [stderr]   Downloaded scroll_derive v0.11.1
[INFO] [stderr]   Downloaded aliasable v0.1.3
[INFO] [stderr]   Downloaded scroll v0.11.0
[INFO] [stderr]   Downloaded libloading v0.7.4
[INFO] [stderr]   Downloaded log v0.4.34
[INFO] [stderr]   Downloaded goblin v0.6.1
[INFO] running `Command { std: "docker" "create" "-v" "/var/lib/crater-agent-workspace/builds/worker-5-tc1/source:/opt/rustwide/workdir:ro,Z" "-v" "/var/lib/crater-agent-workspace/builds/worker-5-tc1/target:/opt/rustwide/target:rw,Z" "-v" "/var/lib/crater-agent-workspace/cargo-home:/opt/rustwide/cargo-home:ro,Z" "-v" "/var/lib/crater-agent-workspace/rustup-home:/opt/rustwide/rustup-home:ro,Z" "-m" "1610612736" "--network" "none" "ghcr.io/rust-lang/crates-build-env/linux@sha256:77db811e55d90add9212f6832c23229e3de5f1c1f9905e8cb07319ea15df73ac" "sleep" "infinity", kill_on_drop: false }`
[INFO] [stdout] 469ddbb1d38aa97f8b5dd38cbf8cf398e2dcfdf84d64971b3412c3b03882c0c9
[INFO] running `Command { std: "docker" "start" "469ddbb1d38aa97f8b5dd38cbf8cf398e2dcfdf84d64971b3412c3b03882c0c9", kill_on_drop: false }`
[INFO] running `Command { std: "docker" "inspect" "469ddbb1d38aa97f8b5dd38cbf8cf398e2dcfdf84d64971b3412c3b03882c0c9", kill_on_drop: false }`
[INFO] running `Command { std: "docker" "exec" "-e" "SOURCE_DIR=/opt/rustwide/workdir" "-e" "CARGO_HOME=/opt/rustwide/cargo-home" "-e" "RUSTUP_HOME=/opt/rustwide/rustup-home" "-e" "CARGO_TARGET_DIR=/opt/rustwide/target" "-w" "/opt/rustwide/workdir" "--user" "0:0" "469ddbb1d38aa97f8b5dd38cbf8cf398e2dcfdf84d64971b3412c3b03882c0c9" "/opt/rustwide/cargo-home/bin/cargo" "+1.99.0-beta.8" "metadata" "--no-deps" "--format-version=1", kill_on_drop: false }`
[INFO] running `Command { std: "docker" "inspect" "469ddbb1d38aa97f8b5dd38cbf8cf398e2dcfdf84d64971b3412c3b03882c0c9", kill_on_drop: false }`
[INFO] running `Command { std: "docker" "exec" "-e" "SOURCE_DIR=/opt/rustwide/workdir" "-e" "CARGO_HOME=/opt/rustwide/cargo-home" "-e" "RUSTUP_HOME=/opt/rustwide/rustup-home" "-e" "CARGO_TARGET_DIR=/opt/rustwide/target" "-e" "CARGO_INCREMENTAL=0" "-e" "RUST_BACKTRACE=full" "-e" "RUSTFLAGS=--cap-lints=warn" "-e" "RUSTDOCFLAGS=--cap-lints=warn" "-w" "/opt/rustwide/workdir" "--user" "0:0" "469ddbb1d38aa97f8b5dd38cbf8cf398e2dcfdf84d64971b3412c3b03882c0c9" "/opt/rustwide/cargo-home/bin/cargo" "+1.99.0-beta.8" "build" "--frozen" "--message-format=json" "--release", kill_on_drop: false }`
[INFO] [stderr]    Compiling proc-macro2 v1.0.107
[INFO] [stderr]    Compiling unicode-ident v1.0.27
[INFO] [stderr]    Compiling quote v1.0.47
[INFO] [stderr]    Compiling version_check v0.9.5
[INFO] [stderr]    Compiling syn v1.0.109
[INFO] [stderr]    Compiling thiserror v1.0.69
[INFO] [stderr]    Compiling Inflector v0.11.4
[INFO] [stderr]    Compiling unicode-segmentation v1.13.3
[INFO] [stderr]    Compiling plain v0.2.3
[INFO] [stderr]    Compiling log v0.4.34
[INFO] [stderr]    Compiling aliasable v0.1.3
[INFO] [stderr]    Compiling proc-macro-error-attr v1.0.4
[INFO] [stderr]    Compiling proc-macro-error v1.0.4
[INFO] [stderr]    Compiling heck v0.3.3
[INFO] [stderr]    Compiling syn v2.0.119
[INFO] [stderr]    Compiling scroll_derive v0.11.1
[INFO] [stderr]    Compiling thiserror-impl v1.0.69
[INFO] [stderr]    Compiling scroll v0.11.0
[INFO] [stderr]    Compiling goblin v0.6.1
[INFO] [stderr]    Compiling ouroboros_macro v0.15.6
[INFO] [stderr]    Compiling sealed v0.4.0
[INFO] [stderr]    Compiling ouroboros v0.15.6
[INFO] [stderr]    Compiling linkstore v1.0.2 (/opt/rustwide/workdir)
[INFO] [stderr]     Finished `release` profile [optimized] target(s) in 14.89s
[INFO] running `Command { std: "docker" "inspect" "469ddbb1d38aa97f8b5dd38cbf8cf398e2dcfdf84d64971b3412c3b03882c0c9", kill_on_drop: false }`
[INFO] running `Command { std: "docker" "exec" "-e" "SOURCE_DIR=/opt/rustwide/workdir" "-e" "CARGO_HOME=/opt/rustwide/cargo-home" "-e" "RUSTUP_HOME=/opt/rustwide/rustup-home" "-e" "CARGO_TARGET_DIR=/opt/rustwide/target" "-e" "CARGO_INCREMENTAL=0" "-e" "RUST_BACKTRACE=full" "-e" "RUSTFLAGS=--cap-lints=warn" "-e" "RUSTDOCFLAGS=--cap-lints=warn" "-w" "/opt/rustwide/workdir" "--user" "0:0" "469ddbb1d38aa97f8b5dd38cbf8cf398e2dcfdf84d64971b3412c3b03882c0c9" "/opt/rustwide/cargo-home/bin/cargo" "+1.99.0-beta.8" "test" "--frozen" "--no-run" "--message-format=json" "--release", kill_on_drop: false }`
[INFO] [stderr]    Compiling cfg-if v1.0.5
[INFO] [stderr]    Compiling libloading v0.7.4
[INFO] [stderr]    Compiling linkstore v1.0.2 (/opt/rustwide/workdir)
[INFO] [stderr]     Finished `release` profile [optimized] target(s) in 1.75s
[INFO] running `Command { std: "docker" "inspect" "469ddbb1d38aa97f8b5dd38cbf8cf398e2dcfdf84d64971b3412c3b03882c0c9", kill_on_drop: false }`
[INFO] running `Command { std: "docker" "exec" "-e" "SOURCE_DIR=/opt/rustwide/workdir" "-e" "CARGO_HOME=/opt/rustwide/cargo-home" "-e" "RUSTUP_HOME=/opt/rustwide/rustup-home" "-e" "CARGO_TARGET_DIR=/opt/rustwide/target" "-e" "CARGO_INCREMENTAL=0" "-e" "RUST_BACKTRACE=full" "-e" "RUSTFLAGS=--cap-lints=warn" "-e" "RUSTDOCFLAGS=--cap-lints=warn" "-w" "/opt/rustwide/workdir" "--user" "0:0" "469ddbb1d38aa97f8b5dd38cbf8cf398e2dcfdf84d64971b3412c3b03882c0c9" "/opt/rustwide/cargo-home/bin/cargo" "+1.99.0-beta.8" "test" "--frozen" "--release", kill_on_drop: false }`
[INFO] [stderr]     Finished `release` profile [optimized] target(s) in 0.04s
[INFO] [stderr]      Running unittests src/lib.rs (/opt/rustwide/target/release/deps/linkstore-7dc15872cf159960)
[INFO] [stdout] 
[INFO] [stdout] running 1 test
[INFO] [stderr] error: manifest path `tests/Cargo.toml` does not exist
[INFO] [stdout] test tests::linkstore ... FAILED
[INFO] [stdout] 
[INFO] [stdout] failures:
[INFO] [stdout] 
[INFO] [stdout] ---- tests::linkstore stdout ----
[INFO] [stdout] 
[INFO] [stdout] thread 'tests::linkstore' (713) panicked at src/tests.rs:31:5:
[INFO] [stdout] assertion failed: Command::new("cargo").args(&["clean", "--manifest-path", "tests/Cargo.toml",
[INFO] [stdout]                             "--target-dir", "tests/target", "--target",
[INFO] [stdout]                             target]).status().unwrap().success()
[INFO] [stdout] stack backtrace:
[INFO] [stdout]    0:     0x6444a0d18231 - <<std[70759c8f55707aa4]::sys::backtrace::BacktraceLock>::print::DisplayBacktrace as core[df12db4294e9bfd3]::fmt::Display>::fmt
[INFO] [stdout]    1:     0x6444a0d2d03a - core[df12db4294e9bfd3]::fmt::write
[INFO] [stdout]    2:     0x6444a0d1c7bc - <alloc[2182bb758b4b3781]::vec::Vec<u8> as core[df12db4294e9bfd3]::io::write::Write>::write_fmt
[INFO] [stdout]    3:     0x6444a0cf44d6 - std[70759c8f55707aa4]::panicking::default_hook::{closure#0}
[INFO] [stdout]    4:     0x6444a0d10999 - std[70759c8f55707aa4]::panicking::default_hook
[INFO] [stdout]    5:     0x6444a0c86650 - test[9d35eded1c95d3be]::test_main_inner::<test[9d35eded1c95d3be]::test_main_static::{closure#0}>::{closure#0}
[INFO] [stdout]    6:     0x6444a0d10b52 - std[70759c8f55707aa4]::panicking::panic_with_hook
[INFO] [stdout]    7:     0x6444a0cf45b4 - std[70759c8f55707aa4]::panicking::panic_handler::{closure#0}
[INFO] [stdout]    8:     0x6444a0ced309 - std[70759c8f55707aa4]::sys::backtrace::__rust_end_short_backtrace::<std[70759c8f55707aa4]::panicking::panic_handler::{closure#0}, !>
[INFO] [stdout]    9:     0x6444a0cf517d - __rustc[8fa7c3cbc660c2b3]::rust_begin_unwind
[INFO] [stdout]   10:     0x6444a0d2d76c - core[df12db4294e9bfd3]::panicking::panic_fmt
[INFO] [stdout]   11:     0x6444a0d2d732 - core[df12db4294e9bfd3]::panicking::panic
[INFO] [stdout]   12:     0x6444a0c719ae - linkstore[18ef6628adbf2a63]::tests::linkstore
[INFO] [stdout]   13:     0x6444a0c79699 - <linkstore[18ef6628adbf2a63]::tests::linkstore::{closure#0} as core[df12db4294e9bfd3]::ops::function::FnOnce<()>>::call_once
[INFO] [stdout]   14:     0x6444a0c7993b - test[9d35eded1c95d3be]::__rust_begin_short_backtrace::<core[df12db4294e9bfd3]::result::Result<(), alloc[2182bb758b4b3781]::string::String>, fn() -> core[df12db4294e9bfd3]::result::Result<(), alloc[2182bb758b4b3781]::string::String>>
[INFO] [stdout]   15:     0x6444a0c86fa5 - test[9d35eded1c95d3be]::run_test::{closure#0}
[INFO] [stdout]   16:     0x6444a0c80864 - std[70759c8f55707aa4]::sys::backtrace::__rust_begin_short_backtrace::<test[9d35eded1c95d3be]::run_test::{closure#1}, ()>
[INFO] [stdout]   17:     0x6444a0c8a102 - <std[70759c8f55707aa4]::thread::lifecycle::spawn_unchecked<test[9d35eded1c95d3be]::run_test::{closure#1}, ()>::{closure#1} as core[df12db4294e9bfd3]::ops::function::FnOnce<()>>::call_once::{shim:vtable#0}
[INFO] [stdout]   18:     0x6444a0d17b09 - <std[70759c8f55707aa4]::sys::thread::unix::Thread>::new::thread_start
[INFO] [stdout]   19:     0x7acf55f50dfa - <unknown>
[INFO] [stdout]   20:     0x7acf55fe43d4 - clone
[INFO] [stdout]   21:                0x0 - <unknown>
[INFO] [stdout] 
[INFO] [stdout] 
[INFO] [stdout] failures:
[INFO] [stdout]     tests::linkstore
[INFO] [stdout] 
[INFO] [stdout] test result: FAILED. 0 passed; 1 failed; 0 ignored; 0 measured; 0 filtered out; finished in 0.12s
[INFO] [stdout] 
[INFO] [stderr] error: test failed, to rerun pass `--lib`
[INFO] running `Command { std: "docker" "inspect" "469ddbb1d38aa97f8b5dd38cbf8cf398e2dcfdf84d64971b3412c3b03882c0c9", kill_on_drop: false }`
[INFO] running `Command { std: "docker" "rm" "-f" "469ddbb1d38aa97f8b5dd38cbf8cf398e2dcfdf84d64971b3412c3b03882c0c9", kill_on_drop: false }`
[INFO] [stdout] 469ddbb1d38aa97f8b5dd38cbf8cf398e2dcfdf84d64971b3412c3b03882c0c9
